[INFO] cloning repository https://github.com/chris-de-leon-archive/lux
[INFO] running `Command { std: "git" "-c" "credential.helper=" "-c" "credential.helper=/workspace/cargo-home/bin/git-credential-null" "clone" "--bare" "https://github.com/chris-de-leon-archive/lux" "/workspace/cache/git-repos/https%3A%2F%2Fgithub.com%2Fchris-de-leon-archive%2Flux", kill_on_drop: false }`
[INFO] [stderr] Cloning into bare repository '/workspace/cache/git-repos/https%3A%2F%2Fgithub.com%2Fchris-de-leon-archive%2Flux'...
[INFO] running `Command { std: "git" "rev-parse" "HEAD", kill_on_drop: false }`
[INFO] [stdout] 4ea43c3d0a6c1d4d32ba0943b4c1dc74f07a437f
[INFO] testing chris-de-leon-archive/lux against 1.97.0-beta.6 for beta-1.98-2
[INFO] running `Command { std: "git" "clone" "/workspace/cache/git-repos/https%3A%2F%2Fgithub.com%2Fchris-de-leon-archive%2Flux" "/workspace/builds/worker-5-tc1/source", kill_on_drop: false }`
[INFO] [stderr] Cloning into '/workspace/builds/worker-5-tc1/source'...
[INFO] [stderr] done.
[INFO] started tweaking git repo https://github.com/chris-de-leon-archive/lux
[INFO] finished tweaking git repo https://github.com/chris-de-leon-archive/lux
[INFO] tweaked toml for git repo https://github.com/chris-de-leon-archive/lux written to /workspace/builds/worker-5-tc1/source/Cargo.toml
[INFO] validating manifest of git repo https://github.com/chris-de-leon-archive/lux on toolchain 1.97.0-beta.6
[INFO] running `Command { std: CARGO_HOME="/workspace/cargo-home" RUSTUP_HOME="/workspace/rustup-home" "/workspace/cargo-home/bin/cargo" "+1.97.0-beta.6" "metadata" "--manifest-path" "Cargo.toml" "--no-deps", kill_on_drop: false }`
[INFO] crate git repo https://github.com/chris-de-leon-archive/lux already has a lockfile, it will not be regenerated
[INFO] running `Command { std: CARGO_HOME="/workspace/cargo-home" RUSTUP_HOME="/workspace/rustup-home" "/workspace/cargo-home/bin/cargo" "+1.97.0-beta.6" "fetch" "--manifest-path" "Cargo.toml", kill_on_drop: false }`
[INFO] [stderr]     Updating crates.io index
[INFO] [stderr]  Downloading crates ...
[INFO] [stderr]   Downloaded ppmd-rust v1.2.1
[INFO] [stderr]   Downloaded zopfli v0.8.2
[INFO] [stderr]   Downloaded derive_arbitrary v1.4.1
[INFO] [stderr]   Downloaded deflate64 v0.1.9
[INFO] [stderr]   Downloaded libz-rs-sys v0.5.1
[INFO] [stderr]   Downloaded bzip2 v0.6.0
[INFO] [stderr]   Downloaded slab v0.4.10
[INFO] [stderr]   Downloaded liblzma v0.4.2
[INFO] [stderr]   Downloaded libbz2-rs-sys v0.2.1
[INFO] [stderr]   Downloaded bumpalo v3.18.1
[INFO] [stderr]   Downloaded zip v4.3.0
[INFO] [stderr]   Downloaded zlib-rs v0.5.1
[INFO] [stderr]   Downloaded webpki-roots v1.0.1
[INFO] [stderr]   Downloaded liblzma-sys v0.4.4
[INFO] [stderr]   Downloaded quinn-udp v0.5.13
[INFO] [stderr]   Downloaded quinn v0.11.8
[INFO] [stderr]   Downloaded windows-registry v0.5.2
[INFO] [stderr]   Downloaded quinn-proto v0.11.12
[INFO] [stderr]   Downloaded hyper-util v0.1.15
[INFO] [stderr]   Downloaded tokio-tungstenite v0.27.0
[INFO] [stderr]   Downloaded openssl-src v300.5.1+3.5.1
[INFO] running `Command { std: "docker" "create" "-v" "/var/lib/crater-agent-workspace/builds/worker-5-tc1/source:/opt/rustwide/workdir:ro,Z" "-v" "/var/lib/crater-agent-workspace/builds/worker-5-tc1/target:/opt/rustwide/target:rw,Z" "-v" "/var/lib/crater-agent-workspace/cargo-home:/opt/rustwide/cargo-home:ro,Z" "-v" "/var/lib/crater-agent-workspace/rustup-home:/opt/rustwide/rustup-home:ro,Z" "-m" "1610612736" "--network" "none" "ghcr.io/rust-lang/crates-build-env/linux@sha256:3d5ced03c013a94a2f102a4510f48a6e9184255caf5fd8244f58017bde7f5210" "sleep" "infinity", kill_on_drop: false }`
[INFO] [stdout] d09fc3be170f62cd7fc3a3852065ea6ea37d75c75221fc05da2098434a34d596
[INFO] running `Command { std: "docker" "start" "d09fc3be170f62cd7fc3a3852065ea6ea37d75c75221fc05da2098434a34d596", kill_on_drop: false }`
[INFO] running `Command { std: "docker" "inspect" "d09fc3be170f62cd7fc3a3852065ea6ea37d75c75221fc05da2098434a34d596", kill_on_drop: false }`
[INFO] running `Command { std: "docker" "exec" "-e" "SOURCE_DIR=/opt/rustwide/workdir" "-e" "CARGO_HOME=/opt/rustwide/cargo-home" "-e" "RUSTUP_HOME=/opt/rustwide/rustup-home" "-e" "CARGO_TARGET_DIR=/opt/rustwide/target" "-w" "/opt/rustwide/workdir" "--user" "0:0" "d09fc3be170f62cd7fc3a3852065ea6ea37d75c75221fc05da2098434a34d596" "/opt/rustwide/cargo-home/bin/cargo" "+1.97.0-beta.6" "metadata" "--no-deps" "--format-version=1", kill_on_drop: false }`
[INFO] running `Command { std: "docker" "inspect" "d09fc3be170f62cd7fc3a3852065ea6ea37d75c75221fc05da2098434a34d596", kill_on_drop: false }`
[INFO] running `Command { std: "docker" "exec" "-e" "SOURCE_DIR=/opt/rustwide/workdir" "-e" "CARGO_HOME=/opt/rustwide/cargo-home" "-e" "RUSTUP_HOME=/opt/rustwide/rustup-home" "-e" "CARGO_TARGET_DIR=/opt/rustwide/target" "-e" "CARGO_INCREMENTAL=0" "-e" "RUST_BACKTRACE=full" "-e" "RUSTFLAGS=--cap-lints=warn" "-e" "RUSTDOCFLAGS=--cap-lints=warn" "-w" "/opt/rustwide/workdir" "--user" "0:0" "d09fc3be170f62cd7fc3a3852065ea6ea37d75c75221fc05da2098434a34d596" "/opt/rustwide/cargo-home/bin/cargo" "+1.97.0-beta.6" "build" "--frozen" "--message-format=json", kill_on_drop: false }`
[INFO] [stderr]    Compiling proc-macro2 v1.0.95
[INFO] [stderr]    Compiling libc v0.2.174
[INFO] [stderr]    Compiling cfg-if v1.0.1
[INFO] [stderr]    Compiling slab v0.4.10
[INFO] [stderr]    Compiling hashbrown v0.15.4
[INFO] [stderr]    Compiling serde v1.0.219
[INFO] [stderr]    Compiling getrandom v0.3.3
[INFO] [stderr]    Compiling memchr v2.7.5
[INFO] [stderr]    Compiling litemap v0.8.0
[INFO] [stderr]    Compiling log v0.4.27
[INFO] [stderr]    Compiling anyhow v1.0.98
[INFO] [stderr]    Compiling writeable v0.6.1
[INFO] [stderr]    Compiling tracing-core v0.1.34
[INFO] [stderr]    Compiling serde_json v1.0.141
[INFO] [stderr]    Compiling icu_properties_data v2.0.1
[INFO] [stderr]    Compiling rustls v0.23.28
[INFO] [stderr]    Compiling icu_normalizer_data v2.0.0
[INFO] [stderr]    Compiling digest v0.10.7
[INFO] [stderr]    Compiling openssl v0.10.73
[INFO] [stderr]    Compiling zerocopy v0.8.26
[INFO] [stderr]    Compiling bitflags v2.9.1
[INFO] [stderr]    Compiling futures-channel v0.3.31
[INFO] [stderr]    Compiling zstd-safe v7.2.4
[INFO] [stderr]    Compiling crc32fast v1.5.0
[INFO] [stderr]    Compiling inout v0.1.4
[INFO] [stderr]    Compiling indexmap v2.10.0
[INFO] [stderr]    Compiling sha1 v0.10.6
[INFO] [stderr]    Compiling iri-string v0.7.8
[INFO] [stderr]    Compiling zlib-rs v0.5.1
[INFO] [stderr]    Compiling cipher v0.4.4
[INFO] [stderr]    Compiling anstyle-parse v0.2.7
[INFO] [stderr]    Compiling deranged v0.4.0
[INFO] [stderr]    Compiling hmac v0.12.1
[INFO] [stderr]    Compiling encoding_rs v0.8.35
[INFO] [stderr]    Compiling anstyle v1.0.11
[INFO] [stderr]    Compiling colorchoice v1.0.4
[INFO] [stderr]    Compiling data-encoding v2.9.0
[INFO] [stderr]    Compiling simd-adler32 v0.3.7
[INFO] [stderr]    Compiling tracing v0.1.41
[INFO] [stderr]    Compiling anstyle-query v1.1.4
[INFO] [stderr]    Compiling time-core v0.1.4
[INFO] [stderr]    Compiling libbz2-rs-sys v0.2.1
[INFO] [stderr]    Compiling bumpalo v3.18.1
[INFO] [stderr]    Compiling anstream v0.6.20
[INFO] [stderr]    Compiling quote v1.0.40
[INFO] [stderr]    Compiling csv-core v0.1.12
[INFO] [stderr]    Compiling aes v0.8.4
[INFO] [stderr]    Compiling pbkdf2 v0.12.2
[INFO] [stderr]    Compiling ppmd-rust v1.2.1
[INFO] [stderr]    Compiling zopfli v0.8.2
[INFO] [stderr]    Compiling syn v2.0.104
[INFO] [stderr]    Compiling deflate64 v0.1.9
[INFO] [stderr]    Compiling jobserver v0.1.33
[INFO] [stderr]    Compiling signal-hook-registry v1.4.6
[INFO] [stderr]    Compiling socket2 v0.6.0
[INFO] [stderr]    Compiling mio v1.0.4
[INFO] [stderr]    Compiling cc v1.2.29
[INFO] [stderr]    Compiling getrandom v0.2.16
[INFO] [stderr]    Compiling socket2 v0.5.10
[INFO] [stderr]    Compiling time v0.3.41
[INFO] [stderr]    Compiling rand_core v0.9.3
[INFO] [stderr]    Compiling bzip2 v0.6.0
[INFO] [stderr]    Compiling clap_lex v0.7.5
[INFO] [stderr]    Compiling uuid v1.18.0
[INFO] [stderr]    Compiling clap_builder v4.5.46
[INFO] [stderr]    Compiling ppv-lite86 v0.2.21
[INFO] [stderr]    Compiling openssl-src v300.5.1+3.5.1
[INFO] [stderr]    Compiling rand_chacha v0.9.0
[INFO] [stderr]    Compiling ring v0.17.14
[INFO] [stderr]    Compiling zstd-sys v2.0.15+zstd.1.5.7
[INFO] [stderr]    Compiling liblzma-sys v0.4.4
[INFO] [stderr]    Compiling openssl-sys v0.9.109
[INFO] [stderr]    Compiling rand v0.9.1
[INFO] [stderr]    Compiling libz-rs-sys v0.5.1
[INFO] [stderr]    Compiling flate2 v1.1.2
[INFO] [stderr]    Compiling synstructure v0.13.2
[INFO] [stderr]    Compiling liblzma v0.4.2
[INFO] [stderr]    Compiling tokio-macros v2.5.0
[INFO] [stderr]    Compiling futures-macro v0.3.31
[INFO] [stderr]    Compiling zerovec-derive v0.11.1
[INFO] [stderr]    Compiling zeroize_derive v1.4.2
[INFO] [stderr]    Compiling displaydoc v0.2.5
[INFO] [stderr]    Compiling serde_derive v1.0.219
[INFO] [stderr]    Compiling openssl-macros v0.1.1
[INFO] [stderr]    Compiling thiserror-impl v2.0.12
[INFO] [stderr]    Compiling clap_derive v4.5.45
[INFO] [stderr]    Compiling zerofrom-derive v0.1.6
[INFO] [stderr]    Compiling yoke-derive v0.8.0
[INFO] [stderr]    Compiling tokio v1.47.1
[INFO] [stderr]    Compiling zeroize v1.8.1
[INFO] [stderr]    Compiling rustls-pki-types v1.12.0
[INFO] [stderr]    Compiling futures-util v0.3.31
[INFO] [stderr]    Compiling thiserror v2.0.12
[INFO] [stderr]    Compiling rustls-webpki v0.103.3
[INFO] [stderr]    Compiling webpki-roots v1.0.1
[INFO] [stderr]    Compiling clap v4.5.46
[INFO] [stderr]    Compiling webpki-roots v0.26.11
[INFO] [stderr]    Compiling zerofrom v0.1.6
[INFO] [stderr]    Compiling yoke v0.8.0
[INFO] [stderr]    Compiling zerovec v0.11.2
[INFO] [stderr]    Compiling zerotrie v0.2.2
[INFO] [stderr]    Compiling zstd v0.13.3
[INFO] [stderr]    Compiling tinystr v0.8.1
[INFO] [stderr]    Compiling potential_utf v0.1.2
[INFO] [stderr]    Compiling icu_collections v2.0.0
[INFO] [stderr]    Compiling zip v4.3.0
[INFO] [stderr]    Compiling icu_locale_core v2.0.0
[INFO] [stderr]    Compiling icu_provider v2.0.0
[INFO] [stderr]    Compiling icu_normalizer v2.0.0
[INFO] [stderr]    Compiling icu_properties v2.0.1
[INFO] [stderr]    Compiling tungstenite v0.27.0
[INFO] [stderr]    Compiling idna_adapter v1.2.1
[INFO] [stderr]    Compiling idna v1.0.3
[INFO] [stderr]    Compiling url v2.5.4
[INFO] [stderr]    Compiling serde_urlencoded v0.7.1
[INFO] [stderr]    Compiling csv v1.3.1
[INFO] [stderr]    Compiling tokio-util v0.7.15
[INFO] [stderr]    Compiling context v0.1.0 (/opt/rustwide/workdir/libs/context)
[INFO] [stderr]    Compiling tokio-rustls v0.26.2
[INFO] [stderr]    Compiling tower v0.5.2
[INFO] [stderr]    Compiling cex v0.1.0 (/opt/rustwide/workdir/libs/exchange/cex)
[INFO] [stderr]    Compiling tokio-tungstenite v0.27.0
[INFO] [stderr]    Compiling tower-http v0.6.6
[INFO] [stderr]    Compiling h2 v0.4.11
[INFO] [stderr]    Compiling tokio-stream v0.1.17
[INFO] [stderr]    Compiling indicators v0.1.0 (/opt/rustwide/workdir/libs/indicators)
[INFO] [stderr]    Compiling logger v0.1.0 (/opt/rustwide/workdir/libs/logger)
[INFO] [stderr]    Compiling services v0.1.0 (/opt/rustwide/workdir/libs/services)
[INFO] [stderr]    Compiling strategies v0.1.0 (/opt/rustwide/workdir/libs/strategies)
[INFO] [stderr]    Compiling hyper v1.6.0
[INFO] [stderr]    Compiling hyper-util v0.1.15
[INFO] [stderr]    Compiling hyper-rustls v0.27.7
[INFO] [stderr]    Compiling native-tls v0.2.14
[INFO] [stderr]    Compiling tokio-native-tls v0.3.1
[INFO] [stderr]    Compiling hyper-tls v0.6.0
[INFO] [stderr]    Compiling reqwest v0.12.22
[INFO] [stderr]    Compiling backtester v0.1.0 (/opt/rustwide/workdir/libs/exchange/plugins/backtester)
[INFO] [stderr]    Compiling binance v0.1.0 (/opt/rustwide/workdir/libs/exchange/plugins/binance)
[INFO] [stderr]    Compiling cli v0.1.0 (/opt/rustwide/workdir/apps/bot)
[INFO] [stderr]     Finished `dev` profile [unoptimized + debuginfo] target(s) in 4m 15s
[INFO] running `Command { std: "docker" "inspect" "d09fc3be170f62cd7fc3a3852065ea6ea37d75c75221fc05da2098434a34d596", kill_on_drop: false }`
[INFO] running `Command { std: "docker" "exec" "-e" "SOURCE_DIR=/opt/rustwide/workdir" "-e" "CARGO_HOME=/opt/rustwide/cargo-home" "-e" "RUSTUP_HOME=/opt/rustwide/rustup-home" "-e" "CARGO_TARGET_DIR=/opt/rustwide/target" "-e" "CARGO_INCREMENTAL=0" "-e" "RUST_BACKTRACE=full" "-e" "RUSTFLAGS=--cap-lints=warn" "-e" "RUSTDOCFLAGS=--cap-lints=warn" "-w" "/opt/rustwide/workdir" "--user" "0:0" "d09fc3be170f62cd7fc3a3852065ea6ea37d75c75221fc05da2098434a34d596" "/opt/rustwide/cargo-home/bin/cargo" "+1.97.0-beta.6" "test" "--frozen" "--no-run" "--message-format=json", kill_on_drop: false }`
[INFO] [stderr]    Compiling logger v0.1.0 (/opt/rustwide/workdir/libs/logger)
[INFO] [stderr]    Compiling services v0.1.0 (/opt/rustwide/workdir/libs/services)
[INFO] [stderr]    Compiling strategies v0.1.0 (/opt/rustwide/workdir/libs/strategies)
[INFO] [stderr]    Compiling indicators v0.1.0 (/opt/rustwide/workdir/libs/indicators)
[INFO] [stderr]    Compiling backtester v0.1.0 (/opt/rustwide/workdir/libs/exchange/plugins/backtester)
[INFO] [stderr]    Compiling cex v0.1.0 (/opt/rustwide/workdir/libs/exchange/cex)
[INFO] [stderr]    Compiling context v0.1.0 (/opt/rustwide/workdir/libs/context)
[INFO] [stderr]    Compiling binance v0.1.0 (/opt/rustwide/workdir/libs/exchange/plugins/binance)
[INFO] [stderr]    Compiling cli v0.1.0 (/opt/rustwide/workdir/apps/bot)
[INFO] [stderr]     Finished `test` profile [unoptimized + debuginfo] target(s) in 20.23s
[INFO] running `Command { std: "docker" "inspect" "d09fc3be170f62cd7fc3a3852065ea6ea37d75c75221fc05da2098434a34d596", kill_on_drop: false }`
[INFO] running `Command { std: "docker" "exec" "-e" "SOURCE_DIR=/opt/rustwide/workdir" "-e" "CARGO_HOME=/opt/rustwide/cargo-home" "-e" "RUSTUP_HOME=/opt/rustwide/rustup-home" "-e" "CARGO_TARGET_DIR=/opt/rustwide/target" "-e" "CARGO_INCREMENTAL=0" "-e" "RUST_BACKTRACE=full" "-e" "RUSTFLAGS=--cap-lints=warn" "-e" "RUSTDOCFLAGS=--cap-lints=warn" "-w" "/opt/rustwide/workdir" "--user" "0:0" "d09fc3be170f62cd7fc3a3852065ea6ea37d75c75221fc05da2098434a34d596" "/opt/rustwide/cargo-home/bin/cargo" "+1.97.0-beta.6" "test" "--frozen", kill_on_drop: false }`
[INFO] [stderr]     Finished `test` profile [unoptimized + debuginfo] target(s) in 0.47s
[INFO] [stderr]      Running unittests src/lib.rs (/opt/rustwide/target/debug/deps/backtester-48ce03521d2c6533)
[INFO] [stdout] 
[INFO] [stdout] running 0 tests
[INFO] [stdout] 
[INFO] [stdout] test result: ok. 0 passed; 0 failed; 0 ignored; 0 measured; 0 filtered out; finished in 0.00s
[INFO] [stdout] 
[INFO] [stderr]      Running tests/tests.rs (/opt/rustwide/target/debug/deps/tests-c96dd05b139dd829)
[INFO] [stdout] 
[INFO] [stdout] running 8 tests
[INFO] [stdout] test tests::test_orders_happy_path ... FAILED
[INFO] [stdout] test tests::test_orders_sad_path ... FAILED
[INFO] [stdout] test tests::test_ohlcv_sad_path ... FAILED
[INFO] [stdout] test tests::test_trade ... FAILED
[INFO] [stdout] test tests::test_ohlcv_happy_path ... FAILED
[INFO] [stdout] test tests::test_wallet ... FAILED
[INFO] [stdout] test tests::test_ohlcv_subscribe ... FAILED
[INFO] [stdout] test tests::test_account_subscribe ... FAILED
[INFO] [stdout] 
[INFO] [stdout] failures:
[INFO] [stdout] 
[INFO] [stdout] ---- tests::test_orders_happy_path stdout ----
[INFO] [stdout] init setup::load_client ... ok
[INFO] [stdout] init setup::load_account ... 
[INFO] [stdout] thread 'tests::test_orders_happy_path' (13435) panicked at libs/exchange/plugins/backtester/tests/tests.rs:34:43:
[INFO] [stdout] error loading account data for aixbtusdt: error sending request for url (https://api.binance.us/api/v3/ticker/price?symbol=AIXBTUSDT)
[INFO] [stdout] stack backtrace:
[INFO] [stdout]    0:     0x602279066308 - std[10d71ac2c42b111e]::backtrace_rs::backtrace::libunwind::trace
[INFO] [stdout]                                at /rustc/b2282dd5646a57d570fc86fbe8df0e8826665ef6/library/std/src/../../backtrace/src/backtrace/libunwind.rs:117:9
[INFO] [stdout]    1:     0x602279066308 - std[10d71ac2c42b111e]::backtrace_rs::backtrace::trace_unsynchronized::<std[10d71ac2c42b111e]::sys::backtrace::_print_fmt::{closure#1}>
[INFO] [stdout]                                at /rustc/b2282dd5646a57d570fc86fbe8df0e8826665ef6/library/std/src/../../backtrace/src/backtrace/mod.rs:66:14
[INFO] [stdout]    2:     0x602279066308 - std[10d71ac2c42b111e]::sys::backtrace::_print_fmt
[INFO] [stdout]                                at /rustc/b2282dd5646a57d570fc86fbe8df0e8826665ef6/library/std/src/sys/backtrace.rs:74:9
[INFO] [stdout]    3:     0x602279066308 - <<std[10d71ac2c42b111e]::sys::backtrace::BacktraceLock>::print::DisplayBacktrace as core[8fb95b77d25ab6c8]::fmt::Display>::fmt
[INFO] [stdout]                                at /rustc/b2282dd5646a57d570fc86fbe8df0e8826665ef6/library/std/src/sys/backtrace.rs:44:26
[INFO] [stdout]    4:     0x60227907dc1a - <core[8fb95b77d25ab6c8]::fmt::rt::Argument>::fmt
[INFO] [stdout]                                at /rustc/b2282dd5646a57d570fc86fbe8df0e8826665ef6/library/core/src/fmt/rt.rs:152:76
[INFO] [stdout]    5:     0x60227907dc1a - core[8fb95b77d25ab6c8]::fmt::write
[INFO] [stdout]    6:     0x60227906b712 - std[10d71ac2c42b111e]::io::default_write_fmt::<alloc[a7ee25936407c584]::vec::Vec<u8>>
[INFO] [stdout]                                at /rustc/b2282dd5646a57d570fc86fbe8df0e8826665ef6/library/std/src/io/mod.rs:622:11
[INFO] [stdout]    7:     0x60227906b712 - <alloc[a7ee25936407c584]::vec::Vec<u8> as std[10d71ac2c42b111e]::io::Write>::write_fmt
[INFO] [stdout]                                at /rustc/b2282dd5646a57d570fc86fbe8df0e8826665ef6/library/std/src/io/mod.rs:1977:13
[INFO] [stdout]    8:     0x6022790430f6 - <std[10d71ac2c42b111e]::sys::backtrace::BacktraceLock>::print
[INFO] [stdout]                                at /rustc/b2282dd5646a57d570fc86fbe8df0e8826665ef6/library/std/src/sys/backtrace.rs:47:9
[INFO] [stdout]    9:     0x6022790430f6 - std[10d71ac2c42b111e]::panicking::default_hook::{closure#0}
[INFO] [stdout]                                at /rustc/b2282dd5646a57d570fc86fbe8df0e8826665ef6/library/std/src/panicking.rs:292:27
[INFO] [stdout]   10:     0x60227905df19 - std[10d71ac2c42b111e]::panicking::default_hook
[INFO] [stdout]                                at /rustc/b2282dd5646a57d570fc86fbe8df0e8826665ef6/library/std/src/panicking.rs:316:9
[INFO] [stdout]   11:     0x602278f6203c - <alloc[a7ee25936407c584]::boxed::Box<dyn for<'a, 'b> core[8fb95b77d25ab6c8]::ops::function::Fn<(&'a std[10d71ac2c42b111e]::panic::PanicHookInfo<'b>,), Output = ()> + core[8fb95b77d25ab6c8]::marker::Sync + core[8fb95b77d25ab6c8]::marker::Send> as core[8fb95b77d25ab6c8]::ops::function::Fn<(&std[10d71ac2c42b111e]::panic::PanicHookInfo,)>>::call
[INFO] [stdout]                                at /rustc/b2282dd5646a57d570fc86fbe8df0e8826665ef6/library/alloc/src/boxed.rs:2289:9
[INFO] [stdout]   12:     0x602278f6203c - test[213991da798b1c03]::test_main_inner::<test[213991da798b1c03]::test_main_static::{closure#0}>::{closure#0}
[INFO] [stdout]                                at /rustc/b2282dd5646a57d570fc86fbe8df0e8826665ef6/library/test/src/lib.rs:155:21
[INFO] [stdout]   13:     0x60227905e192 - <alloc[a7ee25936407c584]::boxed::Box<dyn for<'a, 'b> core[8fb95b77d25ab6c8]::ops::function::Fn<(&'a std[10d71ac2c42b111e]::panic::PanicHookInfo<'b>,), Output = ()> + core[8fb95b77d25ab6c8]::marker::Sync + core[8fb95b77d25ab6c8]::marker::Send> as core[8fb95b77d25ab6c8]::ops::function::Fn<(&std[10d71ac2c42b111e]::panic::PanicHookInfo,)>>::call
[INFO] [stdout]                                at /rustc/b2282dd5646a57d570fc86fbe8df0e8826665ef6/library/alloc/src/boxed.rs:2289:9
[INFO] [stdout]   14:     0x60227905e192 - std[10d71ac2c42b111e]::panicking::panic_with_hook
[INFO] [stdout]                                at /rustc/b2282dd5646a57d570fc86fbe8df0e8826665ef6/library/std/src/panicking.rs:833:13
[INFO] [stdout]   15:     0x6022790431b2 - std[10d71ac2c42b111e]::panicking::panic_handler::{closure#0}
[INFO] [stdout]                                at /rustc/b2282dd5646a57d570fc86fbe8df0e8826665ef6/library/std/src/panicking.rs:698:13
[INFO] [stdout]   16:     0x602279037b49 - std[10d71ac2c42b111e]::sys::backtrace::__rust_end_short_backtrace::<std[10d71ac2c42b111e]::panicking::panic_handler::{closure#0}, !>
[INFO] [stdout]                                at /rustc/b2282dd5646a57d570fc86fbe8df0e8826665ef6/library/std/src/sys/backtrace.rs:182:18
[INFO] [stdout]   17:     0x60227904417d - __rustc[3be9ba60078d4c86]::rust_begin_unwind
[INFO] [stdout]                                at /rustc/b2282dd5646a57d570fc86fbe8df0e8826665ef6/library/std/src/panicking.rs:689:5
[INFO] [stdout]   18:     0x60227907e40c - core[8fb95b77d25ab6c8]::panicking::panic_fmt
[INFO] [stdout]                                at /rustc/b2282dd5646a57d570fc86fbe8df0e8826665ef6/library/core/src/panicking.rs:80:14
[INFO] [stdout]   19:     0x6022784d8665 - tests[58ff1c1c82009eb4]::tests::get_client::{closure#0}::{closure#0}::{closure#0}::{closure#0}
[INFO] [stdout]                                at /opt/rustwide/workdir/libs/exchange/plugins/backtester/tests/tests.rs:34:43
[INFO] [stdout]   20:     0x60227855c6e1 - <core[8fb95b77d25ab6c8]::result::Result<(), anyhow[91ee2a2cd573cbb5]::Error>>::unwrap_or_else::<tests[58ff1c1c82009eb4]::tests::get_client::{closure#0}::{closure#0}::{closure#0}::{closure#0}>
[INFO] [stdout]                                at /rustc/b2282dd5646a57d570fc86fbe8df0e8826665ef6/library/core/src/result.rs:1622:23
[INFO] [stdout]   21:     0x6022784d8d09 - tests[58ff1c1c82009eb4]::tests::get_client::{closure#0}::{closure#0}::{closure#0}
[INFO] [stdout]                                at /opt/rustwide/workdir/libs/exchange/plugins/backtester/tests/tests.rs:34:22
[INFO] [stdout]   22:     0x6022785499fa - <tokio[763dc0fe3ab1fa1]::sync::once_cell::OnceCell<backtester[bee951f00ebf76dc]::Client>>::get_or_init::<tests[58ff1c1c82009eb4]::tests::get_client::{closure#0}::{closure#0}, tests[58ff1c1c82009eb4]::tests::get_client::{closure#0}::{closure#0}::{closure#0}>::{closure#0}
[INFO] [stdout]                                at /opt/rustwide/cargo-home/registry/src/index.crates.io-1949cf8c6b5b557f/tokio-1.47.1/src/sync/once_cell.rs:368:37
[INFO] [stdout]   23:     0x6022784db4f4 - tests[58ff1c1c82009eb4]::tests::get_client::{closure#0}
[INFO] [stdout]                                at /opt/rustwide/workdir/libs/exchange/plugins/backtester/tests/tests.rs:46:14
[INFO] [stdout]   24:     0x6022784dfab0 - tests[58ff1c1c82009eb4]::tests::test_orders_happy_path::{closure#0}
[INFO] [stdout]                                at /opt/rustwide/workdir/libs/exchange/plugins/backtester/tests/tests.rs:185:14
[INFO] [stdout]   25:     0x60227854ddd2 - <core[8fb95b77d25ab6c8]::pin::Pin<&mut dyn core[8fb95b77d25ab6c8]::future::future::Future<Output = ()>> as core[8fb95b77d25ab6c8]::future::future::Future>::poll
[INFO] [stdout]                                at /rustc/b2282dd5646a57d570fc86fbe8df0e8826665ef6/library/core/src/future/future.rs:133:9
[INFO] [stdout]   26:     0x60227854de4d - <core[8fb95b77d25ab6c8]::pin::Pin<&mut core[8fb95b77d25ab6c8]::pin::Pin<&mut dyn core[8fb95b77d25ab6c8]::future::future::Future<Output = ()>>> as core[8fb95b77d25ab6c8]::future::future::Future>::poll
[INFO] [stdout]                                at /rustc/b2282dd5646a57d570fc86fbe8df0e8826665ef6/library/core/src/future/future.rs:133:9
[INFO] [stdout]   27:     0x6022784f086d - <tokio[763dc0fe3ab1fa1]::runtime::scheduler::current_thread::CoreGuard>::block_on::<core[8fb95b77d25ab6c8]::pin::Pin<&mut core[8fb95b77d25ab6c8]::pin::Pin<&mut dyn core[8fb95b77d25ab6c8]::future::future::Future<Output = ()>>>>::{closure#0}::{closure#0}::{closure#0}
[INFO] [stdout]                                at /opt/rustwide/cargo-home/registry/src/index.crates.io-1949cf8c6b5b557f/tokio-1.47.1/src/runtime/scheduler/current_thread/mod.rs:742:70
[INFO] [stdout]   28:     0x6022784f076b - tokio[763dc0fe3ab1fa1]::task::coop::with_budget::<core[8fb95b77d25ab6c8]::task::poll::Poll<()>, <tokio[763dc0fe3ab1fa1]::runtime::scheduler::current_thread::CoreGuard>::block_on<core[8fb95b77d25ab6c8]::pin::Pin<&mut core[8fb95b77d25ab6c8]::pin::Pin<&mut dyn core[8fb95b77d25ab6c8]::future::future::Future<Output = ()>>>>::{closure#0}::{closure#0}::{closure#0}>
[INFO] [stdout]                                at /opt/rustwide/cargo-home/registry/src/index.crates.io-1949cf8c6b5b557f/tokio-1.47.1/src/task/coop/mod.rs:167:5
[INFO] [stdout]   29:     0x6022784f076b - tokio[763dc0fe3ab1fa1]::task::coop::budget::<core[8fb95b77d25ab6c8]::task::poll::Poll<()>, <tokio[763dc0fe3ab1fa1]::runtime::scheduler::current_thread::CoreGuard>::block_on<core[8fb95b77d25ab6c8]::pin::Pin<&mut core[8fb95b77d25ab6c8]::pin::Pin<&mut dyn core[8fb95b77d25ab6c8]::future::future::Future<Output = ()>>>>::{closure#0}::{closure#0}::{closure#0}>
[INFO] [stdout]                                at /opt/rustwide/cargo-home/registry/src/index.crates.io-1949cf8c6b5b557f/tokio-1.47.1/src/task/coop/mod.rs:133:5
[INFO] [stdout]   30:     0x6022784f076b - <tokio[763dc0fe3ab1fa1]::runtime::scheduler::current_thread::CoreGuard>::block_on::<core[8fb95b77d25ab6c8]::pin::Pin<&mut core[8fb95b77d25ab6c8]::pin::Pin<&mut dyn core[8fb95b77d25ab6c8]::future::future::Future<Output = ()>>>>::{closure#0}::{closure#0}
[INFO] [stdout]                                at /opt/rustwide/cargo-home/registry/src/index.crates.io-1949cf8c6b5b557f/tokio-1.47.1/src/runtime/scheduler/current_thread/mod.rs:742:25
[INFO] [stdout]   31:     0x6022784e81e0 - <tokio[763dc0fe3ab1fa1]::runtime::scheduler::current_thread::Context>::enter::<core[8fb95b77d25ab6c8]::task::poll::Poll<()>, <tokio[763dc0fe3ab1fa1]::runtime::scheduler::current_thread::CoreGuard>::block_on<core[8fb95b77d25ab6c8]::pin::Pin<&mut core[8fb95b77d25ab6c8]::pin::Pin<&mut dyn core[8fb95b77d25ab6c8]::future::future::Future<Output = ()>>>>::{closure#0}::{closure#0}>
[INFO] [stdout]                                at /opt/rustwide/cargo-home/registry/src/index.crates.io-1949cf8c6b5b557f/tokio-1.47.1/src/runtime/scheduler/current_thread/mod.rs:432:19
[INFO] [stdout]   32:     0x6022784ef8ed - <tokio[763dc0fe3ab1fa1]::runtime::scheduler::current_thread::CoreGuard>::block_on::<core[8fb95b77d25ab6c8]::pin::Pin<&mut core[8fb95b77d25ab6c8]::pin::Pin<&mut dyn core[8fb95b77d25ab6c8]::future::future::Future<Output = ()>>>>::{closure#0}
[INFO] [stdout]                                at /opt/rustwide/cargo-home/registry/src/index.crates.io-1949cf8c6b5b557f/tokio-1.47.1/src/runtime/scheduler/current_thread/mod.rs:741:44
[INFO] [stdout]   33:     0x6022784eebe4 - <tokio[763dc0fe3ab1fa1]::runtime::scheduler::current_thread::CoreGuard>::enter::<<tokio[763dc0fe3ab1fa1]::runtime::scheduler::current_thread::CoreGuard>::block_on<core[8fb95b77d25ab6c8]::pin::Pin<&mut core[8fb95b77d25ab6c8]::pin::Pin<&mut dyn core[8fb95b77d25ab6c8]::future::future::Future<Output = ()>>>>::{closure#0}, core[8fb95b77d25ab6c8]::option::Option<()>>::{closure#0}
[INFO] [stdout]                                at /opt/rustwide/cargo-home/registry/src/index.crates.io-1949cf8c6b5b557f/tokio-1.47.1/src/runtime/scheduler/current_thread/mod.rs:829:68
[INFO] [stdout]   34:     0x6022784b7d2b - <tokio[763dc0fe3ab1fa1]::runtime::context::scoped::Scoped<tokio[763dc0fe3ab1fa1]::runtime::scheduler::Context>>::set::<<tokio[763dc0fe3ab1fa1]::runtime::scheduler::current_thread::CoreGuard>::enter<<tokio[763dc0fe3ab1fa1]::runtime::scheduler::current_thread::CoreGuard>::block_on<core[8fb95b77d25ab6c8]::pin::Pin<&mut core[8fb95b77d25ab6c8]::pin::Pin<&mut dyn core[8fb95b77d25ab6c8]::future::future::Future<Output = ()>>>>::{closure#0}, core[8fb95b77d25ab6c8]::option::Option<()>>::{closure#0}, (alloc[a7ee25936407c584]::boxed::Box<tokio[763dc0fe3ab1fa1]::runtime::scheduler::current_thread::Core>, core[8fb95b77d25ab6c8]::option::Option<()>)>
[INFO] [stdout]                                at /opt/rustwide/cargo-home/registry/src/index.crates.io-1949cf8c6b5b557f/tokio-1.47.1/src/runtime/context/scoped.rs:40:9
[INFO] [stdout]   35:     0x60227852b529 - tokio[763dc0fe3ab1fa1]::runtime::context::set_scheduler::<(alloc[a7ee25936407c584]::boxed::Box<tokio[763dc0fe3ab1fa1]::runtime::scheduler::current_thread::Core>, core[8fb95b77d25ab6c8]::option::Option<()>), <tokio[763dc0fe3ab1fa1]::runtime::scheduler::current_thread::CoreGuard>::enter<<tokio[763dc0fe3ab1fa1]::runtime::scheduler::current_thread::CoreGuard>::block_on<core[8fb95b77d25ab6c8]::pin::Pin<&mut core[8fb95b77d25ab6c8]::pin::Pin<&mut dyn core[8fb95b77d25ab6c8]::future::future::Future<Output = ()>>>>::{closure#0}, core[8fb95b77d25ab6c8]::option::Option<()>>::{closure#0}>::{closure#0}
[INFO] [stdout]                                at /opt/rustwide/cargo-home/registry/src/index.crates.io-1949cf8c6b5b557f/tokio-1.47.1/src/runtime/context.rs:176:38
[INFO] [stdout]   36:     0x60227850c012 - <std[10d71ac2c42b111e]::thread::local::LocalKey<tokio[763dc0fe3ab1fa1]::runtime::context::Context>>::try_with::<tokio[763dc0fe3ab1fa1]::runtime::context::set_scheduler<(alloc[a7ee25936407c584]::boxed::Box<tokio[763dc0fe3ab1fa1]::runtime::scheduler::current_thread::Core>, core[8fb95b77d25ab6c8]::option::Option<()>), <tokio[763dc0fe3ab1fa1]::runtime::scheduler::current_thread::CoreGuard>::enter<<tokio[763dc0fe3ab1fa1]::runtime::scheduler::current_thread::CoreGuard>::block_on<core[8fb95b77d25ab6c8]::pin::Pin<&mut core[8fb95b77d25ab6c8]::pin::Pin<&mut dyn core[8fb95b77d25ab6c8]::future::future::Future<Output = ()>>>>::{closure#0}, core[8fb95b77d25ab6c8]::option::Option<()>>::{closure#0}>::{closure#0}, (alloc[a7ee25936407c584]::boxed::Box<tokio[763dc0fe3ab1fa1]::runtime::scheduler::current_thread::Core>, core[8fb95b77d25ab6c8]::option::Option<()>)>
[INFO] [stdout]                                at /rustc/b2282dd5646a57d570fc86fbe8df0e8826665ef6/library/std/src/thread/local.rs:462:12
[INFO] [stdout]   37:     0x60227850bb9e - <std[10d71ac2c42b111e]::thread::local::LocalKey<tokio[763dc0fe3ab1fa1]::runtime::context::Context>>::with::<tokio[763dc0fe3ab1fa1]::runtime::context::set_scheduler<(alloc[a7ee25936407c584]::boxed::Box<tokio[763dc0fe3ab1fa1]::runtime::scheduler::current_thread::Core>, core[8fb95b77d25ab6c8]::option::Option<()>), <tokio[763dc0fe3ab1fa1]::runtime::scheduler::current_thread::CoreGuard>::enter<<tokio[763dc0fe3ab1fa1]::runtime::scheduler::current_thread::CoreGuard>::block_on<core[8fb95b77d25ab6c8]::pin::Pin<&mut core[8fb95b77d25ab6c8]::pin::Pin<&mut dyn core[8fb95b77d25ab6c8]::future::future::Future<Output = ()>>>>::{closure#0}, core[8fb95b77d25ab6c8]::option::Option<()>>::{closure#0}>::{closure#0}, (alloc[a7ee25936407c584]::boxed::Box<tokio[763dc0fe3ab1fa1]::runtime::scheduler::current_thread::Core>, core[8fb95b77d25ab6c8]::option::Option<()>)>
[INFO] [stdout]                                at /rustc/b2282dd5646a57d570fc86fbe8df0e8826665ef6/library/std/src/thread/local.rs:426:20
[INFO] [stdout]   38:     0x602278523e9d - tokio[763dc0fe3ab1fa1]::runtime::context::set_scheduler::<(alloc[a7ee25936407c584]::boxed::Box<tokio[763dc0fe3ab1fa1]::runtime::scheduler::current_thread::Core>, core[8fb95b77d25ab6c8]::option::Option<()>), <tokio[763dc0fe3ab1fa1]::runtime::scheduler::current_thread::CoreGuard>::enter<<tokio[763dc0fe3ab1fa1]::runtime::scheduler::current_thread::CoreGuard>::block_on<core[8fb95b77d25ab6c8]::pin::Pin<&mut core[8fb95b77d25ab6c8]::pin::Pin<&mut dyn core[8fb95b77d25ab6c8]::future::future::Future<Output = ()>>>>::{closure#0}, core[8fb95b77d25ab6c8]::option::Option<()>>::{closure#0}>
[INFO] [stdout]                                at /opt/rustwide/cargo-home/registry/src/index.crates.io-1949cf8c6b5b557f/tokio-1.47.1/src/runtime/context.rs:176:17
[INFO] [stdout]   39:     0x6022784ead90 - <tokio[763dc0fe3ab1fa1]::runtime::scheduler::current_thread::CoreGuard>::enter::<<tokio[763dc0fe3ab1fa1]::runtime::scheduler::current_thread::CoreGuard>::block_on<core[8fb95b77d25ab6c8]::pin::Pin<&mut core[8fb95b77d25ab6c8]::pin::Pin<&mut dyn core[8fb95b77d25ab6c8]::future::future::Future<Output = ()>>>>::{closure#0}, core[8fb95b77d25ab6c8]::option::Option<()>>
[INFO] [stdout]                                at /opt/rustwide/cargo-home/registry/src/index.crates.io-1949cf8c6b5b557f/tokio-1.47.1/src/runtime/scheduler/current_thread/mod.rs:829:27
[INFO] [stdout]   40:     0x6022784eb086 - <tokio[763dc0fe3ab1fa1]::runtime::scheduler::current_thread::CoreGuard>::block_on::<core[8fb95b77d25ab6c8]::pin::Pin<&mut core[8fb95b77d25ab6c8]::pin::Pin<&mut dyn core[8fb95b77d25ab6c8]::future::future::Future<Output = ()>>>>
[INFO] [stdout]                                at /opt/rustwide/cargo-home/registry/src/index.crates.io-1949cf8c6b5b557f/tokio-1.47.1/src/runtime/scheduler/current_thread/mod.rs:729:24
[INFO] [stdout]   41:     0x6022784ee6f0 - <tokio[763dc0fe3ab1fa1]::runtime::scheduler::current_thread::CurrentThread>::block_on::<core[8fb95b77d25ab6c8]::pin::Pin<&mut dyn core[8fb95b77d25ab6c8]::future::future::Future<Output = ()>>>::{closure#0}
[INFO] [stdout]                                at /opt/rustwide/cargo-home/registry/src/index.crates.io-1949cf8c6b5b557f/tokio-1.47.1/src/runtime/scheduler/current_thread/mod.rs:200:33
[INFO] [stdout]   42:     0x6022784ce983 - tokio[763dc0fe3ab1fa1]::runtime::context::runtime::enter_runtime::<<tokio[763dc0fe3ab1fa1]::runtime::scheduler::current_thread::CurrentThread>::block_on<core[8fb95b77d25ab6c8]::pin::Pin<&mut dyn core[8fb95b77d25ab6c8]::future::future::Future<Output = ()>>>::{closure#0}, ()>
[INFO] [stdout]                                at /opt/rustwide/cargo-home/registry/src/index.crates.io-1949cf8c6b5b557f/tokio-1.47.1/src/runtime/context/runtime.rs:65:16
[INFO] [stdout]   43:     0x6022784e7d11 - <tokio[763dc0fe3ab1fa1]::runtime::scheduler::current_thread::CurrentThread>::block_on::<core[8fb95b77d25ab6c8]::pin::Pin<&mut dyn core[8fb95b77d25ab6c8]::future::future::Future<Output = ()>>>
[INFO] [stdout]                                at /opt/rustwide/cargo-home/registry/src/index.crates.io-1949cf8c6b5b557f/tokio-1.47.1/src/runtime/scheduler/current_thread/mod.rs:188:9
[INFO] [stdout]   44:     0x602278522d54 - <tokio[763dc0fe3ab1fa1]::runtime::runtime::Runtime>::block_on_inner::<core[8fb95b77d25ab6c8]::pin::Pin<&mut dyn core[8fb95b77d25ab6c8]::future::future::Future<Output = ()>>>
[INFO] [stdout]                                at /opt/rustwide/cargo-home/registry/src/index.crates.io-1949cf8c6b5b557f/tokio-1.47.1/src/runtime/runtime.rs:356:52
[INFO] [stdout]   45:     0x602278522f1f - <tokio[763dc0fe3ab1fa1]::runtime::runtime::Runtime>::block_on::<core[8fb95b77d25ab6c8]::pin::Pin<&mut dyn core[8fb95b77d25ab6c8]::future::future::Future<Output = ()>>>
[INFO] [stdout]                                at /opt/rustwide/cargo-home/registry/src/index.crates.io-1949cf8c6b5b557f/tokio-1.47.1/src/runtime/runtime.rs:330:18
[INFO] [stdout]   46:     0x6022784e597c - tests[58ff1c1c82009eb4]::tests::test_orders_happy_path
[INFO] [stdout]                                at /opt/rustwide/workdir/libs/exchange/plugins/backtester/tests/tests.rs:190:35
[INFO] [stdout]   47:     0x6022784db727 - tests[58ff1c1c82009eb4]::tests::test_orders_happy_path::{closure#0}
[INFO] [stdout]                                at /opt/rustwide/workdir/libs/exchange/plugins/backtester/tests/tests.rs:183:38
[INFO] [stdout]   48:     0x602278543f36 - <tests[58ff1c1c82009eb4]::tests::test_orders_happy_path::{closure#0} as core[8fb95b77d25ab6c8]::ops::function::FnOnce<()>>::call_once
[INFO] [stdout]                                at /rustc/b2282dd5646a57d570fc86fbe8df0e8826665ef6/library/core/src/ops/function.rs:250:5
[INFO] [stdout]   49:     0x602278f5511b - <fn() -> core[8fb95b77d25ab6c8]::result::Result<(), alloc[a7ee25936407c584]::string::String> as core[8fb95b77d25ab6c8]::ops::function::FnOnce<()>>::call_once
[INFO] [stdout]                                at /rustc/b2282dd5646a57d570fc86fbe8df0e8826665ef6/library/core/src/ops/function.rs:250:5
[INFO] [stdout]   50:     0x602278f5511b - test[213991da798b1c03]::__rust_begin_short_backtrace::<core[8fb95b77d25ab6c8]::result::Result<(), alloc[a7ee25936407c584]::string::String>, fn() -> core[8fb95b77d25ab6c8]::result::Result<(), alloc[a7ee25936407c584]::string::String>>
[INFO] [stdout]                                at /rustc/b2282dd5646a57d570fc86fbe8df0e8826665ef6/library/test/src/lib.rs:724:18
[INFO] [stdout]   51:     0x602278f62995 - test[213991da798b1c03]::run_test_in_process::{closure#0}
[INFO] [stdout]                                at /rustc/b2282dd5646a57d570fc86fbe8df0e8826665ef6/library/test/src/lib.rs:747:74
[INFO] [stdout]   52:     0x602278f62995 - <core[8fb95b77d25ab6c8]::panic::unwind_safe::AssertUnwindSafe<test[213991da798b1c03]::run_test_in_process::{closure#0}> as core[8fb95b77d25ab6c8]::ops::function::FnOnce<()>>::call_once
[INFO] [stdout]                                at /rustc/b2282dd5646a57d570fc86fbe8df0e8826665ef6/library/core/src/panic/unwind_safe.rs:275:9
[INFO] [stdout]   53:     0x602278f62995 - std[10d71ac2c42b111e]::panicking::catch_unwind::do_call::<core[8fb95b77d25ab6c8]::panic::unwind_safe::AssertUnwindSafe<test[213991da798b1c03]::run_test_in_process::{closure#0}>, core[8fb95b77d25ab6c8]::result::Result<(), alloc[a7ee25936407c584]::string::String>>
[INFO] [stdout]                                at /rustc/b2282dd5646a57d570fc86fbe8df0e8826665ef6/library/std/src/panicking.rs:581:40
[INFO] [stdout]   54:     0x602278f62995 - std[10d71ac2c42b111e]::panicking::catch_unwind::<core[8fb95b77d25ab6c8]::result::Result<(), alloc[a7ee25936407c584]::string::String>, core[8fb95b77d25ab6c8]::panic::unwind_safe::AssertUnwindSafe<test[213991da798b1c03]::run_test_in_process::{closure#0}>>
[INFO] [stdout]                                at /rustc/b2282dd5646a57d570fc86fbe8df0e8826665ef6/library/std/src/panicking.rs:544:19
[INFO] [stdout]   55:     0x602278f62995 - std[10d71ac2c42b111e]::panic::catch_unwind::<core[8fb95b77d25ab6c8]::panic::unwind_safe::AssertUnwindSafe<test[213991da798b1c03]::run_test_in_process::{closure#0}>, core[8fb95b77d25ab6c8]::result::Result<(), alloc[a7ee25936407c584]::string::String>>
[INFO] [stdout]                                at /rustc/b2282dd5646a57d570fc86fbe8df0e8826665ef6/library/std/src/panic.rs:359:14
[INFO] [stdout]   56:     0x602278f62995 - test[213991da798b1c03]::run_test_in_process
[INFO] [stdout]                                at /rustc/b2282dd5646a57d570fc86fbe8df0e8826665ef6/library/test/src/lib.rs:747:27
[INFO] [stdout]   57:     0x602278f62995 - test[213991da798b1c03]::run_test::{closure#0}
[INFO] [stdout]                                at /rustc/b2282dd5646a57d570fc86fbe8df0e8826665ef6/library/test/src/lib.rs:668:43
[INFO] [stdout]   58:     0x602278f5c2a4 - test[213991da798b1c03]::run_test::{closure#1}
[INFO] [stdout]                                at /rustc/b2282dd5646a57d570fc86fbe8df0e8826665ef6/library/test/src/lib.rs:698:41
[INFO] [stdout]   59:     0x602278f5c2a4 - std[10d71ac2c42b111e]::sys::backtrace::__rust_begin_short_backtrace::<test[213991da798b1c03]::run_test::{closure#1}, ()>
[INFO] [stdout]                                at /rustc/b2282dd5646a57d570fc86fbe8df0e8826665ef6/library/std/src/sys/backtrace.rs:166:18
[INFO] [stdout]   60:     0x602278f65a12 - std[10d71ac2c42b111e]::thread::lifecycle::spawn_unchecked::<test[213991da798b1c03]::run_test::{closure#1}, ()>::{closure#1}::{closure#0}
[INFO] [stdout]                                at /rustc/b2282dd5646a57d570fc86fbe8df0e8826665ef6/library/std/src/thread/lifecycle.rs:70:13
[INFO] [stdout]   61:     0x602278f65a12 - <core[8fb95b77d25ab6c8]::panic::unwind_safe::AssertUnwindSafe<std[10d71ac2c42b111e]::thread::lifecycle::spawn_unchecked<test[213991da798b1c03]::run_test::{closure#1}, ()>::{closure#1}::{closure#0}> as core[8fb95b77d25ab6c8]::ops::function::FnOnce<()>>::call_once
[INFO] [stdout]                                at /rustc/b2282dd5646a57d570fc86fbe8df0e8826665ef6/library/core/src/panic/unwind_safe.rs:275:9
[INFO] [stdout]   62:     0x602278f65a12 - std[10d71ac2c42b111e]::panicking::catch_unwind::do_call::<core[8fb95b77d25ab6c8]::panic::unwind_safe::AssertUnwindSafe<std[10d71ac2c42b111e]::thread::lifecycle::spawn_unchecked<test[213991da798b1c03]::run_test::{closure#1}, ()>::{closure#1}::{closure#0}>, ()>
[INFO] [stdout]                                at /rustc/b2282dd5646a57d570fc86fbe8df0e8826665ef6/library/std/src/panicking.rs:581:40
[INFO] [stdout]   63:     0x602278f65a12 - std[10d71ac2c42b111e]::panicking::catch_unwind::<(), core[8fb95b77d25ab6c8]::panic::unwind_safe::AssertUnwindSafe<std[10d71ac2c42b111e]::thread::lifecycle::spawn_unchecked<test[213991da798b1c03]::run_test::{closure#1}, ()>::{closure#1}::{closure#0}>>
[INFO] [stdout]                                at /rustc/b2282dd5646a57d570fc86fbe8df0e8826665ef6/library/std/src/panicking.rs:544:19
[INFO] [stdout]   64:     0x602278f65a12 - std[10d71ac2c42b111e]::panic::catch_unwind::<core[8fb95b77d25ab6c8]::panic::unwind_safe::AssertUnwindSafe<std[10d71ac2c42b111e]::thread::lifecycle::spawn_unchecked<test[213991da798b1c03]::run_test::{closure#1}, ()>::{closure#1}::{closure#0}>, ()>
[INFO] [stdout]                                at /rustc/b2282dd5646a57d570fc86fbe8df0e8826665ef6/library/std/src/panic.rs:359:14
[INFO] [stdout]   65:     0x602278f65a12 - std[10d71ac2c42b111e]::thread::lifecycle::spawn_unchecked::<test[213991da798b1c03]::run_test::{closure#1}, ()>::{closure#1}
[INFO] [stdout]                                at /rustc/b2282dd5646a57d570fc86fbe8df0e8826665ef6/library/std/src/thread/lifecycle.rs:68:26
[INFO] [stdout]   66:     0x602278f65a12 - <std[10d71ac2c42b111e]::thread::lifecycle::spawn_unchecked<test[213991da798b1c03]::run_test::{closure#1}, ()>::{closure#1} as core[8fb95b77d25ab6c8]::ops::function::FnOnce<()>>::call_once::{shim:vtable#0}
[INFO] [stdout]                                at /rustc/b2282dd5646a57d570fc86fbe8df0e8826665ef6/library/core/src/ops/function.rs:250:5
[INFO] [stdout]   67:     0x60227906555f - <alloc[a7ee25936407c584]::boxed::Box<dyn core[8fb95b77d25ab6c8]::ops::function::FnOnce<(), Output = ()> + core[8fb95b77d25ab6c8]::marker::Send> as core[8fb95b77d25ab6c8]::ops::function::FnOnce<()>>::call_once
[INFO] [stdout]                                at /rustc/b2282dd5646a57d570fc86fbe8df0e8826665ef6/library/alloc/src/boxed.rs:2275:9
[INFO] [stdout]   68:     0x60227906555f - <std[10d71ac2c42b111e]::sys::thread::unix::Thread>::new::thread_start
[INFO] [stdout]                                at /rustc/b2282dd5646a57d570fc86fbe8df0e8826665ef6/library/std/src/sys/thread/unix.rs:118:17
[INFO] [stdout]   69:     0x7a4d60b27aa4 - <unknown>
[INFO] [stdout]   70:     0x7a4d60bb4a64 - clone
[INFO] [stdout]   71:                0x0 - <unknown>
[INFO] [stdout] 
[INFO] [stdout] ---- tests::test_orders_sad_path stdout ----
[INFO] [stdout] init setup::load_client ... ok
[INFO] [stdout] init setup::load_account ... 
[INFO] [stdout] thread 'tests::test_orders_sad_path' (13436) panicked at libs/exchange/plugins/backtester/tests/tests.rs:34:43:
[INFO] [stdout] error loading account data for aixbtusdt: error sending request for url (https://api.binance.us/api/v3/ticker/price?symbol=AIXBTUSDT)
[INFO] [stdout] stack backtrace:
[INFO] [stdout]    0:     0x602279066308 - std[10d71ac2c42b111e]::backtrace_rs::backtrace::libunwind::trace
[INFO] [stdout]                                at /rustc/b2282dd5646a57d570fc86fbe8df0e8826665ef6/library/std/src/../../backtrace/src/backtrace/libunwind.rs:117:9
[INFO] [stdout]    1:     0x602279066308 - std[10d71ac2c42b111e]::backtrace_rs::backtrace::trace_unsynchronized::<std[10d71ac2c42b111e]::sys::backtrace::_print_fmt::{closure#1}>
[INFO] [stdout]                                at /rustc/b2282dd5646a57d570fc86fbe8df0e8826665ef6/library/std/src/../../backtrace/src/backtrace/mod.rs:66:14
[INFO] [stdout]    2:     0x602279066308 - std[10d71ac2c42b111e]::sys::backtrace::_print_fmt
[INFO] [stdout]                                at /rustc/b2282dd5646a57d570fc86fbe8df0e8826665ef6/library/std/src/sys/backtrace.rs:74:9
[INFO] [stdout]    3:     0x602279066308 - <<std[10d71ac2c42b111e]::sys::backtrace::BacktraceLock>::print::DisplayBacktrace as core[8fb95b77d25ab6c8]::fmt::Display>::fmt
[INFO] [stdout]                                at /rustc/b2282dd5646a57d570fc86fbe8df0e8826665ef6/library/std/src/sys/backtrace.rs:44:26
[INFO] [stdout]    4:     0x60227907dc1a - <core[8fb95b77d25ab6c8]::fmt::rt::Argument>::fmt
[INFO] [stdout]                                at /rustc/b2282dd5646a57d570fc86fbe8df0e8826665ef6/library/core/src/fmt/rt.rs:152:76
[INFO] [stdout]    5:     0x60227907dc1a - core[8fb95b77d25ab6c8]::fmt::write
[INFO] [stdout]    6:     0x60227906b712 - std[10d71ac2c42b111e]::io::default_write_fmt::<alloc[a7ee25936407c584]::vec::Vec<u8>>
[INFO] [stdout]                                at /rustc/b2282dd5646a57d570fc86fbe8df0e8826665ef6/library/std/src/io/mod.rs:622:11
[INFO] [stdout]    7:     0x60227906b712 - <alloc[a7ee25936407c584]::vec::Vec<u8> as std[10d71ac2c42b111e]::io::Write>::write_fmt
[INFO] [stdout]                                at /rustc/b2282dd5646a57d570fc86fbe8df0e8826665ef6/library/std/src/io/mod.rs:1977:13
[INFO] [stdout]    8:     0x6022790430f6 - <std[10d71ac2c42b111e]::sys::backtrace::BacktraceLock>::print
[INFO] [stdout]                                at /rustc/b2282dd5646a57d570fc86fbe8df0e8826665ef6/library/std/src/sys/backtrace.rs:47:9
[INFO] [stdout]    9:     0x6022790430f6 - std[10d71ac2c42b111e]::panicking::default_hook::{closure#0}
[INFO] [stdout]                                at /rustc/b2282dd5646a57d570fc86fbe8df0e8826665ef6/library/std/src/panicking.rs:292:27
[INFO] [stdout]   10:     0x60227905df19 - std[10d71ac2c42b111e]::panicking::default_hook
[INFO] [stdout]                                at /rustc/b2282dd5646a57d570fc86fbe8df0e8826665ef6/library/std/src/panicking.rs:316:9
[INFO] [stdout]   11:     0x602278f6203c - <alloc[a7ee25936407c584]::boxed::Box<dyn for<'a, 'b> core[8fb95b77d25ab6c8]::ops::function::Fn<(&'a std[10d71ac2c42b111e]::panic::PanicHookInfo<'b>,), Output = ()> + core[8fb95b77d25ab6c8]::marker::Sync + core[8fb95b77d25ab6c8]::marker::Send> as core[8fb95b77d25ab6c8]::ops::function::Fn<(&std[10d71ac2c42b111e]::panic::PanicHookInfo,)>>::call
[INFO] [stdout]                                at /rustc/b2282dd5646a57d570fc86fbe8df0e8826665ef6/library/alloc/src/boxed.rs:2289:9
[INFO] [stdout]   12:     0x602278f6203c - test[213991da798b1c03]::test_main_inner::<test[213991da798b1c03]::test_main_static::{closure#0}>::{closure#0}
[INFO] [stdout]                                at /rustc/b2282dd5646a57d570fc86fbe8df0e8826665ef6/library/test/src/lib.rs:155:21
[INFO] [stdout]   13:     0x60227905e192 - <alloc[a7ee25936407c584]::boxed::Box<dyn for<'a, 'b> core[8fb95b77d25ab6c8]::ops::function::Fn<(&'a std[10d71ac2c42b111e]::panic::PanicHookInfo<'b>,), Output = ()> + core[8fb95b77d25ab6c8]::marker::Sync + core[8fb95b77d25ab6c8]::marker::Send> as core[8fb95b77d25ab6c8]::ops::function::Fn<(&std[10d71ac2c42b111e]::panic::PanicHookInfo,)>>::call
[INFO] [stdout]                                at /rustc/b2282dd5646a57d570fc86fbe8df0e8826665ef6/library/alloc/src/boxed.rs:2289:9
[INFO] [stdout]   14:     0x60227905e192 - std[10d71ac2c42b111e]::panicking::panic_with_hook
[INFO] [stdout]                                at /rustc/b2282dd5646a57d570fc86fbe8df0e8826665ef6/library/std/src/panicking.rs:833:13
[INFO] [stdout]   15:     0x6022790431b2 - std[10d71ac2c42b111e]::panicking::panic_handler::{closure#0}
[INFO] [stdout]                                at /rustc/b2282dd5646a57d570fc86fbe8df0e8826665ef6/library/std/src/panicking.rs:698:13
[INFO] [stdout]   16:     0x602279037b49 - std[10d71ac2c42b111e]::sys::backtrace::__rust_end_short_backtrace::<std[10d71ac2c42b111e]::panicking::panic_handler::{closure#0}, !>
[INFO] [stdout]                                at /rustc/b2282dd5646a57d570fc86fbe8df0e8826665ef6/library/std/src/sys/backtrace.rs:182:18
[INFO] [stdout]   17:     0x60227904417d - __rustc[3be9ba60078d4c86]::rust_begin_unwind
[INFO] [stdout]                                at /rustc/b2282dd5646a57d570fc86fbe8df0e8826665ef6/library/std/src/panicking.rs:689:5
[INFO] [stdout]   18:     0x60227907e40c - core[8fb95b77d25ab6c8]::panicking::panic_fmt
[INFO] [stdout]                                at /rustc/b2282dd5646a57d570fc86fbe8df0e8826665ef6/library/core/src/panicking.rs:80:14
[INFO] [stdout]   19:     0x6022784d8665 - tests[58ff1c1c82009eb4]::tests::get_client::{closure#0}::{closure#0}::{closure#0}::{closure#0}
[INFO] [stdout]                                at /opt/rustwide/workdir/libs/exchange/plugins/backtester/tests/tests.rs:34:43
[INFO] [stdout]   20:     0x60227855c6e1 - <core[8fb95b77d25ab6c8]::result::Result<(), anyhow[91ee2a2cd573cbb5]::Error>>::unwrap_or_else::<tests[58ff1c1c82009eb4]::tests::get_client::{closure#0}::{closure#0}::{closure#0}::{closure#0}>
[INFO] [stdout]                                at /rustc/b2282dd5646a57d570fc86fbe8df0e8826665ef6/library/core/src/result.rs:1622:23
[INFO] [stdout]   21:     0x6022784d8d09 - tests[58ff1c1c82009eb4]::tests::get_client::{closure#0}::{closure#0}::{closure#0}
[INFO] [stdout]                                at /opt/rustwide/workdir/libs/exchange/plugins/backtester/tests/tests.rs:34:22
[INFO] [stdout]   22:     0x6022785499fa - <tokio[763dc0fe3ab1fa1]::sync::once_cell::OnceCell<backtester[bee951f00ebf76dc]::Client>>::get_or_init::<tests[58ff1c1c82009eb4]::tests::get_client::{closure#0}::{closure#0}, tests[58ff1c1c82009eb4]::tests::get_client::{closure#0}::{closure#0}::{closure#0}>::{closure#0}
[INFO] [stdout]                                at /opt/rustwide/cargo-home/registry/src/index.crates.io-1949cf8c6b5b557f/tokio-1.47.1/src/sync/once_cell.rs:368:37
[INFO] [stdout]   23:     0x6022784db4f4 - tests[58ff1c1c82009eb4]::tests::get_client::{closure#0}
[INFO] [stdout]                                at /opt/rustwide/workdir/libs/exchange/plugins/backtester/tests/tests.rs:46:14
[INFO] [stdout]   24:     0x6022784dd69a - tests[58ff1c1c82009eb4]::tests::test_orders_sad_path::{closure#0}
[INFO] [stdout]                                at /opt/rustwide/workdir/libs/exchange/plugins/backtester/tests/tests.rs:195:35
[INFO] [stdout]   25:     0x60227854ddd2 - <core[8fb95b77d25ab6c8]::pin::Pin<&mut dyn core[8fb95b77d25ab6c8]::future::future::Future<Output = ()>> as core[8fb95b77d25ab6c8]::future::future::Future>::poll
[INFO] [stdout]                                at /rustc/b2282dd5646a57d570fc86fbe8df0e8826665ef6/library/core/src/future/future.rs:133:9
[INFO] [stdout]   26:     0x60227854de4d - <core[8fb95b77d25ab6c8]::pin::Pin<&mut core[8fb95b77d25ab6c8]::pin::Pin<&mut dyn core[8fb95b77d25ab6c8]::future::future::Future<Output = ()>>> as core[8fb95b77d25ab6c8]::future::future::Future>::poll
[INFO] [stdout]                                at /rustc/b2282dd5646a57d570fc86fbe8df0e8826665ef6/library/core/src/future/future.rs:133:9
[INFO] [stdout]   27:     0x6022784f086d - <tokio[763dc0fe3ab1fa1]::runtime::scheduler::current_thread::CoreGuard>::block_on::<core[8fb95b77d25ab6c8]::pin::Pin<&mut core[8fb95b77d25ab6c8]::pin::Pin<&mut dyn core[8fb95b77d25ab6c8]::future::future::Future<Output = ()>>>>::{closure#0}::{closure#0}::{closure#0}
[INFO] [stdout]                                at /opt/rustwide/cargo-home/registry/src/index.crates.io-1949cf8c6b5b557f/tokio-1.47.1/src/runtime/scheduler/current_thread/mod.rs:742:70
[INFO] [stdout]   28:     0x6022784f076b - tokio[763dc0fe3ab1fa1]::task::coop::with_budget::<core[8fb95b77d25ab6c8]::task::poll::Poll<()>, <tokio[763dc0fe3ab1fa1]::runtime::scheduler::current_thread::CoreGuard>::block_on<core[8fb95b77d25ab6c8]::pin::Pin<&mut core[8fb95b77d25ab6c8]::pin::Pin<&mut dyn core[8fb95b77d25ab6c8]::future::future::Future<Output = ()>>>>::{closure#0}::{closure#0}::{closure#0}>
[INFO] [stdout]                                at /opt/rustwide/cargo-home/registry/src/index.crates.io-1949cf8c6b5b557f/tokio-1.47.1/src/task/coop/mod.rs:167:5
[INFO] [stdout]   29:     0x6022784f076b - tokio[763dc0fe3ab1fa1]::task::coop::budget::<core[8fb95b77d25ab6c8]::task::poll::Poll<()>, <tokio[763dc0fe3ab1fa1]::runtime::scheduler::current_thread::CoreGuard>::block_on<core[8fb95b77d25ab6c8]::pin::Pin<&mut core[8fb95b77d25ab6c8]::pin::Pin<&mut dyn core[8fb95b77d25ab6c8]::future::future::Future<Output = ()>>>>::{closure#0}::{closure#0}::{closure#0}>
[INFO] [stdout]                                at /opt/rustwide/cargo-home/registry/src/index.crates.io-1949cf8c6b5b557f/tokio-1.47.1/src/task/coop/mod.rs:133:5
[INFO] [stdout]   30:     0x6022784f076b - <tokio[763dc0fe3ab1fa1]::runtime::scheduler::current_thread::CoreGuard>::block_on::<core[8fb95b77d25ab6c8]::pin::Pin<&mut core[8fb95b77d25ab6c8]::pin::Pin<&mut dyn core[8fb95b77d25ab6c8]::future::future::Future<Output = ()>>>>::{closure#0}::{closure#0}
[INFO] [stdout]                                at /opt/rustwide/cargo-home/registry/src/index.crates.io-1949cf8c6b5b557f/tokio-1.47.1/src/runtime/scheduler/current_thread/mod.rs:742:25
[INFO] [stdout]   31:     0x6022784e81e0 - <tokio[763dc0fe3ab1fa1]::runtime::scheduler::current_thread::Context>::enter::<core[8fb95b77d25ab6c8]::task::poll::Poll<()>, <tokio[763dc0fe3ab1fa1]::runtime::scheduler::current_thread::CoreGuard>::block_on<core[8fb95b77d25ab6c8]::pin::Pin<&mut core[8fb95b77d25ab6c8]::pin::Pin<&mut dyn core[8fb95b77d25ab6c8]::future::future::Future<Output = ()>>>>::{closure#0}::{closure#0}>
[INFO] [stdout]                                at /opt/rustwide/cargo-home/registry/src/index.crates.io-1949cf8c6b5b557f/tokio-1.47.1/src/runtime/scheduler/current_thread/mod.rs:432:19
[INFO] [stdout]   32:     0x6022784ef8ed - <tokio[763dc0fe3ab1fa1]::runtime::scheduler::current_thread::CoreGuard>::block_on::<core[8fb95b77d25ab6c8]::pin::Pin<&mut core[8fb95b77d25ab6c8]::pin::Pin<&mut dyn core[8fb95b77d25ab6c8]::future::future::Future<Output = ()>>>>::{closure#0}
[INFO] [stdout]                                at /opt/rustwide/cargo-home/registry/src/index.crates.io-1949cf8c6b5b557f/tokio-1.47.1/src/runtime/scheduler/current_thread/mod.rs:741:44
[INFO] [stdout]   33:     0x6022784eebe4 - <tokio[763dc0fe3ab1fa1]::runtime::scheduler::current_thread::CoreGuard>::enter::<<tokio[763dc0fe3ab1fa1]::runtime::scheduler::current_thread::CoreGuard>::block_on<core[8fb95b77d25ab6c8]::pin::Pin<&mut core[8fb95b77d25ab6c8]::pin::Pin<&mut dyn core[8fb95b77d25ab6c8]::future::future::Future<Output = ()>>>>::{closure#0}, core[8fb95b77d25ab6c8]::option::Option<()>>::{closure#0}
[INFO] [stdout]                                at /opt/rustwide/cargo-home/registry/src/index.crates.io-1949cf8c6b5b557f/tokio-1.47.1/src/runtime/scheduler/current_thread/mod.rs:829:68
[INFO] [stdout]   34:     0x6022784b7d2b - <tokio[763dc0fe3ab1fa1]::runtime::context::scoped::Scoped<tokio[763dc0fe3ab1fa1]::runtime::scheduler::Context>>::set::<<tokio[763dc0fe3ab1fa1]::runtime::scheduler::current_thread::CoreGuard>::enter<<tokio[763dc0fe3ab1fa1]::runtime::scheduler::current_thread::CoreGuard>::block_on<core[8fb95b77d25ab6c8]::pin::Pin<&mut core[8fb95b77d25ab6c8]::pin::Pin<&mut dyn core[8fb95b77d25ab6c8]::future::future::Future<Output = ()>>>>::{closure#0}, core[8fb95b77d25ab6c8]::option::Option<()>>::{closure#0}, (alloc[a7ee25936407c584]::boxed::Box<tokio[763dc0fe3ab1fa1]::runtime::scheduler::current_thread::Core>, core[8fb95b77d25ab6c8]::option::Option<()>)>
[INFO] [stdout]                                at /opt/rustwide/cargo-home/registry/src/index.crates.io-1949cf8c6b5b557f/tokio-1.47.1/src/runtime/context/scoped.rs:40:9
[INFO] [stdout]   35:     0x60227852b529 - tokio[763dc0fe3ab1fa1]::runtime::context::set_scheduler::<(alloc[a7ee25936407c584]::boxed::Box<tokio[763dc0fe3ab1fa1]::runtime::scheduler::current_thread::Core>, core[8fb95b77d25ab6c8]::option::Option<()>), <tokio[763dc0fe3ab1fa1]::runtime::scheduler::current_thread::CoreGuard>::enter<<tokio[763dc0fe3ab1fa1]::runtime::scheduler::current_thread::CoreGuard>::block_on<core[8fb95b77d25ab6c8]::pin::Pin<&mut core[8fb95b77d25ab6c8]::pin::Pin<&mut dyn core[8fb95b77d25ab6c8]::future::future::Future<Output = ()>>>>::{closure#0}, core[8fb95b77d25ab6c8]::option::Option<()>>::{closure#0}>::{closure#0}
[INFO] [stdout]                                at /opt/rustwide/cargo-home/registry/src/index.crates.io-1949cf8c6b5b557f/tokio-1.47.1/src/runtime/context.rs:176:38
[INFO] [stdout]   36:     0x60227850c012 - <std[10d71ac2c42b111e]::thread::local::LocalKey<tokio[763dc0fe3ab1fa1]::runtime::context::Context>>::try_with::<tokio[763dc0fe3ab1fa1]::runtime::context::set_scheduler<(alloc[a7ee25936407c584]::boxed::Box<tokio[763dc0fe3ab1fa1]::runtime::scheduler::current_thread::Core>, core[8fb95b77d25ab6c8]::option::Option<()>), <tokio[763dc0fe3ab1fa1]::runtime::scheduler::current_thread::CoreGuard>::enter<<tokio[763dc0fe3ab1fa1]::runtime::scheduler::current_thread::CoreGuard>::block_on<core[8fb95b77d25ab6c8]::pin::Pin<&mut core[8fb95b77d25ab6c8]::pin::Pin<&mut dyn core[8fb95b77d25ab6c8]::future::future::Future<Output = ()>>>>::{closure#0}, core[8fb95b77d25ab6c8]::option::Option<()>>::{closure#0}>::{closure#0}, (alloc[a7ee25936407c584]::boxed::Box<tokio[763dc0fe3ab1fa1]::runtime::scheduler::current_thread::Core>, core[8fb95b77d25ab6c8]::option::Option<()>)>
[INFO] [stdout]                                at /rustc/b2282dd5646a57d570fc86fbe8df0e8826665ef6/library/std/src/thread/local.rs:462:12
[INFO] [stdout]   37:     0x60227850bb9e - <std[10d71ac2c42b111e]::thread::local::LocalKey<tokio[763dc0fe3ab1fa1]::runtime::context::Context>>::with::<tokio[763dc0fe3ab1fa1]::runtime::context::set_scheduler<(alloc[a7ee25936407c584]::boxed::Box<tokio[763dc0fe3ab1fa1]::runtime::scheduler::current_thread::Core>, core[8fb95b77d25ab6c8]::option::Option<()>), <tokio[763dc0fe3ab1fa1]::runtime::scheduler::current_thread::CoreGuard>::enter<<tokio[763dc0fe3ab1fa1]::runtime::scheduler::current_thread::CoreGuard>::block_on<core[8fb95b77d25ab6c8]::pin::Pin<&mut core[8fb95b77d25ab6c8]::pin::Pin<&mut dyn core[8fb95b77d25ab6c8]::future::future::Future<Output = ()>>>>::{closure#0}, core[8fb95b77d25ab6c8]::option::Option<()>>::{closure#0}>::{closure#0}, (alloc[a7ee25936407c584]::boxed::Box<tokio[763dc0fe3ab1fa1]::runtime::scheduler::current_thread::Core>, core[8fb95b77d25ab6c8]::option::Option<()>)>
[INFO] [stdout]                                at /rustc/b2282dd5646a57d570fc86fbe8df0e8826665ef6/library/std/src/thread/local.rs:426:20
[INFO] [stdout]   38:     0x602278523e9d - tokio[763dc0fe3ab1fa1]::runtime::context::set_scheduler::<(alloc[a7ee25936407c584]::boxed::Box<tokio[763dc0fe3ab1fa1]::runtime::scheduler::current_thread::Core>, core[8fb95b77d25ab6c8]::option::Option<()>), <tokio[763dc0fe3ab1fa1]::runtime::scheduler::current_thread::CoreGuard>::enter<<tokio[763dc0fe3ab1fa1]::runtime::scheduler::current_thread::CoreGuard>::block_on<core[8fb95b77d25ab6c8]::pin::Pin<&mut core[8fb95b77d25ab6c8]::pin::Pin<&mut dyn core[8fb95b77d25ab6c8]::future::future::Future<Output = ()>>>>::{closure#0}, core[8fb95b77d25ab6c8]::option::Option<()>>::{closure#0}>
[INFO] [stdout]                                at /opt/rustwide/cargo-home/registry/src/index.crates.io-1949cf8c6b5b557f/tokio-1.47.1/src/runtime/context.rs:176:17
[INFO] [stdout]   39:     0x6022784ead90 - <tokio[763dc0fe3ab1fa1]::runtime::scheduler::current_thread::CoreGuard>::enter::<<tokio[763dc0fe3ab1fa1]::runtime::scheduler::current_thread::CoreGuard>::block_on<core[8fb95b77d25ab6c8]::pin::Pin<&mut core[8fb95b77d25ab6c8]::pin::Pin<&mut dyn core[8fb95b77d25ab6c8]::future::future::Future<Output = ()>>>>::{closure#0}, core[8fb95b77d25ab6c8]::option::Option<()>>
[INFO] [stdout]                                at /opt/rustwide/cargo-home/registry/src/index.crates.io-1949cf8c6b5b557f/tokio-1.47.1/src/runtime/scheduler/current_thread/mod.rs:829:27
[INFO] [stdout]   40:     0x6022784eb086 - <tokio[763dc0fe3ab1fa1]::runtime::scheduler::current_thread::CoreGuard>::block_on::<core[8fb95b77d25ab6c8]::pin::Pin<&mut core[8fb95b77d25ab6c8]::pin::Pin<&mut dyn core[8fb95b77d25ab6c8]::future::future::Future<Output = ()>>>>
[INFO] [stdout]                                at /opt/rustwide/cargo-home/registry/src/index.crates.io-1949cf8c6b5b557f/tokio-1.47.1/src/runtime/scheduler/current_thread/mod.rs:729:24
[INFO] [stdout]   41:     0x6022784ee6f0 - <tokio[763dc0fe3ab1fa1]::runtime::scheduler::current_thread::CurrentThread>::block_on::<core[8fb95b77d25ab6c8]::pin::Pin<&mut dyn core[8fb95b77d25ab6c8]::future::future::Future<Output = ()>>>::{closure#0}
[INFO] [stdout]                                at /opt/rustwide/cargo-home/registry/src/index.crates.io-1949cf8c6b5b557f/tokio-1.47.1/src/runtime/scheduler/current_thread/mod.rs:200:33
[INFO] [stdout]   42:     0x6022784ce983 - tokio[763dc0fe3ab1fa1]::runtime::context::runtime::enter_runtime::<<tokio[763dc0fe3ab1fa1]::runtime::scheduler::current_thread::CurrentThread>::block_on<core[8fb95b77d25ab6c8]::pin::Pin<&mut dyn core[8fb95b77d25ab6c8]::future::future::Future<Output = ()>>>::{closure#0}, ()>
[INFO] [stdout]                                at /opt/rustwide/cargo-home/registry/src/index.crates.io-1949cf8c6b5b557f/tokio-1.47.1/src/runtime/context/runtime.rs:65:16
[INFO] [stdout]   43:     0x6022784e7d11 - <tokio[763dc0fe3ab1fa1]::runtime::scheduler::current_thread::CurrentThread>::block_on::<core[8fb95b77d25ab6c8]::pin::Pin<&mut dyn core[8fb95b77d25ab6c8]::future::future::Future<Output = ()>>>
[INFO] [stdout]                                at /opt/rustwide/cargo-home/registry/src/index.crates.io-1949cf8c6b5b557f/tokio-1.47.1/src/runtime/scheduler/current_thread/mod.rs:188:9
[INFO] [stdout]   44:     0x602278522d54 - <tokio[763dc0fe3ab1fa1]::runtime::runtime::Runtime>::block_on_inner::<core[8fb95b77d25ab6c8]::pin::Pin<&mut dyn core[8fb95b77d25ab6c8]::future::future::Future<Output = ()>>>
[INFO] [stdout]                                at /opt/rustwide/cargo-home/registry/src/index.crates.io-1949cf8c6b5b557f/tokio-1.47.1/src/runtime/runtime.rs:356:52
[INFO] [stdout]   45:     0x602278522f1f - <tokio[763dc0fe3ab1fa1]::runtime::runtime::Runtime>::block_on::<core[8fb95b77d25ab6c8]::pin::Pin<&mut dyn core[8fb95b77d25ab6c8]::future::future::Future<Output = ()>>>
[INFO] [stdout]                                at /opt/rustwide/cargo-home/registry/src/index.crates.io-1949cf8c6b5b557f/tokio-1.47.1/src/runtime/runtime.rs:330:18
[INFO] [stdout]   46:     0x6022784e540c - tests[58ff1c1c82009eb4]::tests::test_orders_sad_path
[INFO] [stdout]                                at /opt/rustwide/workdir/libs/exchange/plugins/backtester/tests/tests.rs:202:36
[INFO] [stdout]   47:     0x6022784db697 - tests[58ff1c1c82009eb4]::tests::test_orders_sad_path::{closure#0}
[INFO] [stdout]                                at /opt/rustwide/workdir/libs/exchange/plugins/backtester/tests/tests.rs:194:36
[INFO] [stdout]   48:     0x602278543e76 - <tests[58ff1c1c82009eb4]::tests::test_orders_sad_path::{closure#0} as core[8fb95b77d25ab6c8]::ops::function::FnOnce<()>>::call_once
[INFO] [stdout]                                at /rustc/b2282dd5646a57d570fc86fbe8df0e8826665ef6/library/core/src/ops/function.rs:250:5
[INFO] [stdout]   49:     0x602278f5511b - <fn() -> core[8fb95b77d25ab6c8]::result::Result<(), alloc[a7ee25936407c584]::string::String> as core[8fb95b77d25ab6c8]::ops::function::FnOnce<()>>::call_once
[INFO] [stdout]                                at /rustc/b2282dd5646a57d570fc86fbe8df0e8826665ef6/library/core/src/ops/function.rs:250:5
[INFO] [stdout]   50:     0x602278f5511b - test[213991da798b1c03]::__rust_begin_short_backtrace::<core[8fb95b77d25ab6c8]::result::Result<(), alloc[a7ee25936407c584]::string::String>, fn() -> core[8fb95b77d25ab6c8]::result::Result<(), alloc[a7ee25936407c584]::string::String>>
[INFO] [stdout]                                at /rustc/b2282dd5646a57d570fc86fbe8df0e8826665ef6/library/test/src/lib.rs:724:18
[INFO] [stdout]   51:     0x602278f62995 - test[213991da798b1c03]::run_test_in_process::{closure#0}
[INFO] [stdout]                                at /rustc/b2282dd5646a57d570fc86fbe8df0e8826665ef6/library/test/src/lib.rs:747:74
[INFO] [stdout]   52:     0x602278f62995 - <core[8fb95b77d25ab6c8]::panic::unwind_safe::AssertUnwindSafe<test[213991da798b1c03]::run_test_in_process::{closure#0}> as core[8fb95b77d25ab6c8]::ops::function::FnOnce<()>>::call_once
[INFO] [stdout]                                at /rustc/b2282dd5646a57d570fc86fbe8df0e8826665ef6/library/core/src/panic/unwind_safe.rs:275:9
[INFO] [stdout]   53:     0x602278f62995 - std[10d71ac2c42b111e]::panicking::catch_unwind::do_call::<core[8fb95b77d25ab6c8]::panic::unwind_safe::AssertUnwindSafe<test[213991da798b1c03]::run_test_in_process::{closure#0}>, core[8fb95b77d25ab6c8]::result::Result<(), alloc[a7ee25936407c584]::string::String>>
[INFO] [stdout]                                at /rustc/b2282dd5646a57d570fc86fbe8df0e8826665ef6/library/std/src/panicking.rs:581:40
[INFO] [stdout]   54:     0x602278f62995 - std[10d71ac2c42b111e]::panicking::catch_unwind::<core[8fb95b77d25ab6c8]::result::Result<(), alloc[a7ee25936407c584]::string::String>, core[8fb95b77d25ab6c8]::panic::unwind_safe::AssertUnwindSafe<test[213991da798b1c03]::run_test_in_process::{closure#0}>>
[INFO] [stdout]                                at /rustc/b2282dd5646a57d570fc86fbe8df0e8826665ef6/library/std/src/panicking.rs:544:19
[INFO] [stdout]   55:     0x602278f62995 - std[10d71ac2c42b111e]::panic::catch_unwind::<core[8fb95b77d25ab6c8]::panic::unwind_safe::AssertUnwindSafe<test[213991da798b1c03]::run_test_in_process::{closure#0}>, core[8fb95b77d25ab6c8]::result::Result<(), alloc[a7ee25936407c584]::string::String>>
[INFO] [stdout]                                at /rustc/b2282dd5646a57d570fc86fbe8df0e8826665ef6/library/std/src/panic.rs:359:14
[INFO] [stdout]   56:     0x602278f62995 - test[213991da798b1c03]::run_test_in_process
[INFO] [stdout]                                at /rustc/b2282dd5646a57d570fc86fbe8df0e8826665ef6/library/test/src/lib.rs:747:27
[INFO] [stdout]   57:     0x602278f62995 - test[213991da798b1c03]::run_test::{closure#0}
[INFO] [stdout]                                at /rustc/b2282dd5646a57d570fc86fbe8df0e8826665ef6/library/test/src/lib.rs:668:43
[INFO] [stdout]   58:     0x602278f5c2a4 - test[213991da798b1c03]::run_test::{closure#1}
[INFO] [stdout]                                at /rustc/b2282dd5646a57d570fc86fbe8df0e8826665ef6/library/test/src/lib.rs:698:41
[INFO] [stdout]   59:     0x602278f5c2a4 - std[10d71ac2c42b111e]::sys::backtrace::__rust_begin_short_backtrace::<test[213991da798b1c03]::run_test::{closure#1}, ()>
[INFO] [stdout]                                at /rustc/b2282dd5646a57d570fc86fbe8df0e8826665ef6/library/std/src/sys/backtrace.rs:166:18
[INFO] [stdout]   60:     0x602278f65a12 - std[10d71ac2c42b111e]::thread::lifecycle::spawn_unchecked::<test[213991da798b1c03]::run_test::{closure#1}, ()>::{closure#1}::{closure#0}
[INFO] [stdout]                                at /rustc/b2282dd5646a57d570fc86fbe8df0e8826665ef6/library/std/src/thread/lifecycle.rs:70:13
[INFO] [stdout]   61:     0x602278f65a12 - <core[8fb95b77d25ab6c8]::panic::unwind_safe::AssertUnwindSafe<std[10d71ac2c42b111e]::thread::lifecycle::spawn_unchecked<test[213991da798b1c03]::run_test::{closure#1}, ()>::{closure#1}::{closure#0}> as core[8fb95b77d25ab6c8]::ops::function::FnOnce<()>>::call_once
[INFO] [stdout]                                at /rustc/b2282dd5646a57d570fc86fbe8df0e8826665ef6/library/core/src/panic/unwind_safe.rs:275:9
[INFO] [stdout]   62:     0x602278f65a12 - std[10d71ac2c42b111e]::panicking::catch_unwind::do_call::<core[8fb95b77d25ab6c8]::panic::unwind_safe::AssertUnwindSafe<std[10d71ac2c42b111e]::thread::lifecycle::spawn_unchecked<test[213991da798b1c03]::run_test::{closure#1}, ()>::{closure#1}::{closure#0}>, ()>
[INFO] [stdout]                                at /rustc/b2282dd5646a57d570fc86fbe8df0e8826665ef6/library/std/src/panicking.rs:581:40
[INFO] [stdout]   63:     0x602278f65a12 - std[10d71ac2c42b111e]::panicking::catch_unwind::<(), core[8fb95b77d25ab6c8]::panic::unwind_safe::AssertUnwindSafe<std[10d71ac2c42b111e]::thread::lifecycle::spawn_unchecked<test[213991da798b1c03]::run_test::{closure#1}, ()>::{closure#1}::{closure#0}>>
[INFO] [stdout]                                at /rustc/b2282dd5646a57d570fc86fbe8df0e8826665ef6/library/std/src/panicking.rs:544:19
[INFO] [stdout]   64:     0x602278f65a12 - std[10d71ac2c42b111e]::panic::catch_unwind::<core[8fb95b77d25ab6c8]::panic::unwind_safe::AssertUnwindSafe<std[10d71ac2c42b111e]::thread::lifecycle::spawn_unchecked<test[213991da798b1c03]::run_test::{closure#1}, ()>::{closure#1}::{closure#0}>, ()>
[INFO] [stdout]                                at /rustc/b2282dd5646a57d570fc86fbe8df0e8826665ef6/library/std/src/panic.rs:359:14
[INFO] [stdout]   65:     0x602278f65a12 - std[10d71ac2c42b111e]::thread::lifecycle::spawn_unchecked::<test[213991da798b1c03]::run_test::{closure#1}, ()>::{closure#1}
[INFO] [stdout]                                at /rustc/b2282dd5646a57d570fc86fbe8df0e8826665ef6/library/std/src/thread/lifecycle.rs:68:26
[INFO] [stdout]   66:     0x602278f65a12 - <std[10d71ac2c42b111e]::thread::lifecycle::spawn_unchecked<test[213991da798b1c03]::run_test::{closure#1}, ()>::{closure#1} as core[8fb95b77d25ab6c8]::ops::function::FnOnce<()>>::call_once::{shim:vtable#0}
[INFO] [stdout]                                at /rustc/b2282dd5646a57d570fc86fbe8df0e8826665ef6/library/core/src/ops/function.rs:250:5
[INFO] [stdout]   67:     0x60227906555f - <alloc[a7ee25936407c584]::boxed::Box<dyn core[8fb95b77d25ab6c8]::ops::function::FnOnce<(), Output = ()> + core[8fb95b77d25ab6c8]::marker::Send> as core[8fb95b77d25ab6c8]::ops::function::FnOnce<()>>::call_once
[INFO] [stdout]                                at /rustc/b2282dd5646a57d570fc86fbe8df0e8826665ef6/library/alloc/src/boxed.rs:2275:9
[INFO] [stdout]   68:     0x60227906555f - <std[10d71ac2c42b111e]::sys::thread::unix::Thread>::new::thread_start
[INFO] [stdout]                                at /rustc/b2282dd5646a57d570fc86fbe8df0e8826665ef6/library/std/src/sys/thread/unix.rs:118:17
[INFO] [stdout]   69:     0x7a4d60b27aa4 - <unknown>
[INFO] [stdout]   70:     0x7a4d60bb4a64 - clone
[INFO] [stdout]   71:                0x0 - <unknown>
[INFO] [stdout] 
[INFO] [stdout] ---- tests::test_ohlcv_sad_path stdout ----
[INFO] [stdout] init setup::load_client ... ok
[INFO] [stdout] init setup::load_account ... 
[INFO] [stdout] thread 'tests::test_ohlcv_sad_path' (13433) panicked at libs/exchange/plugins/backtester/tests/tests.rs:34:43:
[INFO] [stdout] error loading account data for aixbtusdt: error sending request for url (https://api.binance.us/api/v3/ticker/price?symbol=AIXBTUSDT)
[INFO] [stdout] stack backtrace:
[INFO] [stdout]    0:     0x602279066308 - std[10d71ac2c42b111e]::backtrace_rs::backtrace::libunwind::trace
[INFO] [stdout]                                at /rustc/b2282dd5646a57d570fc86fbe8df0e8826665ef6/library/std/src/../../backtrace/src/backtrace/libunwind.rs:117:9
[INFO] [stdout]    1:     0x602279066308 - std[10d71ac2c42b111e]::backtrace_rs::backtrace::trace_unsynchronized::<std[10d71ac2c42b111e]::sys::backtrace::_print_fmt::{closure#1}>
[INFO] [stdout]                                at /rustc/b2282dd5646a57d570fc86fbe8df0e8826665ef6/library/std/src/../../backtrace/src/backtrace/mod.rs:66:14
[INFO] [stdout]    2:     0x602279066308 - std[10d71ac2c42b111e]::sys::backtrace::_print_fmt
[INFO] [stdout]                                at /rustc/b2282dd5646a57d570fc86fbe8df0e8826665ef6/library/std/src/sys/backtrace.rs:74:9
[INFO] [stdout]    3:     0x602279066308 - <<std[10d71ac2c42b111e]::sys::backtrace::BacktraceLock>::print::DisplayBacktrace as core[8fb95b77d25ab6c8]::fmt::Display>::fmt
[INFO] [stdout]                                at /rustc/b2282dd5646a57d570fc86fbe8df0e8826665ef6/library/std/src/sys/backtrace.rs:44:26
[INFO] [stdout]    4:     0x60227907dc1a - <core[8fb95b77d25ab6c8]::fmt::rt::Argument>::fmt
[INFO] [stdout]                                at /rustc/b2282dd5646a57d570fc86fbe8df0e8826665ef6/library/core/src/fmt/rt.rs:152:76
[INFO] [stdout]    5:     0x60227907dc1a - core[8fb95b77d25ab6c8]::fmt::write
[INFO] [stdout]    6:     0x60227906b712 - std[10d71ac2c42b111e]::io::default_write_fmt::<alloc[a7ee25936407c584]::vec::Vec<u8>>
[INFO] [stdout]                                at /rustc/b2282dd5646a57d570fc86fbe8df0e8826665ef6/library/std/src/io/mod.rs:622:11
[INFO] [stdout]    7:     0x60227906b712 - <alloc[a7ee25936407c584]::vec::Vec<u8> as std[10d71ac2c42b111e]::io::Write>::write_fmt
[INFO] [stdout]                                at /rustc/b2282dd5646a57d570fc86fbe8df0e8826665ef6/library/std/src/io/mod.rs:1977:13
[INFO] [stdout]    8:     0x6022790430f6 - <std[10d71ac2c42b111e]::sys::backtrace::BacktraceLock>::print
[INFO] [stdout]                                at /rustc/b2282dd5646a57d570fc86fbe8df0e8826665ef6/library/std/src/sys/backtrace.rs:47:9
[INFO] [stdout]    9:     0x6022790430f6 - std[10d71ac2c42b111e]::panicking::default_hook::{closure#0}
[INFO] [stdout]                                at /rustc/b2282dd5646a57d570fc86fbe8df0e8826665ef6/library/std/src/panicking.rs:292:27
[INFO] [stdout]   10:     0x60227905df19 - std[10d71ac2c42b111e]::panicking::default_hook
[INFO] [stdout]                                at /rustc/b2282dd5646a57d570fc86fbe8df0e8826665ef6/library/std/src/panicking.rs:316:9
[INFO] [stdout]   11:     0x602278f6203c - <alloc[a7ee25936407c584]::boxed::Box<dyn for<'a, 'b> core[8fb95b77d25ab6c8]::ops::function::Fn<(&'a std[10d71ac2c42b111e]::panic::PanicHookInfo<'b>,), Output = ()> + core[8fb95b77d25ab6c8]::marker::Sync + core[8fb95b77d25ab6c8]::marker::Send> as core[8fb95b77d25ab6c8]::ops::function::Fn<(&std[10d71ac2c42b111e]::panic::PanicHookInfo,)>>::call
[INFO] [stdout]                                at /rustc/b2282dd5646a57d570fc86fbe8df0e8826665ef6/library/alloc/src/boxed.rs:2289:9
[INFO] [stdout]   12:     0x602278f6203c - test[213991da798b1c03]::test_main_inner::<test[213991da798b1c03]::test_main_static::{closure#0}>::{closure#0}
[INFO] [stdout]                                at /rustc/b2282dd5646a57d570fc86fbe8df0e8826665ef6/library/test/src/lib.rs:155:21
[INFO] [stdout]   13:     0x60227905e192 - <alloc[a7ee25936407c584]::boxed::Box<dyn for<'a, 'b> core[8fb95b77d25ab6c8]::ops::function::Fn<(&'a std[10d71ac2c42b111e]::panic::PanicHookInfo<'b>,), Output = ()> + core[8fb95b77d25ab6c8]::marker::Sync + core[8fb95b77d25ab6c8]::marker::Send> as core[8fb95b77d25ab6c8]::ops::function::Fn<(&std[10d71ac2c42b111e]::panic::PanicHookInfo,)>>::call
[INFO] [stdout]                                at /rustc/b2282dd5646a57d570fc86fbe8df0e8826665ef6/library/alloc/src/boxed.rs:2289:9
[INFO] [stdout]   14:     0x60227905e192 - std[10d71ac2c42b111e]::panicking::panic_with_hook
[INFO] [stdout]                                at /rustc/b2282dd5646a57d570fc86fbe8df0e8826665ef6/library/std/src/panicking.rs:833:13
[INFO] [stdout]   15:     0x6022790431b2 - std[10d71ac2c42b111e]::panicking::panic_handler::{closure#0}
[INFO] [stdout]                                at /rustc/b2282dd5646a57d570fc86fbe8df0e8826665ef6/library/std/src/panicking.rs:698:13
[INFO] [stdout]   16:     0x602279037b49 - std[10d71ac2c42b111e]::sys::backtrace::__rust_end_short_backtrace::<std[10d71ac2c42b111e]::panicking::panic_handler::{closure#0}, !>
[INFO] [stdout]                                at /rustc/b2282dd5646a57d570fc86fbe8df0e8826665ef6/library/std/src/sys/backtrace.rs:182:18
[INFO] [stdout]   17:     0x60227904417d - __rustc[3be9ba60078d4c86]::rust_begin_unwind
[INFO] [stdout]                                at /rustc/b2282dd5646a57d570fc86fbe8df0e8826665ef6/library/std/src/panicking.rs:689:5
[INFO] [stdout]   18:     0x60227907e40c - core[8fb95b77d25ab6c8]::panicking::panic_fmt
[INFO] [stdout]                                at /rustc/b2282dd5646a57d570fc86fbe8df0e8826665ef6/library/core/src/panicking.rs:80:14
[INFO] [stdout]   19:     0x6022784d8665 - tests[58ff1c1c82009eb4]::tests::get_client::{closure#0}::{closure#0}::{closure#0}::{closure#0}
[INFO] [stdout]                                at /opt/rustwide/workdir/libs/exchange/plugins/backtester/tests/tests.rs:34:43
[INFO] [stdout]   20:     0x60227855c6e1 - <core[8fb95b77d25ab6c8]::result::Result<(), anyhow[91ee2a2cd573cbb5]::Error>>::unwrap_or_else::<tests[58ff1c1c82009eb4]::tests::get_client::{closure#0}::{closure#0}::{closure#0}::{closure#0}>
[INFO] [stdout]                                at /rustc/b2282dd5646a57d570fc86fbe8df0e8826665ef6/library/core/src/result.rs:1622:23
[INFO] [stdout]   21:     0x6022784d8d09 - tests[58ff1c1c82009eb4]::tests::get_client::{closure#0}::{closure#0}::{closure#0}
[INFO] [stdout]                                at /opt/rustwide/workdir/libs/exchange/plugins/backtester/tests/tests.rs:34:22
[INFO] [stdout]   22:     0x6022785499fa - <tokio[763dc0fe3ab1fa1]::sync::once_cell::OnceCell<backtester[bee951f00ebf76dc]::Client>>::get_or_init::<tests[58ff1c1c82009eb4]::tests::get_client::{closure#0}::{closure#0}, tests[58ff1c1c82009eb4]::tests::get_client::{closure#0}::{closure#0}::{closure#0}>::{closure#0}
[INFO] [stdout]                                at /opt/rustwide/cargo-home/registry/src/index.crates.io-1949cf8c6b5b557f/tokio-1.47.1/src/sync/once_cell.rs:368:37
[INFO] [stdout]   23:     0x6022784db4f4 - tests[58ff1c1c82009eb4]::tests::get_client::{closure#0}
[INFO] [stdout]                                at /opt/rustwide/workdir/libs/exchange/plugins/backtester/tests/tests.rs:46:14
[INFO] [stdout]   24:     0x6022784dc416 - tests[58ff1c1c82009eb4]::tests::test_ohlcv_sad_path::{closure#0}
[INFO] [stdout]                                at /opt/rustwide/workdir/libs/exchange/plugins/backtester/tests/tests.rs:222:35
[INFO] [stdout]   25:     0x60227854ddd2 - <core[8fb95b77d25ab6c8]::pin::Pin<&mut dyn core[8fb95b77d25ab6c8]::future::future::Future<Output = ()>> as core[8fb95b77d25ab6c8]::future::future::Future>::poll
[INFO] [stdout]                                at /rustc/b2282dd5646a57d570fc86fbe8df0e8826665ef6/library/core/src/future/future.rs:133:9
[INFO] [stdout]   26:     0x60227854de4d - <core[8fb95b77d25ab6c8]::pin::Pin<&mut core[8fb95b77d25ab6c8]::pin::Pin<&mut dyn core[8fb95b77d25ab6c8]::future::future::Future<Output = ()>>> as core[8fb95b77d25ab6c8]::future::future::Future>::poll
[INFO] [stdout]                                at /rustc/b2282dd5646a57d570fc86fbe8df0e8826665ef6/library/core/src/future/future.rs:133:9
[INFO] [stdout]   27:     0x6022784f086d - <tokio[763dc0fe3ab1fa1]::runtime::scheduler::current_thread::CoreGuard>::block_on::<core[8fb95b77d25ab6c8]::pin::Pin<&mut core[8fb95b77d25ab6c8]::pin::Pin<&mut dyn core[8fb95b77d25ab6c8]::future::future::Future<Output = ()>>>>::{closure#0}::{closure#0}::{closure#0}
[INFO] [stdout]                                at /opt/rustwide/cargo-home/registry/src/index.crates.io-1949cf8c6b5b557f/tokio-1.47.1/src/runtime/scheduler/current_thread/mod.rs:742:70
[INFO] [stdout]   28:     0x6022784f076b - tokio[763dc0fe3ab1fa1]::task::coop::with_budget::<core[8fb95b77d25ab6c8]::task::poll::Poll<()>, <tokio[763dc0fe3ab1fa1]::runtime::scheduler::current_thread::CoreGuard>::block_on<core[8fb95b77d25ab6c8]::pin::Pin<&mut core[8fb95b77d25ab6c8]::pin::Pin<&mut dyn core[8fb95b77d25ab6c8]::future::future::Future<Output = ()>>>>::{closure#0}::{closure#0}::{closure#0}>
[INFO] [stdout]                                at /opt/rustwide/cargo-home/registry/src/index.crates.io-1949cf8c6b5b557f/tokio-1.47.1/src/task/coop/mod.rs:167:5
[INFO] [stdout]   29:     0x6022784f076b - tokio[763dc0fe3ab1fa1]::task::coop::budget::<core[8fb95b77d25ab6c8]::task::poll::Poll<()>, <tokio[763dc0fe3ab1fa1]::runtime::scheduler::current_thread::CoreGuard>::block_on<core[8fb95b77d25ab6c8]::pin::Pin<&mut core[8fb95b77d25ab6c8]::pin::Pin<&mut dyn core[8fb95b77d25ab6c8]::future::future::Future<Output = ()>>>>::{closure#0}::{closure#0}::{closure#0}>
[INFO] [stdout]                                at /opt/rustwide/cargo-home/registry/src/index.crates.io-1949cf8c6b5b557f/tokio-1.47.1/src/task/coop/mod.rs:133:5
[INFO] [stdout]   30:     0x6022784f076b - <tokio[763dc0fe3ab1fa1]::runtime::scheduler::current_thread::CoreGuard>::block_on::<core[8fb95b77d25ab6c8]::pin::Pin<&mut core[8fb95b77d25ab6c8]::pin::Pin<&mut dyn core[8fb95b77d25ab6c8]::future::future::Future<Output = ()>>>>::{closure#0}::{closure#0}
[INFO] [stdout]                                at /opt/rustwide/cargo-home/registry/src/index.crates.io-1949cf8c6b5b557f/tokio-1.47.1/src/runtime/scheduler/current_thread/mod.rs:742:25
[INFO] [stdout]   31:     0x6022784e81e0 - <tokio[763dc0fe3ab1fa1]::runtime::scheduler::current_thread::Context>::enter::<core[8fb95b77d25ab6c8]::task::poll::Poll<()>, <tokio[763dc0fe3ab1fa1]::runtime::scheduler::current_thread::CoreGuard>::block_on<core[8fb95b77d25ab6c8]::pin::Pin<&mut core[8fb95b77d25ab6c8]::pin::Pin<&mut dyn core[8fb95b77d25ab6c8]::future::future::Future<Output = ()>>>>::{closure#0}::{closure#0}>
[INFO] [stdout]                                at /opt/rustwide/cargo-home/registry/src/index.crates.io-1949cf8c6b5b557f/tokio-1.47.1/src/runtime/scheduler/current_thread/mod.rs:432:19
[INFO] [stdout]   32:     0x6022784ef8ed - <tokio[763dc0fe3ab1fa1]::runtime::scheduler::current_thread::CoreGuard>::block_on::<core[8fb95b77d25ab6c8]::pin::Pin<&mut core[8fb95b77d25ab6c8]::pin::Pin<&mut dyn core[8fb95b77d25ab6c8]::future::future::Future<Output = ()>>>>::{closure#0}
[INFO] [stdout]                                at /opt/rustwide/cargo-home/registry/src/index.crates.io-1949cf8c6b5b557f/tokio-1.47.1/src/runtime/scheduler/current_thread/mod.rs:741:44
[INFO] [stdout]   33:     0x6022784eebe4 - <tokio[763dc0fe3ab1fa1]::runtime::scheduler::current_thread::CoreGuard>::enter::<<tokio[763dc0fe3ab1fa1]::runtime::scheduler::current_thread::CoreGuard>::block_on<core[8fb95b77d25ab6c8]::pin::Pin<&mut core[8fb95b77d25ab6c8]::pin::Pin<&mut dyn core[8fb95b77d25ab6c8]::future::future::Future<Output = ()>>>>::{closure#0}, core[8fb95b77d25ab6c8]::option::Option<()>>::{closure#0}
[INFO] [stdout]                                at /opt/rustwide/cargo-home/registry/src/index.crates.io-1949cf8c6b5b557f/tokio-1.47.1/src/runtime/scheduler/current_thread/mod.rs:829:68
[INFO] [stdout]   34:     0x6022784b7d2b - <tokio[763dc0fe3ab1fa1]::runtime::context::scoped::Scoped<tokio[763dc0fe3ab1fa1]::runtime::scheduler::Context>>::set::<<tokio[763dc0fe3ab1fa1]::runtime::scheduler::current_thread::CoreGuard>::enter<<tokio[763dc0fe3ab1fa1]::runtime::scheduler::current_thread::CoreGuard>::block_on<core[8fb95b77d25ab6c8]::pin::Pin<&mut core[8fb95b77d25ab6c8]::pin::Pin<&mut dyn core[8fb95b77d25ab6c8]::future::future::Future<Output = ()>>>>::{closure#0}, core[8fb95b77d25ab6c8]::option::Option<()>>::{closure#0}, (alloc[a7ee25936407c584]::boxed::Box<tokio[763dc0fe3ab1fa1]::runtime::scheduler::current_thread::Core>, core[8fb95b77d25ab6c8]::option::Option<()>)>
[INFO] [stdout]                                at /opt/rustwide/cargo-home/registry/src/index.crates.io-1949cf8c6b5b557f/tokio-1.47.1/src/runtime/context/scoped.rs:40:9
[INFO] [stdout]   35:     0x60227852b529 - tokio[763dc0fe3ab1fa1]::runtime::context::set_scheduler::<(alloc[a7ee25936407c584]::boxed::Box<tokio[763dc0fe3ab1fa1]::runtime::scheduler::current_thread::Core>, core[8fb95b77d25ab6c8]::option::Option<()>), <tokio[763dc0fe3ab1fa1]::runtime::scheduler::current_thread::CoreGuard>::enter<<tokio[763dc0fe3ab1fa1]::runtime::scheduler::current_thread::CoreGuard>::block_on<core[8fb95b77d25ab6c8]::pin::Pin<&mut core[8fb95b77d25ab6c8]::pin::Pin<&mut dyn core[8fb95b77d25ab6c8]::future::future::Future<Output = ()>>>>::{closure#0}, core[8fb95b77d25ab6c8]::option::Option<()>>::{closure#0}>::{closure#0}
[INFO] [stdout]                                at /opt/rustwide/cargo-home/registry/src/index.crates.io-1949cf8c6b5b557f/tokio-1.47.1/src/runtime/context.rs:176:38
[INFO] [stdout]   36:     0x60227850c012 - <std[10d71ac2c42b111e]::thread::local::LocalKey<tokio[763dc0fe3ab1fa1]::runtime::context::Context>>::try_with::<tokio[763dc0fe3ab1fa1]::runtime::context::set_scheduler<(alloc[a7ee25936407c584]::boxed::Box<tokio[763dc0fe3ab1fa1]::runtime::scheduler::current_thread::Core>, core[8fb95b77d25ab6c8]::option::Option<()>), <tokio[763dc0fe3ab1fa1]::runtime::scheduler::current_thread::CoreGuard>::enter<<tokio[763dc0fe3ab1fa1]::runtime::scheduler::current_thread::CoreGuard>::block_on<core[8fb95b77d25ab6c8]::pin::Pin<&mut core[8fb95b77d25ab6c8]::pin::Pin<&mut dyn core[8fb95b77d25ab6c8]::future::future::Future<Output = ()>>>>::{closure#0}, core[8fb95b77d25ab6c8]::option::Option<()>>::{closure#0}>::{closure#0}, (alloc[a7ee25936407c584]::boxed::Box<tokio[763dc0fe3ab1fa1]::runtime::scheduler::current_thread::Core>, core[8fb95b77d25ab6c8]::option::Option<()>)>
[INFO] [stdout]                                at /rustc/b2282dd5646a57d570fc86fbe8df0e8826665ef6/library/std/src/thread/local.rs:462:12
[INFO] [stdout]   37:     0x60227850bb9e - <std[10d71ac2c42b111e]::thread::local::LocalKey<tokio[763dc0fe3ab1fa1]::runtime::context::Context>>::with::<tokio[763dc0fe3ab1fa1]::runtime::context::set_scheduler<(alloc[a7ee25936407c584]::boxed::Box<tokio[763dc0fe3ab1fa1]::runtime::scheduler::current_thread::Core>, core[8fb95b77d25ab6c8]::option::Option<()>), <tokio[763dc0fe3ab1fa1]::runtime::scheduler::current_thread::CoreGuard>::enter<<tokio[763dc0fe3ab1fa1]::runtime::scheduler::current_thread::CoreGuard>::block_on<core[8fb95b77d25ab6c8]::pin::Pin<&mut core[8fb95b77d25ab6c8]::pin::Pin<&mut dyn core[8fb95b77d25ab6c8]::future::future::Future<Output = ()>>>>::{closure#0}, core[8fb95b77d25ab6c8]::option::Option<()>>::{closure#0}>::{closure#0}, (alloc[a7ee25936407c584]::boxed::Box<tokio[763dc0fe3ab1fa1]::runtime::scheduler::current_thread::Core>, core[8fb95b77d25ab6c8]::option::Option<()>)>
[INFO] [stdout]                                at /rustc/b2282dd5646a57d570fc86fbe8df0e8826665ef6/library/std/src/thread/local.rs:426:20
[INFO] [stdout]   38:     0x602278523e9d - tokio[763dc0fe3ab1fa1]::runtime::context::set_scheduler::<(alloc[a7ee25936407c584]::boxed::Box<tokio[763dc0fe3ab1fa1]::runtime::scheduler::current_thread::Core>, core[8fb95b77d25ab6c8]::option::Option<()>), <tokio[763dc0fe3ab1fa1]::runtime::scheduler::current_thread::CoreGuard>::enter<<tokio[763dc0fe3ab1fa1]::runtime::scheduler::current_thread::CoreGuard>::block_on<core[8fb95b77d25ab6c8]::pin::Pin<&mut core[8fb95b77d25ab6c8]::pin::Pin<&mut dyn core[8fb95b77d25ab6c8]::future::future::Future<Output = ()>>>>::{closure#0}, core[8fb95b77d25ab6c8]::option::Option<()>>::{closure#0}>
[INFO] [stdout]                                at /opt/rustwide/cargo-home/registry/src/index.crates.io-1949cf8c6b5b557f/tokio-1.47.1/src/runtime/context.rs:176:17
[INFO] [stdout]   39:     0x6022784ead90 - <tokio[763dc0fe3ab1fa1]::runtime::scheduler::current_thread::CoreGuard>::enter::<<tokio[763dc0fe3ab1fa1]::runtime::scheduler::current_thread::CoreGuard>::block_on<core[8fb95b77d25ab6c8]::pin::Pin<&mut core[8fb95b77d25ab6c8]::pin::Pin<&mut dyn core[8fb95b77d25ab6c8]::future::future::Future<Output = ()>>>>::{closure#0}, core[8fb95b77d25ab6c8]::option::Option<()>>
[INFO] [stdout]                                at /opt/rustwide/cargo-home/registry/src/index.crates.io-1949cf8c6b5b557f/tokio-1.47.1/src/runtime/scheduler/current_thread/mod.rs:829:27
[INFO] [stdout]   40:     0x6022784eb086 - <tokio[763dc0fe3ab1fa1]::runtime::scheduler::current_thread::CoreGuard>::block_on::<core[8fb95b77d25ab6c8]::pin::Pin<&mut core[8fb95b77d25ab6c8]::pin::Pin<&mut dyn core[8fb95b77d25ab6c8]::future::future::Future<Output = ()>>>>
[INFO] [stdout]                                at /opt/rustwide/cargo-home/registry/src/index.crates.io-1949cf8c6b5b557f/tokio-1.47.1/src/runtime/scheduler/current_thread/mod.rs:729:24
[INFO] [stdout]   41:     0x6022784ee6f0 - <tokio[763dc0fe3ab1fa1]::runtime::scheduler::current_thread::CurrentThread>::block_on::<core[8fb95b77d25ab6c8]::pin::Pin<&mut dyn core[8fb95b77d25ab6c8]::future::future::Future<Output = ()>>>::{closure#0}
[INFO] [stdout]                                at /opt/rustwide/cargo-home/registry/src/index.crates.io-1949cf8c6b5b557f/tokio-1.47.1/src/runtime/scheduler/current_thread/mod.rs:200:33
[INFO] [stdout]   42:     0x6022784ce983 - tokio[763dc0fe3ab1fa1]::runtime::context::runtime::enter_runtime::<<tokio[763dc0fe3ab1fa1]::runtime::scheduler::current_thread::CurrentThread>::block_on<core[8fb95b77d25ab6c8]::pin::Pin<&mut dyn core[8fb95b77d25ab6c8]::future::future::Future<Output = ()>>>::{closure#0}, ()>
[INFO] [stdout]                                at /opt/rustwide/cargo-home/registry/src/index.crates.io-1949cf8c6b5b557f/tokio-1.47.1/src/runtime/context/runtime.rs:65:16
[INFO] [stdout]   43:     0x6022784e7d11 - <tokio[763dc0fe3ab1fa1]::runtime::scheduler::current_thread::CurrentThread>::block_on::<core[8fb95b77d25ab6c8]::pin::Pin<&mut dyn core[8fb95b77d25ab6c8]::future::future::Future<Output = ()>>>
[INFO] [stdout]                                at /opt/rustwide/cargo-home/registry/src/index.crates.io-1949cf8c6b5b557f/tokio-1.47.1/src/runtime/scheduler/current_thread/mod.rs:188:9
[INFO] [stdout]   44:     0x602278522d54 - <tokio[763dc0fe3ab1fa1]::runtime::runtime::Runtime>::block_on_inner::<core[8fb95b77d25ab6c8]::pin::Pin<&mut dyn core[8fb95b77d25ab6c8]::future::future::Future<Output = ()>>>
[INFO] [stdout]                                at /opt/rustwide/cargo-home/registry/src/index.crates.io-1949cf8c6b5b557f/tokio-1.47.1/src/runtime/runtime.rs:356:52
[INFO] [stdout]   45:     0x602278522f1f - <tokio[763dc0fe3ab1fa1]::runtime::runtime::Runtime>::block_on::<core[8fb95b77d25ab6c8]::pin::Pin<&mut dyn core[8fb95b77d25ab6c8]::future::future::Future<Output = ()>>>
[INFO] [stdout]                                at /opt/rustwide/cargo-home/registry/src/index.crates.io-1949cf8c6b5b557f/tokio-1.47.1/src/runtime/runtime.rs:330:18
[INFO] [stdout]   46:     0x6022784e506c - tests[58ff1c1c82009eb4]::tests::test_ohlcv_sad_path
[INFO] [stdout]                                at /opt/rustwide/workdir/libs/exchange/plugins/backtester/tests/tests.rs:230:36
[INFO] [stdout]   47:     0x6022784db637 - tests[58ff1c1c82009eb4]::tests::test_ohlcv_sad_path::{closure#0}
[INFO] [stdout]                                at /opt/rustwide/workdir/libs/exchange/plugins/backtester/tests/tests.rs:221:35
[INFO] [stdout]   48:     0x602278543df6 - <tests[58ff1c1c82009eb4]::tests::test_ohlcv_sad_path::{closure#0} as core[8fb95b77d25ab6c8]::ops::function::FnOnce<()>>::call_once
[INFO] [stdout]                                at /rustc/b2282dd5646a57d570fc86fbe8df0e8826665ef6/library/core/src/ops/function.rs:250:5
[INFO] [stdout]   49:     0x602278f5511b - <fn() -> core[8fb95b77d25ab6c8]::result::Result<(), alloc[a7ee25936407c584]::string::String> as core[8fb95b77d25ab6c8]::ops::function::FnOnce<()>>::call_once
[INFO] [stdout]                                at /rustc/b2282dd5646a57d570fc86fbe8df0e8826665ef6/library/core/src/ops/function.rs:250:5
[INFO] [stdout]   50:     0x602278f5511b - test[213991da798b1c03]::__rust_begin_short_backtrace::<core[8fb95b77d25ab6c8]::result::Result<(), alloc[a7ee25936407c584]::string::String>, fn() -> core[8fb95b77d25ab6c8]::result::Result<(), alloc[a7ee25936407c584]::string::String>>
[INFO] [stdout]                                at /rustc/b2282dd5646a57d570fc86fbe8df0e8826665ef6/library/test/src/lib.rs:724:18
[INFO] [stdout]   51:     0x602278f62995 - test[213991da798b1c03]::run_test_in_process::{closure#0}
[INFO] [stdout]                                at /rustc/b2282dd5646a57d570fc86fbe8df0e8826665ef6/library/test/src/lib.rs:747:74
[INFO] [stdout]   52:     0x602278f62995 - <core[8fb95b77d25ab6c8]::panic::unwind_safe::AssertUnwindSafe<test[213991da798b1c03]::run_test_in_process::{closure#0}> as core[8fb95b77d25ab6c8]::ops::function::FnOnce<()>>::call_once
[INFO] [stdout]                                at /rustc/b2282dd5646a57d570fc86fbe8df0e8826665ef6/library/core/src/panic/unwind_safe.rs:275:9
[INFO] [stdout]   53:     0x602278f62995 - std[10d71ac2c42b111e]::panicking::catch_unwind::do_call::<core[8fb95b77d25ab6c8]::panic::unwind_safe::AssertUnwindSafe<test[213991da798b1c03]::run_test_in_process::{closure#0}>, core[8fb95b77d25ab6c8]::result::Result<(), alloc[a7ee25936407c584]::string::String>>
[INFO] [stdout]                                at /rustc/b2282dd5646a57d570fc86fbe8df0e8826665ef6/library/std/src/panicking.rs:581:40
[INFO] [stdout]   54:     0x602278f62995 - std[10d71ac2c42b111e]::panicking::catch_unwind::<core[8fb95b77d25ab6c8]::result::Result<(), alloc[a7ee25936407c584]::string::String>, core[8fb95b77d25ab6c8]::panic::unwind_safe::AssertUnwindSafe<test[213991da798b1c03]::run_test_in_process::{closure#0}>>
[INFO] [stdout]                                at /rustc/b2282dd5646a57d570fc86fbe8df0e8826665ef6/library/std/src/panicking.rs:544:19
[INFO] [stdout]   55:     0x602278f62995 - std[10d71ac2c42b111e]::panic::catch_unwind::<core[8fb95b77d25ab6c8]::panic::unwind_safe::AssertUnwindSafe<test[213991da798b1c03]::run_test_in_process::{closure#0}>, core[8fb95b77d25ab6c8]::result::Result<(), alloc[a7ee25936407c584]::string::String>>
[INFO] [stdout]                                at /rustc/b2282dd5646a57d570fc86fbe8df0e8826665ef6/library/std/src/panic.rs:359:14
[INFO] [stdout]   56:     0x602278f62995 - test[213991da798b1c03]::run_test_in_process
[INFO] [stdout]                                at /rustc/b2282dd5646a57d570fc86fbe8df0e8826665ef6/library/test/src/lib.rs:747:27
[INFO] [stdout]   57:     0x602278f62995 - test[213991da798b1c03]::run_test::{closure#0}
[INFO] [stdout]                                at /rustc/b2282dd5646a57d570fc86fbe8df0e8826665ef6/library/test/src/lib.rs:668:43
[INFO] [stdout]   58:     0x602278f5c2a4 - test[213991da798b1c03]::run_test::{closure#1}
[INFO] [stdout]                                at /rustc/b2282dd5646a57d570fc86fbe8df0e8826665ef6/library/test/src/lib.rs:698:41
[INFO] [stdout]   59:     0x602278f5c2a4 - std[10d71ac2c42b111e]::sys::backtrace::__rust_begin_short_backtrace::<test[213991da798b1c03]::run_test::{closure#1}, ()>
[INFO] [stdout]                                at /rustc/b2282dd5646a57d570fc86fbe8df0e8826665ef6/library/std/src/sys/backtrace.rs:166:18
[INFO] [stdout]   60:     0x602278f65a12 - std[10d71ac2c42b111e]::thread::lifecycle::spawn_unchecked::<test[213991da798b1c03]::run_test::{closure#1}, ()>::{closure#1}::{closure#0}
[INFO] [stdout]                                at /rustc/b2282dd5646a57d570fc86fbe8df0e8826665ef6/library/std/src/thread/lifecycle.rs:70:13
[INFO] [stdout]   61:     0x602278f65a12 - <core[8fb95b77d25ab6c8]::panic::unwind_safe::AssertUnwindSafe<std[10d71ac2c42b111e]::thread::lifecycle::spawn_unchecked<test[213991da798b1c03]::run_test::{closure#1}, ()>::{closure#1}::{closure#0}> as core[8fb95b77d25ab6c8]::ops::function::FnOnce<()>>::call_once
[INFO] [stdout]                                at /rustc/b2282dd5646a57d570fc86fbe8df0e8826665ef6/library/core/src/panic/unwind_safe.rs:275:9
[INFO] [stdout]   62:     0x602278f65a12 - std[10d71ac2c42b111e]::panicking::catch_unwind::do_call::<core[8fb95b77d25ab6c8]::panic::unwind_safe::AssertUnwindSafe<std[10d71ac2c42b111e]::thread::lifecycle::spawn_unchecked<test[213991da798b1c03]::run_test::{closure#1}, ()>::{closure#1}::{closure#0}>, ()>
[INFO] [stdout]                                at /rustc/b2282dd5646a57d570fc86fbe8df0e8826665ef6/library/std/src/panicking.rs:581:40
[INFO] [stdout]   63:     0x602278f65a12 - std[10d71ac2c42b111e]::panicking::catch_unwind::<(), core[8fb95b77d25ab6c8]::panic::unwind_safe::AssertUnwindSafe<std[10d71ac2c42b111e]::thread::lifecycle::spawn_unchecked<test[213991da798b1c03]::run_test::{closure#1}, ()>::{closure#1}::{closure#0}>>
[INFO] [stdout]                                at /rustc/b2282dd5646a57d570fc86fbe8df0e8826665ef6/library/std/src/panicking.rs:544:19
[INFO] [stdout]   64:     0x602278f65a12 - std[10d71ac2c42b111e]::panic::catch_unwind::<core[8fb95b77d25ab6c8]::panic::unwind_safe::AssertUnwindSafe<std[10d71ac2c42b111e]::thread::lifecycle::spawn_unchecked<test[213991da798b1c03]::run_test::{closure#1}, ()>::{closure#1}::{closure#0}>, ()>
[INFO] [stdout]                                at /rustc/b2282dd5646a57d570fc86fbe8df0e8826665ef6/library/std/src/panic.rs:359:14
[INFO] [stdout]   65:     0x602278f65a12 - std[10d71ac2c42b111e]::thread::lifecycle::spawn_unchecked::<test[213991da798b1c03]::run_test::{closure#1}, ()>::{closure#1}
[INFO] [stdout]                                at /rustc/b2282dd5646a57d570fc86fbe8df0e8826665ef6/library/std/src/thread/lifecycle.rs:68:26
[INFO] [stdout]   66:     0x602278f65a12 - <std[10d71ac2c42b111e]::thread::lifecycle::spawn_unchecked<test[213991da798b1c03]::run_test::{closure#1}, ()>::{closure#1} as core[8fb95b77d25ab6c8]::ops::function::FnOnce<()>>::call_once::{shim:vtable#0}
[INFO] [stdout]                                at /rustc/b2282dd5646a57d570fc86fbe8df0e8826665ef6/library/core/src/ops/function.rs:250:5
[INFO] [stdout]   67:     0x60227906555f - <alloc[a7ee25936407c584]::boxed::Box<dyn core[8fb95b77d25ab6c8]::ops::function::FnOnce<(), Output = ()> + core[8fb95b77d25ab6c8]::marker::Send> as core[8fb95b77d25ab6c8]::ops::function::FnOnce<()>>::call_once
[INFO] [stdout]                                at /rustc/b2282dd5646a57d570fc86fbe8df0e8826665ef6/library/alloc/src/boxed.rs:2275:9
[INFO] [stdout]   68:     0x60227906555f - <std[10d71ac2c42b111e]::sys::thread::unix::Thread>::new::thread_start
[INFO] [stdout]                                at /rustc/b2282dd5646a57d570fc86fbe8df0e8826665ef6/library/std/src/sys/thread/unix.rs:118:17
[INFO] [stdout]   69:     0x7a4d60b27aa4 - <unknown>
[INFO] [stdout]   70:     0x7a4d60bb4a64 - clone
[INFO] [stdout]   71:                0x0 - <unknown>
[INFO] [stdout] 
[INFO] [stdout] ---- tests::test_trade stdout ----
[INFO] [stdout] init setup::load_client ... ok
[INFO] [stdout] init setup::load_account ... 
[INFO] [stdout] thread 'tests::test_trade' (13437) panicked at libs/exchange/plugins/backtester/tests/tests.rs:34:43:
[INFO] [stdout] error loading account data for aixbtusdt: error sending request for url (https://api.binance.us/api/v3/ticker/price?symbol=AIXBTUSDT)
[INFO] [stdout] stack backtrace:
[INFO] [stdout]    0:     0x602279066308 - std[10d71ac2c42b111e]::backtrace_rs::backtrace::libunwind::trace
[INFO] [stdout]                                at /rustc/b2282dd5646a57d570fc86fbe8df0e8826665ef6/library/std/src/../../backtrace/src/backtrace/libunwind.rs:117:9
[INFO] [stdout]    1:     0x602279066308 - std[10d71ac2c42b111e]::backtrace_rs::backtrace::trace_unsynchronized::<std[10d71ac2c42b111e]::sys::backtrace::_print_fmt::{closure#1}>
[INFO] [stdout]                                at /rustc/b2282dd5646a57d570fc86fbe8df0e8826665ef6/library/std/src/../../backtrace/src/backtrace/mod.rs:66:14
[INFO] [stdout]    2:     0x602279066308 - std[10d71ac2c42b111e]::sys::backtrace::_print_fmt
[INFO] [stdout]                                at /rustc/b2282dd5646a57d570fc86fbe8df0e8826665ef6/library/std/src/sys/backtrace.rs:74:9
[INFO] [stdout]    3:     0x602279066308 - <<std[10d71ac2c42b111e]::sys::backtrace::BacktraceLock>::print::DisplayBacktrace as core[8fb95b77d25ab6c8]::fmt::Display>::fmt
[INFO] [stdout]                                at /rustc/b2282dd5646a57d570fc86fbe8df0e8826665ef6/library/std/src/sys/backtrace.rs:44:26
[INFO] [stdout]    4:     0x60227907dc1a - <core[8fb95b77d25ab6c8]::fmt::rt::Argument>::fmt
[INFO] [stdout]                                at /rustc/b2282dd5646a57d570fc86fbe8df0e8826665ef6/library/core/src/fmt/rt.rs:152:76
[INFO] [stdout]    5:     0x60227907dc1a - core[8fb95b77d25ab6c8]::fmt::write
[INFO] [stdout]    6:     0x60227906b712 - std[10d71ac2c42b111e]::io::default_write_fmt::<alloc[a7ee25936407c584]::vec::Vec<u8>>
[INFO] [stdout]                                at /rustc/b2282dd5646a57d570fc86fbe8df0e8826665ef6/library/std/src/io/mod.rs:622:11
[INFO] [stdout]    7:     0x60227906b712 - <alloc[a7ee25936407c584]::vec::Vec<u8> as std[10d71ac2c42b111e]::io::Write>::write_fmt
[INFO] [stdout]                                at /rustc/b2282dd5646a57d570fc86fbe8df0e8826665ef6/library/std/src/io/mod.rs:1977:13
[INFO] [stdout]    8:     0x6022790430f6 - <std[10d71ac2c42b111e]::sys::backtrace::BacktraceLock>::print
[INFO] [stdout]                                at /rustc/b2282dd5646a57d570fc86fbe8df0e8826665ef6/library/std/src/sys/backtrace.rs:47:9
[INFO] [stdout]    9:     0x6022790430f6 - std[10d71ac2c42b111e]::panicking::default_hook::{closure#0}
[INFO] [stdout]                                at /rustc/b2282dd5646a57d570fc86fbe8df0e8826665ef6/library/std/src/panicking.rs:292:27
[INFO] [stdout]   10:     0x60227905df19 - std[10d71ac2c42b111e]::panicking::default_hook
[INFO] [stdout]                                at /rustc/b2282dd5646a57d570fc86fbe8df0e8826665ef6/library/std/src/panicking.rs:316:9
[INFO] [stdout]   11:     0x602278f6203c - <alloc[a7ee25936407c584]::boxed::Box<dyn for<'a, 'b> core[8fb95b77d25ab6c8]::ops::function::Fn<(&'a std[10d71ac2c42b111e]::panic::PanicHookInfo<'b>,), Output = ()> + core[8fb95b77d25ab6c8]::marker::Sync + core[8fb95b77d25ab6c8]::marker::Send> as core[8fb95b77d25ab6c8]::ops::function::Fn<(&std[10d71ac2c42b111e]::panic::PanicHookInfo,)>>::call
[INFO] [stdout]                                at /rustc/b2282dd5646a57d570fc86fbe8df0e8826665ef6/library/alloc/src/boxed.rs:2289:9
[INFO] [stdout]   12:     0x602278f6203c - test[213991da798b1c03]::test_main_inner::<test[213991da798b1c03]::test_main_static::{closure#0}>::{closure#0}
[INFO] [stdout]                                at /rustc/b2282dd5646a57d570fc86fbe8df0e8826665ef6/library/test/src/lib.rs:155:21
[INFO] [stdout]   13:     0x60227905e192 - <alloc[a7ee25936407c584]::boxed::Box<dyn for<'a, 'b> core[8fb95b77d25ab6c8]::ops::function::Fn<(&'a std[10d71ac2c42b111e]::panic::PanicHookInfo<'b>,), Output = ()> + core[8fb95b77d25ab6c8]::marker::Sync + core[8fb95b77d25ab6c8]::marker::Send> as core[8fb95b77d25ab6c8]::ops::function::Fn<(&std[10d71ac2c42b111e]::panic::PanicHookInfo,)>>::call
[INFO] [stdout]                                at /rustc/b2282dd5646a57d570fc86fbe8df0e8826665ef6/library/alloc/src/boxed.rs:2289:9
[INFO] [stdout]   14:     0x60227905e192 - std[10d71ac2c42b111e]::panicking::panic_with_hook
[INFO] [stdout]                                at /rustc/b2282dd5646a57d570fc86fbe8df0e8826665ef6/library/std/src/panicking.rs:833:13
[INFO] [stdout]   15:     0x6022790431b2 - std[10d71ac2c42b111e]::panicking::panic_handler::{closure#0}
[INFO] [stdout]                                at /rustc/b2282dd5646a57d570fc86fbe8df0e8826665ef6/library/std/src/panicking.rs:698:13
[INFO] [stdout]   16:     0x602279037b49 - std[10d71ac2c42b111e]::sys::backtrace::__rust_end_short_backtrace::<std[10d71ac2c42b111e]::panicking::panic_handler::{closure#0}, !>
[INFO] [stdout]                                at /rustc/b2282dd5646a57d570fc86fbe8df0e8826665ef6/library/std/src/sys/backtrace.rs:182:18
[INFO] [stdout]   17:     0x60227904417d - __rustc[3be9ba60078d4c86]::rust_begin_unwind
[INFO] [stdout]                                at /rustc/b2282dd5646a57d570fc86fbe8df0e8826665ef6/library/std/src/panicking.rs:689:5
[INFO] [stdout]   18:     0x60227907e40c - core[8fb95b77d25ab6c8]::panicking::panic_fmt
[INFO] [stdout]                                at /rustc/b2282dd5646a57d570fc86fbe8df0e8826665ef6/library/core/src/panicking.rs:80:14
[INFO] [stdout]   19:     0x6022784d8665 - tests[58ff1c1c82009eb4]::tests::get_client::{closure#0}::{closure#0}::{closure#0}::{closure#0}
[INFO] [stdout]                                at /opt/rustwide/workdir/libs/exchange/plugins/backtester/tests/tests.rs:34:43
[INFO] [stdout]   20:     0x60227855c6e1 - <core[8fb95b77d25ab6c8]::result::Result<(), anyhow[91ee2a2cd573cbb5]::Error>>::unwrap_or_else::<tests[58ff1c1c82009eb4]::tests::get_client::{closure#0}::{closure#0}::{closure#0}::{closure#0}>
[INFO] [stdout]                                at /rustc/b2282dd5646a57d570fc86fbe8df0e8826665ef6/library/core/src/result.rs:1622:23
[INFO] [stdout]   21:     0x6022784d8d09 - tests[58ff1c1c82009eb4]::tests::get_client::{closure#0}::{closure#0}::{closure#0}
[INFO] [stdout]                                at /opt/rustwide/workdir/libs/exchange/plugins/backtester/tests/tests.rs:34:22
[INFO] [stdout]   22:     0x6022785499fa - <tokio[763dc0fe3ab1fa1]::sync::once_cell::OnceCell<backtester[bee951f00ebf76dc]::Client>>::get_or_init::<tests[58ff1c1c82009eb4]::tests::get_client::{closure#0}::{closure#0}, tests[58ff1c1c82009eb4]::tests::get_client::{closure#0}::{closure#0}::{closure#0}>::{closure#0}
[INFO] [stdout]                                at /opt/rustwide/cargo-home/registry/src/index.crates.io-1949cf8c6b5b557f/tokio-1.47.1/src/sync/once_cell.rs:368:37
[INFO] [stdout]   23:     0x6022784db4f4 - tests[58ff1c1c82009eb4]::tests::get_client::{closure#0}
[INFO] [stdout]                                at /opt/rustwide/workdir/libs/exchange/plugins/backtester/tests/tests.rs:46:14
[INFO] [stdout]   24:     0x6022784db8a9 - tests[58ff1c1c82009eb4]::tests::test_trade::{closure#0}
[INFO] [stdout]                                at /opt/rustwide/workdir/libs/exchange/plugins/backtester/tests/tests.rs:235:35
[INFO] [stdout]   25:     0x60227854ddd2 - <core[8fb95b77d25ab6c8]::pin::Pin<&mut dyn core[8fb95b77d25ab6c8]::future::future::Future<Output = ()>> as core[8fb95b77d25ab6c8]::future::future::Future>::poll
[INFO] [stdout]                                at /rustc/b2282dd5646a57d570fc86fbe8df0e8826665ef6/library/core/src/future/future.rs:133:9
[INFO] [stdout]   26:     0x60227854de4d - <core[8fb95b77d25ab6c8]::pin::Pin<&mut core[8fb95b77d25ab6c8]::pin::Pin<&mut dyn core[8fb95b77d25ab6c8]::future::future::Future<Output = ()>>> as core[8fb95b77d25ab6c8]::future::future::Future>::poll
[INFO] [stdout]                                at /rustc/b2282dd5646a57d570fc86fbe8df0e8826665ef6/library/core/src/future/future.rs:133:9
[INFO] [stdout]   27:     0x6022784f086d - <tokio[763dc0fe3ab1fa1]::runtime::scheduler::current_thread::CoreGuard>::block_on::<core[8fb95b77d25ab6c8]::pin::Pin<&mut core[8fb95b77d25ab6c8]::pin::Pin<&mut dyn core[8fb95b77d25ab6c8]::future::future::Future<Output = ()>>>>::{closure#0}::{closure#0}::{closure#0}
[INFO] [stdout]                                at /opt/rustwide/cargo-home/registry/src/index.crates.io-1949cf8c6b5b557f/tokio-1.47.1/src/runtime/scheduler/current_thread/mod.rs:742:70
[INFO] [stdout]   28:     0x6022784f076b - tokio[763dc0fe3ab1fa1]::task::coop::with_budget::<core[8fb95b77d25ab6c8]::task::poll::Poll<()>, <tokio[763dc0fe3ab1fa1]::runtime::scheduler::current_thread::CoreGuard>::block_on<core[8fb95b77d25ab6c8]::pin::Pin<&mut core[8fb95b77d25ab6c8]::pin::Pin<&mut dyn core[8fb95b77d25ab6c8]::future::future::Future<Output = ()>>>>::{closure#0}::{closure#0}::{closure#0}>
[INFO] [stdout]                                at /opt/rustwide/cargo-home/registry/src/index.crates.io-1949cf8c6b5b557f/tokio-1.47.1/src/task/coop/mod.rs:167:5
[INFO] [stdout]   29:     0x6022784f076b - tokio[763dc0fe3ab1fa1]::task::coop::budget::<core[8fb95b77d25ab6c8]::task::poll::Poll<()>, <tokio[763dc0fe3ab1fa1]::runtime::scheduler::current_thread::CoreGuard>::block_on<core[8fb95b77d25ab6c8]::pin::Pin<&mut core[8fb95b77d25ab6c8]::pin::Pin<&mut dyn core[8fb95b77d25ab6c8]::future::future::Future<Output = ()>>>>::{closure#0}::{closure#0}::{closure#0}>
[INFO] [stdout]                                at /opt/rustwide/cargo-home/registry/src/index.crates.io-1949cf8c6b5b557f/tokio-1.47.1/src/task/coop/mod.rs:133:5
[INFO] [stdout]   30:     0x6022784f076b - <tokio[763dc0fe3ab1fa1]::runtime::scheduler::current_thread::CoreGuard>::block_on::<core[8fb95b77d25ab6c8]::pin::Pin<&mut core[8fb95b77d25ab6c8]::pin::Pin<&mut dyn core[8fb95b77d25ab6c8]::future::future::Future<Output = ()>>>>::{closure#0}::{closure#0}
[INFO] [stdout]                                at /opt/rustwide/cargo-home/registry/src/index.crates.io-1949cf8c6b5b557f/tokio-1.47.1/src/runtime/scheduler/current_thread/mod.rs:742:25
[INFO] [stdout]   31:     0x6022784e81e0 - <tokio[763dc0fe3ab1fa1]::runtime::scheduler::current_thread::Context>::enter::<core[8fb95b77d25ab6c8]::task::poll::Poll<()>, <tokio[763dc0fe3ab1fa1]::runtime::scheduler::current_thread::CoreGuard>::block_on<core[8fb95b77d25ab6c8]::pin::Pin<&mut core[8fb95b77d25ab6c8]::pin::Pin<&mut dyn core[8fb95b77d25ab6c8]::future::future::Future<Output = ()>>>>::{closure#0}::{closure#0}>
[INFO] [stdout]                                at /opt/rustwide/cargo-home/registry/src/index.crates.io-1949cf8c6b5b557f/tokio-1.47.1/src/runtime/scheduler/current_thread/mod.rs:432:19
[INFO] [stdout]   32:     0x6022784ef8ed - <tokio[763dc0fe3ab1fa1]::runtime::scheduler::current_thread::CoreGuard>::block_on::<core[8fb95b77d25ab6c8]::pin::Pin<&mut core[8fb95b77d25ab6c8]::pin::Pin<&mut dyn core[8fb95b77d25ab6c8]::future::future::Future<Output = ()>>>>::{closure#0}
[INFO] [stdout]                                at /opt/rustwide/cargo-home/registry/src/index.crates.io-1949cf8c6b5b557f/tokio-1.47.1/src/runtime/scheduler/current_thread/mod.rs:741:44
[INFO] [stdout]   33:     0x6022784eebe4 - <tokio[763dc0fe3ab1fa1]::runtime::scheduler::current_thread::CoreGuard>::enter::<<tokio[763dc0fe3ab1fa1]::runtime::scheduler::current_thread::CoreGuard>::block_on<core[8fb95b77d25ab6c8]::pin::Pin<&mut core[8fb95b77d25ab6c8]::pin::Pin<&mut dyn core[8fb95b77d25ab6c8]::future::future::Future<Output = ()>>>>::{closure#0}, core[8fb95b77d25ab6c8]::option::Option<()>>::{closure#0}
[INFO] [stdout]                                at /opt/rustwide/cargo-home/registry/src/index.crates.io-1949cf8c6b5b557f/tokio-1.47.1/src/runtime/scheduler/current_thread/mod.rs:829:68
[INFO] [stdout]   34:     0x6022784b7d2b - <tokio[763dc0fe3ab1fa1]::runtime::context::scoped::Scoped<tokio[763dc0fe3ab1fa1]::runtime::scheduler::Context>>::set::<<tokio[763dc0fe3ab1fa1]::runtime::scheduler::current_thread::CoreGuard>::enter<<tokio[763dc0fe3ab1fa1]::runtime::scheduler::current_thread::CoreGuard>::block_on<core[8fb95b77d25ab6c8]::pin::Pin<&mut core[8fb95b77d25ab6c8]::pin::Pin<&mut dyn core[8fb95b77d25ab6c8]::future::future::Future<Output = ()>>>>::{closure#0}, core[8fb95b77d25ab6c8]::option::Option<()>>::{closure#0}, (alloc[a7ee25936407c584]::boxed::Box<tokio[763dc0fe3ab1fa1]::runtime::scheduler::current_thread::Core>, core[8fb95b77d25ab6c8]::option::Option<()>)>
[INFO] [stdout]                                at /opt/rustwide/cargo-home/registry/src/index.crates.io-1949cf8c6b5b557f/tokio-1.47.1/src/runtime/context/scoped.rs:40:9
[INFO] [stdout]   35:     0x60227852b529 - tokio[763dc0fe3ab1fa1]::runtime::context::set_scheduler::<(alloc[a7ee25936407c584]::boxed::Box<tokio[763dc0fe3ab1fa1]::runtime::scheduler::current_thread::Core>, core[8fb95b77d25ab6c8]::option::Option<()>), <tokio[763dc0fe3ab1fa1]::runtime::scheduler::current_thread::CoreGuard>::enter<<tokio[763dc0fe3ab1fa1]::runtime::scheduler::current_thread::CoreGuard>::block_on<core[8fb95b77d25ab6c8]::pin::Pin<&mut core[8fb95b77d25ab6c8]::pin::Pin<&mut dyn core[8fb95b77d25ab6c8]::future::future::Future<Output = ()>>>>::{closure#0}, core[8fb95b77d25ab6c8]::option::Option<()>>::{closure#0}>::{closure#0}
[INFO] [stdout]                                at /opt/rustwide/cargo-home/registry/src/index.crates.io-1949cf8c6b5b557f/tokio-1.47.1/src/runtime/context.rs:176:38
[INFO] [stdout]   36:     0x60227850c012 - <std[10d71ac2c42b111e]::thread::local::LocalKey<tokio[763dc0fe3ab1fa1]::runtime::context::Context>>::try_with::<tokio[763dc0fe3ab1fa1]::runtime::context::set_scheduler<(alloc[a7ee25936407c584]::boxed::Box<tokio[763dc0fe3ab1fa1]::runtime::scheduler::current_thread::Core>, core[8fb95b77d25ab6c8]::option::Option<()>), <tokio[763dc0fe3ab1fa1]::runtime::scheduler::current_thread::CoreGuard>::enter<<tokio[763dc0fe3ab1fa1]::runtime::scheduler::current_thread::CoreGuard>::block_on<core[8fb95b77d25ab6c8]::pin::Pin<&mut core[8fb95b77d25ab6c8]::pin::Pin<&mut dyn core[8fb95b77d25ab6c8]::future::future::Future<Output = ()>>>>::{closure#0}, core[8fb95b77d25ab6c8]::option::Option<()>>::{closure#0}>::{closure#0}, (alloc[a7ee25936407c584]::boxed::Box<tokio[763dc0fe3ab1fa1]::runtime::scheduler::current_thread::Core>, core[8fb95b77d25ab6c8]::option::Option<()>)>
[INFO] [stdout]                                at /rustc/b2282dd5646a57d570fc86fbe8df0e8826665ef6/library/std/src/thread/local.rs:462:12
[INFO] [stdout]   37:     0x60227850bb9e - <std[10d71ac2c42b111e]::thread::local::LocalKey<tokio[763dc0fe3ab1fa1]::runtime::context::Context>>::with::<tokio[763dc0fe3ab1fa1]::runtime::context::set_scheduler<(alloc[a7ee25936407c584]::boxed::Box<tokio[763dc0fe3ab1fa1]::runtime::scheduler::current_thread::Core>, core[8fb95b77d25ab6c8]::option::Option<()>), <tokio[763dc0fe3ab1fa1]::runtime::scheduler::current_thread::CoreGuard>::enter<<tokio[763dc0fe3ab1fa1]::runtime::scheduler::current_thread::CoreGuard>::block_on<core[8fb95b77d25ab6c8]::pin::Pin<&mut core[8fb95b77d25ab6c8]::pin::Pin<&mut dyn core[8fb95b77d25ab6c8]::future::future::Future<Output = ()>>>>::{closure#0}, core[8fb95b77d25ab6c8]::option::Option<()>>::{closure#0}>::{closure#0}, (alloc[a7ee25936407c584]::boxed::Box<tokio[763dc0fe3ab1fa1]::runtime::scheduler::current_thread::Core>, core[8fb95b77d25ab6c8]::option::Option<()>)>
[INFO] [stdout]                                at /rustc/b2282dd5646a57d570fc86fbe8df0e8826665ef6/library/std/src/thread/local.rs:426:20
[INFO] [stdout]   38:     0x602278523e9d - tokio[763dc0fe3ab1fa1]::runtime::context::set_scheduler::<(alloc[a7ee25936407c584]::boxed::Box<tokio[763dc0fe3ab1fa1]::runtime::scheduler::current_thread::Core>, core[8fb95b77d25ab6c8]::option::Option<()>), <tokio[763dc0fe3ab1fa1]::runtime::scheduler::current_thread::CoreGuard>::enter<<tokio[763dc0fe3ab1fa1]::runtime::scheduler::current_thread::CoreGuard>::block_on<core[8fb95b77d25ab6c8]::pin::Pin<&mut core[8fb95b77d25ab6c8]::pin::Pin<&mut dyn core[8fb95b77d25ab6c8]::future::future::Future<Output = ()>>>>::{closure#0}, core[8fb95b77d25ab6c8]::option::Option<()>>::{closure#0}>
[INFO] [stdout]                                at /opt/rustwide/cargo-home/registry/src/index.crates.io-1949cf8c6b5b557f/tokio-1.47.1/src/runtime/context.rs:176:17
[INFO] [stdout]   39:     0x6022784ead90 - <tokio[763dc0fe3ab1fa1]::runtime::scheduler::current_thread::CoreGuard>::enter::<<tokio[763dc0fe3ab1fa1]::runtime::scheduler::current_thread::CoreGuard>::block_on<core[8fb95b77d25ab6c8]::pin::Pin<&mut core[8fb95b77d25ab6c8]::pin::Pin<&mut dyn core[8fb95b77d25ab6c8]::future::future::Future<Output = ()>>>>::{closure#0}, core[8fb95b77d25ab6c8]::option::Option<()>>
[INFO] [stdout]                                at /opt/rustwide/cargo-home/registry/src/index.crates.io-1949cf8c6b5b557f/tokio-1.47.1/src/runtime/scheduler/current_thread/mod.rs:829:27
[INFO] [stdout]   40:     0x6022784eb086 - <tokio[763dc0fe3ab1fa1]::runtime::scheduler::current_thread::CoreGuard>::block_on::<core[8fb95b77d25ab6c8]::pin::Pin<&mut core[8fb95b77d25ab6c8]::pin::Pin<&mut dyn core[8fb95b77d25ab6c8]::future::future::Future<Output = ()>>>>
[INFO] [stdout]                                at /opt/rustwide/cargo-home/registry/src/index.crates.io-1949cf8c6b5b557f/tokio-1.47.1/src/runtime/scheduler/current_thread/mod.rs:729:24
[INFO] [stdout]   41:     0x6022784ee6f0 - <tokio[763dc0fe3ab1fa1]::runtime::scheduler::current_thread::CurrentThread>::block_on::<core[8fb95b77d25ab6c8]::pin::Pin<&mut dyn core[8fb95b77d25ab6c8]::future::future::Future<Output = ()>>>::{closure#0}
[INFO] [stdout]                                at /opt/rustwide/cargo-home/registry/src/index.crates.io-1949cf8c6b5b557f/tokio-1.47.1/src/runtime/scheduler/current_thread/mod.rs:200:33
[INFO] [stdout]   42:     0x6022784ce983 - tokio[763dc0fe3ab1fa1]::runtime::context::runtime::enter_runtime::<<tokio[763dc0fe3ab1fa1]::runtime::scheduler::current_thread::CurrentThread>::block_on<core[8fb95b77d25ab6c8]::pin::Pin<&mut dyn core[8fb95b77d25ab6c8]::future::future::Future<Output = ()>>>::{closure#0}, ()>
[INFO] [stdout]                                at /opt/rustwide/cargo-home/registry/src/index.crates.io-1949cf8c6b5b557f/tokio-1.47.1/src/runtime/context/runtime.rs:65:16
[INFO] [stdout]   43:     0x6022784e7d11 - <tokio[763dc0fe3ab1fa1]::runtime::scheduler::current_thread::CurrentThread>::block_on::<core[8fb95b77d25ab6c8]::pin::Pin<&mut dyn core[8fb95b77d25ab6c8]::future::future::Future<Output = ()>>>
[INFO] [stdout]                                at /opt/rustwide/cargo-home/registry/src/index.crates.io-1949cf8c6b5b557f/tokio-1.47.1/src/runtime/scheduler/current_thread/mod.rs:188:9
[INFO] [stdout]   44:     0x602278522d54 - <tokio[763dc0fe3ab1fa1]::runtime::runtime::Runtime>::block_on_inner::<core[8fb95b77d25ab6c8]::pin::Pin<&mut dyn core[8fb95b77d25ab6c8]::future::future::Future<Output = ()>>>
[INFO] [stdout]                                at /opt/rustwide/cargo-home/registry/src/index.crates.io-1949cf8c6b5b557f/tokio-1.47.1/src/runtime/runtime.rs:356:52
[INFO] [stdout]   45:     0x602278522f1f - <tokio[763dc0fe3ab1fa1]::runtime::runtime::Runtime>::block_on::<core[8fb95b77d25ab6c8]::pin::Pin<&mut dyn core[8fb95b77d25ab6c8]::future::future::Future<Output = ()>>>
[INFO] [stdout]                                at /opt/rustwide/cargo-home/registry/src/index.crates.io-1949cf8c6b5b557f/tokio-1.47.1/src/runtime/runtime.rs:330:18
[INFO] [stdout]   46:     0x6022784e4ccc - tests[58ff1c1c82009eb4]::tests::test_trade
[INFO] [stdout]                                at /opt/rustwide/workdir/libs/exchange/plugins/backtester/tests/tests.rs:253:36
[INFO] [stdout]   47:     0x6022784db5d7 - tests[58ff1c1c82009eb4]::tests::test_trade::{closure#0}
[INFO] [stdout]                                at /opt/rustwide/workdir/libs/exchange/plugins/backtester/tests/tests.rs:234:26
[INFO] [stdout]   48:     0x602278543d76 - <tests[58ff1c1c82009eb4]::tests::test_trade::{closure#0} as core[8fb95b77d25ab6c8]::ops::function::FnOnce<()>>::call_once
[INFO] [stdout]                                at /rustc/b2282dd5646a57d570fc86fbe8df0e8826665ef6/library/core/src/ops/function.rs:250:5
[INFO] [stdout]   49:     0x602278f5511b - <fn() -> core[8fb95b77d25ab6c8]::result::Result<(), alloc[a7ee25936407c584]::string::String> as core[8fb95b77d25ab6c8]::ops::function::FnOnce<()>>::call_once
[INFO] [stdout]                                at /rustc/b2282dd5646a57d570fc86fbe8df0e8826665ef6/library/core/src/ops/function.rs:250:5
[INFO] [stdout]   50:     0x602278f5511b - test[213991da798b1c03]::__rust_begin_short_backtrace::<core[8fb95b77d25ab6c8]::result::Result<(), alloc[a7ee25936407c584]::string::String>, fn() -> core[8fb95b77d25ab6c8]::result::Result<(), alloc[a7ee25936407c584]::string::String>>
[INFO] [stdout]                                at /rustc/b2282dd5646a57d570fc86fbe8df0e8826665ef6/library/test/src/lib.rs:724:18
[INFO] [stdout]   51:     0x602278f62995 - test[213991da798b1c03]::run_test_in_process::{closure#0}
[INFO] [stdout]                                at /rustc/b2282dd5646a57d570fc86fbe8df0e8826665ef6/library/test/src/lib.rs:747:74
[INFO] [stdout]   52:     0x602278f62995 - <core[8fb95b77d25ab6c8]::panic::unwind_safe::AssertUnwindSafe<test[213991da798b1c03]::run_test_in_process::{closure#0}> as core[8fb95b77d25ab6c8]::ops::function::FnOnce<()>>::call_once
[INFO] [stdout]                                at /rustc/b2282dd5646a57d570fc86fbe8df0e8826665ef6/library/core/src/panic/unwind_safe.rs:275:9
[INFO] [stdout]   53:     0x602278f62995 - std[10d71ac2c42b111e]::panicking::catch_unwind::do_call::<core[8fb95b77d25ab6c8]::panic::unwind_safe::AssertUnwindSafe<test[213991da798b1c03]::run_test_in_process::{closure#0}>, core[8fb95b77d25ab6c8]::result::Result<(), alloc[a7ee25936407c584]::string::String>>
[INFO] [stdout]                                at /rustc/b2282dd5646a57d570fc86fbe8df0e8826665ef6/library/std/src/panicking.rs:581:40
[INFO] [stdout]   54:     0x602278f62995 - std[10d71ac2c42b111e]::panicking::catch_unwind::<core[8fb95b77d25ab6c8]::result::Result<(), alloc[a7ee25936407c584]::string::String>, core[8fb95b77d25ab6c8]::panic::unwind_safe::AssertUnwindSafe<test[213991da798b1c03]::run_test_in_process::{closure#0}>>
[INFO] [stdout]                                at /rustc/b2282dd5646a57d570fc86fbe8df0e8826665ef6/library/std/src/panicking.rs:544:19
[INFO] [stdout]   55:     0x602278f62995 - std[10d71ac2c42b111e]::panic::catch_unwind::<core[8fb95b77d25ab6c8]::panic::unwind_safe::AssertUnwindSafe<test[213991da798b1c03]::run_test_in_process::{closure#0}>, core[8fb95b77d25ab6c8]::result::Result<(), alloc[a7ee25936407c584]::string::String>>
[INFO] [stdout]                                at /rustc/b2282dd5646a57d570fc86fbe8df0e8826665ef6/library/std/src/panic.rs:359:14
[INFO] [stdout]   56:     0x602278f62995 - test[213991da798b1c03]::run_test_in_process
[INFO] [stdout]                                at /rustc/b2282dd5646a57d570fc86fbe8df0e8826665ef6/library/test/src/lib.rs:747:27
[INFO] [stdout]   57:     0x602278f62995 - test[213991da798b1c03]::run_test::{closure#0}
[INFO] [stdout]                                at /rustc/b2282dd5646a57d570fc86fbe8df0e8826665ef6/library/test/src/lib.rs:668:43
[INFO] [stdout]   58:     0x602278f5c2a4 - test[213991da798b1c03]::run_test::{closure#1}
[INFO] [stdout]                                at /rustc/b2282dd5646a57d570fc86fbe8df0e8826665ef6/library/test/src/lib.rs:698:41
[INFO] [stdout]   59:     0x602278f5c2a4 - std[10d71ac2c42b111e]::sys::backtrace::__rust_begin_short_backtrace::<test[213991da798b1c03]::run_test::{closure#1}, ()>
[INFO] [stdout]                                at /rustc/b2282dd5646a57d570fc86fbe8df0e8826665ef6/library/std/src/sys/backtrace.rs:166:18
[INFO] [stdout]   60:     0x602278f65a12 - std[10d71ac2c42b111e]::thread::lifecycle::spawn_unchecked::<test[213991da798b1c03]::run_test::{closure#1}, ()>::{closure#1}::{closure#0}
[INFO] [stdout]                                at /rustc/b2282dd5646a57d570fc86fbe8df0e8826665ef6/library/std/src/thread/lifecycle.rs:70:13
[INFO] [stdout]   61:     0x602278f65a12 - <core[8fb95b77d25ab6c8]::panic::unwind_safe::AssertUnwindSafe<std[10d71ac2c42b111e]::thread::lifecycle::spawn_unchecked<test[213991da798b1c03]::run_test::{closure#1}, ()>::{closure#1}::{closure#0}> as core[8fb95b77d25ab6c8]::ops::function::FnOnce<()>>::call_once
[INFO] [stdout]                                at /rustc/b2282dd5646a57d570fc86fbe8df0e8826665ef6/library/core/src/panic/unwind_safe.rs:275:9
[INFO] [stdout]   62:     0x602278f65a12 - std[10d71ac2c42b111e]::panicking::catch_unwind::do_call::<core[8fb95b77d25ab6c8]::panic::unwind_safe::AssertUnwindSafe<std[10d71ac2c42b111e]::thread::lifecycle::spawn_unchecked<test[213991da798b1c03]::run_test::{closure#1}, ()>::{closure#1}::{closure#0}>, ()>
[INFO] [stdout]                                at /rustc/b2282dd5646a57d570fc86fbe8df0e8826665ef6/library/std/src/panicking.rs:581:40
[INFO] [stdout]   63:     0x602278f65a12 - std[10d71ac2c42b111e]::panicking::catch_unwind::<(), core[8fb95b77d25ab6c8]::panic::unwind_safe::AssertUnwindSafe<std[10d71ac2c42b111e]::thread::lifecycle::spawn_unchecked<test[213991da798b1c03]::run_test::{closure#1}, ()>::{closure#1}::{closure#0}>>
[INFO] [stdout]                                at /rustc/b2282dd5646a57d570fc86fbe8df0e8826665ef6/library/std/src/panicking.rs:544:19
[INFO] [stdout]   64:     0x602278f65a12 - std[10d71ac2c42b111e]::panic::catch_unwind::<core[8fb95b77d25ab6c8]::panic::unwind_safe::AssertUnwindSafe<std[10d71ac2c42b111e]::thread::lifecycle::spawn_unchecked<test[213991da798b1c03]::run_test::{closure#1}, ()>::{closure#1}::{closure#0}>, ()>
[INFO] [stdout]                                at /rustc/b2282dd5646a57d570fc86fbe8df0e8826665ef6/library/std/src/panic.rs:359:14
[INFO] [stdout]   65:     0x602278f65a12 - std[10d71ac2c42b111e]::thread::lifecycle::spawn_unchecked::<test[213991da798b1c03]::run_test::{closure#1}, ()>::{closure#1}
[INFO] [stdout]                                at /rustc/b2282dd5646a57d570fc86fbe8df0e8826665ef6/library/std/src/thread/lifecycle.rs:68:26
[INFO] [stdout]   66:     0x602278f65a12 - <std[10d71ac2c42b111e]::thread::lifecycle::spawn_unchecked<test[213991da798b1c03]::run_test::{closure#1}, ()>::{closure#1} as core[8fb95b77d25ab6c8]::ops::function::FnOnce<()>>::call_once::{shim:vtable#0}
[INFO] [stdout]                                at /rustc/b2282dd5646a57d570fc86fbe8df0e8826665ef6/library/core/src/ops/function.rs:250:5
[INFO] [stdout]   67:     0x60227906555f - <alloc[a7ee25936407c584]::boxed::Box<dyn core[8fb95b77d25ab6c8]::ops::function::FnOnce<(), Output = ()> + core[8fb95b77d25ab6c8]::marker::Send> as core[8fb95b77d25ab6c8]::ops::function::FnOnce<()>>::call_once
[INFO] [stdout]                                at /rustc/b2282dd5646a57d570fc86fbe8df0e8826665ef6/library/alloc/src/boxed.rs:2275:9
[INFO] [stdout]   68:     0x60227906555f - <std[10d71ac2c42b111e]::sys::thread::unix::Thread>::new::thread_start
[INFO] [stdout]                                at /rustc/b2282dd5646a57d570fc86fbe8df0e8826665ef6/library/std/src/sys/thread/unix.rs:118:17
[INFO] [stdout]   69:     0x7a4d60b27aa4 - <unknown>
[INFO] [stdout]   70:     0x7a4d60bb4a64 - clone
[INFO] [stdout]   71:                0x0 - <unknown>
[INFO] [stdout] 
[INFO] [stdout] ---- tests::test_ohlcv_happy_path stdout ----
[INFO] [stdout] init setup::load_client ... ok
[INFO] [stdout] init setup::load_account ... 
[INFO] [stdout] thread 'tests::test_ohlcv_happy_path' (13432) panicked at libs/exchange/plugins/backtester/tests/tests.rs:34:43:
[INFO] [stdout] error loading account data for aixbtusdt: error sending request for url (https://api.binance.us/api/v3/ticker/price?symbol=AIXBTUSDT)
[INFO] [stdout] stack backtrace:
[INFO] [stdout]    0:     0x602279066308 - std[10d71ac2c42b111e]::backtrace_rs::backtrace::libunwind::trace
[INFO] [stdout]                                at /rustc/b2282dd5646a57d570fc86fbe8df0e8826665ef6/library/std/src/../../backtrace/src/backtrace/libunwind.rs:117:9
[INFO] [stdout]    1:     0x602279066308 - std[10d71ac2c42b111e]::backtrace_rs::backtrace::trace_unsynchronized::<std[10d71ac2c42b111e]::sys::backtrace::_print_fmt::{closure#1}>
[INFO] [stdout]                                at /rustc/b2282dd5646a57d570fc86fbe8df0e8826665ef6/library/std/src/../../backtrace/src/backtrace/mod.rs:66:14
[INFO] [stdout]    2:     0x602279066308 - std[10d71ac2c42b111e]::sys::backtrace::_print_fmt
[INFO] [stdout]                                at /rustc/b2282dd5646a57d570fc86fbe8df0e8826665ef6/library/std/src/sys/backtrace.rs:74:9
[INFO] [stdout]    3:     0x602279066308 - <<std[10d71ac2c42b111e]::sys::backtrace::BacktraceLock>::print::DisplayBacktrace as core[8fb95b77d25ab6c8]::fmt::Display>::fmt
[INFO] [stdout]                                at /rustc/b2282dd5646a57d570fc86fbe8df0e8826665ef6/library/std/src/sys/backtrace.rs:44:26
[INFO] [stdout]    4:     0x60227907dc1a - <core[8fb95b77d25ab6c8]::fmt::rt::Argument>::fmt
[INFO] [stdout]                                at /rustc/b2282dd5646a57d570fc86fbe8df0e8826665ef6/library/core/src/fmt/rt.rs:152:76
[INFO] [stdout]    5:     0x60227907dc1a - core[8fb95b77d25ab6c8]::fmt::write
[INFO] [stdout]    6:     0x60227906b712 - std[10d71ac2c42b111e]::io::default_write_fmt::<alloc[a7ee25936407c584]::vec::Vec<u8>>
[INFO] [stdout]                                at /rustc/b2282dd5646a57d570fc86fbe8df0e8826665ef6/library/std/src/io/mod.rs:622:11
[INFO] [stdout]    7:     0x60227906b712 - <alloc[a7ee25936407c584]::vec::Vec<u8> as std[10d71ac2c42b111e]::io::Write>::write_fmt
[INFO] [stdout]                                at /rustc/b2282dd5646a57d570fc86fbe8df0e8826665ef6/library/std/src/io/mod.rs:1977:13
[INFO] [stdout]    8:     0x6022790430f6 - <std[10d71ac2c42b111e]::sys::backtrace::BacktraceLock>::print
[INFO] [stdout]                                at /rustc/b2282dd5646a57d570fc86fbe8df0e8826665ef6/library/std/src/sys/backtrace.rs:47:9
[INFO] [stdout]    9:     0x6022790430f6 - std[10d71ac2c42b111e]::panicking::default_hook::{closure#0}
[INFO] [stdout]                                at /rustc/b2282dd5646a57d570fc86fbe8df0e8826665ef6/library/std/src/panicking.rs:292:27
[INFO] [stdout]   10:     0x60227905df19 - std[10d71ac2c42b111e]::panicking::default_hook
[INFO] [stdout]                                at /rustc/b2282dd5646a57d570fc86fbe8df0e8826665ef6/library/std/src/panicking.rs:316:9
[INFO] [stdout]   11:     0x602278f6203c - <alloc[a7ee25936407c584]::boxed::Box<dyn for<'a, 'b> core[8fb95b77d25ab6c8]::ops::function::Fn<(&'a std[10d71ac2c42b111e]::panic::PanicHookInfo<'b>,), Output = ()> + core[8fb95b77d25ab6c8]::marker::Sync + core[8fb95b77d25ab6c8]::marker::Send> as core[8fb95b77d25ab6c8]::ops::function::Fn<(&std[10d71ac2c42b111e]::panic::PanicHookInfo,)>>::call
[INFO] [stdout]                                at /rustc/b2282dd5646a57d570fc86fbe8df0e8826665ef6/library/alloc/src/boxed.rs:2289:9
[INFO] [stdout]   12:     0x602278f6203c - test[213991da798b1c03]::test_main_inner::<test[213991da798b1c03]::test_main_static::{closure#0}>::{closure#0}
[INFO] [stdout]                                at /rustc/b2282dd5646a57d570fc86fbe8df0e8826665ef6/library/test/src/lib.rs:155:21
[INFO] [stdout]   13:     0x60227905e192 - <alloc[a7ee25936407c584]::boxed::Box<dyn for<'a, 'b> core[8fb95b77d25ab6c8]::ops::function::Fn<(&'a std[10d71ac2c42b111e]::panic::PanicHookInfo<'b>,), Output = ()> + core[8fb95b77d25ab6c8]::marker::Sync + core[8fb95b77d25ab6c8]::marker::Send> as core[8fb95b77d25ab6c8]::ops::function::Fn<(&std[10d71ac2c42b111e]::panic::PanicHookInfo,)>>::call
[INFO] [stdout]                                at /rustc/b2282dd5646a57d570fc86fbe8df0e8826665ef6/library/alloc/src/boxed.rs:2289:9
[INFO] [stdout]   14:     0x60227905e192 - std[10d71ac2c42b111e]::panicking::panic_with_hook
[INFO] [stdout]                                at /rustc/b2282dd5646a57d570fc86fbe8df0e8826665ef6/library/std/src/panicking.rs:833:13
[INFO] [stdout]   15:     0x6022790431b2 - std[10d71ac2c42b111e]::panicking::panic_handler::{closure#0}
[INFO] [stdout]                                at /rustc/b2282dd5646a57d570fc86fbe8df0e8826665ef6/library/std/src/panicking.rs:698:13
[INFO] [stdout]   16:     0x602279037b49 - std[10d71ac2c42b111e]::sys::backtrace::__rust_end_short_backtrace::<std[10d71ac2c42b111e]::panicking::panic_handler::{closure#0}, !>
[INFO] [stdout]                                at /rustc/b2282dd5646a57d570fc86fbe8df0e8826665ef6/library/std/src/sys/backtrace.rs:182:18
[INFO] [stdout]   17:     0x60227904417d - __rustc[3be9ba60078d4c86]::rust_begin_unwind
[INFO] [stdout]                                at /rustc/b2282dd5646a57d570fc86fbe8df0e8826665ef6/library/std/src/panicking.rs:689:5
[INFO] [stdout]   18:     0x60227907e40c - core[8fb95b77d25ab6c8]::panicking::panic_fmt
[INFO] [stdout]                                at /rustc/b2282dd5646a57d570fc86fbe8df0e8826665ef6/library/core/src/panicking.rs:80:14
[INFO] [stdout]   19:     0x6022784d8665 - tests[58ff1c1c82009eb4]::tests::get_client::{closure#0}::{closure#0}::{closure#0}::{closure#0}
[INFO] [stdout]                                at /opt/rustwide/workdir/libs/exchange/plugins/backtester/tests/tests.rs:34:43
[INFO] [stdout]   20:     0x60227855c6e1 - <core[8fb95b77d25ab6c8]::result::Result<(), anyhow[91ee2a2cd573cbb5]::Error>>::unwrap_or_else::<tests[58ff1c1c82009eb4]::tests::get_client::{closure#0}::{closure#0}::{closure#0}::{closure#0}>
[INFO] [stdout]                                at /rustc/b2282dd5646a57d570fc86fbe8df0e8826665ef6/library/core/src/result.rs:1622:23
[INFO] [stdout]   21:     0x6022784d8d09 - tests[58ff1c1c82009eb4]::tests::get_client::{closure#0}::{closure#0}::{closure#0}
[INFO] [stdout]                                at /opt/rustwide/workdir/libs/exchange/plugins/backtester/tests/tests.rs:34:22
[INFO] [stdout]   22:     0x6022785499fa - <tokio[763dc0fe3ab1fa1]::sync::once_cell::OnceCell<backtester[bee951f00ebf76dc]::Client>>::get_or_init::<tests[58ff1c1c82009eb4]::tests::get_client::{closure#0}::{closure#0}, tests[58ff1c1c82009eb4]::tests::get_client::{closure#0}::{closure#0}::{closure#0}>::{closure#0}
[INFO] [stdout]                                at /opt/rustwide/cargo-home/registry/src/index.crates.io-1949cf8c6b5b557f/tokio-1.47.1/src/sync/once_cell.rs:368:37
[INFO] [stdout]   23:     0x6022784db4f4 - tests[58ff1c1c82009eb4]::tests::get_client::{closure#0}
[INFO] [stdout]                                at /opt/rustwide/workdir/libs/exchange/plugins/backtester/tests/tests.rs:46:14
[INFO] [stdout]   24:     0x6022784ddb4a - tests[58ff1c1c82009eb4]::tests::test_ohlcv_happy_path::{closure#0}
[INFO] [stdout]                                at /opt/rustwide/workdir/libs/exchange/plugins/backtester/tests/tests.rs:207:35
[INFO] [stdout]   25:     0x60227854ddd2 - <core[8fb95b77d25ab6c8]::pin::Pin<&mut dyn core[8fb95b77d25ab6c8]::future::future::Future<Output = ()>> as core[8fb95b77d25ab6c8]::future::future::Future>::poll
[INFO] [stdout]                                at /rustc/b2282dd5646a57d570fc86fbe8df0e8826665ef6/library/core/src/future/future.rs:133:9
[INFO] [stdout]   26:     0x60227854de4d - <core[8fb95b77d25ab6c8]::pin::Pin<&mut core[8fb95b77d25ab6c8]::pin::Pin<&mut dyn core[8fb95b77d25ab6c8]::future::future::Future<Output = ()>>> as core[8fb95b77d25ab6c8]::future::future::Future>::poll
[INFO] [stdout]                                at /rustc/b2282dd5646a57d570fc86fbe8df0e8826665ef6/library/core/src/future/future.rs:133:9
[INFO] [stdout]   27:     0x6022784f086d - <tokio[763dc0fe3ab1fa1]::runtime::scheduler::current_thread::CoreGuard>::block_on::<core[8fb95b77d25ab6c8]::pin::Pin<&mut core[8fb95b77d25ab6c8]::pin::Pin<&mut dyn core[8fb95b77d25ab6c8]::future::future::Future<Output = ()>>>>::{closure#0}::{closure#0}::{closure#0}
[INFO] [stdout]                                at /opt/rustwide/cargo-home/registry/src/index.crates.io-1949cf8c6b5b557f/tokio-1.47.1/src/runtime/scheduler/current_thread/mod.rs:742:70
[INFO] [stdout]   28:     0x6022784f076b - tokio[763dc0fe3ab1fa1]::task::coop::with_budget::<core[8fb95b77d25ab6c8]::task::poll::Poll<()>, <tokio[763dc0fe3ab1fa1]::runtime::scheduler::current_thread::CoreGuard>::block_on<core[8fb95b77d25ab6c8]::pin::Pin<&mut core[8fb95b77d25ab6c8]::pin::Pin<&mut dyn core[8fb95b77d25ab6c8]::future::future::Future<Output = ()>>>>::{closure#0}::{closure#0}::{closure#0}>
[INFO] [stdout]                                at /opt/rustwide/cargo-home/registry/src/index.crates.io-1949cf8c6b5b557f/tokio-1.47.1/src/task/coop/mod.rs:167:5
[INFO] [stdout]   29:     0x6022784f076b - tokio[763dc0fe3ab1fa1]::task::coop::budget::<core[8fb95b77d25ab6c8]::task::poll::Poll<()>, <tokio[763dc0fe3ab1fa1]::runtime::scheduler::current_thread::CoreGuard>::block_on<core[8fb95b77d25ab6c8]::pin::Pin<&mut core[8fb95b77d25ab6c8]::pin::Pin<&mut dyn core[8fb95b77d25ab6c8]::future::future::Future<Output = ()>>>>::{closure#0}::{closure#0}::{closure#0}>
[INFO] [stdout]                                at /opt/rustwide/cargo-home/registry/src/index.crates.io-1949cf8c6b5b557f/tokio-1.47.1/src/task/coop/mod.rs:133:5
[INFO] [stdout]   30:     0x6022784f076b - <tokio[763dc0fe3ab1fa1]::runtime::scheduler::current_thread::CoreGuard>::block_on::<core[8fb95b77d25ab6c8]::pin::Pin<&mut core[8fb95b77d25ab6c8]::pin::Pin<&mut dyn core[8fb95b77d25ab6c8]::future::future::Future<Output = ()>>>>::{closure#0}::{closure#0}
[INFO] [stdout]                                at /opt/rustwide/cargo-home/registry/src/index.crates.io-1949cf8c6b5b557f/tokio-1.47.1/src/runtime/scheduler/current_thread/mod.rs:742:25
[INFO] [stdout]   31:     0x6022784e81e0 - <tokio[763dc0fe3ab1fa1]::runtime::scheduler::current_thread::Context>::enter::<core[8fb95b77d25ab6c8]::task::poll::Poll<()>, <tokio[763dc0fe3ab1fa1]::runtime::scheduler::current_thread::CoreGuard>::block_on<core[8fb95b77d25ab6c8]::pin::Pin<&mut core[8fb95b77d25ab6c8]::pin::Pin<&mut dyn core[8fb95b77d25ab6c8]::future::future::Future<Output = ()>>>>::{closure#0}::{closure#0}>
[INFO] [stdout]                                at /opt/rustwide/cargo-home/registry/src/index.crates.io-1949cf8c6b5b557f/tokio-1.47.1/src/runtime/scheduler/current_thread/mod.rs:432:19
[INFO] [stdout]   32:     0x6022784ef8ed - <tokio[763dc0fe3ab1fa1]::runtime::scheduler::current_thread::CoreGuard>::block_on::<core[8fb95b77d25ab6c8]::pin::Pin<&mut core[8fb95b77d25ab6c8]::pin::Pin<&mut dyn core[8fb95b77d25ab6c8]::future::future::Future<Output = ()>>>>::{closure#0}
[INFO] [stdout]                                at /opt/rustwide/cargo-home/registry/src/index.crates.io-1949cf8c6b5b557f/tokio-1.47.1/src/runtime/scheduler/current_thread/mod.rs:741:44
[INFO] [stdout]   33:     0x6022784eebe4 - <tokio[763dc0fe3ab1fa1]::runtime::scheduler::current_thread::CoreGuard>::enter::<<tokio[763dc0fe3ab1fa1]::runtime::scheduler::current_thread::CoreGuard>::block_on<core[8fb95b77d25ab6c8]::pin::Pin<&mut core[8fb95b77d25ab6c8]::pin::Pin<&mut dyn core[8fb95b77d25ab6c8]::future::future::Future<Output = ()>>>>::{closure#0}, core[8fb95b77d25ab6c8]::option::Option<()>>::{closure#0}
[INFO] [stdout]                                at /opt/rustwide/cargo-home/registry/src/index.crates.io-1949cf8c6b5b557f/tokio-1.47.1/src/runtime/scheduler/current_thread/mod.rs:829:68
[INFO] [stdout]   34:     0x6022784b7d2b - <tokio[763dc0fe3ab1fa1]::runtime::context::scoped::Scoped<tokio[763dc0fe3ab1fa1]::runtime::scheduler::Context>>::set::<<tokio[763dc0fe3ab1fa1]::runtime::scheduler::current_thread::CoreGuard>::enter<<tokio[763dc0fe3ab1fa1]::runtime::scheduler::current_thread::CoreGuard>::block_on<core[8fb95b77d25ab6c8]::pin::Pin<&mut core[8fb95b77d25ab6c8]::pin::Pin<&mut dyn core[8fb95b77d25ab6c8]::future::future::Future<Output = ()>>>>::{closure#0}, core[8fb95b77d25ab6c8]::option::Option<()>>::{closure#0}, (alloc[a7ee25936407c584]::boxed::Box<tokio[763dc0fe3ab1fa1]::runtime::scheduler::current_thread::Core>, core[8fb95b77d25ab6c8]::option::Option<()>)>
[INFO] [stdout]                                at /opt/rustwide/cargo-home/registry/src/index.crates.io-1949cf8c6b5b557f/tokio-1.47.1/src/runtime/context/scoped.rs:40:9
[INFO] [stdout]   35:     0x60227852b529 - tokio[763dc0fe3ab1fa1]::runtime::context::set_scheduler::<(alloc[a7ee25936407c584]::boxed::Box<tokio[763dc0fe3ab1fa1]::runtime::scheduler::current_thread::Core>, core[8fb95b77d25ab6c8]::option::Option<()>), <tokio[763dc0fe3ab1fa1]::runtime::scheduler::current_thread::CoreGuard>::enter<<tokio[763dc0fe3ab1fa1]::runtime::scheduler::current_thread::CoreGuard>::block_on<core[8fb95b77d25ab6c8]::pin::Pin<&mut core[8fb95b77d25ab6c8]::pin::Pin<&mut dyn core[8fb95b77d25ab6c8]::future::future::Future<Output = ()>>>>::{closure#0}, core[8fb95b77d25ab6c8]::option::Option<()>>::{closure#0}>::{closure#0}
[INFO] [stdout]                                at /opt/rustwide/cargo-home/registry/src/index.crates.io-1949cf8c6b5b557f/tokio-1.47.1/src/runtime/context.rs:176:38
[INFO] [stdout]   36:     0x60227850c012 - <std[10d71ac2c42b111e]::thread::local::LocalKey<tokio[763dc0fe3ab1fa1]::runtime::context::Context>>::try_with::<tokio[763dc0fe3ab1fa1]::runtime::context::set_scheduler<(alloc[a7ee25936407c584]::boxed::Box<tokio[763dc0fe3ab1fa1]::runtime::scheduler::current_thread::Core>, core[8fb95b77d25ab6c8]::option::Option<()>), <tokio[763dc0fe3ab1fa1]::runtime::scheduler::current_thread::CoreGuard>::enter<<tokio[763dc0fe3ab1fa1]::runtime::scheduler::current_thread::CoreGuard>::block_on<core[8fb95b77d25ab6c8]::pin::Pin<&mut core[8fb95b77d25ab6c8]::pin::Pin<&mut dyn core[8fb95b77d25ab6c8]::future::future::Future<Output = ()>>>>::{closure#0}, core[8fb95b77d25ab6c8]::option::Option<()>>::{closure#0}>::{closure#0}, (alloc[a7ee25936407c584]::boxed::Box<tokio[763dc0fe3ab1fa1]::runtime::scheduler::current_thread::Core>, core[8fb95b77d25ab6c8]::option::Option<()>)>
[INFO] [stdout]                                at /rustc/b2282dd5646a57d570fc86fbe8df0e8826665ef6/library/std/src/thread/local.rs:462:12
[INFO] [stdout]   37:     0x60227850bb9e - <std[10d71ac2c42b111e]::thread::local::LocalKey<tokio[763dc0fe3ab1fa1]::runtime::context::Context>>::with::<tokio[763dc0fe3ab1fa1]::runtime::context::set_scheduler<(alloc[a7ee25936407c584]::boxed::Box<tokio[763dc0fe3ab1fa1]::runtime::scheduler::current_thread::Core>, core[8fb95b77d25ab6c8]::option::Option<()>), <tokio[763dc0fe3ab1fa1]::runtime::scheduler::current_thread::CoreGuard>::enter<<tokio[763dc0fe3ab1fa1]::runtime::scheduler::current_thread::CoreGuard>::block_on<core[8fb95b77d25ab6c8]::pin::Pin<&mut core[8fb95b77d25ab6c8]::pin::Pin<&mut dyn core[8fb95b77d25ab6c8]::future::future::Future<Output = ()>>>>::{closure#0}, core[8fb95b77d25ab6c8]::option::Option<()>>::{closure#0}>::{closure#0}, (alloc[a7ee25936407c584]::boxed::Box<tokio[763dc0fe3ab1fa1]::runtime::scheduler::current_thread::Core>, core[8fb95b77d25ab6c8]::option::Option<()>)>
[INFO] [stdout]                                at /rustc/b2282dd5646a57d570fc86fbe8df0e8826665ef6/library/std/src/thread/local.rs:426:20
[INFO] [stdout]   38:     0x602278523e9d - tokio[763dc0fe3ab1fa1]::runtime::context::set_scheduler::<(alloc[a7ee25936407c584]::boxed::Box<tokio[763dc0fe3ab1fa1]::runtime::scheduler::current_thread::Core>, core[8fb95b77d25ab6c8]::option::Option<()>), <tokio[763dc0fe3ab1fa1]::runtime::scheduler::current_thread::CoreGuard>::enter<<tokio[763dc0fe3ab1fa1]::runtime::scheduler::current_thread::CoreGuard>::block_on<core[8fb95b77d25ab6c8]::pin::Pin<&mut core[8fb95b77d25ab6c8]::pin::Pin<&mut dyn core[8fb95b77d25ab6c8]::future::future::Future<Output = ()>>>>::{closure#0}, core[8fb95b77d25ab6c8]::option::Option<()>>::{closure#0}>
[INFO] [stdout]                                at /opt/rustwide/cargo-home/registry/src/index.crates.io-1949cf8c6b5b557f/tokio-1.47.1/src/runtime/context.rs:176:17
[INFO] [stdout]   39:     0x6022784ead90 - <tokio[763dc0fe3ab1fa1]::runtime::scheduler::current_thread::CoreGuard>::enter::<<tokio[763dc0fe3ab1fa1]::runtime::scheduler::current_thread::CoreGuard>::block_on<core[8fb95b77d25ab6c8]::pin::Pin<&mut core[8fb95b77d25ab6c8]::pin::Pin<&mut dyn core[8fb95b77d25ab6c8]::future::future::Future<Output = ()>>>>::{closure#0}, core[8fb95b77d25ab6c8]::option::Option<()>>
[INFO] [stdout]                                at /opt/rustwide/cargo-home/registry/src/index.crates.io-1949cf8c6b5b557f/tokio-1.47.1/src/runtime/scheduler/current_thread/mod.rs:829:27
[INFO] [stdout]   40:     0x6022784eb086 - <tokio[763dc0fe3ab1fa1]::runtime::scheduler::current_thread::CoreGuard>::block_on::<core[8fb95b77d25ab6c8]::pin::Pin<&mut core[8fb95b77d25ab6c8]::pin::Pin<&mut dyn core[8fb95b77d25ab6c8]::future::future::Future<Output = ()>>>>
[INFO] [stdout]                                at /opt/rustwide/cargo-home/registry/src/index.crates.io-1949cf8c6b5b557f/tokio-1.47.1/src/runtime/scheduler/current_thread/mod.rs:729:24
[INFO] [stdout]   41:     0x6022784ee6f0 - <tokio[763dc0fe3ab1fa1]::runtime::scheduler::current_thread::CurrentThread>::block_on::<core[8fb95b77d25ab6c8]::pin::Pin<&mut dyn core[8fb95b77d25ab6c8]::future::future::Future<Output = ()>>>::{closure#0}
[INFO] [stdout]                                at /opt/rustwide/cargo-home/registry/src/index.crates.io-1949cf8c6b5b557f/tokio-1.47.1/src/runtime/scheduler/current_thread/mod.rs:200:33
[INFO] [stdout]   42:     0x6022784ce983 - tokio[763dc0fe3ab1fa1]::runtime::context::runtime::enter_runtime::<<tokio[763dc0fe3ab1fa1]::runtime::scheduler::current_thread::CurrentThread>::block_on<core[8fb95b77d25ab6c8]::pin::Pin<&mut dyn core[8fb95b77d25ab6c8]::future::future::Future<Output = ()>>>::{closure#0}, ()>
[INFO] [stdout]                                at /opt/rustwide/cargo-home/registry/src/index.crates.io-1949cf8c6b5b557f/tokio-1.47.1/src/runtime/context/runtime.rs:65:16
[INFO] [stdout]   43:     0x6022784e7d11 - <tokio[763dc0fe3ab1fa1]::runtime::scheduler::current_thread::CurrentThread>::block_on::<core[8fb95b77d25ab6c8]::pin::Pin<&mut dyn core[8fb95b77d25ab6c8]::future::future::Future<Output = ()>>>
[INFO] [stdout]                                at /opt/rustwide/cargo-home/registry/src/index.crates.io-1949cf8c6b5b557f/tokio-1.47.1/src/runtime/scheduler/current_thread/mod.rs:188:9
[INFO] [stdout]   44:     0x602278522d54 - <tokio[763dc0fe3ab1fa1]::runtime::runtime::Runtime>::block_on_inner::<core[8fb95b77d25ab6c8]::pin::Pin<&mut dyn core[8fb95b77d25ab6c8]::future::future::Future<Output = ()>>>
[INFO] [stdout]                                at /opt/rustwide/cargo-home/registry/src/index.crates.io-1949cf8c6b5b557f/tokio-1.47.1/src/runtime/runtime.rs:356:52
[INFO] [stdout]   45:     0x602278522f1f - <tokio[763dc0fe3ab1fa1]::runtime::runtime::Runtime>::block_on::<core[8fb95b77d25ab6c8]::pin::Pin<&mut dyn core[8fb95b77d25ab6c8]::future::future::Future<Output = ()>>>
[INFO] [stdout]                                at /opt/rustwide/cargo-home/registry/src/index.crates.io-1949cf8c6b5b557f/tokio-1.47.1/src/runtime/runtime.rs:330:18
[INFO] [stdout]   46:     0x6022784e55dc - tests[58ff1c1c82009eb4]::tests::test_ohlcv_happy_path
[INFO] [stdout]                                at /opt/rustwide/workdir/libs/exchange/plugins/backtester/tests/tests.rs:217:10
[INFO] [stdout]   47:     0x6022784db6c7 - tests[58ff1c1c82009eb4]::tests::test_ohlcv_happy_path::{closure#0}
[INFO] [stdout]                                at /opt/rustwide/workdir/libs/exchange/plugins/backtester/tests/tests.rs:206:37
[INFO] [stdout]   48:     0x602278543eb6 - <tests[58ff1c1c82009eb4]::tests::test_ohlcv_happy_path::{closure#0} as core[8fb95b77d25ab6c8]::ops::function::FnOnce<()>>::call_once
[INFO] [stdout]                                at /rustc/b2282dd5646a57d570fc86fbe8df0e8826665ef6/library/core/src/ops/function.rs:250:5
[INFO] [stdout]   49:     0x602278f5511b - <fn() -> core[8fb95b77d25ab6c8]::result::Result<(), alloc[a7ee25936407c584]::string::String> as core[8fb95b77d25ab6c8]::ops::function::FnOnce<()>>::call_once
[INFO] [stdout]                                at /rustc/b2282dd5646a57d570fc86fbe8df0e8826665ef6/library/core/src/ops/function.rs:250:5
[INFO] [stdout]   50:     0x602278f5511b - test[213991da798b1c03]::__rust_begin_short_backtrace::<core[8fb95b77d25ab6c8]::result::Result<(), alloc[a7ee25936407c584]::string::String>, fn() -> core[8fb95b77d25ab6c8]::result::Result<(), alloc[a7ee25936407c584]::string::String>>
[INFO] [stdout]                                at /rustc/b2282dd5646a57d570fc86fbe8df0e8826665ef6/library/test/src/lib.rs:724:18
[INFO] [stdout]   51:     0x602278f62995 - test[213991da798b1c03]::run_test_in_process::{closure#0}
[INFO] [stdout]                                at /rustc/b2282dd5646a57d570fc86fbe8df0e8826665ef6/library/test/src/lib.rs:747:74
[INFO] [stdout]   52:     0x602278f62995 - <core[8fb95b77d25ab6c8]::panic::unwind_safe::AssertUnwindSafe<test[213991da798b1c03]::run_test_in_process::{closure#0}> as core[8fb95b77d25ab6c8]::ops::function::FnOnce<()>>::call_once
[INFO] [stdout]                                at /rustc/b2282dd5646a57d570fc86fbe8df0e8826665ef6/library/core/src/panic/unwind_safe.rs:275:9
[INFO] [stdout]   53:     0x602278f62995 - std[10d71ac2c42b111e]::panicking::catch_unwind::do_call::<core[8fb95b77d25ab6c8]::panic::unwind_safe::AssertUnwindSafe<test[213991da798b1c03]::run_test_in_process::{closure#0}>, core[8fb95b77d25ab6c8]::result::Result<(), alloc[a7ee25936407c584]::string::String>>
[INFO] [stdout]                                at /rustc/b2282dd5646a57d570fc86fbe8df0e8826665ef6/library/std/src/panicking.rs:581:40
[INFO] [stdout]   54:     0x602278f62995 - std[10d71ac2c42b111e]::panicking::catch_unwind::<core[8fb95b77d25ab6c8]::result::Result<(), alloc[a7ee25936407c584]::string::String>, core[8fb95b77d25ab6c8]::panic::unwind_safe::AssertUnwindSafe<test[213991da798b1c03]::run_test_in_process::{closure#0}>>
[INFO] [stdout]                                at /rustc/b2282dd5646a57d570fc86fbe8df0e8826665ef6/library/std/src/panicking.rs:544:19
[INFO] [stdout]   55:     0x602278f62995 - std[10d71ac2c42b111e]::panic::catch_unwind::<core[8fb95b77d25ab6c8]::panic::unwind_safe::AssertUnwindSafe<test[213991da798b1c03]::run_test_in_process::{closure#0}>, core[8fb95b77d25ab6c8]::result::Result<(), alloc[a7ee25936407c584]::string::String>>
[INFO] [stdout]                                at /rustc/b2282dd5646a57d570fc86fbe8df0e8826665ef6/library/std/src/panic.rs:359:14
[INFO] [stdout]   56:     0x602278f62995 - test[213991da798b1c03]::run_test_in_process
[INFO] [stdout]                                at /rustc/b2282dd5646a57d570fc86fbe8df0e8826665ef6/library/test/src/lib.rs:747:27
[INFO] [stdout]   57:     0x602278f62995 - test[213991da798b1c03]::run_test::{closure#0}
[INFO] [stdout]                                at /rustc/b2282dd5646a57d570fc86fbe8df0e8826665ef6/library/test/src/lib.rs:668:43
[INFO] [stdout]   58:     0x602278f5c2a4 - test[213991da798b1c03]::run_test::{closure#1}
[INFO] [stdout]                                at /rustc/b2282dd5646a57d570fc86fbe8df0e8826665ef6/library/test/src/lib.rs:698:41
[INFO] [stdout]   59:     0x602278f5c2a4 - std[10d71ac2c42b111e]::sys::backtrace::__rust_begin_short_backtrace::<test[213991da798b1c03]::run_test::{closure#1}, ()>
[INFO] [stdout]                                at /rustc/b2282dd5646a57d570fc86fbe8df0e8826665ef6/library/std/src/sys/backtrace.rs:166:18
[INFO] [stdout]   60:     0x602278f65a12 - std[10d71ac2c42b111e]::thread::lifecycle::spawn_unchecked::<test[213991da798b1c03]::run_test::{closure#1}, ()>::{closure#1}::{closure#0}
[INFO] [stdout]                                at /rustc/b2282dd5646a57d570fc86fbe8df0e8826665ef6/library/std/src/thread/lifecycle.rs:70:13
[INFO] [stdout]   61:     0x602278f65a12 - <core[8fb95b77d25ab6c8]::panic::unwind_safe::AssertUnwindSafe<std[10d71ac2c42b111e]::thread::lifecycle::spawn_unchecked<test[213991da798b1c03]::run_test::{closure#1}, ()>::{closure#1}::{closure#0}> as core[8fb95b77d25ab6c8]::ops::function::FnOnce<()>>::call_once
[INFO] [stdout]                                at /rustc/b2282dd5646a57d570fc86fbe8df0e8826665ef6/library/core/src/panic/unwind_safe.rs:275:9
[INFO] [stdout]   62:     0x602278f65a12 - std[10d71ac2c42b111e]::panicking::catch_unwind::do_call::<core[8fb95b77d25ab6c8]::panic::unwind_safe::AssertUnwindSafe<std[10d71ac2c42b111e]::thread::lifecycle::spawn_unchecked<test[213991da798b1c03]::run_test::{closure#1}, ()>::{closure#1}::{closure#0}>, ()>
[INFO] [stdout]                                at /rustc/b2282dd5646a57d570fc86fbe8df0e8826665ef6/library/std/src/panicking.rs:581:40
[INFO] [stdout]   63:     0x602278f65a12 - std[10d71ac2c42b111e]::panicking::catch_unwind::<(), core[8fb95b77d25ab6c8]::panic::unwind_safe::AssertUnwindSafe<std[10d71ac2c42b111e]::thread::lifecycle::spawn_unchecked<test[213991da798b1c03]::run_test::{closure#1}, ()>::{closure#1}::{closure#0}>>
[INFO] [stdout]                                at /rustc/b2282dd5646a57d570fc86fbe8df0e8826665ef6/library/std/src/panicking.rs:544:19
[INFO] [stdout]   64:     0x602278f65a12 - std[10d71ac2c42b111e]::panic::catch_unwind::<core[8fb95b77d25ab6c8]::panic::unwind_safe::AssertUnwindSafe<std[10d71ac2c42b111e]::thread::lifecycle::spawn_unchecked<test[213991da798b1c03]::run_test::{closure#1}, ()>::{closure#1}::{closure#0}>, ()>
[INFO] [stdout]                                at /rustc/b2282dd5646a57d570fc86fbe8df0e8826665ef6/library/std/src/panic.rs:359:14
[INFO] [stdout]   65:     0x602278f65a12 - std[10d71ac2c42b111e]::thread::lifecycle::spawn_unchecked::<test[213991da798b1c03]::run_test::{closure#1}, ()>::{closure#1}
[INFO] [stdout]                                at /rustc/b2282dd5646a57d570fc86fbe8df0e8826665ef6/library/std/src/thread/lifecycle.rs:68:26
[INFO] [stdout]   66:     0x602278f65a12 - <std[10d71ac2c42b111e]::thread::lifecycle::spawn_unchecked<test[213991da798b1c03]::run_test::{closure#1}, ()>::{closure#1} as core[8fb95b77d25ab6c8]::ops::function::FnOnce<()>>::call_once::{shim:vtable#0}
[INFO] [stdout]                                at /rustc/b2282dd5646a57d570fc86fbe8df0e8826665ef6/library/core/src/ops/function.rs:250:5
[INFO] [stdout]   67:     0x60227906555f - <alloc[a7ee25936407c584]::boxed::Box<dyn core[8fb95b77d25ab6c8]::ops::function::FnOnce<(), Output = ()> + core[8fb95b77d25ab6c8]::marker::Send> as core[8fb95b77d25ab6c8]::ops::function::FnOnce<()>>::call_once
[INFO] [stdout]                                at /rustc/b2282dd5646a57d570fc86fbe8df0e8826665ef6/library/alloc/src/boxed.rs:2275:9
[INFO] [stdout]   68:     0x60227906555f - <std[10d71ac2c42b111e]::sys::thread::unix::Thread>::new::thread_start
[INFO] [stdout]                                at /rustc/b2282dd5646a57d570fc86fbe8df0e8826665ef6/library/std/src/sys/thread/unix.rs:118:17
[INFO] [stdout]   69:     0x7a4d60b27aa4 - <unknown>
[INFO] [stdout]   70:     0x7a4d60bb4a64 - clone
[INFO] [stdout]   71:                0x0 - <unknown>
[INFO] [stdout] 
[INFO] [stdout] ---- tests::test_wallet stdout ----
[INFO] [stdout] init setup::load_client ... ok
[INFO] [stdout] init setup::load_account ... 
[INFO] [stdout] thread 'tests::test_wallet' (13438) panicked at libs/exchange/plugins/backtester/tests/tests.rs:34:43:
[INFO] [stdout] error loading account data for aixbtusdt: error sending request for url (https://api.binance.us/api/v3/ticker/price?symbol=AIXBTUSDT)
[INFO] [stdout] stack backtrace:
[INFO] [stdout]    0:     0x602279066308 - std[10d71ac2c42b111e]::backtrace_rs::backtrace::libunwind::trace
[INFO] [stdout]                                at /rustc/b2282dd5646a57d570fc86fbe8df0e8826665ef6/library/std/src/../../backtrace/src/backtrace/libunwind.rs:117:9
[INFO] [stdout]    1:     0x602279066308 - std[10d71ac2c42b111e]::backtrace_rs::backtrace::trace_unsynchronized::<std[10d71ac2c42b111e]::sys::backtrace::_print_fmt::{closure#1}>
[INFO] [stdout]                                at /rustc/b2282dd5646a57d570fc86fbe8df0e8826665ef6/library/std/src/../../backtrace/src/backtrace/mod.rs:66:14
[INFO] [stdout]    2:     0x602279066308 - std[10d71ac2c42b111e]::sys::backtrace::_print_fmt
[INFO] [stdout]                                at /rustc/b2282dd5646a57d570fc86fbe8df0e8826665ef6/library/std/src/sys/backtrace.rs:74:9
[INFO] [stdout]    3:     0x602279066308 - <<std[10d71ac2c42b111e]::sys::backtrace::BacktraceLock>::print::DisplayBacktrace as core[8fb95b77d25ab6c8]::fmt::Display>::fmt
[INFO] [stdout]                                at /rustc/b2282dd5646a57d570fc86fbe8df0e8826665ef6/library/std/src/sys/backtrace.rs:44:26
[INFO] [stdout]    4:     0x60227907dc1a - <core[8fb95b77d25ab6c8]::fmt::rt::Argument>::fmt
[INFO] [stdout]                                at /rustc/b2282dd5646a57d570fc86fbe8df0e8826665ef6/library/core/src/fmt/rt.rs:152:76
[INFO] [stdout]    5:     0x60227907dc1a - core[8fb95b77d25ab6c8]::fmt::write
[INFO] [stdout]    6:     0x60227906b712 - std[10d71ac2c42b111e]::io::default_write_fmt::<alloc[a7ee25936407c584]::vec::Vec<u8>>
[INFO] [stdout]                                at /rustc/b2282dd5646a57d570fc86fbe8df0e8826665ef6/library/std/src/io/mod.rs:622:11
[INFO] [stdout]    7:     0x60227906b712 - <alloc[a7ee25936407c584]::vec::Vec<u8> as std[10d71ac2c42b111e]::io::Write>::write_fmt
[INFO] [stdout]                                at /rustc/b2282dd5646a57d570fc86fbe8df0e8826665ef6/library/std/src/io/mod.rs:1977:13
[INFO] [stdout]    8:     0x6022790430f6 - <std[10d71ac2c42b111e]::sys::backtrace::BacktraceLock>::print
[INFO] [stdout]                                at /rustc/b2282dd5646a57d570fc86fbe8df0e8826665ef6/library/std/src/sys/backtrace.rs:47:9
[INFO] [stdout]    9:     0x6022790430f6 - std[10d71ac2c42b111e]::panicking::default_hook::{closure#0}
[INFO] [stdout]                                at /rustc/b2282dd5646a57d570fc86fbe8df0e8826665ef6/library/std/src/panicking.rs:292:27
[INFO] [stdout]   10:     0x60227905df19 - std[10d71ac2c42b111e]::panicking::default_hook
[INFO] [stdout]                                at /rustc/b2282dd5646a57d570fc86fbe8df0e8826665ef6/library/std/src/panicking.rs:316:9
[INFO] [stdout]   11:     0x602278f6203c - <alloc[a7ee25936407c584]::boxed::Box<dyn for<'a, 'b> core[8fb95b77d25ab6c8]::ops::function::Fn<(&'a std[10d71ac2c42b111e]::panic::PanicHookInfo<'b>,), Output = ()> + core[8fb95b77d25ab6c8]::marker::Sync + core[8fb95b77d25ab6c8]::marker::Send> as core[8fb95b77d25ab6c8]::ops::function::Fn<(&std[10d71ac2c42b111e]::panic::PanicHookInfo,)>>::call
[INFO] [stdout]                                at /rustc/b2282dd5646a57d570fc86fbe8df0e8826665ef6/library/alloc/src/boxed.rs:2289:9
[INFO] [stdout]   12:     0x602278f6203c - test[213991da798b1c03]::test_main_inner::<test[213991da798b1c03]::test_main_static::{closure#0}>::{closure#0}
[INFO] [stdout]                                at /rustc/b2282dd5646a57d570fc86fbe8df0e8826665ef6/library/test/src/lib.rs:155:21
[INFO] [stdout]   13:     0x60227905e192 - <alloc[a7ee25936407c584]::boxed::Box<dyn for<'a, 'b> core[8fb95b77d25ab6c8]::ops::function::Fn<(&'a std[10d71ac2c42b111e]::panic::PanicHookInfo<'b>,), Output = ()> + core[8fb95b77d25ab6c8]::marker::Sync + core[8fb95b77d25ab6c8]::marker::Send> as core[8fb95b77d25ab6c8]::ops::function::Fn<(&std[10d71ac2c42b111e]::panic::PanicHookInfo,)>>::call
[INFO] [stdout]                                at /rustc/b2282dd5646a57d570fc86fbe8df0e8826665ef6/library/alloc/src/boxed.rs:2289:9
[INFO] [stdout]   14:     0x60227905e192 - std[10d71ac2c42b111e]::panicking::panic_with_hook
[INFO] [stdout]                                at /rustc/b2282dd5646a57d570fc86fbe8df0e8826665ef6/library/std/src/panicking.rs:833:13
[INFO] [stdout]   15:     0x6022790431b2 - std[10d71ac2c42b111e]::panicking::panic_handler::{closure#0}
[INFO] [stdout]                                at /rustc/b2282dd5646a57d570fc86fbe8df0e8826665ef6/library/std/src/panicking.rs:698:13
[INFO] [stdout]   16:     0x602279037b49 - std[10d71ac2c42b111e]::sys::backtrace::__rust_end_short_backtrace::<std[10d71ac2c42b111e]::panicking::panic_handler::{closure#0}, !>
[INFO] [stdout]                                at /rustc/b2282dd5646a57d570fc86fbe8df0e8826665ef6/library/std/src/sys/backtrace.rs:182:18
[INFO] [stdout]   17:     0x60227904417d - __rustc[3be9ba60078d4c86]::rust_begin_unwind
[INFO] [stdout]                                at /rustc/b2282dd5646a57d570fc86fbe8df0e8826665ef6/library/std/src/panicking.rs:689:5
[INFO] [stdout]   18:     0x60227907e40c - core[8fb95b77d25ab6c8]::panicking::panic_fmt
[INFO] [stdout]                                at /rustc/b2282dd5646a57d570fc86fbe8df0e8826665ef6/library/core/src/panicking.rs:80:14
[INFO] [stdout]   19:     0x6022784d8665 - tests[58ff1c1c82009eb4]::tests::get_client::{closure#0}::{closure#0}::{closure#0}::{closure#0}
[INFO] [stdout]                                at /opt/rustwide/workdir/libs/exchange/plugins/backtester/tests/tests.rs:34:43
[INFO] [stdout]   20:     0x60227855c6e1 - <core[8fb95b77d25ab6c8]::result::Result<(), anyhow[91ee2a2cd573cbb5]::Error>>::unwrap_or_else::<tests[58ff1c1c82009eb4]::tests::get_client::{closure#0}::{closure#0}::{closure#0}::{closure#0}>
[INFO] [stdout]                                at /rustc/b2282dd5646a57d570fc86fbe8df0e8826665ef6/library/core/src/result.rs:1622:23
[INFO] [stdout]   21:     0x6022784d8d09 - tests[58ff1c1c82009eb4]::tests::get_client::{closure#0}::{closure#0}::{closure#0}
[INFO] [stdout]                                at /opt/rustwide/workdir/libs/exchange/plugins/backtester/tests/tests.rs:34:22
[INFO] [stdout]   22:     0x6022785499fa - <tokio[763dc0fe3ab1fa1]::sync::once_cell::OnceCell<backtester[bee951f00ebf76dc]::Client>>::get_or_init::<tests[58ff1c1c82009eb4]::tests::get_client::{closure#0}::{closure#0}, tests[58ff1c1c82009eb4]::tests::get_client::{closure#0}::{closure#0}::{closure#0}>::{closure#0}
[INFO] [stdout]                                at /opt/rustwide/cargo-home/registry/src/index.crates.io-1949cf8c6b5b557f/tokio-1.47.1/src/sync/once_cell.rs:368:37
[INFO] [stdout]   23:     0x6022784db4f4 - tests[58ff1c1c82009eb4]::tests::get_client::{closure#0}
[INFO] [stdout]                                at /opt/rustwide/workdir/libs/exchange/plugins/backtester/tests/tests.rs:46:14
[INFO] [stdout]   24:     0x6022784dbefa - tests[58ff1c1c82009eb4]::tests::test_wallet::{closure#0}
[INFO] [stdout]                                at /opt/rustwide/workdir/libs/exchange/plugins/backtester/tests/tests.rs:167:35
[INFO] [stdout]   25:     0x60227854ddd2 - <core[8fb95b77d25ab6c8]::pin::Pin<&mut dyn core[8fb95b77d25ab6c8]::future::future::Future<Output = ()>> as core[8fb95b77d25ab6c8]::future::future::Future>::poll
[INFO] [stdout]                                at /rustc/b2282dd5646a57d570fc86fbe8df0e8826665ef6/library/core/src/future/future.rs:133:9
[INFO] [stdout]   26:     0x60227854de4d - <core[8fb95b77d25ab6c8]::pin::Pin<&mut core[8fb95b77d25ab6c8]::pin::Pin<&mut dyn core[8fb95b77d25ab6c8]::future::future::Future<Output = ()>>> as core[8fb95b77d25ab6c8]::future::future::Future>::poll
[INFO] [stdout]                                at /rustc/b2282dd5646a57d570fc86fbe8df0e8826665ef6/library/core/src/future/future.rs:133:9
[INFO] [stdout]   27:     0x6022784f086d - <tokio[763dc0fe3ab1fa1]::runtime::scheduler::current_thread::CoreGuard>::block_on::<core[8fb95b77d25ab6c8]::pin::Pin<&mut core[8fb95b77d25ab6c8]::pin::Pin<&mut dyn core[8fb95b77d25ab6c8]::future::future::Future<Output = ()>>>>::{closure#0}::{closure#0}::{closure#0}
[INFO] [stdout]                                at /opt/rustwide/cargo-home/registry/src/index.crates.io-1949cf8c6b5b557f/tokio-1.47.1/src/runtime/scheduler/current_thread/mod.rs:742:70
[INFO] [stdout]   28:     0x6022784f076b - tokio[763dc0fe3ab1fa1]::task::coop::with_budget::<core[8fb95b77d25ab6c8]::task::poll::Poll<()>, <tokio[763dc0fe3ab1fa1]::runtime::scheduler::current_thread::CoreGuard>::block_on<core[8fb95b77d25ab6c8]::pin::Pin<&mut core[8fb95b77d25ab6c8]::pin::Pin<&mut dyn core[8fb95b77d25ab6c8]::future::future::Future<Output = ()>>>>::{closure#0}::{closure#0}::{closure#0}>
[INFO] [stdout]                                at /opt/rustwide/cargo-home/registry/src/index.crates.io-1949cf8c6b5b557f/tokio-1.47.1/src/task/coop/mod.rs:167:5
[INFO] [stdout]   29:     0x6022784f076b - tokio[763dc0fe3ab1fa1]::task::coop::budget::<core[8fb95b77d25ab6c8]::task::poll::Poll<()>, <tokio[763dc0fe3ab1fa1]::runtime::scheduler::current_thread::CoreGuard>::block_on<core[8fb95b77d25ab6c8]::pin::Pin<&mut core[8fb95b77d25ab6c8]::pin::Pin<&mut dyn core[8fb95b77d25ab6c8]::future::future::Future<Output = ()>>>>::{closure#0}::{closure#0}::{closure#0}>
[INFO] [stdout]                                at /opt/rustwide/cargo-home/registry/src/index.crates.io-1949cf8c6b5b557f/tokio-1.47.1/src/task/coop/mod.rs:133:5
[INFO] [stdout]   30:     0x6022784f076b - <tokio[763dc0fe3ab1fa1]::runtime::scheduler::current_thread::CoreGuard>::block_on::<core[8fb95b77d25ab6c8]::pin::Pin<&mut core[8fb95b77d25ab6c8]::pin::Pin<&mut dyn core[8fb95b77d25ab6c8]::future::future::Future<Output = ()>>>>::{closure#0}::{closure#0}
[INFO] [stdout]                                at /opt/rustwide/cargo-home/registry/src/index.crates.io-1949cf8c6b5b557f/tokio-1.47.1/src/runtime/scheduler/current_thread/mod.rs:742:25
[INFO] [stdout]   31:     0x6022784e81e0 - <tokio[763dc0fe3ab1fa1]::runtime::scheduler::current_thread::Context>::enter::<core[8fb95b77d25ab6c8]::task::poll::Poll<()>, <tokio[763dc0fe3ab1fa1]::runtime::scheduler::current_thread::CoreGuard>::block_on<core[8fb95b77d25ab6c8]::pin::Pin<&mut core[8fb95b77d25ab6c8]::pin::Pin<&mut dyn core[8fb95b77d25ab6c8]::future::future::Future<Output = ()>>>>::{closure#0}::{closure#0}>
[INFO] [stdout]                                at /opt/rustwide/cargo-home/registry/src/index.crates.io-1949cf8c6b5b557f/tokio-1.47.1/src/runtime/scheduler/current_thread/mod.rs:432:19
[INFO] [stdout]   32:     0x6022784ef8ed - <tokio[763dc0fe3ab1fa1]::runtime::scheduler::current_thread::CoreGuard>::block_on::<core[8fb95b77d25ab6c8]::pin::Pin<&mut core[8fb95b77d25ab6c8]::pin::Pin<&mut dyn core[8fb95b77d25ab6c8]::future::future::Future<Output = ()>>>>::{closure#0}
[INFO] [stdout]                                at /opt/rustwide/cargo-home/registry/src/index.crates.io-1949cf8c6b5b557f/tokio-1.47.1/src/runtime/scheduler/current_thread/mod.rs:741:44
[INFO] [stdout]   33:     0x6022784eebe4 - <tokio[763dc0fe3ab1fa1]::runtime::scheduler::current_thread::CoreGuard>::enter::<<tokio[763dc0fe3ab1fa1]::runtime::scheduler::current_thread::CoreGuard>::block_on<core[8fb95b77d25ab6c8]::pin::Pin<&mut core[8fb95b77d25ab6c8]::pin::Pin<&mut dyn core[8fb95b77d25ab6c8]::future::future::Future<Output = ()>>>>::{closure#0}, core[8fb95b77d25ab6c8]::option::Option<()>>::{closure#0}
[INFO] [stdout]                                at /opt/rustwide/cargo-home/registry/src/index.crates.io-1949cf8c6b5b557f/tokio-1.47.1/src/runtime/scheduler/current_thread/mod.rs:829:68
[INFO] [stdout]   34:     0x6022784b7d2b - <tokio[763dc0fe3ab1fa1]::runtime::context::scoped::Scoped<tokio[763dc0fe3ab1fa1]::runtime::scheduler::Context>>::set::<<tokio[763dc0fe3ab1fa1]::runtime::scheduler::current_thread::CoreGuard>::enter<<tokio[763dc0fe3ab1fa1]::runtime::scheduler::current_thread::CoreGuard>::block_on<core[8fb95b77d25ab6c8]::pin::Pin<&mut core[8fb95b77d25ab6c8]::pin::Pin<&mut dyn core[8fb95b77d25ab6c8]::future::future::Future<Output = ()>>>>::{closure#0}, core[8fb95b77d25ab6c8]::option::Option<()>>::{closure#0}, (alloc[a7ee25936407c584]::boxed::Box<tokio[763dc0fe3ab1fa1]::runtime::scheduler::current_thread::Core>, core[8fb95b77d25ab6c8]::option::Option<()>)>
[INFO] [stdout]                                at /opt/rustwide/cargo-home/registry/src/index.crates.io-1949cf8c6b5b557f/tokio-1.47.1/src/runtime/context/scoped.rs:40:9
[INFO] [stdout]   35:     0x60227852b529 - tokio[763dc0fe3ab1fa1]::runtime::context::set_scheduler::<(alloc[a7ee25936407c584]::boxed::Box<tokio[763dc0fe3ab1fa1]::runtime::scheduler::current_thread::Core>, core[8fb95b77d25ab6c8]::option::Option<()>), <tokio[763dc0fe3ab1fa1]::runtime::scheduler::current_thread::CoreGuard>::enter<<tokio[763dc0fe3ab1fa1]::runtime::scheduler::current_thread::CoreGuard>::block_on<core[8fb95b77d25ab6c8]::pin::Pin<&mut core[8fb95b77d25ab6c8]::pin::Pin<&mut dyn core[8fb95b77d25ab6c8]::future::future::Future<Output = ()>>>>::{closure#0}, core[8fb95b77d25ab6c8]::option::Option<()>>::{closure#0}>::{closure#0}
[INFO] [stdout]                                at /opt/rustwide/cargo-home/registry/src/index.crates.io-1949cf8c6b5b557f/tokio-1.47.1/src/runtime/context.rs:176:38
[INFO] [stdout]   36:     0x60227850c012 - <std[10d71ac2c42b111e]::thread::local::LocalKey<tokio[763dc0fe3ab1fa1]::runtime::context::Context>>::try_with::<tokio[763dc0fe3ab1fa1]::runtime::context::set_scheduler<(alloc[a7ee25936407c584]::boxed::Box<tokio[763dc0fe3ab1fa1]::runtime::scheduler::current_thread::Core>, core[8fb95b77d25ab6c8]::option::Option<()>), <tokio[763dc0fe3ab1fa1]::runtime::scheduler::current_thread::CoreGuard>::enter<<tokio[763dc0fe3ab1fa1]::runtime::scheduler::current_thread::CoreGuard>::block_on<core[8fb95b77d25ab6c8]::pin::Pin<&mut core[8fb95b77d25ab6c8]::pin::Pin<&mut dyn core[8fb95b77d25ab6c8]::future::future::Future<Output = ()>>>>::{closure#0}, core[8fb95b77d25ab6c8]::option::Option<()>>::{closure#0}>::{closure#0}, (alloc[a7ee25936407c584]::boxed::Box<tokio[763dc0fe3ab1fa1]::runtime::scheduler::current_thread::Core>, core[8fb95b77d25ab6c8]::option::Option<()>)>
[INFO] [stdout]                                at /rustc/b2282dd5646a57d570fc86fbe8df0e8826665ef6/library/std/src/thread/local.rs:462:12
[INFO] [stdout]   37:     0x60227850bb9e - <std[10d71ac2c42b111e]::thread::local::LocalKey<tokio[763dc0fe3ab1fa1]::runtime::context::Context>>::with::<tokio[763dc0fe3ab1fa1]::runtime::context::set_scheduler<(alloc[a7ee25936407c584]::boxed::Box<tokio[763dc0fe3ab1fa1]::runtime::scheduler::current_thread::Core>, core[8fb95b77d25ab6c8]::option::Option<()>), <tokio[763dc0fe3ab1fa1]::runtime::scheduler::current_thread::CoreGuard>::enter<<tokio[763dc0fe3ab1fa1]::runtime::scheduler::current_thread::CoreGuard>::block_on<core[8fb95b77d25ab6c8]::pin::Pin<&mut core[8fb95b77d25ab6c8]::pin::Pin<&mut dyn core[8fb95b77d25ab6c8]::future::future::Future<Output = ()>>>>::{closure#0}, core[8fb95b77d25ab6c8]::option::Option<()>>::{closure#0}>::{closure#0}, (alloc[a7ee25936407c584]::boxed::Box<tokio[763dc0fe3ab1fa1]::runtime::scheduler::current_thread::Core>, core[8fb95b77d25ab6c8]::option::Option<()>)>
[INFO] [stdout]                                at /rustc/b2282dd5646a57d570fc86fbe8df0e8826665ef6/library/std/src/thread/local.rs:426:20
[INFO] [stdout]   38:     0x602278523e9d - tokio[763dc0fe3ab1fa1]::runtime::context::set_scheduler::<(alloc[a7ee25936407c584]::boxed::Box<tokio[763dc0fe3ab1fa1]::runtime::scheduler::current_thread::Core>, core[8fb95b77d25ab6c8]::option::Option<()>), <tokio[763dc0fe3ab1fa1]::runtime::scheduler::current_thread::CoreGuard>::enter<<tokio[763dc0fe3ab1fa1]::runtime::scheduler::current_thread::CoreGuard>::block_on<core[8fb95b77d25ab6c8]::pin::Pin<&mut core[8fb95b77d25ab6c8]::pin::Pin<&mut dyn core[8fb95b77d25ab6c8]::future::future::Future<Output = ()>>>>::{closure#0}, core[8fb95b77d25ab6c8]::option::Option<()>>::{closure#0}>
[INFO] [stdout]                                at /opt/rustwide/cargo-home/registry/src/index.crates.io-1949cf8c6b5b557f/tokio-1.47.1/src/runtime/context.rs:176:17
[INFO] [stdout]   39:     0x6022784ead90 - <tokio[763dc0fe3ab1fa1]::runtime::scheduler::current_thread::CoreGuard>::enter::<<tokio[763dc0fe3ab1fa1]::runtime::scheduler::current_thread::CoreGuard>::block_on<core[8fb95b77d25ab6c8]::pin::Pin<&mut core[8fb95b77d25ab6c8]::pin::Pin<&mut dyn core[8fb95b77d25ab6c8]::future::future::Future<Output = ()>>>>::{closure#0}, core[8fb95b77d25ab6c8]::option::Option<()>>
[INFO] [stdout]                                at /opt/rustwide/cargo-home/registry/src/index.crates.io-1949cf8c6b5b557f/tokio-1.47.1/src/runtime/scheduler/current_thread/mod.rs:829:27
[INFO] [stdout]   40:     0x6022784eb086 - <tokio[763dc0fe3ab1fa1]::runtime::scheduler::current_thread::CoreGuard>::block_on::<core[8fb95b77d25ab6c8]::pin::Pin<&mut core[8fb95b77d25ab6c8]::pin::Pin<&mut dyn core[8fb95b77d25ab6c8]::future::future::Future<Output = ()>>>>
[INFO] [stdout]                                at /opt/rustwide/cargo-home/registry/src/index.crates.io-1949cf8c6b5b557f/tokio-1.47.1/src/runtime/scheduler/current_thread/mod.rs:729:24
[INFO] [stdout]   41:     0x6022784ee6f0 - <tokio[763dc0fe3ab1fa1]::runtime::scheduler::current_thread::CurrentThread>::block_on::<core[8fb95b77d25ab6c8]::pin::Pin<&mut dyn core[8fb95b77d25ab6c8]::future::future::Future<Output = ()>>>::{closure#0}
[INFO] [stdout]                                at /opt/rustwide/cargo-home/registry/src/index.crates.io-1949cf8c6b5b557f/tokio-1.47.1/src/runtime/scheduler/current_thread/mod.rs:200:33
[INFO] [stdout]   42:     0x6022784ce983 - tokio[763dc0fe3ab1fa1]::runtime::context::runtime::enter_runtime::<<tokio[763dc0fe3ab1fa1]::runtime::scheduler::current_thread::CurrentThread>::block_on<core[8fb95b77d25ab6c8]::pin::Pin<&mut dyn core[8fb95b77d25ab6c8]::future::future::Future<Output = ()>>>::{closure#0}, ()>
[INFO] [stdout]                                at /opt/rustwide/cargo-home/registry/src/index.crates.io-1949cf8c6b5b557f/tokio-1.47.1/src/runtime/context/runtime.rs:65:16
[INFO] [stdout]   43:     0x6022784e7d11 - <tokio[763dc0fe3ab1fa1]::runtime::scheduler::current_thread::CurrentThread>::block_on::<core[8fb95b77d25ab6c8]::pin::Pin<&mut dyn core[8fb95b77d25ab6c8]::future::future::Future<Output = ()>>>
[INFO] [stdout]                                at /opt/rustwide/cargo-home/registry/src/index.crates.io-1949cf8c6b5b557f/tokio-1.47.1/src/runtime/scheduler/current_thread/mod.rs:188:9
[INFO] [stdout]   44:     0x602278522d54 - <tokio[763dc0fe3ab1fa1]::runtime::runtime::Runtime>::block_on_inner::<core[8fb95b77d25ab6c8]::pin::Pin<&mut dyn core[8fb95b77d25ab6c8]::future::future::Future<Output = ()>>>
[INFO] [stdout]                                at /opt/rustwide/cargo-home/registry/src/index.crates.io-1949cf8c6b5b557f/tokio-1.47.1/src/runtime/runtime.rs:356:52
[INFO] [stdout]   45:     0x602278522f1f - <tokio[763dc0fe3ab1fa1]::runtime::runtime::Runtime>::block_on::<core[8fb95b77d25ab6c8]::pin::Pin<&mut dyn core[8fb95b77d25ab6c8]::future::future::Future<Output = ()>>>
[INFO] [stdout]                                at /opt/rustwide/cargo-home/registry/src/index.crates.io-1949cf8c6b5b557f/tokio-1.47.1/src/runtime/runtime.rs:330:18
[INFO] [stdout]   46:     0x6022784e4e9c - tests[58ff1c1c82009eb4]::tests::test_wallet
[INFO] [stdout]                                at /opt/rustwide/workdir/libs/exchange/plugins/backtester/tests/tests.rs:179:72
[INFO] [stdout]   47:     0x6022784db607 - tests[58ff1c1c82009eb4]::tests::test_wallet::{closure#0}
[INFO] [stdout]                                at /opt/rustwide/workdir/libs/exchange/plugins/backtester/tests/tests.rs:166:27
[INFO] [stdout]   48:     0x602278543db6 - <tests[58ff1c1c82009eb4]::tests::test_wallet::{closure#0} as core[8fb95b77d25ab6c8]::ops::function::FnOnce<()>>::call_once
[INFO] [stdout]                                at /rustc/b2282dd5646a57d570fc86fbe8df0e8826665ef6/library/core/src/ops/function.rs:250:5
[INFO] [stdout]   49:     0x602278f5511b - <fn() -> core[8fb95b77d25ab6c8]::result::Result<(), alloc[a7ee25936407c584]::string::String> as core[8fb95b77d25ab6c8]::ops::function::FnOnce<()>>::call_once
[INFO] [stdout]                                at /rustc/b2282dd5646a57d570fc86fbe8df0e8826665ef6/library/core/src/ops/function.rs:250:5
[INFO] [stdout]   50:     0x602278f5511b - test[213991da798b1c03]::__rust_begin_short_backtrace::<core[8fb95b77d25ab6c8]::result::Result<(), alloc[a7ee25936407c584]::string::String>, fn() -> core[8fb95b77d25ab6c8]::result::Result<(), alloc[a7ee25936407c584]::string::String>>
[INFO] [stdout]                                at /rustc/b2282dd5646a57d570fc86fbe8df0e8826665ef6/library/test/src/lib.rs:724:18
[INFO] [stdout]   51:     0x602278f62995 - test[213991da798b1c03]::run_test_in_process::{closure#0}
[INFO] [stdout]                                at /rustc/b2282dd5646a57d570fc86fbe8df0e8826665ef6/library/test/src/lib.rs:747:74
[INFO] [stdout]   52:     0x602278f62995 - <core[8fb95b77d25ab6c8]::panic::unwind_safe::AssertUnwindSafe<test[213991da798b1c03]::run_test_in_process::{closure#0}> as core[8fb95b77d25ab6c8]::ops::function::FnOnce<()>>::call_once
[INFO] [stdout]                                at /rustc/b2282dd5646a57d570fc86fbe8df0e8826665ef6/library/core/src/panic/unwind_safe.rs:275:9
[INFO] [stdout]   53:     0x602278f62995 - std[10d71ac2c42b111e]::panicking::catch_unwind::do_call::<core[8fb95b77d25ab6c8]::panic::unwind_safe::AssertUnwindSafe<test[213991da798b1c03]::run_test_in_process::{closure#0}>, core[8fb95b77d25ab6c8]::result::Result<(), alloc[a7ee25936407c584]::string::String>>
[INFO] [stdout]                                at /rustc/b2282dd5646a57d570fc86fbe8df0e8826665ef6/library/std/src/panicking.rs:581:40
[INFO] [stdout]   54:     0x602278f62995 - std[10d71ac2c42b111e]::panicking::catch_unwind::<core[8fb95b77d25ab6c8]::result::Result<(), alloc[a7ee25936407c584]::string::String>, core[8fb95b77d25ab6c8]::panic::unwind_safe::AssertUnwindSafe<test[213991da798b1c03]::run_test_in_process::{closure#0}>>
[INFO] [stdout]                                at /rustc/b2282dd5646a57d570fc86fbe8df0e8826665ef6/library/std/src/panicking.rs:544:19
[INFO] [stdout]   55:     0x602278f62995 - std[10d71ac2c42b111e]::panic::catch_unwind::<core[8fb95b77d25ab6c8]::panic::unwind_safe::AssertUnwindSafe<test[213991da798b1c03]::run_test_in_process::{closure#0}>, core[8fb95b77d25ab6c8]::result::Result<(), alloc[a7ee25936407c584]::string::String>>
[INFO] [stdout]                                at /rustc/b2282dd5646a57d570fc86fbe8df0e8826665ef6/library/std/src/panic.rs:359:14
[INFO] [stdout]   56:     0x602278f62995 - test[213991da798b1c03]::run_test_in_process
[INFO] [stdout]                                at /rustc/b2282dd5646a57d570fc86fbe8df0e8826665ef6/library/test/src/lib.rs:747:27
[INFO] [stdout]   57:     0x602278f62995 - test[213991da798b1c03]::run_test::{closure#0}
[INFO] [stdout]                                at /rustc/b2282dd5646a57d570fc86fbe8df0e8826665ef6/library/test/src/lib.rs:668:43
[INFO] [stdout]   58:     0x602278f5c2a4 - test[213991da798b1c03]::run_test::{closure#1}
[INFO] [stdout]                                at /rustc/b2282dd5646a57d570fc86fbe8df0e8826665ef6/library/test/src/lib.rs:698:41
[INFO] [stdout]   59:     0x602278f5c2a4 - std[10d71ac2c42b111e]::sys::backtrace::__rust_begin_short_backtrace::<test[213991da798b1c03]::run_test::{closure#1}, ()>
[INFO] [stdout]                                at /rustc/b2282dd5646a57d570fc86fbe8df0e8826665ef6/library/std/src/sys/backtrace.rs:166:18
[INFO] [stdout]   60:     0x602278f65a12 - std[10d71ac2c42b111e]::thread::lifecycle::spawn_unchecked::<test[213991da798b1c03]::run_test::{closure#1}, ()>::{closure#1}::{closure#0}
[INFO] [stdout]                                at /rustc/b2282dd5646a57d570fc86fbe8df0e8826665ef6/library/std/src/thread/lifecycle.rs:70:13
[INFO] [stdout]   61:     0x602278f65a12 - <core[8fb95b77d25ab6c8]::panic::unwind_safe::AssertUnwindSafe<std[10d71ac2c42b111e]::thread::lifecycle::spawn_unchecked<test[213991da798b1c03]::run_test::{closure#1}, ()>::{closure#1}::{closure#0}> as core[8fb95b77d25ab6c8]::ops::function::FnOnce<()>>::call_once
[INFO] [stdout]                                at /rustc/b2282dd5646a57d570fc86fbe8df0e8826665ef6/library/core/src/panic/unwind_safe.rs:275:9
[INFO] [stdout]   62:     0x602278f65a12 - std[10d71ac2c42b111e]::panicking::catch_unwind::do_call::<core[8fb95b77d25ab6c8]::panic::unwind_safe::AssertUnwindSafe<std[10d71ac2c42b111e]::thread::lifecycle::spawn_unchecked<test[213991da798b1c03]::run_test::{closure#1}, ()>::{closure#1}::{closure#0}>, ()>
[INFO] [stdout]                                at /rustc/b2282dd5646a57d570fc86fbe8df0e8826665ef6/library/std/src/panicking.rs:581:40
[INFO] [stdout]   63:     0x602278f65a12 - std[10d71ac2c42b111e]::panicking::catch_unwind::<(), core[8fb95b77d25ab6c8]::panic::unwind_safe::AssertUnwindSafe<std[10d71ac2c42b111e]::thread::lifecycle::spawn_unchecked<test[213991da798b1c03]::run_test::{closure#1}, ()>::{closure#1}::{closure#0}>>
[INFO] [stdout]                                at /rustc/b2282dd5646a57d570fc86fbe8df0e8826665ef6/library/std/src/panicking.rs:544:19
[INFO] [stdout]   64:     0x602278f65a12 - std[10d71ac2c42b111e]::panic::catch_unwind::<core[8fb95b77d25ab6c8]::panic::unwind_safe::AssertUnwindSafe<std[10d71ac2c42b111e]::thread::lifecycle::spawn_unchecked<test[213991da798b1c03]::run_test::{closure#1}, ()>::{closure#1}::{closure#0}>, ()>
[INFO] [stdout]                                at /rustc/b2282dd5646a57d570fc86fbe8df0e8826665ef6/library/std/src/panic.rs:359:14
[INFO] [stdout]   65:     0x602278f65a12 - std[10d71ac2c42b111e]::thread::lifecycle::spawn_unchecked::<test[213991da798b1c03]::run_test::{closure#1}, ()>::{closure#1}
[INFO] [stdout]                                at /rustc/b2282dd5646a57d570fc86fbe8df0e8826665ef6/library/std/src/thread/lifecycle.rs:68:26
[INFO] [stdout]   66:     0x602278f65a12 - <std[10d71ac2c42b111e]::thread::lifecycle::spawn_unchecked<test[213991da798b1c03]::run_test::{closure#1}, ()>::{closure#1} as core[8fb95b77d25ab6c8]::ops::function::FnOnce<()>>::call_once::{shim:vtable#0}
[INFO] [stdout]                                at /rustc/b2282dd5646a57d570fc86fbe8df0e8826665ef6/library/core/src/ops/function.rs:250:5
[INFO] [stdout]   67:     0x60227906555f - <alloc[a7ee25936407c584]::boxed::Box<dyn core[8fb95b77d25ab6c8]::ops::function::FnOnce<(), Output = ()> + core[8fb95b77d25ab6c8]::marker::Send> as core[8fb95b77d25ab6c8]::ops::function::FnOnce<()>>::call_once
[INFO] [stdout]                                at /rustc/b2282dd5646a57d570fc86fbe8df0e8826665ef6/library/alloc/src/boxed.rs:2275:9
[INFO] [stdout]   68:     0x60227906555f - <std[10d71ac2c42b111e]::sys::thread::unix::Thread>::new::thread_start
[INFO] [stdout]                                at /rustc/b2282dd5646a57d570fc86fbe8df0e8826665ef6/library/std/src/sys/thread/unix.rs:118:17
[INFO] [stdout]   69:     0x7a4d60b27aa4 - <unknown>
[INFO] [stdout]   70:     0x7a4d60bb4a64 - clone
[INFO] [stdout]   71:                0x0 - <unknown>
[INFO] [stdout] 
[INFO] [stdout] ---- tests::test_ohlcv_subscribe stdout ----
[INFO] [stdout] init setup::load_client ... ok
[INFO] [stdout] init setup::load_account ... 
[INFO] [stdout] thread 'tests::test_ohlcv_subscribe' (13434) panicked at libs/exchange/plugins/backtester/tests/tests.rs:34:43:
[INFO] [stdout] error loading account data for aixbtusdt: error sending request for url (https://api.binance.us/api/v3/ticker/price?symbol=AIXBTUSDT)
[INFO] [stdout] stack backtrace:
[INFO] [stdout]    0:     0x602279066308 - std[10d71ac2c42b111e]::backtrace_rs::backtrace::libunwind::trace
[INFO] [stdout]                                at /rustc/b2282dd5646a57d570fc86fbe8df0e8826665ef6/library/std/src/../../backtrace/src/backtrace/libunwind.rs:117:9
[INFO] [stdout]    1:     0x602279066308 - std[10d71ac2c42b111e]::backtrace_rs::backtrace::trace_unsynchronized::<std[10d71ac2c42b111e]::sys::backtrace::_print_fmt::{closure#1}>
[INFO] [stdout]                                at /rustc/b2282dd5646a57d570fc86fbe8df0e8826665ef6/library/std/src/../../backtrace/src/backtrace/mod.rs:66:14
[INFO] [stdout]    2:     0x602279066308 - std[10d71ac2c42b111e]::sys::backtrace::_print_fmt
[INFO] [stdout]                                at /rustc/b2282dd5646a57d570fc86fbe8df0e8826665ef6/library/std/src/sys/backtrace.rs:74:9
[INFO] [stdout]    3:     0x602279066308 - <<std[10d71ac2c42b111e]::sys::backtrace::BacktraceLock>::print::DisplayBacktrace as core[8fb95b77d25ab6c8]::fmt::Display>::fmt
[INFO] [stdout]                                at /rustc/b2282dd5646a57d570fc86fbe8df0e8826665ef6/library/std/src/sys/backtrace.rs:44:26
[INFO] [stdout]    4:     0x60227907dc1a - <core[8fb95b77d25ab6c8]::fmt::rt::Argument>::fmt
[INFO] [stdout]                                at /rustc/b2282dd5646a57d570fc86fbe8df0e8826665ef6/library/core/src/fmt/rt.rs:152:76
[INFO] [stdout]    5:     0x60227907dc1a - core[8fb95b77d25ab6c8]::fmt::write
[INFO] [stdout]    6:     0x60227906b712 - std[10d71ac2c42b111e]::io::default_write_fmt::<alloc[a7ee25936407c584]::vec::Vec<u8>>
[INFO] [stdout]                                at /rustc/b2282dd5646a57d570fc86fbe8df0e8826665ef6/library/std/src/io/mod.rs:622:11
[INFO] [stdout]    7:     0x60227906b712 - <alloc[a7ee25936407c584]::vec::Vec<u8> as std[10d71ac2c42b111e]::io::Write>::write_fmt
[INFO] [stdout]                                at /rustc/b2282dd5646a57d570fc86fbe8df0e8826665ef6/library/std/src/io/mod.rs:1977:13
[INFO] [stdout]    8:     0x6022790430f6 - <std[10d71ac2c42b111e]::sys::backtrace::BacktraceLock>::print
[INFO] [stdout]                                at /rustc/b2282dd5646a57d570fc86fbe8df0e8826665ef6/library/std/src/sys/backtrace.rs:47:9
[INFO] [stdout]    9:     0x6022790430f6 - std[10d71ac2c42b111e]::panicking::default_hook::{closure#0}
[INFO] [stdout]                                at /rustc/b2282dd5646a57d570fc86fbe8df0e8826665ef6/library/std/src/panicking.rs:292:27
[INFO] [stdout]   10:     0x60227905df19 - std[10d71ac2c42b111e]::panicking::default_hook
[INFO] [stdout]                                at /rustc/b2282dd5646a57d570fc86fbe8df0e8826665ef6/library/std/src/panicking.rs:316:9
[INFO] [stdout]   11:     0x602278f6203c - <alloc[a7ee25936407c584]::boxed::Box<dyn for<'a, 'b> core[8fb95b77d25ab6c8]::ops::function::Fn<(&'a std[10d71ac2c42b111e]::panic::PanicHookInfo<'b>,), Output = ()> + core[8fb95b77d25ab6c8]::marker::Sync + core[8fb95b77d25ab6c8]::marker::Send> as core[8fb95b77d25ab6c8]::ops::function::Fn<(&std[10d71ac2c42b111e]::panic::PanicHookInfo,)>>::call
[INFO] [stdout]                                at /rustc/b2282dd5646a57d570fc86fbe8df0e8826665ef6/library/alloc/src/boxed.rs:2289:9
[INFO] [stdout]   12:     0x602278f6203c - test[213991da798b1c03]::test_main_inner::<test[213991da798b1c03]::test_main_static::{closure#0}>::{closure#0}
[INFO] [stdout]                                at /rustc/b2282dd5646a57d570fc86fbe8df0e8826665ef6/library/test/src/lib.rs:155:21
[INFO] [stdout]   13:     0x60227905e192 - <alloc[a7ee25936407c584]::boxed::Box<dyn for<'a, 'b> core[8fb95b77d25ab6c8]::ops::function::Fn<(&'a std[10d71ac2c42b111e]::panic::PanicHookInfo<'b>,), Output = ()> + core[8fb95b77d25ab6c8]::marker::Sync + core[8fb95b77d25ab6c8]::marker::Send> as core[8fb95b77d25ab6c8]::ops::function::Fn<(&std[10d71ac2c42b111e]::panic::PanicHookInfo,)>>::call
[INFO] [stdout]                                at /rustc/b2282dd5646a57d570fc86fbe8df0e8826665ef6/library/alloc/src/boxed.rs:2289:9
[INFO] [stdout]   14:     0x60227905e192 - std[10d71ac2c42b111e]::panicking::panic_with_hook
[INFO] [stdout]                                at /rustc/b2282dd5646a57d570fc86fbe8df0e8826665ef6/library/std/src/panicking.rs:833:13
[INFO] [stdout]   15:     0x6022790431b2 - std[10d71ac2c42b111e]::panicking::panic_handler::{closure#0}
[INFO] [stdout]                                at /rustc/b2282dd5646a57d570fc86fbe8df0e8826665ef6/library/std/src/panicking.rs:698:13
[INFO] [stdout]   16:     0x602279037b49 - std[10d71ac2c42b111e]::sys::backtrace::__rust_end_short_backtrace::<std[10d71ac2c42b111e]::panicking::panic_handler::{closure#0}, !>
[INFO] [stdout]                                at /rustc/b2282dd5646a57d570fc86fbe8df0e8826665ef6/library/std/src/sys/backtrace.rs:182:18
[INFO] [stdout]   17:     0x60227904417d - __rustc[3be9ba60078d4c86]::rust_begin_unwind
[INFO] [stdout]                                at /rustc/b2282dd5646a57d570fc86fbe8df0e8826665ef6/library/std/src/panicking.rs:689:5
[INFO] [stdout]   18:     0x60227907e40c - core[8fb95b77d25ab6c8]::panicking::panic_fmt
[INFO] [stdout]                                at /rustc/b2282dd5646a57d570fc86fbe8df0e8826665ef6/library/core/src/panicking.rs:80:14
[INFO] [stdout]   19:     0x6022784d8665 - tests[58ff1c1c82009eb4]::tests::get_client::{closure#0}::{closure#0}::{closure#0}::{closure#0}
[INFO] [stdout]                                at /opt/rustwide/workdir/libs/exchange/plugins/backtester/tests/tests.rs:34:43
[INFO] [stdout]   20:     0x60227855c6e1 - <core[8fb95b77d25ab6c8]::result::Result<(), anyhow[91ee2a2cd573cbb5]::Error>>::unwrap_or_else::<tests[58ff1c1c82009eb4]::tests::get_client::{closure#0}::{closure#0}::{closure#0}::{closure#0}>
[INFO] [stdout]                                at /rustc/b2282dd5646a57d570fc86fbe8df0e8826665ef6/library/core/src/result.rs:1622:23
[INFO] [stdout]   21:     0x6022784d8d09 - tests[58ff1c1c82009eb4]::tests::get_client::{closure#0}::{closure#0}::{closure#0}
[INFO] [stdout]                                at /opt/rustwide/workdir/libs/exchange/plugins/backtester/tests/tests.rs:34:22
[INFO] [stdout]   22:     0x6022785499fa - <tokio[763dc0fe3ab1fa1]::sync::once_cell::OnceCell<backtester[bee951f00ebf76dc]::Client>>::get_or_init::<tests[58ff1c1c82009eb4]::tests::get_client::{closure#0}::{closure#0}, tests[58ff1c1c82009eb4]::tests::get_client::{closure#0}::{closure#0}::{closure#0}>::{closure#0}
[INFO] [stdout]                                at /opt/rustwide/cargo-home/registry/src/index.crates.io-1949cf8c6b5b557f/tokio-1.47.1/src/sync/once_cell.rs:368:37
[INFO] [stdout]   23:     0x6022784db4f4 - tests[58ff1c1c82009eb4]::tests::get_client::{closure#0}
[INFO] [stdout]                                at /opt/rustwide/workdir/libs/exchange/plugins/backtester/tests/tests.rs:46:14
[INFO] [stdout]   24:     0x6022784dc952 - tests[58ff1c1c82009eb4]::tests::test_ohlcv_subscribe::{closure#0}
[INFO] [stdout]                                at /opt/rustwide/workdir/libs/exchange/plugins/backtester/tests/tests.rs:127:35
[INFO] [stdout]   25:     0x60227854ddd2 - <core[8fb95b77d25ab6c8]::pin::Pin<&mut dyn core[8fb95b77d25ab6c8]::future::future::Future<Output = ()>> as core[8fb95b77d25ab6c8]::future::future::Future>::poll
[INFO] [stdout]                                at /rustc/b2282dd5646a57d570fc86fbe8df0e8826665ef6/library/core/src/future/future.rs:133:9
[INFO] [stdout]   26:     0x60227854de4d - <core[8fb95b77d25ab6c8]::pin::Pin<&mut core[8fb95b77d25ab6c8]::pin::Pin<&mut dyn core[8fb95b77d25ab6c8]::future::future::Future<Output = ()>>> as core[8fb95b77d25ab6c8]::future::future::Future>::poll
[INFO] [stdout]                                at /rustc/b2282dd5646a57d570fc86fbe8df0e8826665ef6/library/core/src/future/future.rs:133:9
[INFO] [stdout]   27:     0x6022784f086d - <tokio[763dc0fe3ab1fa1]::runtime::scheduler::current_thread::CoreGuard>::block_on::<core[8fb95b77d25ab6c8]::pin::Pin<&mut core[8fb95b77d25ab6c8]::pin::Pin<&mut dyn core[8fb95b77d25ab6c8]::future::future::Future<Output = ()>>>>::{closure#0}::{closure#0}::{closure#0}
[INFO] [stdout]                                at /opt/rustwide/cargo-home/registry/src/index.crates.io-1949cf8c6b5b557f/tokio-1.47.1/src/runtime/scheduler/current_thread/mod.rs:742:70
[INFO] [stdout]   28:     0x6022784f076b - tokio[763dc0fe3ab1fa1]::task::coop::with_budget::<core[8fb95b77d25ab6c8]::task::poll::Poll<()>, <tokio[763dc0fe3ab1fa1]::runtime::scheduler::current_thread::CoreGuard>::block_on<core[8fb95b77d25ab6c8]::pin::Pin<&mut core[8fb95b77d25ab6c8]::pin::Pin<&mut dyn core[8fb95b77d25ab6c8]::future::future::Future<Output = ()>>>>::{closure#0}::{closure#0}::{closure#0}>
[INFO] [stdout]                                at /opt/rustwide/cargo-home/registry/src/index.crates.io-1949cf8c6b5b557f/tokio-1.47.1/src/task/coop/mod.rs:167:5
[INFO] [stdout]   29:     0x6022784f076b - tokio[763dc0fe3ab1fa1]::task::coop::budget::<core[8fb95b77d25ab6c8]::task::poll::Poll<()>, <tokio[763dc0fe3ab1fa1]::runtime::scheduler::current_thread::CoreGuard>::block_on<core[8fb95b77d25ab6c8]::pin::Pin<&mut core[8fb95b77d25ab6c8]::pin::Pin<&mut dyn core[8fb95b77d25ab6c8]::future::future::Future<Output = ()>>>>::{closure#0}::{closure#0}::{closure#0}>
[INFO] [stdout]                                at /opt/rustwide/cargo-home/registry/src/index.crates.io-1949cf8c6b5b557f/tokio-1.47.1/src/task/coop/mod.rs:133:5
[INFO] [stdout]   30:     0x6022784f076b - <tokio[763dc0fe3ab1fa1]::runtime::scheduler::current_thread::CoreGuard>::block_on::<core[8fb95b77d25ab6c8]::pin::Pin<&mut core[8fb95b77d25ab6c8]::pin::Pin<&mut dyn core[8fb95b77d25ab6c8]::future::future::Future<Output = ()>>>>::{closure#0}::{closure#0}
[INFO] [stdout]                                at /opt/rustwide/cargo-home/registry/src/index.crates.io-1949cf8c6b5b557f/tokio-1.47.1/src/runtime/scheduler/current_thread/mod.rs:742:25
[INFO] [stdout]   31:     0x6022784e81e0 - <tokio[763dc0fe3ab1fa1]::runtime::scheduler::current_thread::Context>::enter::<core[8fb95b77d25ab6c8]::task::poll::Poll<()>, <tokio[763dc0fe3ab1fa1]::runtime::scheduler::current_thread::CoreGuard>::block_on<core[8fb95b77d25ab6c8]::pin::Pin<&mut core[8fb95b77d25ab6c8]::pin::Pin<&mut dyn core[8fb95b77d25ab6c8]::future::future::Future<Output = ()>>>>::{closure#0}::{closure#0}>
[INFO] [stdout]                                at /opt/rustwide/cargo-home/registry/src/index.crates.io-1949cf8c6b5b557f/tokio-1.47.1/src/runtime/scheduler/current_thread/mod.rs:432:19
[INFO] [stdout]   32:     0x6022784ef8ed - <tokio[763dc0fe3ab1fa1]::runtime::scheduler::current_thread::CoreGuard>::block_on::<core[8fb95b77d25ab6c8]::pin::Pin<&mut core[8fb95b77d25ab6c8]::pin::Pin<&mut dyn core[8fb95b77d25ab6c8]::future::future::Future<Output = ()>>>>::{closure#0}
[INFO] [stdout]                                at /opt/rustwide/cargo-home/registry/src/index.crates.io-1949cf8c6b5b557f/tokio-1.47.1/src/runtime/scheduler/current_thread/mod.rs:741:44
[INFO] [stdout]   33:     0x6022784eebe4 - <tokio[763dc0fe3ab1fa1]::runtime::scheduler::current_thread::CoreGuard>::enter::<<tokio[763dc0fe3ab1fa1]::runtime::scheduler::current_thread::CoreGuard>::block_on<core[8fb95b77d25ab6c8]::pin::Pin<&mut core[8fb95b77d25ab6c8]::pin::Pin<&mut dyn core[8fb95b77d25ab6c8]::future::future::Future<Output = ()>>>>::{closure#0}, core[8fb95b77d25ab6c8]::option::Option<()>>::{closure#0}
[INFO] [stdout]                                at /opt/rustwide/cargo-home/registry/src/index.crates.io-1949cf8c6b5b557f/tokio-1.47.1/src/runtime/scheduler/current_thread/mod.rs:829:68
[INFO] [stdout]   34:     0x6022784b7d2b - <tokio[763dc0fe3ab1fa1]::runtime::context::scoped::Scoped<tokio[763dc0fe3ab1fa1]::runtime::scheduler::Context>>::set::<<tokio[763dc0fe3ab1fa1]::runtime::scheduler::current_thread::CoreGuard>::enter<<tokio[763dc0fe3ab1fa1]::runtime::scheduler::current_thread::CoreGuard>::block_on<core[8fb95b77d25ab6c8]::pin::Pin<&mut core[8fb95b77d25ab6c8]::pin::Pin<&mut dyn core[8fb95b77d25ab6c8]::future::future::Future<Output = ()>>>>::{closure#0}, core[8fb95b77d25ab6c8]::option::Option<()>>::{closure#0}, (alloc[a7ee25936407c584]::boxed::Box<tokio[763dc0fe3ab1fa1]::runtime::scheduler::current_thread::Core>, core[8fb95b77d25ab6c8]::option::Option<()>)>
[INFO] [stdout]                                at /opt/rustwide/cargo-home/registry/src/index.crates.io-1949cf8c6b5b557f/tokio-1.47.1/src/runtime/context/scoped.rs:40:9
[INFO] [stdout]   35:     0x60227852b529 - tokio[763dc0fe3ab1fa1]::runtime::context::set_scheduler::<(alloc[a7ee25936407c584]::boxed::Box<tokio[763dc0fe3ab1fa1]::runtime::scheduler::current_thread::Core>, core[8fb95b77d25ab6c8]::option::Option<()>), <tokio[763dc0fe3ab1fa1]::runtime::scheduler::current_thread::CoreGuard>::enter<<tokio[763dc0fe3ab1fa1]::runtime::scheduler::current_thread::CoreGuard>::block_on<core[8fb95b77d25ab6c8]::pin::Pin<&mut core[8fb95b77d25ab6c8]::pin::Pin<&mut dyn core[8fb95b77d25ab6c8]::future::future::Future<Output = ()>>>>::{closure#0}, core[8fb95b77d25ab6c8]::option::Option<()>>::{closure#0}>::{closure#0}
[INFO] [stdout]                                at /opt/rustwide/cargo-home/registry/src/index.crates.io-1949cf8c6b5b557f/tokio-1.47.1/src/runtime/context.rs:176:38
[INFO] [stdout]   36:     0x60227850c012 - <std[10d71ac2c42b111e]::thread::local::LocalKey<tokio[763dc0fe3ab1fa1]::runtime::context::Context>>::try_with::<tokio[763dc0fe3ab1fa1]::runtime::context::set_scheduler<(alloc[a7ee25936407c584]::boxed::Box<tokio[763dc0fe3ab1fa1]::runtime::scheduler::current_thread::Core>, core[8fb95b77d25ab6c8]::option::Option<()>), <tokio[763dc0fe3ab1fa1]::runtime::scheduler::current_thread::CoreGuard>::enter<<tokio[763dc0fe3ab1fa1]::runtime::scheduler::current_thread::CoreGuard>::block_on<core[8fb95b77d25ab6c8]::pin::Pin<&mut core[8fb95b77d25ab6c8]::pin::Pin<&mut dyn core[8fb95b77d25ab6c8]::future::future::Future<Output = ()>>>>::{closure#0}, core[8fb95b77d25ab6c8]::option::Option<()>>::{closure#0}>::{closure#0}, (alloc[a7ee25936407c584]::boxed::Box<tokio[763dc0fe3ab1fa1]::runtime::scheduler::current_thread::Core>, core[8fb95b77d25ab6c8]::option::Option<()>)>
[INFO] [stdout]                                at /rustc/b2282dd5646a57d570fc86fbe8df0e8826665ef6/library/std/src/thread/local.rs:462:12
[INFO] [stdout]   37:     0x60227850bb9e - <std[10d71ac2c42b111e]::thread::local::LocalKey<tokio[763dc0fe3ab1fa1]::runtime::context::Context>>::with::<tokio[763dc0fe3ab1fa1]::runtime::context::set_scheduler<(alloc[a7ee25936407c584]::boxed::Box<tokio[763dc0fe3ab1fa1]::runtime::scheduler::current_thread::Core>, core[8fb95b77d25ab6c8]::option::Option<()>), <tokio[763dc0fe3ab1fa1]::runtime::scheduler::current_thread::CoreGuard>::enter<<tokio[763dc0fe3ab1fa1]::runtime::scheduler::current_thread::CoreGuard>::block_on<core[8fb95b77d25ab6c8]::pin::Pin<&mut core[8fb95b77d25ab6c8]::pin::Pin<&mut dyn core[8fb95b77d25ab6c8]::future::future::Future<Output = ()>>>>::{closure#0}, core[8fb95b77d25ab6c8]::option::Option<()>>::{closure#0}>::{closure#0}, (alloc[a7ee25936407c584]::boxed::Box<tokio[763dc0fe3ab1fa1]::runtime::scheduler::current_thread::Core>, core[8fb95b77d25ab6c8]::option::Option<()>)>
[INFO] [stdout]                                at /rustc/b2282dd5646a57d570fc86fbe8df0e8826665ef6/library/std/src/thread/local.rs:426:20
[INFO] [stdout]   38:     0x602278523e9d - tokio[763dc0fe3ab1fa1]::runtime::context::set_scheduler::<(alloc[a7ee25936407c584]::boxed::Box<tokio[763dc0fe3ab1fa1]::runtime::scheduler::current_thread::Core>, core[8fb95b77d25ab6c8]::option::Option<()>), <tokio[763dc0fe3ab1fa1]::runtime::scheduler::current_thread::CoreGuard>::enter<<tokio[763dc0fe3ab1fa1]::runtime::scheduler::current_thread::CoreGuard>::block_on<core[8fb95b77d25ab6c8]::pin::Pin<&mut core[8fb95b77d25ab6c8]::pin::Pin<&mut dyn core[8fb95b77d25ab6c8]::future::future::Future<Output = ()>>>>::{closure#0}, core[8fb95b77d25ab6c8]::option::Option<()>>::{closure#0}>
[INFO] [stdout]                                at /opt/rustwide/cargo-home/registry/src/index.crates.io-1949cf8c6b5b557f/tokio-1.47.1/src/runtime/context.rs:176:17
[INFO] [stdout]   39:     0x6022784ead90 - <tokio[763dc0fe3ab1fa1]::runtime::scheduler::current_thread::CoreGuard>::enter::<<tokio[763dc0fe3ab1fa1]::runtime::scheduler::current_thread::CoreGuard>::block_on<core[8fb95b77d25ab6c8]::pin::Pin<&mut core[8fb95b77d25ab6c8]::pin::Pin<&mut dyn core[8fb95b77d25ab6c8]::future::future::Future<Output = ()>>>>::{closure#0}, core[8fb95b77d25ab6c8]::option::Option<()>>
[INFO] [stdout]                                at /opt/rustwide/cargo-home/registry/src/index.crates.io-1949cf8c6b5b557f/tokio-1.47.1/src/runtime/scheduler/current_thread/mod.rs:829:27
[INFO] [stdout]   40:     0x6022784eb086 - <tokio[763dc0fe3ab1fa1]::runtime::scheduler::current_thread::CoreGuard>::block_on::<core[8fb95b77d25ab6c8]::pin::Pin<&mut core[8fb95b77d25ab6c8]::pin::Pin<&mut dyn core[8fb95b77d25ab6c8]::future::future::Future<Output = ()>>>>
[INFO] [stdout]                                at /opt/rustwide/cargo-home/registry/src/index.crates.io-1949cf8c6b5b557f/tokio-1.47.1/src/runtime/scheduler/current_thread/mod.rs:729:24
[INFO] [stdout]   41:     0x6022784ee6f0 - <tokio[763dc0fe3ab1fa1]::runtime::scheduler::current_thread::CurrentThread>::block_on::<core[8fb95b77d25ab6c8]::pin::Pin<&mut dyn core[8fb95b77d25ab6c8]::future::future::Future<Output = ()>>>::{closure#0}
[INFO] [stdout]                                at /opt/rustwide/cargo-home/registry/src/index.crates.io-1949cf8c6b5b557f/tokio-1.47.1/src/runtime/scheduler/current_thread/mod.rs:200:33
[INFO] [stdout]   42:     0x6022784ce983 - tokio[763dc0fe3ab1fa1]::runtime::context::runtime::enter_runtime::<<tokio[763dc0fe3ab1fa1]::runtime::scheduler::current_thread::CurrentThread>::block_on<core[8fb95b77d25ab6c8]::pin::Pin<&mut dyn core[8fb95b77d25ab6c8]::future::future::Future<Output = ()>>>::{closure#0}, ()>
[INFO] [stdout]                                at /opt/rustwide/cargo-home/registry/src/index.crates.io-1949cf8c6b5b557f/tokio-1.47.1/src/runtime/context/runtime.rs:65:16
[INFO] [stdout]   43:     0x6022784e7d11 - <tokio[763dc0fe3ab1fa1]::runtime::scheduler::current_thread::CurrentThread>::block_on::<core[8fb95b77d25ab6c8]::pin::Pin<&mut dyn core[8fb95b77d25ab6c8]::future::future::Future<Output = ()>>>
[INFO] [stdout]                                at /opt/rustwide/cargo-home/registry/src/index.crates.io-1949cf8c6b5b557f/tokio-1.47.1/src/runtime/scheduler/current_thread/mod.rs:188:9
[INFO] [stdout]   44:     0x602278522d54 - <tokio[763dc0fe3ab1fa1]::runtime::runtime::Runtime>::block_on_inner::<core[8fb95b77d25ab6c8]::pin::Pin<&mut dyn core[8fb95b77d25ab6c8]::future::future::Future<Output = ()>>>
[INFO] [stdout]                                at /opt/rustwide/cargo-home/registry/src/index.crates.io-1949cf8c6b5b557f/tokio-1.47.1/src/runtime/runtime.rs:356:52
[INFO] [stdout]   45:     0x602278522f1f - <tokio[763dc0fe3ab1fa1]::runtime::runtime::Runtime>::block_on::<core[8fb95b77d25ab6c8]::pin::Pin<&mut dyn core[8fb95b77d25ab6c8]::future::future::Future<Output = ()>>>
[INFO] [stdout]                                at /opt/rustwide/cargo-home/registry/src/index.crates.io-1949cf8c6b5b557f/tokio-1.47.1/src/runtime/runtime.rs:330:18
[INFO] [stdout]   46:     0x6022784e5242 - tests[58ff1c1c82009eb4]::tests::test_ohlcv_subscribe
[INFO] [stdout]                                at /opt/rustwide/workdir/libs/exchange/plugins/backtester/tests/tests.rs:162:10
[INFO] [stdout]   47:     0x6022784db667 - tests[58ff1c1c82009eb4]::tests::test_ohlcv_subscribe::{closure#0}
[INFO] [stdout]                                at /opt/rustwide/workdir/libs/exchange/plugins/backtester/tests/tests.rs:126:36
[INFO] [stdout]   48:     0x602278543e36 - <tests[58ff1c1c82009eb4]::tests::test_ohlcv_subscribe::{closure#0} as core[8fb95b77d25ab6c8]::ops::function::FnOnce<()>>::call_once
[INFO] [stdout]                                at /rustc/b2282dd5646a57d570fc86fbe8df0e8826665ef6/library/core/src/ops/function.rs:250:5
[INFO] [stdout]   49:     0x602278f5511b - <fn() -> core[8fb95b77d25ab6c8]::result::Result<(), alloc[a7ee25936407c584]::string::String> as core[8fb95b77d25ab6c8]::ops::function::FnOnce<()>>::call_once
[INFO] [stdout]                                at /rustc/b2282dd5646a57d570fc86fbe8df0e8826665ef6/library/core/src/ops/function.rs:250:5
[INFO] [stdout]   50:     0x602278f5511b - test[213991da798b1c03]::__rust_begin_short_backtrace::<core[8fb95b77d25ab6c8]::result::Result<(), alloc[a7ee25936407c584]::string::String>, fn() -> core[8fb95b77d25ab6c8]::result::Result<(), alloc[a7ee25936407c584]::string::String>>
[INFO] [stdout]                                at /rustc/b2282dd5646a57d570fc86fbe8df0e8826665ef6/library/test/src/lib.rs:724:18
[INFO] [stdout]   51:     0x602278f62995 - test[213991da798b1c03]::run_test_in_process::{closure#0}
[INFO] [stdout]                                at /rustc/b2282dd5646a57d570fc86fbe8df0e8826665ef6/library/test/src/lib.rs:747:74
[INFO] [stdout]   52:     0x602278f62995 - <core[8fb95b77d25ab6c8]::panic::unwind_safe::AssertUnwindSafe<test[213991da798b1c03]::run_test_in_process::{closure#0}> as core[8fb95b77d25ab6c8]::ops::function::FnOnce<()>>::call_once
[INFO] [stdout]                                at /rustc/b2282dd5646a57d570fc86fbe8df0e8826665ef6/library/core/src/panic/unwind_safe.rs:275:9
[INFO] [stdout]   53:     0x602278f62995 - std[10d71ac2c42b111e]::panicking::catch_unwind::do_call::<core[8fb95b77d25ab6c8]::panic::unwind_safe::AssertUnwindSafe<test[213991da798b1c03]::run_test_in_process::{closure#0}>, core[8fb95b77d25ab6c8]::result::Result<(), alloc[a7ee25936407c584]::string::String>>
[INFO] [stdout]                                at /rustc/b2282dd5646a57d570fc86fbe8df0e8826665ef6/library/std/src/panicking.rs:581:40
[INFO] [stdout]   54:     0x602278f62995 - std[10d71ac2c42b111e]::panicking::catch_unwind::<core[8fb95b77d25ab6c8]::result::Result<(), alloc[a7ee25936407c584]::string::String>, core[8fb95b77d25ab6c8]::panic::unwind_safe::AssertUnwindSafe<test[213991da798b1c03]::run_test_in_process::{closure#0}>>
[INFO] [stdout]                                at /rustc/b2282dd5646a57d570fc86fbe8df0e8826665ef6/library/std/src/panicking.rs:544:19
[INFO] [stdout]   55:     0x602278f62995 - std[10d71ac2c42b111e]::panic::catch_unwind::<core[8fb95b77d25ab6c8]::panic::unwind_safe::AssertUnwindSafe<test[213991da798b1c03]::run_test_in_process::{closure#0}>, core[8fb95b77d25ab6c8]::result::Result<(), alloc[a7ee25936407c584]::string::String>>
[INFO] [stdout]                                at /rustc/b2282dd5646a57d570fc86fbe8df0e8826665ef6/library/std/src/panic.rs:359:14
[INFO] [stdout]   56:     0x602278f62995 - test[213991da798b1c03]::run_test_in_process
[INFO] [stdout]                                at /rustc/b2282dd5646a57d570fc86fbe8df0e8826665ef6/library/test/src/lib.rs:747:27
[INFO] [stdout]   57:     0x602278f62995 - test[213991da798b1c03]::run_test::{closure#0}
[INFO] [stdout]                                at /rustc/b2282dd5646a57d570fc86fbe8df0e8826665ef6/library/test/src/lib.rs:668:43
[INFO] [stdout]   58:     0x602278f5c2a4 - test[213991da798b1c03]::run_test::{closure#1}
[INFO] [stdout]                                at /rustc/b2282dd5646a57d570fc86fbe8df0e8826665ef6/library/test/src/lib.rs:698:41
[INFO] [stdout]   59:     0x602278f5c2a4 - std[10d71ac2c42b111e]::sys::backtrace::__rust_begin_short_backtrace::<test[213991da798b1c03]::run_test::{closure#1}, ()>
[INFO] [stdout]                                at /rustc/b2282dd5646a57d570fc86fbe8df0e8826665ef6/library/std/src/sys/backtrace.rs:166:18
[INFO] [stdout]   60:     0x602278f65a12 - std[10d71ac2c42b111e]::thread::lifecycle::spawn_unchecked::<test[213991da798b1c03]::run_test::{closure#1}, ()>::{closure#1}::{closure#0}
[INFO] [stdout]                                at /rustc/b2282dd5646a57d570fc86fbe8df0e8826665ef6/library/std/src/thread/lifecycle.rs:70:13
[INFO] [stdout]   61:     0x602278f65a12 - <core[8fb95b77d25ab6c8]::panic::unwind_safe::AssertUnwindSafe<std[10d71ac2c42b111e]::thread::lifecycle::spawn_unchecked<test[213991da798b1c03]::run_test::{closure#1}, ()>::{closure#1}::{closure#0}> as core[8fb95b77d25ab6c8]::ops::function::FnOnce<()>>::call_once
[INFO] [stdout]                                at /rustc/b2282dd5646a57d570fc86fbe8df0e8826665ef6/library/core/src/panic/unwind_safe.rs:275:9
[INFO] [stdout]   62:     0x602278f65a12 - std[10d71ac2c42b111e]::panicking::catch_unwind::do_call::<core[8fb95b77d25ab6c8]::panic::unwind_safe::AssertUnwindSafe<std[10d71ac2c42b111e]::thread::lifecycle::spawn_unchecked<test[213991da798b1c03]::run_test::{closure#1}, ()>::{closure#1}::{closure#0}>, ()>
[INFO] [stdout]                                at /rustc/b2282dd5646a57d570fc86fbe8df0e8826665ef6/library/std/src/panicking.rs:581:40
[INFO] [stdout]   63:     0x602278f65a12 - std[10d71ac2c42b111e]::panicking::catch_unwind::<(), core[8fb95b77d25ab6c8]::panic::unwind_safe::AssertUnwindSafe<std[10d71ac2c42b111e]::thread::lifecycle::spawn_unchecked<test[213991da798b1c03]::run_test::{closure#1}, ()>::{closure#1}::{closure#0}>>
[INFO] [stdout]                                at /rustc/b2282dd5646a57d570fc86fbe8df0e8826665ef6/library/std/src/panicking.rs:544:19
[INFO] [stdout]   64:     0x602278f65a12 - std[10d71ac2c42b111e]::panic::catch_unwind::<core[8fb95b77d25ab6c8]::panic::unwind_safe::AssertUnwindSafe<std[10d71ac2c42b111e]::thread::lifecycle::spawn_unchecked<test[213991da798b1c03]::run_test::{closure#1}, ()>::{closure#1}::{closure#0}>, ()>
[INFO] [stdout]                                at /rustc/b2282dd5646a57d570fc86fbe8df0e8826665ef6/library/std/src/panic.rs:359:14
[INFO] [stdout]   65:     0x602278f65a12 - std[10d71ac2c42b111e]::thread::lifecycle::spawn_unchecked::<test[213991da798b1c03]::run_test::{closure#1}, ()>::{closure#1}
[INFO] [stdout]                                at /rustc/b2282dd5646a57d570fc86fbe8df0e8826665ef6/library/std/src/thread/lifecycle.rs:68:26
[INFO] [stdout]   66:     0x602278f65a12 - <std[10d71ac2c42b111e]::thread::lifecycle::spawn_unchecked<test[213991da798b1c03]::run_test::{closure#1}, ()>::{closure#1} as core[8fb95b77d25ab6c8]::ops::function::FnOnce<()>>::call_once::{shim:vtable#0}
[INFO] [stdout]                                at /rustc/b2282dd5646a57d570fc86fbe8df0e8826665ef6/library/core/src/ops/function.rs:250:5
[INFO] [stdout]   67:     0x60227906555f - <alloc[a7ee25936407c584]::boxed::Box<dyn core[8fb95b77d25ab6c8]::ops::function::FnOnce<(), Output = ()> + core[8fb95b77d25ab6c8]::marker::Send> as core[8fb95b77d25ab6c8]::ops::function::FnOnce<()>>::call_once
[INFO] [stdout]                                at /rustc/b2282dd5646a57d570fc86fbe8df0e8826665ef6/library/alloc/src/boxed.rs:2275:9
[INFO] [stdout]   68:     0x60227906555f - <std[10d71ac2c42b111e]::sys::thread::unix::Thread>::new::thread_start
[INFO] [stdout]                                at /rustc/b2282dd5646a57d570fc86fbe8df0e8826665ef6/library/std/src/sys/thread/unix.rs:118:17
[INFO] [stdout]   69:     0x7a4d60b27aa4 - <unknown>
[INFO] [stdout]   70:     0x7a4d60bb4a64 - clone
[INFO] [stdout]   71:                0x0 - <unknown>
[INFO] [stdout] 
[INFO] [stdout] ---- tests::test_account_subscribe stdout ----
[INFO] [stdout] init setup::load_client ... ok
[INFO] [stdout] init setup::load_account ... 
[INFO] [stdout] thread 'tests::test_account_subscribe' (13431) panicked at libs/exchange/plugins/backtester/tests/tests.rs:34:43:
[INFO] [stdout] error loading account data for aixbtusdt: error sending request for url (https://api.binance.us/api/v3/ticker/price?symbol=AIXBTUSDT)
[INFO] [stdout] stack backtrace:
[INFO] [stdout]    0:     0x602279066308 - std[10d71ac2c42b111e]::backtrace_rs::backtrace::libunwind::trace
[INFO] [stdout]                                at /rustc/b2282dd5646a57d570fc86fbe8df0e8826665ef6/library/std/src/../../backtrace/src/backtrace/libunwind.rs:117:9
[INFO] [stdout]    1:     0x602279066308 - std[10d71ac2c42b111e]::backtrace_rs::backtrace::trace_unsynchronized::<std[10d71ac2c42b111e]::sys::backtrace::_print_fmt::{closure#1}>
[INFO] [stdout]                                at /rustc/b2282dd5646a57d570fc86fbe8df0e8826665ef6/library/std/src/../../backtrace/src/backtrace/mod.rs:66:14
[INFO] [stdout]    2:     0x602279066308 - std[10d71ac2c42b111e]::sys::backtrace::_print_fmt
[INFO] [stdout]                                at /rustc/b2282dd5646a57d570fc86fbe8df0e8826665ef6/library/std/src/sys/backtrace.rs:74:9
[INFO] [stdout]    3:     0x602279066308 - <<std[10d71ac2c42b111e]::sys::backtrace::BacktraceLock>::print::DisplayBacktrace as core[8fb95b77d25ab6c8]::fmt::Display>::fmt
[INFO] [stdout]                                at /rustc/b2282dd5646a57d570fc86fbe8df0e8826665ef6/library/std/src/sys/backtrace.rs:44:26
[INFO] [stdout]    4:     0x60227907dc1a - <core[8fb95b77d25ab6c8]::fmt::rt::Argument>::fmt
[INFO] [stdout]                                at /rustc/b2282dd5646a57d570fc86fbe8df0e8826665ef6/library/core/src/fmt/rt.rs:152:76
[INFO] [stdout]    5:     0x60227907dc1a - core[8fb95b77d25ab6c8]::fmt::write
[INFO] [stdout]    6:     0x60227906b712 - std[10d71ac2c42b111e]::io::default_write_fmt::<alloc[a7ee25936407c584]::vec::Vec<u8>>
[INFO] [stdout]                                at /rustc/b2282dd5646a57d570fc86fbe8df0e8826665ef6/library/std/src/io/mod.rs:622:11
[INFO] [stdout]    7:     0x60227906b712 - <alloc[a7ee25936407c584]::vec::Vec<u8> as std[10d71ac2c42b111e]::io::Write>::write_fmt
[INFO] [stdout]                                at /rustc/b2282dd5646a57d570fc86fbe8df0e8826665ef6/library/std/src/io/mod.rs:1977:13
[INFO] [stdout]    8:     0x6022790430f6 - <std[10d71ac2c42b111e]::sys::backtrace::BacktraceLock>::print
[INFO] [stdout]                                at /rustc/b2282dd5646a57d570fc86fbe8df0e8826665ef6/library/std/src/sys/backtrace.rs:47:9
[INFO] [stdout]    9:     0x6022790430f6 - std[10d71ac2c42b111e]::panicking::default_hook::{closure#0}
[INFO] [stdout]                                at /rustc/b2282dd5646a57d570fc86fbe8df0e8826665ef6/library/std/src/panicking.rs:292:27
[INFO] [stdout]   10:     0x60227905df19 - std[10d71ac2c42b111e]::panicking::default_hook
[INFO] [stdout]                                at /rustc/b2282dd5646a57d570fc86fbe8df0e8826665ef6/library/std/src/panicking.rs:316:9
[INFO] [stdout]   11:     0x602278f6203c - <alloc[a7ee25936407c584]::boxed::Box<dyn for<'a, 'b> core[8fb95b77d25ab6c8]::ops::function::Fn<(&'a std[10d71ac2c42b111e]::panic::PanicHookInfo<'b>,), Output = ()> + core[8fb95b77d25ab6c8]::marker::Sync + core[8fb95b77d25ab6c8]::marker::Send> as core[8fb95b77d25ab6c8]::ops::function::Fn<(&std[10d71ac2c42b111e]::panic::PanicHookInfo,)>>::call
[INFO] [stdout]                                at /rustc/b2282dd5646a57d570fc86fbe8df0e8826665ef6/library/alloc/src/boxed.rs:2289:9
[INFO] [stdout]   12:     0x602278f6203c - test[213991da798b1c03]::test_main_inner::<test[213991da798b1c03]::test_main_static::{closure#0}>::{closure#0}
[INFO] [stdout]                                at /rustc/b2282dd5646a57d570fc86fbe8df0e8826665ef6/library/test/src/lib.rs:155:21
[INFO] [stdout]   13:     0x60227905e192 - <alloc[a7ee25936407c584]::boxed::Box<dyn for<'a, 'b> core[8fb95b77d25ab6c8]::ops::function::Fn<(&'a std[10d71ac2c42b111e]::panic::PanicHookInfo<'b>,), Output = ()> + core[8fb95b77d25ab6c8]::marker::Sync + core[8fb95b77d25ab6c8]::marker::Send> as core[8fb95b77d25ab6c8]::ops::function::Fn<(&std[10d71ac2c42b111e]::panic::PanicHookInfo,)>>::call
[INFO] [stdout]                                at /rustc/b2282dd5646a57d570fc86fbe8df0e8826665ef6/library/alloc/src/boxed.rs:2289:9
[INFO] [stdout]   14:     0x60227905e192 - std[10d71ac2c42b111e]::panicking::panic_with_hook
[INFO] [stdout]                                at /rustc/b2282dd5646a57d570fc86fbe8df0e8826665ef6/library/std/src/panicking.rs:833:13
[INFO] [stdout]   15:     0x6022790431b2 - std[10d71ac2c42b111e]::panicking::panic_handler::{closure#0}
[INFO] [stdout]                                at /rustc/b2282dd5646a57d570fc86fbe8df0e8826665ef6/library/std/src/panicking.rs:698:13
[INFO] [stdout]   16:     0x602279037b49 - std[10d71ac2c42b111e]::sys::backtrace::__rust_end_short_backtrace::<std[10d71ac2c42b111e]::panicking::panic_handler::{closure#0}, !>
[INFO] [stdout]                                at /rustc/b2282dd5646a57d570fc86fbe8df0e8826665ef6/library/std/src/sys/backtrace.rs:182:18
[INFO] [stdout]   17:     0x60227904417d - __rustc[3be9ba60078d4c86]::rust_begin_unwind
[INFO] [stdout]                                at /rustc/b2282dd5646a57d570fc86fbe8df0e8826665ef6/library/std/src/panicking.rs:689:5
[INFO] [stdout]   18:     0x60227907e40c - core[8fb95b77d25ab6c8]::panicking::panic_fmt
[INFO] [stdout]                                at /rustc/b2282dd5646a57d570fc86fbe8df0e8826665ef6/library/core/src/panicking.rs:80:14
[INFO] [stdout]   19:     0x6022784d8665 - tests[58ff1c1c82009eb4]::tests::get_client::{closure#0}::{closure#0}::{closure#0}::{closure#0}
[INFO] [stdout]                                at /opt/rustwide/workdir/libs/exchange/plugins/backtester/tests/tests.rs:34:43
[INFO] [stdout]   20:     0x60227855c6e1 - <core[8fb95b77d25ab6c8]::result::Result<(), anyhow[91ee2a2cd573cbb5]::Error>>::unwrap_or_else::<tests[58ff1c1c82009eb4]::tests::get_client::{closure#0}::{closure#0}::{closure#0}::{closure#0}>
[INFO] [stdout]                                at /rustc/b2282dd5646a57d570fc86fbe8df0e8826665ef6/library/core/src/result.rs:1622:23
[INFO] [stdout]   21:     0x6022784d8d09 - tests[58ff1c1c82009eb4]::tests::get_client::{closure#0}::{closure#0}::{closure#0}
[INFO] [stdout]                                at /opt/rustwide/workdir/libs/exchange/plugins/backtester/tests/tests.rs:34:22
[INFO] [stdout]   22:     0x6022785499fa - <tokio[763dc0fe3ab1fa1]::sync::once_cell::OnceCell<backtester[bee951f00ebf76dc]::Client>>::get_or_init::<tests[58ff1c1c82009eb4]::tests::get_client::{closure#0}::{closure#0}, tests[58ff1c1c82009eb4]::tests::get_client::{closure#0}::{closure#0}::{closure#0}>::{closure#0}
[INFO] [stdout]                                at /opt/rustwide/cargo-home/registry/src/index.crates.io-1949cf8c6b5b557f/tokio-1.47.1/src/sync/once_cell.rs:368:37
[INFO] [stdout]   23:     0x6022784db4f4 - tests[58ff1c1c82009eb4]::tests::get_client::{closure#0}
[INFO] [stdout]                                at /opt/rustwide/workdir/libs/exchange/plugins/backtester/tests/tests.rs:46:14
[INFO] [stdout]   24:     0x6022784de103 - tests[58ff1c1c82009eb4]::tests::test_account_subscribe::{closure#0}
[INFO] [stdout]                                at /opt/rustwide/workdir/libs/exchange/plugins/backtester/tests/tests.rs:52:35
[INFO] [stdout]   25:     0x60227854ddd2 - <core[8fb95b77d25ab6c8]::pin::Pin<&mut dyn core[8fb95b77d25ab6c8]::future::future::Future<Output = ()>> as core[8fb95b77d25ab6c8]::future::future::Future>::poll
[INFO] [stdout]                                at /rustc/b2282dd5646a57d570fc86fbe8df0e8826665ef6/library/core/src/future/future.rs:133:9
[INFO] [stdout]   26:     0x60227854de4d - <core[8fb95b77d25ab6c8]::pin::Pin<&mut core[8fb95b77d25ab6c8]::pin::Pin<&mut dyn core[8fb95b77d25ab6c8]::future::future::Future<Output = ()>>> as core[8fb95b77d25ab6c8]::future::future::Future>::poll
[INFO] [stdout]                                at /rustc/b2282dd5646a57d570fc86fbe8df0e8826665ef6/library/core/src/future/future.rs:133:9
[INFO] [stdout]   27:     0x6022784f086d - <tokio[763dc0fe3ab1fa1]::runtime::scheduler::current_thread::CoreGuard>::block_on::<core[8fb95b77d25ab6c8]::pin::Pin<&mut core[8fb95b77d25ab6c8]::pin::Pin<&mut dyn core[8fb95b77d25ab6c8]::future::future::Future<Output = ()>>>>::{closure#0}::{closure#0}::{closure#0}
[INFO] [stdout]                                at /opt/rustwide/cargo-home/registry/src/index.crates.io-1949cf8c6b5b557f/tokio-1.47.1/src/runtime/scheduler/current_thread/mod.rs:742:70
[INFO] [stdout]   28:     0x6022784f076b - tokio[763dc0fe3ab1fa1]::task::coop::with_budget::<core[8fb95b77d25ab6c8]::task::poll::Poll<()>, <tokio[763dc0fe3ab1fa1]::runtime::scheduler::current_thread::CoreGuard>::block_on<core[8fb95b77d25ab6c8]::pin::Pin<&mut core[8fb95b77d25ab6c8]::pin::Pin<&mut dyn core[8fb95b77d25ab6c8]::future::future::Future<Output = ()>>>>::{closure#0}::{closure#0}::{closure#0}>
[INFO] [stdout]                                at /opt/rustwide/cargo-home/registry/src/index.crates.io-1949cf8c6b5b557f/tokio-1.47.1/src/task/coop/mod.rs:167:5
[INFO] [stdout]   29:     0x6022784f076b - tokio[763dc0fe3ab1fa1]::task::coop::budget::<core[8fb95b77d25ab6c8]::task::poll::Poll<()>, <tokio[763dc0fe3ab1fa1]::runtime::scheduler::current_thread::CoreGuard>::block_on<core[8fb95b77d25ab6c8]::pin::Pin<&mut core[8fb95b77d25ab6c8]::pin::Pin<&mut dyn core[8fb95b77d25ab6c8]::future::future::Future<Output = ()>>>>::{closure#0}::{closure#0}::{closure#0}>
[INFO] [stdout]                                at /opt/rustwide/cargo-home/registry/src/index.crates.io-1949cf8c6b5b557f/tokio-1.47.1/src/task/coop/mod.rs:133:5
[INFO] [stdout]   30:     0x6022784f076b - <tokio[763dc0fe3ab1fa1]::runtime::scheduler::current_thread::CoreGuard>::block_on::<core[8fb95b77d25ab6c8]::pin::Pin<&mut core[8fb95b77d25ab6c8]::pin::Pin<&mut dyn core[8fb95b77d25ab6c8]::future::future::Future<Output = ()>>>>::{closure#0}::{closure#0}
[INFO] [stdout]                                at /opt/rustwide/cargo-home/registry/src/index.crates.io-1949cf8c6b5b557f/tokio-1.47.1/src/runtime/scheduler/current_thread/mod.rs:742:25
[INFO] [stdout]   31:     0x6022784e81e0 - <tokio[763dc0fe3ab1fa1]::runtime::scheduler::current_thread::Context>::enter::<core[8fb95b77d25ab6c8]::task::poll::Poll<()>, <tokio[763dc0fe3ab1fa1]::runtime::scheduler::current_thread::CoreGuard>::block_on<core[8fb95b77d25ab6c8]::pin::Pin<&mut core[8fb95b77d25ab6c8]::pin::Pin<&mut dyn core[8fb95b77d25ab6c8]::future::future::Future<Output = ()>>>>::{closure#0}::{closure#0}>
[INFO] [stdout]                                at /opt/rustwide/cargo-home/registry/src/index.crates.io-1949cf8c6b5b557f/tokio-1.47.1/src/runtime/scheduler/current_thread/mod.rs:432:19
[INFO] [stdout]   32:     0x6022784ef8ed - <tokio[763dc0fe3ab1fa1]::runtime::scheduler::current_thread::CoreGuard>::block_on::<core[8fb95b77d25ab6c8]::pin::Pin<&mut core[8fb95b77d25ab6c8]::pin::Pin<&mut dyn core[8fb95b77d25ab6c8]::future::future::Future<Output = ()>>>>::{closure#0}
[INFO] [stdout]                                at /opt/rustwide/cargo-home/registry/src/index.crates.io-1949cf8c6b5b557f/tokio-1.47.1/src/runtime/scheduler/current_thread/mod.rs:741:44
[INFO] [stdout]   33:     0x6022784eebe4 - <tokio[763dc0fe3ab1fa1]::runtime::scheduler::current_thread::CoreGuard>::enter::<<tokio[763dc0fe3ab1fa1]::runtime::scheduler::current_thread::CoreGuard>::block_on<core[8fb95b77d25ab6c8]::pin::Pin<&mut core[8fb95b77d25ab6c8]::pin::Pin<&mut dyn core[8fb95b77d25ab6c8]::future::future::Future<Output = ()>>>>::{closure#0}, core[8fb95b77d25ab6c8]::option::Option<()>>::{closure#0}
[INFO] [stdout]                                at /opt/rustwide/cargo-home/registry/src/index.crates.io-1949cf8c6b5b557f/tokio-1.47.1/src/runtime/scheduler/current_thread/mod.rs:829:68
[INFO] [stdout]   34:     0x6022784b7d2b - <tokio[763dc0fe3ab1fa1]::runtime::context::scoped::Scoped<tokio[763dc0fe3ab1fa1]::runtime::scheduler::Context>>::set::<<tokio[763dc0fe3ab1fa1]::runtime::scheduler::current_thread::CoreGuard>::enter<<tokio[763dc0fe3ab1fa1]::runtime::scheduler::current_thread::CoreGuard>::block_on<core[8fb95b77d25ab6c8]::pin::Pin<&mut core[8fb95b77d25ab6c8]::pin::Pin<&mut dyn core[8fb95b77d25ab6c8]::future::future::Future<Output = ()>>>>::{closure#0}, core[8fb95b77d25ab6c8]::option::Option<()>>::{closure#0}, (alloc[a7ee25936407c584]::boxed::Box<tokio[763dc0fe3ab1fa1]::runtime::scheduler::current_thread::Core>, core[8fb95b77d25ab6c8]::option::Option<()>)>
[INFO] [stdout]                                at /opt/rustwide/cargo-home/registry/src/index.crates.io-1949cf8c6b5b557f/tokio-1.47.1/src/runtime/context/scoped.rs:40:9
[INFO] [stdout]   35:     0x60227852b529 - tokio[763dc0fe3ab1fa1]::runtime::context::set_scheduler::<(alloc[a7ee25936407c584]::boxed::Box<tokio[763dc0fe3ab1fa1]::runtime::scheduler::current_thread::Core>, core[8fb95b77d25ab6c8]::option::Option<()>), <tokio[763dc0fe3ab1fa1]::runtime::scheduler::current_thread::CoreGuard>::enter<<tokio[763dc0fe3ab1fa1]::runtime::scheduler::current_thread::CoreGuard>::block_on<core[8fb95b77d25ab6c8]::pin::Pin<&mut core[8fb95b77d25ab6c8]::pin::Pin<&mut dyn core[8fb95b77d25ab6c8]::future::future::Future<Output = ()>>>>::{closure#0}, core[8fb95b77d25ab6c8]::option::Option<()>>::{closure#0}>::{closure#0}
[INFO] [stdout]                                at /opt/rustwide/cargo-home/registry/src/index.crates.io-1949cf8c6b5b557f/tokio-1.47.1/src/runtime/context.rs:176:38
[INFO] [stdout]   36:     0x60227850c012 - <std[10d71ac2c42b111e]::thread::local::LocalKey<tokio[763dc0fe3ab1fa1]::runtime::context::Context>>::try_with::<tokio[763dc0fe3ab1fa1]::runtime::context::set_scheduler<(alloc[a7ee25936407c584]::boxed::Box<tokio[763dc0fe3ab1fa1]::runtime::scheduler::current_thread::Core>, core[8fb95b77d25ab6c8]::option::Option<()>), <tokio[763dc0fe3ab1fa1]::runtime::scheduler::current_thread::CoreGuard>::enter<<tokio[763dc0fe3ab1fa1]::runtime::scheduler::current_thread::CoreGuard>::block_on<core[8fb95b77d25ab6c8]::pin::Pin<&mut core[8fb95b77d25ab6c8]::pin::Pin<&mut dyn core[8fb95b77d25ab6c8]::future::future::Future<Output = ()>>>>::{closure#0}, core[8fb95b77d25ab6c8]::option::Option<()>>::{closure#0}>::{closure#0}, (alloc[a7ee25936407c584]::boxed::Box<tokio[763dc0fe3ab1fa1]::runtime::scheduler::current_thread::Core>, core[8fb95b77d25ab6c8]::option::Option<()>)>
[INFO] [stdout]                                at /rustc/b2282dd5646a57d570fc86fbe8df0e8826665ef6/library/std/src/thread/local.rs:462:12
[INFO] [stdout]   37:     0x60227850bb9e - <std[10d71ac2c42b111e]::thread::local::LocalKey<tokio[763dc0fe3ab1fa1]::runtime::context::Context>>::with::<tokio[763dc0fe3ab1fa1]::runtime::context::set_scheduler<(alloc[a7ee25936407c584]::boxed::Box<tokio[763dc0fe3ab1fa1]::runtime::scheduler::current_thread::Core>, core[8fb95b77d25ab6c8]::option::Option<()>), <tokio[763dc0fe3ab1fa1]::runtime::scheduler::current_thread::CoreGuard>::enter<<tokio[763dc0fe3ab1fa1]::runtime::scheduler::current_thread::CoreGuard>::block_on<core[8fb95b77d25ab6c8]::pin::Pin<&mut core[8fb95b77d25ab6c8]::pin::Pin<&mut dyn core[8fb95b77d25ab6c8]::future::future::Future<Output = ()>>>>::{closure#0}, core[8fb95b77d25ab6c8]::option::Option<()>>::{closure#0}>::{closure#0}, (alloc[a7ee25936407c584]::boxed::Box<tokio[763dc0fe3ab1fa1]::runtime::scheduler::current_thread::Core>, core[8fb95b77d25ab6c8]::option::Option<()>)>
[INFO] [stdout]                                at /rustc/b2282dd5646a57d570fc86fbe8df0e8826665ef6/library/std/src/thread/local.rs:426:20
[INFO] [stdout]   38:     0x602278523e9d - tokio[763dc0fe3ab1fa1]::runtime::context::set_scheduler::<(alloc[a7ee25936407c584]::boxed::Box<tokio[763dc0fe3ab1fa1]::runtime::scheduler::current_thread::Core>, core[8fb95b77d25ab6c8]::option::Option<()>), <tokio[763dc0fe3ab1fa1]::runtime::scheduler::current_thread::CoreGuard>::enter<<tokio[763dc0fe3ab1fa1]::runtime::scheduler::current_thread::CoreGuard>::block_on<core[8fb95b77d25ab6c8]::pin::Pin<&mut core[8fb95b77d25ab6c8]::pin::Pin<&mut dyn core[8fb95b77d25ab6c8]::future::future::Future<Output = ()>>>>::{closure#0}, core[8fb95b77d25ab6c8]::option::Option<()>>::{closure#0}>
[INFO] [stdout]                                at /opt/rustwide/cargo-home/registry/src/index.crates.io-1949cf8c6b5b557f/tokio-1.47.1/src/runtime/context.rs:176:17
[INFO] [stdout]   39:     0x6022784ead90 - <tokio[763dc0fe3ab1fa1]::runtime::scheduler::current_thread::CoreGuard>::enter::<<tokio[763dc0fe3ab1fa1]::runtime::scheduler::current_thread::CoreGuard>::block_on<core[8fb95b77d25ab6c8]::pin::Pin<&mut core[8fb95b77d25ab6c8]::pin::Pin<&mut dyn core[8fb95b77d25ab6c8]::future::future::Future<Output = ()>>>>::{closure#0}, core[8fb95b77d25ab6c8]::option::Option<()>>
[INFO] [stdout]                                at /opt/rustwide/cargo-home/registry/src/index.crates.io-1949cf8c6b5b557f/tokio-1.47.1/src/runtime/scheduler/current_thread/mod.rs:829:27
[INFO] [stdout]   40:     0x6022784eb086 - <tokio[763dc0fe3ab1fa1]::runtime::scheduler::current_thread::CoreGuard>::block_on::<core[8fb95b77d25ab6c8]::pin::Pin<&mut core[8fb95b77d25ab6c8]::pin::Pin<&mut dyn core[8fb95b77d25ab6c8]::future::future::Future<Output = ()>>>>
[INFO] [stdout]                                at /opt/rustwide/cargo-home/registry/src/index.crates.io-1949cf8c6b5b557f/tokio-1.47.1/src/runtime/scheduler/current_thread/mod.rs:729:24
[INFO] [stdout]   41:     0x6022784ee6f0 - <tokio[763dc0fe3ab1fa1]::runtime::scheduler::current_thread::CurrentThread>::block_on::<core[8fb95b77d25ab6c8]::pin::Pin<&mut dyn core[8fb95b77d25ab6c8]::future::future::Future<Output = ()>>>::{closure#0}
[INFO] [stdout]                                at /opt/rustwide/cargo-home/registry/src/index.crates.io-1949cf8c6b5b557f/tokio-1.47.1/src/runtime/scheduler/current_thread/mod.rs:200:33
[INFO] [stdout]   42:     0x6022784ce983 - tokio[763dc0fe3ab1fa1]::runtime::context::runtime::enter_runtime::<<tokio[763dc0fe3ab1fa1]::runtime::scheduler::current_thread::CurrentThread>::block_on<core[8fb95b77d25ab6c8]::pin::Pin<&mut dyn core[8fb95b77d25ab6c8]::future::future::Future<Output = ()>>>::{closure#0}, ()>
[INFO] [stdout]                                at /opt/rustwide/cargo-home/registry/src/index.crates.io-1949cf8c6b5b557f/tokio-1.47.1/src/runtime/context/runtime.rs:65:16
[INFO] [stdout]   43:     0x6022784e7d11 - <tokio[763dc0fe3ab1fa1]::runtime::scheduler::current_thread::CurrentThread>::block_on::<core[8fb95b77d25ab6c8]::pin::Pin<&mut dyn core[8fb95b77d25ab6c8]::future::future::Future<Output = ()>>>
[INFO] [stdout]                                at /opt/rustwide/cargo-home/registry/src/index.crates.io-1949cf8c6b5b557f/tokio-1.47.1/src/runtime/scheduler/current_thread/mod.rs:188:9
[INFO] [stdout]   44:     0x602278522d54 - <tokio[763dc0fe3ab1fa1]::runtime::runtime::Runtime>::block_on_inner::<core[8fb95b77d25ab6c8]::pin::Pin<&mut dyn core[8fb95b77d25ab6c8]::future::future::Future<Output = ()>>>
[INFO] [stdout]                                at /opt/rustwide/cargo-home/registry/src/index.crates.io-1949cf8c6b5b557f/tokio-1.47.1/src/runtime/runtime.rs:356:52
[INFO] [stdout]   45:     0x602278522f1f - <tokio[763dc0fe3ab1fa1]::runtime::runtime::Runtime>::block_on::<core[8fb95b77d25ab6c8]::pin::Pin<&mut dyn core[8fb95b77d25ab6c8]::future::future::Future<Output = ()>>>
[INFO] [stdout]                                at /opt/rustwide/cargo-home/registry/src/index.crates.io-1949cf8c6b5b557f/tokio-1.47.1/src/runtime/runtime.rs:330:18
[INFO] [stdout]   46:     0x6022784e57b2 - tests[58ff1c1c82009eb4]::tests::test_account_subscribe
[INFO] [stdout]                                at /opt/rustwide/workdir/libs/exchange/plugins/backtester/tests/tests.rs:115:47
[INFO] [stdout]   47:     0x6022784db6f7 - tests[58ff1c1c82009eb4]::tests::test_account_subscribe::{closure#0}
[INFO] [stdout]                                at /opt/rustwide/workdir/libs/exchange/plugins/backtester/tests/tests.rs:51:38
[INFO] [stdout]   48:     0x602278543ef6 - <tests[58ff1c1c82009eb4]::tests::test_account_subscribe::{closure#0} as core[8fb95b77d25ab6c8]::ops::function::FnOnce<()>>::call_once
[INFO] [stdout]                                at /rustc/b2282dd5646a57d570fc86fbe8df0e8826665ef6/library/core/src/ops/function.rs:250:5
[INFO] [stdout]   49:     0x602278f5511b - <fn() -> core[8fb95b77d25ab6c8]::result::Result<(), alloc[a7ee25936407c584]::string::String> as core[8fb95b77d25ab6c8]::ops::function::FnOnce<()>>::call_once
[INFO] [stdout]                                at /rustc/b2282dd5646a57d570fc86fbe8df0e8826665ef6/library/core/src/ops/function.rs:250:5
[INFO] [stdout]   50:     0x602278f5511b - test[213991da798b1c03]::__rust_begin_short_backtrace::<core[8fb95b77d25ab6c8]::result::Result<(), alloc[a7ee25936407c584]::string::String>, fn() -> core[8fb95b77d25ab6c8]::result::Result<(), alloc[a7ee25936407c584]::string::String>>
[INFO] [stdout]                                at /rustc/b2282dd5646a57d570fc86fbe8df0e8826665ef6/library/test/src/lib.rs:724:18
[INFO] [stdout]   51:     0x602278f62995 - test[213991da798b1c03]::run_test_in_process::{closure#0}
[INFO] [stdout]                                at /rustc/b2282dd5646a57d570fc86fbe8df0e8826665ef6/library/test/src/lib.rs:747:74
[INFO] [stdout]   52:     0x602278f62995 - <core[8fb95b77d25ab6c8]::panic::unwind_safe::AssertUnwindSafe<test[213991da798b1c03]::run_test_in_process::{closure#0}> as core[8fb95b77d25ab6c8]::ops::function::FnOnce<()>>::call_once
[INFO] [stdout]                                at /rustc/b2282dd5646a57d570fc86fbe8df0e8826665ef6/library/core/src/panic/unwind_safe.rs:275:9
[INFO] [stdout]   53:     0x602278f62995 - std[10d71ac2c42b111e]::panicking::catch_unwind::do_call::<core[8fb95b77d25ab6c8]::panic::unwind_safe::AssertUnwindSafe<test[213991da798b1c03]::run_test_in_process::{closure#0}>, core[8fb95b77d25ab6c8]::result::Result<(), alloc[a7ee25936407c584]::string::String>>
[INFO] [stdout]                                at /rustc/b2282dd5646a57d570fc86fbe8df0e8826665ef6/library/std/src/panicking.rs:581:40
[INFO] [stdout]   54:     0x602278f62995 - std[10d71ac2c42b111e]::panicking::catch_unwind::<core[8fb95b77d25ab6c8]::result::Result<(), alloc[a7ee25936407c584]::string::String>, core[8fb95b77d25ab6c8]::panic::unwind_safe::AssertUnwindSafe<test[213991da798b1c03]::run_test_in_process::{closure#0}>>
[INFO] [stdout]                                at /rustc/b2282dd5646a57d570fc86fbe8df0e8826665ef6/library/std/src/panicking.rs:544:19
[INFO] [stdout]   55:     0x602278f62995 - std[10d71ac2c42b111e]::panic::catch_unwind::<core[8fb95b77d25ab6c8]::panic::unwind_safe::AssertUnwindSafe<test[213991da798b1c03]::run_test_in_process::{closure#0}>, core[8fb95b77d25ab6c8]::result::Result<(), alloc[a7ee25936407c584]::string::String>>
[INFO] [stdout]                                at /rustc/b2282dd5646a57d570fc86fbe8df0e8826665ef6/library/std/src/panic.rs:359:14
[INFO] [stdout]   56:     0x602278f62995 - test[213991da798b1c03]::run_test_in_process
[INFO] [stdout]                                at /rustc/b2282dd5646a57d570fc86fbe8df0e8826665ef6/library/test/src/lib.rs:747:27
[INFO] [stdout]   57:     0x602278f62995 - test[213991da798b1c03]::run_test::{closure#0}
[INFO] [stdout]                                at /rustc/b2282dd5646a57d570fc86fbe8df0e8826665ef6/library/test/src/lib.rs:668:43
[INFO] [stdout]   58:     0x602278f5c2a4 - test[213991da798b1c03]::run_test::{closure#1}
[INFO] [stdout]                                at /rustc/b2282dd5646a57d570fc86fbe8df0e8826665ef6/library/test/src/lib.rs:698:41
[INFO] [stdout]   59:     0x602278f5c2a4 - std[10d71ac2c42b111e]::sys::backtrace::__rust_begin_short_backtrace::<test[213991da798b1c03]::run_test::{closure#1}, ()>
[INFO] [stdout]                                at /rustc/b2282dd5646a57d570fc86fbe8df0e8826665ef6/library/std/src/sys/backtrace.rs:166:18
[INFO] [stdout]   60:     0x602278f65a12 - std[10d71ac2c42b111e]::thread::lifecycle::spawn_unchecked::<test[213991da798b1c03]::run_test::{closure#1}, ()>::{closure#1}::{closure#0}
[INFO] [stdout]                                at /rustc/b2282dd5646a57d570fc86fbe8df0e8826665ef6/library/std/src/thread/lifecycle.rs:70:13
[INFO] [stdout]   61:     0x602278f65a12 - <core[8fb95b77d25ab6c8]::panic::unwind_safe::AssertUnwindSafe<std[10d71ac2c42b111e]::thread::lifecycle::spawn_unchecked<test[213991da798b1c03]::run_test::{closure#1}, ()>::{closure#1}::{closure#0}> as core[8fb95b77d25ab6c8]::ops::function::FnOnce<()>>::call_once
[INFO] [stdout]                                at /rustc/b2282dd5646a57d570fc86fbe8df0e8826665ef6/library/core/src/panic/unwind_safe.rs:275:9
[INFO] [stdout]   62:     0x602278f65a12 - std[10d71ac2c42b111e]::panicking::catch_unwind::do_call::<core[8fb95b77d25ab6c8]::panic::unwind_safe::AssertUnwindSafe<std[10d71ac2c42b111e]::thread::lifecycle::spawn_unchecked<test[213991da798b1c03]::run_test::{closure#1}, ()>::{closure#1}::{closure#0}>, ()>
[INFO] [stdout]                                at /rustc/b2282dd5646a57d570fc86fbe8df0e8826665ef6/library/std/src/panicking.rs:581:40
[INFO] [stdout]   63:     0x602278f65a12 - std[10d71ac2c42b111e]::panicking::catch_unwind::<(), core[8fb95b77d25ab6c8]::panic::unwind_safe::AssertUnwindSafe<std[10d71ac2c42b111e]::thread::lifecycle::spawn_unchecked<test[213991da798b1c03]::run_test::{closure#1}, ()>::{closure#1}::{closure#0}>>
[INFO] [stdout]                                at /rustc/b2282dd5646a57d570fc86fbe8df0e8826665ef6/library/std/src/panicking.rs:544:19
[INFO] [stdout]   64:     0x602278f65a12 - std[10d71ac2c42b111e]::panic::catch_unwind::<core[8fb95b77d25ab6c8]::panic::unwind_safe::AssertUnwindSafe<std[10d71ac2c42b111e]::thread::lifecycle::spawn_unchecked<test[213991da798b1c03]::run_test::{closure#1}, ()>::{closure#1}::{closure#0}>, ()>
[INFO] [stdout]                                at /rustc/b2282dd5646a57d570fc86fbe8df0e8826665ef6/library/std/src/panic.rs:359:14
[INFO] [stdout]   65:     0x602278f65a12 - std[10d71ac2c42b111e]::thread::lifecycle::spawn_unchecked::<test[213991da798b1c03]::run_test::{closure#1}, ()>::{closure#1}
[INFO] [stdout]                                at /rustc/b2282dd5646a57d570fc86fbe8df0e8826665ef6/library/std/src/thread/lifecycle.rs:68:26
[INFO] [stdout]   66:     0x602278f65a12 - <std[10d71ac2c42b111e]::thread::lifecycle::spawn_unchecked<test[213991da798b1c03]::run_test::{closure#1}, ()>::{closure#1} as core[8fb95b77d25ab6c8]::ops::function::FnOnce<()>>::call_once::{shim:vtable#0}
[INFO] [stdout]                                at /rustc/b2282dd5646a57d570fc86fbe8df0e8826665ef6/library/core/src/ops/function.rs:250:5
[INFO] [stdout]   67:     0x60227906555f - <alloc[a7ee25936407c584]::boxed::Box<dyn core[8fb95b77d25ab6c8]::ops::function::FnOnce<(), Output = ()> + core[8fb95b77d25ab6c8]::marker::Send> as core[8fb95b77d25ab6c8]::ops::function::FnOnce<()>>::call_once
[INFO] [stdout]                                at /rustc/b2282dd5646a57d570fc86fbe8df0e8826665ef6/library/alloc/src/boxed.rs:2275:9
[INFO] [stdout]   68:     0x60227906555f - <std[10d71ac2c42b111e]::sys::thread::unix::Thread>::new::thread_start
[INFO] [stdout]                                at /rustc/b2282dd5646a57d570fc86fbe8df0e8826665ef6/library/std/src/sys/thread/unix.rs:118:17
[INFO] [stdout]   69:     0x7a4d60b27aa4 - <unknown>
[INFO] [stdout]   70:     0x7a4d60bb4a64 - clone
[INFO] [stdout]   71:                0x0 - <unknown>
[INFO] [stdout] 
[INFO] [stdout] 
[INFO] [stdout] failures:
[INFO] [stdout]     tests::test_account_subscribe
[INFO] [stdout]     tests::test_ohlcv_happy_path
[INFO] [stdout]     tests::test_ohlcv_sad_path
[INFO] [stdout]     tests::test_ohlcv_subscribe
[INFO] [stdout]     tests::test_orders_happy_path
[INFO] [stdout]     tests::test_orders_sad_path
[INFO] [stdout]     tests::test_trade
[INFO] [stdout]     tests::test_wallet
[INFO] [stdout] 
[INFO] [stdout] test result: FAILED. 0 passed; 8 failed; 0 ignored; 0 measured; 0 filtered out; finished in 0.52s
[INFO] [stdout] 
[INFO] [stderr] error: test failed, to rerun pass `-p backtester --test tests`
[INFO] running `Command { std: "docker" "inspect" "d09fc3be170f62cd7fc3a3852065ea6ea37d75c75221fc05da2098434a34d596", kill_on_drop: false }`
[INFO] running `Command { std: "docker" "rm" "-f" "d09fc3be170f62cd7fc3a3852065ea6ea37d75c75221fc05da2098434a34d596", kill_on_drop: false }`
[INFO] [stdout] d09fc3be170f62cd7fc3a3852065ea6ea37d75c75221fc05da2098434a34d596
