[INFO] cloning repository https://github.com/bonedaddy/bonerjams
[INFO] running `Command { std: "git" "-c" "credential.helper=" "-c" "credential.helper=/workspace/cargo-home/bin/git-credential-null" "clone" "--bare" "https://github.com/bonedaddy/bonerjams" "/workspace/cache/git-repos/https%3A%2F%2Fgithub.com%2Fbonedaddy%2Fbonerjams", kill_on_drop: false }`
[INFO] [stderr] Cloning into bare repository '/workspace/cache/git-repos/https%3A%2F%2Fgithub.com%2Fbonedaddy%2Fbonerjams'...
[INFO] running `Command { std: "git" "rev-parse" "HEAD", kill_on_drop: false }`
[INFO] [stdout] 086fe45b7d235000e6e00e138a5cec349ecfacac
[INFO] testing bonedaddy/bonerjams against 1.98.0-beta.1 for beta-1.98-2
[INFO] running `Command { std: "git" "clone" "/workspace/cache/git-repos/https%3A%2F%2Fgithub.com%2Fbonedaddy%2Fbonerjams" "/workspace/builds/worker-7-tc2/source", kill_on_drop: false }`
[INFO] [stderr] Cloning into '/workspace/builds/worker-7-tc2/source'...
[INFO] [stderr] done.
[INFO] started tweaking git repo https://github.com/bonedaddy/bonerjams
[INFO] finished tweaking git repo https://github.com/bonedaddy/bonerjams
[INFO] tweaked toml for git repo https://github.com/bonedaddy/bonerjams written to /workspace/builds/worker-7-tc2/source/Cargo.toml
[INFO] validating manifest of git repo https://github.com/bonedaddy/bonerjams on toolchain 1.98.0-beta.1
[INFO] running `Command { std: CARGO_HOME="/workspace/cargo-home" RUSTUP_HOME="/workspace/rustup-home" "/workspace/cargo-home/bin/cargo" "+1.98.0-beta.1" "metadata" "--manifest-path" "Cargo.toml" "--no-deps", kill_on_drop: false }`
[INFO] crate git repo https://github.com/bonedaddy/bonerjams already has a lockfile, it will not be regenerated
[INFO] running `Command { std: CARGO_HOME="/workspace/cargo-home" RUSTUP_HOME="/workspace/rustup-home" "/workspace/cargo-home/bin/cargo" "+1.98.0-beta.1" "fetch" "--manifest-path" "Cargo.toml", kill_on_drop: false }`
[INFO] [stderr] warning: virtual workspace defaulting to `resolver = "1"` despite one or more workspace members being on edition 2021 which implies `resolver = "2"`
[INFO] [stderr]   |
[INFO] [stderr]   = note: to keep the current resolver, specify `workspace.resolver = "1"` in the workspace root's manifest
[INFO] [stderr]   = note: to use the edition 2021 resolver, specify `workspace.resolver = "2"` in the workspace root's manifest
[INFO] [stderr]   = note: for more details see https://doc.rust-lang.org/cargo/reference/resolver.html#resolver-versions
[INFO] running `Command { std: "docker" "create" "-v" "/var/lib/crater-agent-workspace/builds/worker-7-tc2/source:/opt/rustwide/workdir:ro,Z" "-v" "/var/lib/crater-agent-workspace/builds/worker-7-tc2/target:/opt/rustwide/target:rw,Z" "-v" "/var/lib/crater-agent-workspace/cargo-home:/opt/rustwide/cargo-home:ro,Z" "-v" "/var/lib/crater-agent-workspace/rustup-home:/opt/rustwide/rustup-home:ro,Z" "-m" "1610612736" "--network" "none" "ghcr.io/rust-lang/crates-build-env/linux@sha256:3d5ced03c013a94a2f102a4510f48a6e9184255caf5fd8244f58017bde7f5210" "sleep" "infinity", kill_on_drop: false }`
[INFO] [stdout] d65a4942a38df22e58944f2eb50d440b89f6e3843af3b5f5b0d88a14c7661f1b
[INFO] running `Command { std: "docker" "start" "d65a4942a38df22e58944f2eb50d440b89f6e3843af3b5f5b0d88a14c7661f1b", kill_on_drop: false }`
[INFO] running `Command { std: "docker" "inspect" "d65a4942a38df22e58944f2eb50d440b89f6e3843af3b5f5b0d88a14c7661f1b", kill_on_drop: false }`
[INFO] running `Command { std: "docker" "exec" "-e" "SOURCE_DIR=/opt/rustwide/workdir" "-e" "CARGO_HOME=/opt/rustwide/cargo-home" "-e" "RUSTUP_HOME=/opt/rustwide/rustup-home" "-e" "CARGO_TARGET_DIR=/opt/rustwide/target" "-w" "/opt/rustwide/workdir" "--user" "0:0" "d65a4942a38df22e58944f2eb50d440b89f6e3843af3b5f5b0d88a14c7661f1b" "/opt/rustwide/cargo-home/bin/cargo" "+1.98.0-beta.1" "metadata" "--no-deps" "--format-version=1", kill_on_drop: false }`
[INFO] running `Command { std: "docker" "inspect" "d65a4942a38df22e58944f2eb50d440b89f6e3843af3b5f5b0d88a14c7661f1b", kill_on_drop: false }`
[INFO] running `Command { std: "docker" "exec" "-e" "SOURCE_DIR=/opt/rustwide/workdir" "-e" "CARGO_HOME=/opt/rustwide/cargo-home" "-e" "RUSTUP_HOME=/opt/rustwide/rustup-home" "-e" "CARGO_TARGET_DIR=/opt/rustwide/target" "-e" "CARGO_INCREMENTAL=0" "-e" "RUST_BACKTRACE=full" "-e" "RUSTFLAGS=--cap-lints=warn" "-e" "RUSTDOCFLAGS=--cap-lints=warn" "-w" "/opt/rustwide/workdir" "--user" "0:0" "d65a4942a38df22e58944f2eb50d440b89f6e3843af3b5f5b0d88a14c7661f1b" "/opt/rustwide/cargo-home/bin/cargo" "+1.98.0-beta.1" "build" "--frozen" "--message-format=json", kill_on_drop: false }`
[INFO] [stderr] warning: virtual workspace defaulting to `resolver = "1"` despite one or more workspace members being on edition 2021 which implies `resolver = "2"`
[INFO] [stderr]   |
[INFO] [stderr]   = note: to keep the current resolver, specify `workspace.resolver = "1"` in the workspace root's manifest
[INFO] [stderr]   = note: to use the edition 2021 resolver, specify `workspace.resolver = "2"` in the workspace root's manifest
[INFO] [stderr]   = note: for more details see https://doc.rust-lang.org/cargo/reference/resolver.html#resolver-versions
[INFO] [stderr]    Compiling proc-macro2 v1.0.46
[INFO] [stderr]    Compiling quote v1.0.21
[INFO] [stderr]    Compiling unicode-ident v1.0.4
[INFO] [stderr]    Compiling syn v1.0.101
[INFO] [stderr]    Compiling cfg-if v1.0.0
[INFO] [stderr]    Compiling libc v0.2.134
[INFO] [stderr]    Compiling version_check v0.9.4
[INFO] [stderr]    Compiling autocfg v1.1.0
[INFO] [stderr]    Compiling once_cell v1.15.0
[INFO] [stderr]    Compiling log v0.4.17
[INFO] [stderr]    Compiling typenum v1.16.0
[INFO] [stderr]    Compiling smallvec v1.9.0
[INFO] [stderr]    Compiling lock_api v0.4.9
[INFO] [stderr]    Compiling scopeguard v1.1.0
[INFO] [stderr]    Compiling bytes v1.2.1
[INFO] [stderr]    Compiling generic-array v0.14.6
[INFO] [stderr]    Compiling ahash v0.7.6
[INFO] [stderr]    Compiling memchr v2.5.0
[INFO] [stderr]    Compiling serde_derive v1.0.145
[INFO] [stderr]    Compiling serde v1.0.145
[INFO] [stderr]    Compiling pin-project-lite v0.2.9
[INFO] [stderr]    Compiling futures-core v0.3.25
[INFO] [stderr]    Compiling getrandom v0.2.7
[INFO] [stderr]    Compiling parking_lot_core v0.9.3
[INFO] [stderr]    Compiling subtle v2.4.1
[INFO] [stderr]    Compiling hashbrown v0.12.3
[INFO] [stderr]    Compiling futures-sink v0.3.25
[INFO] [stderr]    Compiling itoa v1.0.3
[INFO] [stderr]    Compiling indexmap v1.9.1
[INFO] [stderr]    Compiling tokio v1.21.2
[INFO] [stderr]    Compiling parking_lot v0.12.1
[INFO] [stderr]    Compiling fnv v1.0.7
[INFO] [stderr]    Compiling signal-hook-registry v1.4.0
[INFO] [stderr]    Compiling num_cpus v1.13.1
[INFO] [stderr]    Compiling socket2 v0.4.7
[INFO] [stderr]    Compiling mio v0.8.4
[INFO] [stderr]    Compiling slab v0.4.7
[INFO] [stderr]    Compiling futures-task v0.3.25
[INFO] [stderr]    Compiling futures-channel v0.3.25
[INFO] [stderr]    Compiling tracing-core v0.1.29
[INFO] [stderr]    Compiling cpufeatures v0.2.5
[INFO] [stderr]    Compiling futures-util v0.3.25
[INFO] [stderr]    Compiling pin-utils v0.1.0
[INFO] [stderr]    Compiling futures-io v0.3.25
[INFO] [stderr]    Compiling unicode-xid v0.2.4
[INFO] [stderr]    Compiling http v0.2.8
[INFO] [stderr]    Compiling anyhow v1.0.65
[INFO] [stderr]    Compiling pkg-config v0.3.25
[INFO] [stderr]    Compiling cc v1.0.73
[INFO] [stderr]    Compiling thiserror v1.0.37
[INFO] [stderr]    Compiling crypto-common v0.1.6
[INFO] [stderr]    Compiling block-buffer v0.10.3
[INFO] [stderr]    Compiling ppv-lite86 v0.2.17
[INFO] [stderr]    Compiling byteorder v1.4.3
[INFO] [stderr]    Compiling digest v0.10.6
[INFO] [stderr]    Compiling bitflags v1.3.2
[INFO] [stderr]    Compiling either v1.8.0
[INFO] [stderr]    Compiling lazy_static v1.4.0
[INFO] [stderr]    Compiling rand_core v0.6.4
[INFO] [stderr]    Compiling crc32fast v1.3.2
[INFO] [stderr]    Compiling tower-service v0.3.2
[INFO] [stderr]    Compiling rustversion v1.0.9
[INFO] [stderr]    Compiling crossbeam-utils v0.8.14
[INFO] [stderr]    Compiling rand_chacha v0.3.1
[INFO] [stderr]    Compiling itertools v0.10.5
[INFO] [stderr]    Compiling sha2 v0.10.6
[INFO] [stderr]    Compiling http-body v0.4.5
[INFO] [stderr]    Compiling unicase v2.6.0
[INFO] [stderr]    Compiling httparse v1.8.0
[INFO] [stderr]    Compiling getrandom v0.1.16
[INFO] [stderr]    Compiling httpdate v1.0.2
[INFO] [stderr]    Compiling rand v0.8.5
[INFO] [stderr]    Compiling inout v0.1.3
[INFO] [stderr]    Compiling num-traits v0.2.15
[INFO] [stderr]    Compiling mime v0.3.16
[INFO] [stderr]    Compiling strsim v0.10.0
[INFO] [stderr]    Compiling try-lock v0.2.3
[INFO] [stderr]    Compiling minimal-lexical v0.2.1
[INFO] [stderr]    Compiling alloc-no-stdlib v2.0.4
[INFO] [stderr]    Compiling percent-encoding v2.2.0
[INFO] [stderr]    Compiling ryu v1.0.11
[INFO] [stderr]    Compiling base64 v0.13.0
[INFO] [stderr]    Compiling same-file v1.0.6
[INFO] [stderr]    Compiling rustc-hash v1.1.0
[INFO] [stderr]    Compiling walkdir v2.3.2
[INFO] [stderr]    Compiling alloc-stdlib v0.2.2
[INFO] [stderr]    Compiling type-map v0.4.0
[INFO] [stderr]    Compiling nom v7.1.1
[INFO] [stderr]    Compiling want v0.3.0
[INFO] [stderr]    Compiling prettyplease v0.1.21
[INFO] [stderr]    Compiling serde_json v1.0.85
[INFO] [stderr]    Compiling async-trait v0.1.59
[INFO] [stderr]    Compiling adler v1.0.2
[INFO] [stderr]    Compiling rand_core v0.5.1
[INFO] [stderr]    Compiling mime_guess v2.0.4
[INFO] [stderr]    Compiling miniz_oxide v0.5.4
[INFO] [stderr]    Compiling rust-embed-utils v7.3.0
[INFO] [stderr]    Compiling brotli-decompressor v2.3.2
[INFO] [stderr]    Compiling form_urlencoded v1.1.0
[INFO] [stderr]    Compiling openssl-sys v0.9.79
[INFO] [stderr]    Compiling proc-macro-error-attr v1.0.4
[INFO] [stderr]    Compiling fastrand v1.8.0
[INFO] [stderr]    Compiling regex-syntax v0.6.27
[INFO] [stderr]    Compiling bytecheck v0.6.9
[INFO] [stderr]    Compiling fixedbitset v0.4.2
[INFO] [stderr]    Compiling self_cell v0.10.2
[INFO] [stderr]    Compiling remove_dir_all v0.5.3
[INFO] [stderr]    Compiling ident_case v1.0.1
[INFO] [stderr]    Compiling tower-layer v0.3.2
[INFO] [stderr]    Compiling petgraph v0.6.2
[INFO] [stderr]    Compiling synstructure v0.12.6
[INFO] [stderr]    Compiling hdrhistogram v7.5.2
[INFO] [stderr]    Compiling darling_core v0.14.2
[INFO] [stderr]    Compiling brotli v3.3.4
[INFO] [stderr]    Compiling flate2 v1.0.24
[INFO] [stderr]    Compiling tempfile v3.3.0
[INFO] [stderr]    Compiling regex v1.6.0
[INFO] [stderr]    Compiling axum-core v0.3.0
[INFO] [stderr]    Compiling which v4.3.0
[INFO] [stderr]    Compiling hmac v0.12.1
[INFO] [stderr]    Compiling universal-hash v0.5.0
[INFO] [stderr]    Compiling proc-macro-error v1.0.4
[INFO] [stderr]    Compiling heck v0.4.0
[INFO] [stderr]    Compiling rend v0.3.6
[INFO] [stderr]    Compiling crossbeam-queue v0.3.8
[INFO] [stderr]    Compiling multimap v0.8.3
[INFO] [stderr]    Compiling opaque-debug v0.3.0
[INFO] [stderr]    Compiling poly1305 v0.8.0
[INFO] [stderr]    Compiling iri-string v0.4.1
[INFO] [stderr]    Compiling axum v0.6.1
[INFO] [stderr]    Compiling headers-core v0.2.0
[INFO] [stderr]    Compiling tokio-macros v1.8.0
[INFO] [stderr]    Compiling futures-macro v0.3.25
[INFO] [stderr]    Compiling tracing-attributes v0.1.23
[INFO] [stderr]    Compiling displaydoc v0.2.3
[INFO] [stderr]    Compiling zeroize_derive v1.3.3
[INFO] [stderr]    Compiling zeroize v1.5.7
[INFO] [stderr]    Compiling tinystr v0.7.0
[INFO] [stderr]    Compiling thiserror-impl v1.0.37
[INFO] [stderr]    Compiling pin-project-internal v1.0.12
[INFO] [stderr]    Compiling tracing v0.1.36
[INFO] [stderr]    Compiling prost-derive v0.11.2
[INFO] [stderr]    Compiling pin-project v1.0.12
[INFO] [stderr]    Compiling cipher v0.4.3
[INFO] [stderr]    Compiling fluent-syntax v0.11.0
[INFO] [stderr]    Compiling ptr_meta_derive v0.1.4
[INFO] [stderr]    Compiling rust-embed-impl v6.3.1
[INFO] [stderr]    Compiling ptr_meta v0.1.4
[INFO] [stderr]    Compiling bytecheck_derive v0.6.9
[INFO] [stderr]    Compiling prost v0.11.3
[INFO] [stderr]    Compiling chacha20 v0.9.0
[INFO] [stderr]    Compiling rust-embed v6.4.2
[INFO] [stderr]    Compiling darling_macro v0.14.2
[INFO] [stderr]    Compiling sha1 v0.10.5
[INFO] [stderr]    Compiling aead v0.5.1
[INFO] [stderr]    Compiling digest v0.9.0
[INFO] [stderr]    Compiling uuid v1.2.2
[INFO] [stderr]    Compiling http-range-header v0.3.0
[INFO] [stderr]    Compiling prost-types v0.11.2
[INFO] [stderr]    Compiling rkyv v0.7.39
[INFO] [stderr]    Compiling curve25519-dalek v3.2.0
[INFO] [stderr]    Compiling chacha20poly1305 v0.10.1
[INFO] [stderr]    Compiling headers v0.3.8
[INFO] [stderr]    Compiling darling v0.14.2
[INFO] [stderr]    Compiling salsa20 v0.10.2
[INFO] [stderr]    Compiling secrecy v0.8.0
[INFO] [stderr]    Compiling rkyv_derive v0.7.39
[INFO] [stderr]    Compiling futures-executor v0.3.25
[INFO] [stderr]    Compiling prost-build v0.11.4
[INFO] [stderr]    Compiling futures v0.3.25
[INFO] [stderr]    Compiling async-stream-impl v0.3.3
[INFO] [stderr]    Compiling tokio-util v0.7.4
[INFO] [stderr]    Compiling async-compression v0.3.15
[INFO] [stderr]    Compiling tonic-build v0.8.4
[INFO] [stderr]    Compiling h2 v0.3.14
[INFO] [stderr]    Compiling tower v0.4.13
[INFO] [stderr]    Compiling tokio-stream v0.1.10
[INFO] [stderr]    Compiling tokio-io-timeout v1.2.0
[INFO] [stderr]    Compiling hkdf v0.12.3
[INFO] [stderr]    Compiling rand_chacha v0.2.2
[INFO] [stderr]    Compiling pbkdf2 v0.11.0
[INFO] [stderr]    Compiling dashmap v5.4.0
[INFO] [stderr]    Compiling nanorand v0.7.0
[INFO] [stderr]    Compiling spin v0.9.4
[INFO] [stderr]    Compiling unic-langid-impl v0.9.1
[INFO] [stderr]    Compiling toml v0.5.10
[INFO] [stderr]    Compiling unic-langid v0.9.1
[INFO] [stderr]    Compiling intl-memoizer v0.5.1
[INFO] [stderr]    Compiling intl_pluralrules v7.0.2
[INFO] [stderr]    Compiling fluent-langneg v0.13.0
[INFO] [stderr]    Compiling serde_urlencoded v0.7.1
[INFO] [stderr]    Compiling tower-http v0.3.4
[INFO] [stderr]    Compiling serde_path_to_error v0.1.8
[INFO] [stderr]    Compiling memoffset v0.6.5
[INFO] [stderr]    Compiling fluent-bundle v0.15.2
[INFO] [stderr]    Compiling vcpkg v0.2.15
[INFO] [stderr]    Compiling io_tee v0.1.1
[INFO] [stderr]    Compiling foreign-types-shared v0.1.1
[INFO] [stderr]    Compiling seahash v4.1.0
[INFO] [stderr]    Compiling find-crate v0.6.3
[INFO] [stderr]    Compiling i18n-config v0.4.2
[INFO] [stderr]    Compiling fluent v0.16.0
[INFO] [stderr]    Compiling sync_wrapper v0.1.1
[INFO] [stderr]    Compiling parking_lot_core v0.8.5
[INFO] [stderr]    Compiling matchit v0.7.0
[INFO] [stderr]    Compiling openssl v0.10.44
[INFO] [stderr]    Compiling cookie-factory v0.3.2
[INFO] [stderr]    Compiling libsqlite3-sys v0.25.2
[INFO] [stderr]    Compiling foreign-types v0.3.2
[INFO] [stderr]    Compiling flume v0.10.14
[INFO] [stderr]    Compiling rand v0.7.3
[INFO] [stderr]    Compiling age-core v0.9.0
[INFO] [stderr]    Compiling scrypt v0.10.0
[INFO] [stderr]    Compiling datacake-cluster v0.1.0 (https://github.com/bonedaddy/datacake.git?rev=47064decb0504043f568e0187e4aa7160773a3fd#47064dec)
[INFO] [stderr]    Compiling puppet-derive v0.1.2
[INFO] [stderr]    Compiling i18n-embed-impl v0.8.0
[INFO] [stderr]    Compiling i18n-embed v0.13.4
[INFO] [stderr]    Compiling async-stream v0.3.3
[INFO] [stderr]    Compiling x25519-dalek v1.1.1
[INFO] [stderr]    Compiling tracing-futures v0.2.5
[INFO] [stderr]    Compiling openssl-macros v0.1.0
[INFO] [stderr]    Compiling hyper v0.14.20
[INFO] [stderr]    Compiling crossbeam-epoch v0.9.11
[INFO] [stderr]    Compiling instant v0.1.12
[INFO] [stderr]    Compiling bech32 v0.9.1
[INFO] [stderr]    Compiling tinyvec_macros v0.1.0
[INFO] [stderr]    Compiling native-tls v0.2.11
[INFO] [stderr]    Compiling tinyvec v1.6.0
[INFO] [stderr]    Compiling puppet v0.1.4
[INFO] [stderr]    Compiling i18n-embed-fl v0.6.4
[INFO] [stderr]    Compiling datacake-chitchat-fork v0.5.1
[INFO] [stderr]    Compiling datacake-crdt v0.3.0 (https://github.com/bonedaddy/datacake.git?rev=47064decb0504043f568e0187e4aa7160773a3fd#47064dec)
[INFO] [stderr]    Compiling age v0.9.0
[INFO] [stderr]    Compiling crossbeam-channel v0.5.6
[INFO] [stderr]    Compiling openssl-probe v0.1.5
[INFO] [stderr]    Compiling unicode-normalization v0.1.22
[INFO] [stderr]    Compiling parking_lot v0.11.2
[INFO] [stderr]    Compiling fxhash v0.2.1
[INFO] [stderr]    Compiling hashlink v0.8.1
[INFO] [stderr]    Compiling fs2 v0.4.3
[INFO] [stderr]    Compiling encoding_rs v0.8.31
[INFO] [stderr]    Compiling num_threads v0.1.6
[INFO] [stderr]    Compiling fallible-iterator v0.2.0
[INFO] [stderr]    Compiling time-macros v0.2.4
[INFO] [stderr]    Compiling fallible-streaming-iterator v0.1.9
[INFO] [stderr]    Compiling unicode-bidi v0.3.8
[INFO] [stderr]    Compiling sled v0.34.7
[INFO] [stderr]    Compiling termcolor v1.1.3
[INFO] [stderr]    Compiling idna v0.3.0
[INFO] [stderr]    Compiling unsafe-libyaml v0.2.4
[INFO] [stderr]    Compiling time v0.3.14
[INFO] [stderr]    Compiling tokio-native-tls v0.3.0
[INFO] [stderr]    Compiling hyper-timeout v0.4.1
[INFO] [stderr]    Compiling ansi_term v0.12.1
[INFO] [stderr]    Compiling hyper-tls v0.5.0
[INFO] [stderr]    Compiling simplelog v0.12.0
[INFO] [stderr]    Compiling serde_yaml v0.9.13
[INFO] [stderr]    Compiling url v2.3.1
[INFO] [stderr]    Compiling tracing-log v0.1.3
[INFO] [stderr]    Compiling sharded-slab v0.1.4
[INFO] [stderr]    Compiling thread_local v1.1.4
[INFO] [stderr]    Compiling ipnet v2.7.0
[INFO] [stderr]    Compiling unicode-width v0.1.10
[INFO] [stderr]    Compiling textwrap v0.11.0
[INFO] [stderr]    Compiling reqwest v0.11.13
[INFO] [stderr]    Compiling tracing-subscriber v0.3.15
[INFO] [stderr]    Compiling bonerjams-config v0.0.2 (/opt/rustwide/workdir/config)
[INFO] [stderr]    Compiling atty v0.2.14
[INFO] [stderr]    Compiling strsim v0.8.0
[INFO] [stderr]    Compiling vec_map v0.8.2
[INFO] [stderr]    Compiling clap v2.34.0
[INFO] [stderr]    Compiling tonic v0.8.3
[INFO] [stderr]    Compiling rusqlite v0.28.0
[INFO] [stderr]    Compiling datacake-sqlite v0.1.0 (https://github.com/bonedaddy/datacake.git?rev=47064decb0504043f568e0187e4aa7160773a3fd#47064dec)
[INFO] [stderr]    Compiling datacake-sled v0.1.0 (https://github.com/bonedaddy/datacake.git?rev=47064decb0504043f568e0187e4aa7160773a3fd#47064dec)
[INFO] [stderr]    Compiling datacake v0.1.0 (https://github.com/bonedaddy/datacake.git?rev=47064decb0504043f568e0187e4aa7160773a3fd#47064dec)
[INFO] [stderr]    Compiling bonerjams-db v0.0.2 (/opt/rustwide/workdir/db)
[INFO] [stdout] warning: unused import: `Request`
[INFO] [stdout]   --> db/src/api/client.rs:11:18
[INFO] [stdout]    |
[INFO] [stdout] 11 |     http::{self, Request, StatusCode},
[INFO] [stdout]    |                  ^^^^^^^
[INFO] [stdout]    |
[INFO] [stdout]    = note: `#[warn(unused_imports)]` (part of `#[warn(unused)]`) on by default
[INFO] [stdout] 
[INFO] [stdout] 
[INFO] [stdout] warning: unused import: `crate::types::DbKey`
[INFO] [stdout]  --> db/src/api/mod.rs:9:5
[INFO] [stdout]   |
[INFO] [stdout] 9 | use crate::types::DbKey;
[INFO] [stdout]   |     ^^^^^^^^^^^^^^^^^^^
[INFO] [stdout] 
[INFO] [stdout] 
[INFO] [stdout] warning: unused import: `crate::types::DbKey`
[INFO] [stdout]  --> db/src/api/types.rs:3:5
[INFO] [stdout]   |
[INFO] [stdout] 3 | use crate::types::DbKey;
[INFO] [stdout]   |     ^^^^^^^^^^^^^^^^^^^
[INFO] [stdout] 
[INFO] [stdout] 
[INFO] [stderr]    Compiling bonerjams-cli v0.0.2 (/opt/rustwide/workdir/cli)
[INFO] [stdout] warning: unused import: `tokio::select`
[INFO] [stdout]  --> cli/src/main.rs:4:5
[INFO] [stdout]   |
[INFO] [stdout] 4 | use tokio::select;
[INFO] [stdout]   |     ^^^^^^^^^^^^^
[INFO] [stdout]   |
[INFO] [stdout]   = note: `#[warn(unused_imports)]` (part of `#[warn(unused)]`) on by default
[INFO] [stdout] 
[INFO] [stdout] 
[INFO] [stdout] warning: unused import: `tokio_stream::wrappers::ReceiverStream`
[INFO] [stdout]  --> cli/src/main.rs:5:5
[INFO] [stdout]   |
[INFO] [stdout] 5 | use tokio_stream::wrappers::ReceiverStream;
[INFO] [stdout]   |     ^^^^^^^^^^^^^^^^^^^^^^^^^^^^^^^^^^^^^^
[INFO] [stdout] 
[INFO] [stdout] 
[INFO] [stdout] warning: unused variable: `server_cmd`
[INFO] [stdout]    --> cli/src/main.rs:118:25
[INFO] [stdout]     |
[INFO] [stdout] 118 |         ("server", Some(server_cmd)) => {
[INFO] [stdout]     |                         ^^^^^^^^^^ help: if this is intentional, prefix it with an underscore: `_server_cmd`
[INFO] [stdout]     |
[INFO] [stdout]     = note: `#[warn(unused_variables)]` (part of `#[warn(unused)]`) on by default
[INFO] [stdout] 
[INFO] [stdout] 
[INFO] [stdout] warning: unused variable: `conf`
[INFO] [stdout]    --> cli/src/main.rs:119:17
[INFO] [stdout]     |
[INFO] [stdout] 119 |             let conf = get_config(config_file_path)?;
[INFO] [stdout]     |                 ^^^^ help: if this is intentional, prefix it with an underscore: `_conf`
[INFO] [stdout] 
[INFO] [stdout] 
[INFO] [stdout] warning: unused variable: `put_cmd`
[INFO] [stdout]    --> cli/src/main.rs:124:26
[INFO] [stdout]     |
[INFO] [stdout] 124 |             ("put", Some(put_cmd)) => Ok(()),
[INFO] [stdout]     |                          ^^^^^^^ help: if this is intentional, prefix it with an underscore: `_put_cmd`
[INFO] [stdout] 
[INFO] [stdout] 
[INFO] [stdout] warning: unused variable: `get_cmd`
[INFO] [stdout]    --> cli/src/main.rs:125:26
[INFO] [stdout]     |
[INFO] [stdout] 125 |             ("get", Some(get_cmd)) => Ok(()),
[INFO] [stdout]     |                          ^^^^^^^ help: if this is intentional, prefix it with an underscore: `_get_cmd`
[INFO] [stdout] 
[INFO] [stdout] 
[INFO] [stderr]     Finished `dev` profile [unoptimized + debuginfo] target(s) in 3m 40s
[INFO] [stderr] warning: the following packages contain code that will be rejected by a future version of Rust: openssl v0.10.44
[INFO] [stderr] note: to see what the problems were, use the option `--future-incompat-report`, or run `cargo report future-incompatibilities --id 1`
[INFO] running `Command { std: "docker" "inspect" "d65a4942a38df22e58944f2eb50d440b89f6e3843af3b5f5b0d88a14c7661f1b", kill_on_drop: false }`
[INFO] running `Command { std: "docker" "exec" "-e" "SOURCE_DIR=/opt/rustwide/workdir" "-e" "CARGO_HOME=/opt/rustwide/cargo-home" "-e" "RUSTUP_HOME=/opt/rustwide/rustup-home" "-e" "CARGO_TARGET_DIR=/opt/rustwide/target" "-e" "CARGO_INCREMENTAL=0" "-e" "RUST_BACKTRACE=full" "-e" "RUSTFLAGS=--cap-lints=warn" "-e" "RUSTDOCFLAGS=--cap-lints=warn" "-w" "/opt/rustwide/workdir" "--user" "0:0" "d65a4942a38df22e58944f2eb50d440b89f6e3843af3b5f5b0d88a14c7661f1b" "/opt/rustwide/cargo-home/bin/cargo" "+1.98.0-beta.1" "test" "--frozen" "--no-run" "--message-format=json", kill_on_drop: false }`
[INFO] [stderr] warning: virtual workspace defaulting to `resolver = "1"` despite one or more workspace members being on edition 2021 which implies `resolver = "2"`
[INFO] [stderr]   |
[INFO] [stderr]   = note: to keep the current resolver, specify `workspace.resolver = "1"` in the workspace root's manifest
[INFO] [stderr]   = note: to use the edition 2021 resolver, specify `workspace.resolver = "2"` in the workspace root's manifest
[INFO] [stderr]   = note: for more details see https://doc.rust-lang.org/cargo/reference/resolver.html#resolver-versions
[INFO] [stderr]    Compiling bonerjams-config v0.0.2 (/opt/rustwide/workdir/config)
[INFO] [stdout] warning: unused import: `Request`
[INFO] [stdout]   --> db/src/api/client.rs:11:18
[INFO] [stdout]    |
[INFO] [stdout] 11 |     http::{self, Request, StatusCode},
[INFO] [stdout]    |                  ^^^^^^^
[INFO] [stdout]    |
[INFO] [stdout]    = note: `#[warn(unused_imports)]` (part of `#[warn(unused)]`) on by default
[INFO] [stdout] 
[INFO] [stdout] 
[INFO] [stdout] warning: unused import: `crate::types::DbKey`
[INFO] [stdout]  --> db/src/api/mod.rs:9:5
[INFO] [stdout]   |
[INFO] [stdout] 9 | use crate::types::DbKey;
[INFO] [stdout]   |     ^^^^^^^^^^^^^^^^^^^
[INFO] [stdout] 
[INFO] [stdout] 
[INFO] [stdout] warning: unused import: `crate::types::DbKey`
[INFO] [stdout]  --> db/src/api/types.rs:3:5
[INFO] [stdout]   |
[INFO] [stdout] 3 | use crate::types::DbKey;
[INFO] [stdout]   |     ^^^^^^^^^^^^^^^^^^^
[INFO] [stdout] 
[INFO] [stdout] 
[INFO] [stderr]    Compiling bonerjams-db v0.0.2 (/opt/rustwide/workdir/db)
[INFO] [stderr]    Compiling bonerjams-cli v0.0.2 (/opt/rustwide/workdir/cli)
[INFO] [stdout] warning: unused import: `tokio::select`
[INFO] [stdout]  --> cli/src/main.rs:4:5
[INFO] [stdout]   |
[INFO] [stdout] 4 | use tokio::select;
[INFO] [stdout]   |     ^^^^^^^^^^^^^
[INFO] [stdout]   |
[INFO] [stdout]   = note: `#[warn(unused_imports)]` (part of `#[warn(unused)]`) on by default
[INFO] [stdout] 
[INFO] [stdout] 
[INFO] [stdout] warning: unused import: `tokio_stream::wrappers::ReceiverStream`
[INFO] [stdout]  --> cli/src/main.rs:5:5
[INFO] [stdout]   |
[INFO] [stdout] 5 | use tokio_stream::wrappers::ReceiverStream;
[INFO] [stdout]   |     ^^^^^^^^^^^^^^^^^^^^^^^^^^^^^^^^^^^^^^
[INFO] [stdout] 
[INFO] [stdout] 
[INFO] [stdout] warning: unused import: `Request`
[INFO] [stdout]   --> db/src/api/client.rs:11:18
[INFO] [stdout]    |
[INFO] [stdout] 11 |     http::{self, Request, StatusCode},
[INFO] [stdout]    |                  ^^^^^^^
[INFO] [stdout]    |
[INFO] [stdout]    = note: `#[warn(unused_imports)]` (part of `#[warn(unused)]`) on by default
[INFO] [stdout] 
[INFO] [stdout] 
[INFO] [stdout] warning: unused import: `axum::response::Response`
[INFO] [stdout]   --> db/src/api/mod.rs:94:9
[INFO] [stdout]    |
[INFO] [stdout] 94 |     use axum::response::Response;
[INFO] [stdout]    |         ^^^^^^^^^^^^^^^^^^^^^^^^
[INFO] [stdout] 
[INFO] [stdout] 
[INFO] [stdout] warning: unused import: `bonerjams_config::Configuration`
[INFO] [stdout]   --> db/src/api/mod.rs:99:9
[INFO] [stdout]    |
[INFO] [stdout] 99 |     use bonerjams_config::Configuration;
[INFO] [stdout]    |         ^^^^^^^^^^^^^^^^^^^^^^^^^^^^^^^
[INFO] [stdout] 
[INFO] [stdout] 
[INFO] [stdout] warning: unused imports: `Value` and `json`
[INFO] [stdout]    --> db/src/api/mod.rs:103:22
[INFO] [stdout]     |
[INFO] [stdout] 103 |     use serde_json::{json, Value};
[INFO] [stdout]     |                      ^^^^  ^^^^^
[INFO] [stdout] 
[INFO] [stdout] 
[INFO] [stdout] warning: unused import: `TcpListener`
[INFO] [stdout]    --> db/src/api/mod.rs:105:32
[INFO] [stdout]     |
[INFO] [stdout] 105 |     use std::net::{SocketAddr, TcpListener};
[INFO] [stdout]     |                                ^^^^^^^^^^^
[INFO] [stdout] 
[INFO] [stdout] 
[INFO] [stdout] warning: unused import: `tower::Service`
[INFO] [stdout]    --> db/src/api/mod.rs:106:9
[INFO] [stdout]     |
[INFO] [stdout] 106 |     use tower::Service; // for `call`
[INFO] [stdout]     |         ^^^^^^^^^^^^^^
[INFO] [stdout] 
[INFO] [stdout] 
[INFO] [stdout] warning: unused variable: `server_cmd`
[INFO] [stdout]    --> cli/src/main.rs:118:25
[INFO] [stdout]     |
[INFO] [stdout] 118 |         ("server", Some(server_cmd)) => {
[INFO] [stdout]     |                         ^^^^^^^^^^ help: if this is intentional, prefix it with an underscore: `_server_cmd`
[INFO] [stdout]     |
[INFO] [stdout]     = note: `#[warn(unused_variables)]` (part of `#[warn(unused)]`) on by default
[INFO] [stdout] 
[INFO] [stdout] 
[INFO] [stdout] warning: unused variable: `conf`
[INFO] [stdout]    --> cli/src/main.rs:119:17
[INFO] [stdout]     |
[INFO] [stdout] 119 |             let conf = get_config(config_file_path)?;
[INFO] [stdout]     |                 ^^^^ help: if this is intentional, prefix it with an underscore: `_conf`
[INFO] [stdout] 
[INFO] [stdout] 
[INFO] [stdout] warning: unused variable: `put_cmd`
[INFO] [stdout]    --> cli/src/main.rs:124:26
[INFO] [stdout]     |
[INFO] [stdout] 124 |             ("put", Some(put_cmd)) => Ok(()),
[INFO] [stdout]     |                          ^^^^^^^ help: if this is intentional, prefix it with an underscore: `_put_cmd`
[INFO] [stdout] 
[INFO] [stdout] 
[INFO] [stdout] warning: unused variable: `get_cmd`
[INFO] [stdout]    --> cli/src/main.rs:125:26
[INFO] [stdout]     |
[INFO] [stdout] 125 |             ("get", Some(get_cmd)) => Ok(()),
[INFO] [stdout]     |                          ^^^^^^^ help: if this is intentional, prefix it with an underscore: `_get_cmd`
[INFO] [stdout] 
[INFO] [stdout] 
[INFO] [stdout] warning: unused import: `crate::types::DbKey`
[INFO] [stdout]  --> db/src/api/types.rs:3:5
[INFO] [stdout]   |
[INFO] [stdout] 3 | use crate::types::DbKey;
[INFO] [stdout]   |     ^^^^^^^^^^^^^^^^^^^
[INFO] [stdout] 
[INFO] [stdout] 
[INFO] [stdout] warning: unused import: `crate::types::DbKey`
[INFO] [stdout]  --> db/src/api/mod.rs:9:5
[INFO] [stdout]   |
[INFO] [stdout] 9 | use crate::types::DbKey;
[INFO] [stdout]   |     ^^^^^^^^^^^^^^^^^^^
[INFO] [stdout] 
[INFO] [stdout] 
[INFO] [stdout] warning: unused variable: `namespace`
[INFO] [stdout]    --> db/src/api/mod.rs:193:39
[INFO] [stdout]     |
[INFO] [stdout] 193 |         res.entries.iter().for_each(|(namespace, wrapped_doc)| {
[INFO] [stdout]     |                                       ^^^^^^^^^ help: if this is intentional, prefix it with an underscore: `_namespace`
[INFO] [stdout]     |
[INFO] [stdout]     = note: `#[warn(unused_variables)]` (part of `#[warn(unused)]`) on by default
[INFO] [stdout] 
[INFO] [stdout] 
[INFO] [stderr]     Finished `test` profile [unoptimized + debuginfo] target(s) in 18.44s
[INFO] [stderr] warning: the following packages contain code that will be rejected by a future version of Rust: openssl v0.10.44
[INFO] [stderr] note: to see what the problems were, use the option `--future-incompat-report`, or run `cargo report future-incompatibilities --id 1`
[INFO] running `Command { std: "docker" "inspect" "d65a4942a38df22e58944f2eb50d440b89f6e3843af3b5f5b0d88a14c7661f1b", kill_on_drop: false }`
[INFO] running `Command { std: "docker" "exec" "-e" "SOURCE_DIR=/opt/rustwide/workdir" "-e" "CARGO_HOME=/opt/rustwide/cargo-home" "-e" "RUSTUP_HOME=/opt/rustwide/rustup-home" "-e" "CARGO_TARGET_DIR=/opt/rustwide/target" "-e" "CARGO_INCREMENTAL=0" "-e" "RUST_BACKTRACE=full" "-e" "RUSTFLAGS=--cap-lints=warn" "-e" "RUSTDOCFLAGS=--cap-lints=warn" "-w" "/opt/rustwide/workdir" "--user" "0:0" "d65a4942a38df22e58944f2eb50d440b89f6e3843af3b5f5b0d88a14c7661f1b" "/opt/rustwide/cargo-home/bin/cargo" "+1.98.0-beta.1" "test" "--frozen", kill_on_drop: false }`
[INFO] [stderr] warning: virtual workspace defaulting to `resolver = "1"` despite one or more workspace members being on edition 2021 which implies `resolver = "2"`
[INFO] [stderr]   |
[INFO] [stderr]   = note: to keep the current resolver, specify `workspace.resolver = "1"` in the workspace root's manifest
[INFO] [stderr]   = note: to use the edition 2021 resolver, specify `workspace.resolver = "2"` in the workspace root's manifest
[INFO] [stderr]   = note: for more details see https://doc.rust-lang.org/cargo/reference/resolver.html#resolver-versions
[INFO] [stderr] warning: unused import: `Request`
[INFO] [stderr]   --> db/src/api/client.rs:11:18
[INFO] [stderr]    |
[INFO] [stderr] 11 |     http::{self, Request, StatusCode},
[INFO] [stderr]    |                  ^^^^^^^
[INFO] [stderr]    |
[INFO] [stderr]    = note: `#[warn(unused_imports)]` (part of `#[warn(unused)]`) on by default
[INFO] [stderr] 
[INFO] [stderr] warning: unused import: `crate::types::DbKey`
[INFO] [stderr]  --> db/src/api/mod.rs:9:5
[INFO] [stderr]   |
[INFO] [stderr] 9 | use crate::types::DbKey;
[INFO] [stderr]   |     ^^^^^^^^^^^^^^^^^^^
[INFO] [stderr] 
[INFO] [stderr] warning: unused import: `crate::types::DbKey`
[INFO] [stderr]  --> db/src/api/types.rs:3:5
[INFO] [stderr]   |
[INFO] [stderr] 3 | use crate::types::DbKey;
[INFO] [stderr]   |     ^^^^^^^^^^^^^^^^^^^
[INFO] [stderr] 
[INFO] [stderr] warning: unused import: `axum::response::Response`
[INFO] [stderr]   --> db/src/api/mod.rs:94:9
[INFO] [stderr]    |
[INFO] [stderr] 94 |     use axum::response::Response;
[INFO] [stderr]    |         ^^^^^^^^^^^^^^^^^^^^^^^^
[INFO] [stderr] 
[INFO] [stderr] warning: unused import: `bonerjams_config::Configuration`
[INFO] [stderr]   --> db/src/api/mod.rs:99:9
[INFO] [stderr]    |
[INFO] [stderr] 99 |     use bonerjams_config::Configuration;
[INFO] [stderr]    |         ^^^^^^^^^^^^^^^^^^^^^^^^^^^^^^^
[INFO] [stderr] 
[INFO] [stderr] warning: unused imports: `Value` and `json`
[INFO] [stderr]    --> db/src/api/mod.rs:103:22
[INFO] [stderr]     |
[INFO] [stderr] 103 |     use serde_json::{json, Value};
[INFO] [stderr]     |                      ^^^^  ^^^^^
[INFO] [stderr] 
[INFO] [stderr] warning: unused import: `TcpListener`
[INFO] [stderr]    --> db/src/api/mod.rs:105:32
[INFO] [stderr]     |
[INFO] [stderr] 105 |     use std::net::{SocketAddr, TcpListener};
[INFO] [stderr]     |                                ^^^^^^^^^^^
[INFO] [stderr] 
[INFO] [stderr] warning: unused import: `tower::Service`
[INFO] [stderr]    --> db/src/api/mod.rs:106:9
[INFO] [stderr]     |
[INFO] [stderr] 106 |     use tower::Service; // for `call`
[INFO] [stderr]     |         ^^^^^^^^^^^^^^
[INFO] [stderr] 
[INFO] [stderr] warning: unused variable: `namespace`
[INFO] [stderr]    --> db/src/api/mod.rs:193:39
[INFO] [stderr]     |
[INFO] [stderr] 193 |         res.entries.iter().for_each(|(namespace, wrapped_doc)| {
[INFO] [stderr]     |                                       ^^^^^^^^^ help: if this is intentional, prefix it with an underscore: `_namespace`
[INFO] [stderr]     |
[INFO] [stderr]     = note: `#[warn(unused_variables)]` (part of `#[warn(unused)]`) on by default
[INFO] [stderr] 
[INFO] [stderr] warning: `bonerjams-db` (lib) generated 3 warnings (run `cargo fix --lib -p bonerjams-db` to apply 2 suggestions)
[INFO] [stderr] warning: `bonerjams-db` (lib test) generated 9 warnings (3 duplicates) (run `cargo fix --lib -p bonerjams-db --tests` to apply 6 suggestions)
[INFO] [stderr] warning: unused import: `tokio::select`
[INFO] [stderr]  --> cli/src/main.rs:4:5
[INFO] [stderr]   |
[INFO] [stderr] 4 | use tokio::select;
[INFO] [stderr]   |     ^^^^^^^^^^^^^
[INFO] [stderr]   |
[INFO] [stderr]   = note: `#[warn(unused_imports)]` (part of `#[warn(unused)]`) on by default
[INFO] [stderr] 
[INFO] [stderr] warning: unused import: `tokio_stream::wrappers::ReceiverStream`
[INFO] [stderr]  --> cli/src/main.rs:5:5
[INFO] [stderr]   |
[INFO] [stderr] 5 | use tokio_stream::wrappers::ReceiverStream;
[INFO] [stderr]   |     ^^^^^^^^^^^^^^^^^^^^^^^^^^^^^^^^^^^^^^
[INFO] [stderr] 
[INFO] [stderr] warning: unused variable: `server_cmd`
[INFO] [stderr]    --> cli/src/main.rs:118:25
[INFO] [stderr]     |
[INFO] [stderr] 118 |         ("server", Some(server_cmd)) => {
[INFO] [stderr]     |                         ^^^^^^^^^^ help: if this is intentional, prefix it with an underscore: `_server_cmd`
[INFO] [stderr]     |
[INFO] [stderr]     = note: `#[warn(unused_variables)]` (part of `#[warn(unused)]`) on by default
[INFO] [stderr] 
[INFO] [stderr] warning: unused variable: `conf`
[INFO] [stderr]    --> cli/src/main.rs:119:17
[INFO] [stderr]     |
[INFO] [stderr] 119 |             let conf = get_config(config_file_path)?;
[INFO] [stderr]     |                 ^^^^ help: if this is intentional, prefix it with an underscore: `_conf`
[INFO] [stderr] 
[INFO] [stderr] warning: unused variable: `put_cmd`
[INFO] [stderr]    --> cli/src/main.rs:124:26
[INFO] [stderr]     |
[INFO] [stderr] 124 |             ("put", Some(put_cmd)) => Ok(()),
[INFO] [stderr]     |                          ^^^^^^^ help: if this is intentional, prefix it with an underscore: `_put_cmd`
[INFO] [stderr] 
[INFO] [stderr] warning: unused variable: `get_cmd`
[INFO] [stderr]    --> cli/src/main.rs:125:26
[INFO] [stderr]     |
[INFO] [stderr] 125 |             ("get", Some(get_cmd)) => Ok(()),
[INFO] [stderr]     |                          ^^^^^^^ help: if this is intentional, prefix it with an underscore: `_get_cmd`
[INFO] [stderr] 
[INFO] [stderr] warning: `bonerjams-cli` (bin "cli" test) generated 6 warnings (run `cargo fix --bin "cli" -p bonerjams-cli --tests` to apply 6 suggestions)
[INFO] [stderr]     Finished `test` profile [unoptimized + debuginfo] target(s) in 0.70s
[INFO] [stderr] warning: the following packages contain code that will be rejected by a future version of Rust: openssl v0.10.44
[INFO] [stderr] note: to see what the problems were, use the option `--future-incompat-report`, or run `cargo report future-incompatibilities --id 1`
[INFO] [stderr]      Running unittests src/main.rs (/opt/rustwide/target/debug/deps/cli-adad711d7e336495)
[INFO] [stdout] 
[INFO] [stdout] running 0 tests
[INFO] [stdout] 
[INFO] [stdout] test result: ok. 0 passed; 0 failed; 0 ignored; 0 measured; 0 filtered out; finished in 0.00s
[INFO] [stdout] 
[INFO] [stderr]      Running unittests src/lib.rs (/opt/rustwide/target/debug/deps/bonerjams_config-1b967024c1778e76)
[INFO] [stdout] 
[INFO] [stdout] running 0 tests
[INFO] [stdout] 
[INFO] [stdout] test result: ok. 0 passed; 0 failed; 0 ignored; 0 measured; 0 filtered out; finished in 0.00s
[INFO] [stdout] 
[INFO] [stderr]      Running unittests src/lib.rs (/opt/rustwide/target/debug/deps/bonerjams_db-39dccd7f38fc3e8b)
[INFO] [stdout] 
[INFO] [stdout] running 2 tests
[INFO] [stdout] test api::error::test::test_custom_error ... ok
[INFO] [stdout] [2m2026-07-14T02:17:49.064996Z[0m [34mDEBUG[0m [2msled::pagecache::snapshot[0m[2m:[0m no previous snapshot found    
[INFO] [stdout] [2m2026-07-14T02:17:49.065060Z[0m [34mDEBUG[0m [2msled::pagecache::iterator[0m[2m:[0m ordering before clearing tears: {}, max_header_stable_lsn: 0    
[INFO] [stdout] [2m2026-07-14T02:17:49.065077Z[0m [34mDEBUG[0m [2msled::pagecache::iterator[0m[2m:[0m in clean_tail_tears, found missing item in tail: None and we'll scan segments {} above lowest lsn 0    
[INFO] [stdout] [2m2026-07-14T02:17:49.065119Z[0m [34mDEBUG[0m [2msled::pagecache::iterator[0m[2m:[0m unable to load new segment: Io(Custom { kind: Other, error: "no segments remaining to iterate over" })    
[INFO] [stdout] [2m2026-07-14T02:17:49.065150Z[0m [34mDEBUG[0m [2msled::pagecache::iterator[0m[2m:[0m filtering out segments after detected tear at (lsn, lid) -1    
[INFO] [stdout] [2m2026-07-14T02:17:49.065180Z[0m [34mDEBUG[0m [2msled::pagecache::iterator[0m[2m:[0m unable to load new segment: Io(Custom { kind: Other, error: "no segments remaining to iterate over" })    
[INFO] [stdout] [2m2026-07-14T02:17:49.065481Z[0m [34mDEBUG[0m [2msled::pagecache::segment[0m[2m:[0m SA starting with tip 0 stable -1 free {}    
[INFO] [stdout] [2m2026-07-14T02:17:49.065507Z[0m [34mDEBUG[0m [2msled::pagecache::iobuf[0m[2m:[0m starting log for a totally fresh system    
[INFO] [stdout] [2m2026-07-14T02:17:49.065541Z[0m [34mDEBUG[0m [2msled::pagecache::segment[0m[2m:[0m segment accountant returning offset: 0 for lsn 0 on deck: {}    
[INFO] [stdout] [2m2026-07-14T02:17:49.065561Z[0m [34mDEBUG[0m [2msled::pagecache::iobuf[0m[2m:[0m starting IoBufs with next_lsn: 0 next_lid: 0    
[INFO] [stdout] [2m2026-07-14T02:17:49.065587Z[0m [34mDEBUG[0m [2msled::pagecache::iobuf[0m[2m:[0m storing lsn 0 in beginning of buffer    
[INFO] [stdout] [2m2026-07-14T02:17:49.065626Z[0m [34mDEBUG[0m [2msled::pagecache[0m[2m:[0m load_snapshot loading pages from 0..0    
[INFO] [stdout] [2m2026-07-14T02:17:49.065877Z[0m [34mDEBUG[0m [2msled::meta[0m[2m:[0m allocated pid 3 for root of new_tree [95, 95, 115, 108, 101, 100, 95, 95, 100, 101, 102, 97, 117, 108, 116]    
[INFO] [stdout] [2m2026-07-14T02:17:49.065901Z[0m [34mDEBUG[0m [2msled::pagecache::iobuf[0m[2m:[0m advancing offset within the current segment from 0 to 71    
[INFO] [stdout] [2m2026-07-14T02:17:49.066577Z[0m [32m INFO[0m [2mdatacake_cluster::keyspace::group[0m[2m:[0m Loaded persisted state from storage. [3melapsed[0m[2m=[0m27.6µs [3mkeyspace_count[0m[2m=[0m0
[INFO] [stdout] [2m2026-07-14T02:17:49.067460Z[0m [32m INFO[0m [2mdatacake_cluster::node[0m[2m:[0m Joining cluster. [3mcluster_id[0m[2m=[0mdatacake-cluster-unknown [3mnode_id[0m[2m=[0mage1r9h9crlxwjs6m5mfvxpcc4dtwn95844n8s20msc07glvm9xkvvvqdydkyz [3mpublic_addr[0m[2m=[0m127.0.0.1:9000 [3mlisten_gossip_addr[0m[2m=[0m127.0.0.1:9000 [3mpeer_seed_addrs[0m[2m=[0m
[INFO] [stdout] [2m2026-07-14T02:17:49.067545Z[0m [32m INFO[0m [2mdatacake_chitchat_fork::server[0m[2m:[0m [3minitial_seed_addrs[0m[2m=[0m{}
[INFO] [stdout] [2m2026-07-14T02:17:49.067578Z[0m [32m INFO[0m [2mdatacake_cluster::rpc::chitchat_transport[0m[2m:[0m Starting RPC server. [3mlisten_addr[0m[2m=[0m127.0.0.1:9000
[INFO] [stdout] [2m2026-07-14T02:17:49.074650Z[0m [32m INFO[0m [2mdatacake_cluster::rpc::server[0m[2m:[0m RPC server is listening for connections. [3mlisten_addr[0m[2m=[0m127.0.0.1:9000
[INFO] [stdout] [2m2026-07-14T02:17:49.074877Z[0m [32m INFO[0m [2mdatacake_cluster[0m[2m:[0m Datacake cluster connected. [3mnode_id[0m[2m=[0mage1r9h9crlxwjs6m5mfvxpcc4dtwn95844n8s20msc07glvm9xkvvvqdydkyz [3mcluster_id[0m[2m=[0mdatacake-cluster-unknown [3mlisten_addr[0m[2m=[0m127.0.0.1:9000
[INFO] [stdout] [2m2026-07-14T02:17:49.078840Z[0m [34mDEBUG[0m [1mrequest[0m[1m{[0m[3mmethod[0m[2m=[0mPOST [3muri[0m[2m=[0m/put [3mversion[0m[2m=[0mHTTP/1.1[1m}[0m[2m:[0m [2mtower_http::trace::on_request[0m[2m:[0m started processing request
[INFO] [stdout] [2m2026-07-14T02:17:49.092254Z[0m [34mDEBUG[0m [2msled::pagecache::iobuf[0m[2m:[0m wrote lsns 0-70 to disk at offsets 0-70, maxed false complete_len 71    
[INFO] [stdout] [2m2026-07-14T02:17:49.092302Z[0m [34mDEBUG[0m [2msled::pagecache::iobuf[0m[2m:[0m mark_interval(0, 71)    
[INFO] [stdout] [2m2026-07-14T02:17:49.092318Z[0m [34mDEBUG[0m [2msled::pagecache::iobuf[0m[2m:[0m new highest interval: 0 - 70    
[INFO] [stdout] [2m2026-07-14T02:17:49.092441Z[0m [32m INFO[0m [2mdatacake_cluster::replication::distributor[0m[2m:[0m Task distributor service is running.
[INFO] [stdout] [2m2026-07-14T02:17:49.092516Z[0m [32m INFO[0m [2mdatacake_cluster[0m[2m:[0m Cluster membership has changed. [3mself_node_id[0m[2m=[0mage1r9h9crlxwjs6m5mfvxpcc4dtwn95844n8s20msc07glvm9xkvvvqdydkyz [3mnum_members[0m[2m=[0m1
[INFO] [stdout] [2m2026-07-14T02:17:49.092593Z[0m [32m INFO[0m [2mdatacake_cluster::nodes_selector[0m[2m:[0m Node selector has updated eligible nodes. [3mtotal_nodes[0m[2m=[0m1 [3mnum_data_centers[0m[2m=[0m1
[INFO] [stdout] [2m2026-07-14T02:17:49.094199Z[0m [34mDEBUG[0m [2msled::meta[0m[2m:[0m allocated pid 5 for root of new_tree [95, 95, 109, 101, 116, 97, 100, 97, 116, 97, 95, 98, 105, 103, 107, 101, 121, 115, 112, 97, 99, 101]    
[INFO] [stdout] [2m2026-07-14T02:17:49.094314Z[0m [34mDEBUG[0m [2msled::meta[0m[2m:[0m allocated pid 7 for root of new_tree [95, 100, 97, 116, 97, 95, 98, 105, 103, 107, 101, 121, 115, 112, 97, 99, 101]    
[INFO] [stdout] [2m2026-07-14T02:17:49.094381Z[0m [34mDEBUG[0m [2mdatacake_sled[0m[2m:[0m putting documents [865583574550985526, 14919094960396924302, 12812288732042063668, 11160066688088767928, 8582625719713480820, 14456783908427051919, 10240298131601505305, 14774955987986661602, 16325236046734732245, 15889565637781617642, 10590052726051966316, 10591573727893666233, 10315070474995334395, 10542153957441840962, 14536433320439693241, 9871046866091249573, 11222820775789634993, 6751999509432924490, 12178503705698907955, 1773284176999600291, 1717161675607869626, 31275662347585798, 14687786848063600503, 8496135951078084181, 17044507155277162103, 17894733113542024079, 12481819607802971706, 12671162943494058529, 14025542470834929889, 5368457644282438018, 2862277298817924616, 812243341903074519, 2214039985673029600, 2117994479924230695, 12372181249659151568, 11087445637807720533, 10651018241386256407, 10786997603748969056, 13576853079563843562, 3599947519017697678, 5790158307568021178, 6507575022008211670, 14543412053842893979, 18391337622718635410, 6955339394623819386, 5324414987682014993, 1188959820062260066, 15812894820271169149, 16838990934606854424, 8717689690576669044, 10337477833452724959, 17187808478493120596, 8070652109372582179, 1487291357987909816, 4984342710256882354, 1033018394125933379, 15029188290367012881, 9293846725089043222, 9242955841487231025, 15655503530649510595, 9771689694896313460, 3097609878304267533, 15605411349122001708, 8845476990510291646, 725295831078880920, 5014728210254510964, 13095408847110786372, 7296761855604655166, 7421125708790252964, 10081186963580661657, 7513944481228242099, 861221566027379939, 15492259243106843989, 5764719862304942312, 12492247916811278437, 17783792620487095993, 16239492819198574766, 6153454667687518099, 8889324865856673862, 2956226440420831529, 13931986804295673928, 16982545500526754030, 12799756348410902067, 12979157354606590147, 2828386320419454650, 1959317161647955678, 17125460897400484824, 4610927116163361672, 11222195800858531839, 18063322762205226591, 9069443752595665984, 18352123664249523548, 412275108912096670, 12054176699170181921, 10765225545291160833, 18188700728372849185, 12485561046751918859, 12025426954356676575, 7959315543875857004, 9655482130561529117]    
[INFO] [stdout] [2m2026-07-14T02:17:49.097641Z[0m [34mDEBUG[0m [2msled::pagecache::iobuf[0m[2m:[0m advancing offset within the current segment from 71 to 281    
[INFO] [stdout] [2m2026-07-14T02:17:49.097760Z[0m [34mDEBUG[0m [2msled::pagecache::iobuf[0m[2m:[0m wrote lsns 71-280 to disk at offsets 71-280, maxed false complete_len 210    
[INFO] [stdout] [2m2026-07-14T02:17:49.097778Z[0m [34mDEBUG[0m [2msled::pagecache::iobuf[0m[2m:[0m mark_interval(71, 210)    
[INFO] [stdout] [2m2026-07-14T02:17:49.097791Z[0m [34mDEBUG[0m [2msled::pagecache::iobuf[0m[2m:[0m new highest interval: 71 - 280    
[INFO] [stdout] [2m2026-07-14T02:17:49.097882Z[0m [34mDEBUG[0m [2msled::pagecache::iobuf[0m[2m:[0m advancing offset within the current segment from 281 to 305    
[INFO] [stdout] [2m2026-07-14T02:17:49.105028Z[0m [34mDEBUG[0m [2msled::pagecache::iobuf[0m[2m:[0m wrote lsns 281-304 to disk at offsets 281-304, maxed false complete_len 24    
[INFO] [stdout] [2m2026-07-14T02:17:49.105154Z[0m [34mDEBUG[0m [2msled::pagecache::iobuf[0m[2m:[0m mark_interval(281, 24)    
[INFO] [stdout] [2m2026-07-14T02:17:49.105177Z[0m [34mDEBUG[0m [2msled::pagecache::iobuf[0m[2m:[0m new highest interval: 281 - 304    
[INFO] [stdout] [2m2026-07-14T02:17:49.152638Z[0m [34mDEBUG[0m [2msled::meta[0m[2m:[0m allocated pid 25 for root of new_tree [95, 95, 109, 101, 116, 97, 100, 97, 116, 97, 95, 121, 111, 117, 114, 107, 101, 121, 115, 112, 97, 99, 101]    
[INFO] [stdout] [2m2026-07-14T02:17:49.152778Z[0m [34mDEBUG[0m [2msled::meta[0m[2m:[0m allocated pid 27 for root of new_tree [95, 100, 97, 116, 97, 95, 121, 111, 117, 114, 107, 101, 121, 115, 112, 97, 99, 101]    
[INFO] [stdout] [2m2026-07-14T02:17:49.152835Z[0m [34mDEBUG[0m [2mdatacake_sled[0m[2m:[0m putting documents [865583574550985526, 14919094960396924302, 12812288732042063668, 11160066688088767928, 8582625719713480820, 14456783908427051919, 10240298131601505305, 14774955987986661602, 16325236046734732245, 15889565637781617642, 10590052726051966316, 10591573727893666233, 10315070474995334395, 10542153957441840962, 14536433320439693241, 9871046866091249573, 11222820775789634993, 6751999509432924490, 12178503705698907955, 1773284176999600291, 1717161675607869626, 31275662347585798, 14687786848063600503, 8496135951078084181, 17044507155277162103, 17894733113542024079, 12481819607802971706, 12671162943494058529, 14025542470834929889, 5368457644282438018, 2862277298817924616, 812243341903074519, 2214039985673029600, 2117994479924230695, 12372181249659151568, 11087445637807720533, 10651018241386256407, 10786997603748969056, 13576853079563843562, 3599947519017697678, 5790158307568021178, 6507575022008211670, 14543412053842893979, 18391337622718635410, 6955339394623819386, 5324414987682014993, 1188959820062260066, 15812894820271169149, 16838990934606854424, 8717689690576669044, 10337477833452724959, 17187808478493120596, 8070652109372582179, 1487291357987909816, 4984342710256882354, 1033018394125933379, 15029188290367012881, 9293846725089043222, 9242955841487231025, 15655503530649510595, 9771689694896313460, 3097609878304267533, 15605411349122001708, 8845476990510291646, 725295831078880920, 5014728210254510964, 13095408847110786372, 7296761855604655166, 7421125708790252964, 10081186963580661657, 7513944481228242099, 861221566027379939, 15492259243106843989, 5764719862304942312, 12492247916811278437, 17783792620487095993, 16239492819198574766, 6153454667687518099, 8889324865856673862, 2956226440420831529, 13931986804295673928, 16982545500526754030, 12799756348410902067, 12979157354606590147, 2828386320419454650, 1959317161647955678, 17125460897400484824, 4610927116163361672, 11222195800858531839, 18063322762205226591, 9069443752595665984, 18352123664249523548, 412275108912096670, 12054176699170181921, 10765225545291160833, 18188700728372849185, 12485561046751918859, 12025426954356676575, 7959315543875857004, 9655482130561529117]    
[INFO] [stdout] [2m2026-07-14T02:17:49.155783Z[0m [34mDEBUG[0m [2msled::pagecache::iobuf[0m[2m:[0m advancing offset within the current segment from 305 to 37685    
[INFO] [stdout] [2m2026-07-14T02:17:49.155896Z[0m [34mDEBUG[0m [2msled::pagecache::iobuf[0m[2m:[0m wrote lsns 305-37684 to disk at offsets 305-37684, maxed false complete_len 37380    
[INFO] [stdout] [2m2026-07-14T02:17:49.155919Z[0m [34mDEBUG[0m [2msled::pagecache::iobuf[0m[2m:[0m mark_interval(305, 37380)    
[INFO] [stdout] [2m2026-07-14T02:17:49.155932Z[0m [34mDEBUG[0m [2msled::pagecache::iobuf[0m[2m:[0m new highest interval: 305 - 37684    
[INFO] [stdout] [2m2026-07-14T02:17:49.156052Z[0m [34mDEBUG[0m [2msled::pagecache::iobuf[0m[2m:[0m advancing offset within the current segment from 37685 to 37709    
[INFO] [stdout] [2m2026-07-14T02:17:49.162049Z[0m [34mDEBUG[0m [2msled::pagecache::iobuf[0m[2m:[0m wrote lsns 37685-37708 to disk at offsets 37685-37708, maxed false complete_len 24    
[INFO] [stdout] [2m2026-07-14T02:17:49.162552Z[0m [34mDEBUG[0m [2msled::pagecache::iobuf[0m[2m:[0m mark_interval(37685, 24)    
[INFO] [stdout] [2m2026-07-14T02:17:49.162574Z[0m [34mDEBUG[0m [2msled::pagecache::iobuf[0m[2m:[0m new highest interval: 37685 - 37708    
[INFO] [stdout] [2m2026-07-14T02:17:49.162932Z[0m [34mDEBUG[0m [1mrequest[0m[1m{[0m[3mmethod[0m[2m=[0mPOST [3muri[0m[2m=[0m/put [3mversion[0m[2m=[0mHTTP/1.1[1m}[0m[2m:[0m [2mtower_http::trace::on_response[0m[2m:[0m finished processing request [3mlatency[0m[2m=[0m84 ms [3mstatus[0m[2m=[0m200
[INFO] [stdout] [2m2026-07-14T02:17:49.163358Z[0m [34mDEBUG[0m [1mrequest[0m[1m{[0m[3mmethod[0m[2m=[0mPOST [3muri[0m[2m=[0m/get [3mversion[0m[2m=[0mHTTP/1.1[1m}[0m[2m:[0m [2mtower_http::trace::on_request[0m[2m:[0m started processing request
[INFO] [stdout] [2m2026-07-14T02:17:49.166564Z[0m [34mDEBUG[0m [1mrequest[0m[1m{[0m[3mmethod[0m[2m=[0mPOST [3muri[0m[2m=[0m/get [3mversion[0m[2m=[0mHTTP/1.1[1m}[0m[2m:[0m [2msled::pagecache::iobuf[0m[2m:[0m advancing offset within the current segment from 37709 to 75460    
[INFO] [stdout] [2m2026-07-14T02:17:49.166691Z[0m [34mDEBUG[0m [2msled::pagecache::iobuf[0m[2m:[0m wrote lsns 37709-75459 to disk at offsets 37709-75459, maxed false complete_len 37751    
[INFO] [stdout] [2m2026-07-14T02:17:49.166713Z[0m [34mDEBUG[0m [2msled::pagecache::iobuf[0m[2m:[0m mark_interval(37709, 37751)    
[INFO] [stdout] [2m2026-07-14T02:17:49.166726Z[0m [34mDEBUG[0m [2msled::pagecache::iobuf[0m[2m:[0m new highest interval: 37709 - 75459    
[INFO] [stdout] [2m2026-07-14T02:17:49.166823Z[0m [34mDEBUG[0m [1mrequest[0m[1m{[0m[3mmethod[0m[2m=[0mPOST [3muri[0m[2m=[0m/get [3mversion[0m[2m=[0mHTTP/1.1[1m}[0m[2m:[0m [2msled::pagecache::iobuf[0m[2m:[0m advancing offset within the current segment from 75460 to 75484    
[INFO] [stdout] [2m2026-07-14T02:17:49.166958Z[0m [34mDEBUG[0m [2msled::pagecache::iobuf[0m[2m:[0m wrote lsns 75460-75483 to disk at offsets 75460-75483, maxed false complete_len 24    
[INFO] [stdout] [2m2026-07-14T02:17:49.166976Z[0m [34mDEBUG[0m [2msled::pagecache::iobuf[0m[2m:[0m mark_interval(75460, 24)    
[INFO] [stdout] [2m2026-07-14T02:17:49.166991Z[0m [34mDEBUG[0m [2msled::pagecache::iobuf[0m[2m:[0m new highest interval: 75460 - 75483    
[INFO] [stdout] [2m2026-07-14T02:17:49.170142Z[0m [34mDEBUG[0m [1mrequest[0m[1m{[0m[3mmethod[0m[2m=[0mPOST [3muri[0m[2m=[0m/get [3mversion[0m[2m=[0mHTTP/1.1[1m}[0m[2m:[0m [2msled::pagecache::iobuf[0m[2m:[0m advancing offset within the current segment from 75484 to 76128    
[INFO] [stdout] [2m2026-07-14T02:17:49.170210Z[0m [34mDEBUG[0m [1mrequest[0m[1m{[0m[3mmethod[0m[2m=[0mPOST [3muri[0m[2m=[0m/get [3mversion[0m[2m=[0mHTTP/1.1[1m}[0m[2m:[0m [2msled::pagecache::iobuf[0m[2m:[0m advancing offset within the current segment from 76128 to 76152    
[INFO] [stdout] [2m2026-07-14T02:17:49.170271Z[0m [34mDEBUG[0m [2msled::pagecache::iobuf[0m[2m:[0m wrote lsns 76128-76151 to disk at offsets 76128-76151, maxed false complete_len 24    
[INFO] [stdout] [2m2026-07-14T02:17:49.170290Z[0m [34mDEBUG[0m [2msled::pagecache::iobuf[0m[2m:[0m mark_interval(76128, 24)    
[INFO] [stdout] [2m2026-07-14T02:17:49.170392Z[0m [34mDEBUG[0m [2msled::pagecache::iobuf[0m[2m:[0m wrote lsns 75484-76127 to disk at offsets 75484-76127, maxed false complete_len 644    
[INFO] [stdout] [2m2026-07-14T02:17:49.170413Z[0m [34mDEBUG[0m [2msled::pagecache::iobuf[0m[2m:[0m mark_interval(75484, 644)    
[INFO] [stdout] [2m2026-07-14T02:17:49.170425Z[0m [34mDEBUG[0m [2msled::pagecache::iobuf[0m[2m:[0m new highest interval: 75484 - 76151    
[INFO] [stdout] [2m2026-07-14T02:17:49.172826Z[0m [34mDEBUG[0m [1mrequest[0m[1m{[0m[3mmethod[0m[2m=[0mPOST [3muri[0m[2m=[0m/get [3mversion[0m[2m=[0mHTTP/1.1[1m}[0m[2m:[0m [2mtower_http::trace::on_response[0m[2m:[0m finished processing request [3mlatency[0m[2m=[0m9 ms [3mstatus[0m[2m=[0m200
[INFO] [stdout] [2m2026-07-14T02:17:49.175967Z[0m [34mDEBUG[0m [1mrequest[0m[1m{[0m[3mmethod[0m[2m=[0mPOST [3muri[0m[2m=[0m/delete [3mversion[0m[2m=[0mHTTP/1.1[1m}[0m[2m:[0m [2mtower_http::trace::on_request[0m[2m:[0m started processing request
[INFO] [stdout] [2m2026-07-14T02:17:49.176737Z[0m [34mDEBUG[0m [2mdatacake_sled[0m[2m:[0m marking as tombstones documents [865583574550985526, 14919094960396924302, 12812288732042063668, 11160066688088767928, 8582625719713480820, 14456783908427051919, 10240298131601505305, 14774955987986661602, 16325236046734732245, 15889565637781617642, 10590052726051966316, 10591573727893666233, 10315070474995334395, 10542153957441840962, 14536433320439693241, 9871046866091249573, 11222820775789634993, 6751999509432924490, 12178503705698907955, 1773284176999600291, 1717161675607869626, 31275662347585798, 14687786848063600503, 8496135951078084181, 17044507155277162103, 17894733113542024079, 12481819607802971706, 12671162943494058529, 14025542470834929889, 5368457644282438018, 2862277298817924616, 812243341903074519, 2214039985673029600, 2117994479924230695, 12372181249659151568, 11087445637807720533, 10651018241386256407, 10786997603748969056, 13576853079563843562, 3599947519017697678, 5790158307568021178, 6507575022008211670, 14543412053842893979, 18391337622718635410, 6955339394623819386, 5324414987682014993, 1188959820062260066, 15812894820271169149, 16838990934606854424, 8717689690576669044, 10337477833452724959, 17187808478493120596, 8070652109372582179, 1487291357987909816, 4984342710256882354, 1033018394125933379, 15029188290367012881, 9293846725089043222, 9242955841487231025, 15655503530649510595, 9771689694896313460, 3097609878304267533, 15605411349122001708, 8845476990510291646, 725295831078880920, 5014728210254510964, 13095408847110786372, 7296761855604655166, 7421125708790252964, 10081186963580661657, 7513944481228242099, 861221566027379939, 15492259243106843989, 5764719862304942312, 12492247916811278437, 17783792620487095993, 16239492819198574766, 6153454667687518099, 8889324865856673862, 2956226440420831529, 13931986804295673928, 16982545500526754030, 12799756348410902067, 12979157354606590147, 2828386320419454650, 1959317161647955678, 17125460897400484824, 4610927116163361672, 11222195800858531839, 18063322762205226591, 9069443752595665984, 18352123664249523548, 412275108912096670, 12054176699170181921, 10765225545291160833, 18188700728372849185, 12485561046751918859, 12025426954356676575, 7959315543875857004, 9655482130561529117]    
[INFO] [stdout] [2m2026-07-14T02:17:49.180278Z[0m [34mDEBUG[0m [2msled::pagecache::iobuf[0m[2m:[0m advancing offset within the current segment from 76152 to 76176    
[INFO] [stdout] [2m2026-07-14T02:17:49.185211Z[0m [34mDEBUG[0m [2msled::pagecache::iobuf[0m[2m:[0m wrote lsns 76152-76175 to disk at offsets 76152-76175, maxed false complete_len 24    
[INFO] [stdout] [2m2026-07-14T02:17:49.185268Z[0m [34mDEBUG[0m [2msled::pagecache::iobuf[0m[2m:[0m mark_interval(76152, 24)    
[INFO] [stdout] [2m2026-07-14T02:17:49.185283Z[0m [34mDEBUG[0m [2msled::pagecache::iobuf[0m[2m:[0m new highest interval: 76152 - 76175    
[INFO] [stdout] [2m2026-07-14T02:17:49.186275Z[0m [34mDEBUG[0m [2mdatacake_sled[0m[2m:[0m marking as tombstones documents [865583574550985526, 14919094960396924302, 12812288732042063668, 11160066688088767928, 8582625719713480820, 14456783908427051919, 10240298131601505305, 14774955987986661602, 16325236046734732245, 15889565637781617642, 10590052726051966316, 10591573727893666233, 10315070474995334395, 10542153957441840962, 14536433320439693241, 9871046866091249573, 11222820775789634993, 6751999509432924490, 12178503705698907955, 1773284176999600291, 1717161675607869626, 31275662347585798, 14687786848063600503, 8496135951078084181, 17044507155277162103, 17894733113542024079, 12481819607802971706, 12671162943494058529, 14025542470834929889, 5368457644282438018, 2862277298817924616, 812243341903074519, 2214039985673029600, 2117994479924230695, 12372181249659151568, 11087445637807720533, 10651018241386256407, 10786997603748969056, 13576853079563843562, 3599947519017697678, 5790158307568021178, 6507575022008211670, 14543412053842893979, 18391337622718635410, 6955339394623819386, 5324414987682014993, 1188959820062260066, 15812894820271169149, 16838990934606854424, 8717689690576669044, 10337477833452724959, 17187808478493120596, 8070652109372582179, 1487291357987909816, 4984342710256882354, 1033018394125933379, 15029188290367012881, 9293846725089043222, 9242955841487231025, 15655503530649510595, 9771689694896313460, 3097609878304267533, 15605411349122001708, 8845476990510291646, 725295831078880920, 5014728210254510964, 13095408847110786372, 7296761855604655166, 7421125708790252964, 10081186963580661657, 7513944481228242099, 861221566027379939, 15492259243106843989, 5764719862304942312, 12492247916811278437, 17783792620487095993, 16239492819198574766, 6153454667687518099, 8889324865856673862, 2956226440420831529, 13931986804295673928, 16982545500526754030, 12799756348410902067, 12979157354606590147, 2828386320419454650, 1959317161647955678, 17125460897400484824, 4610927116163361672, 11222195800858531839, 18063322762205226591, 9069443752595665984, 18352123664249523548, 412275108912096670, 12054176699170181921, 10765225545291160833, 18188700728372849185, 12485561046751918859, 12025426954356676575, 7959315543875857004, 9655482130561529117]    
[INFO] [stdout] [2m2026-07-14T02:17:49.190007Z[0m [34mDEBUG[0m [2msled::pagecache::iobuf[0m[2m:[0m advancing offset within the current segment from 76176 to 92893    
[INFO] [stdout] [2m2026-07-14T02:17:49.190165Z[0m [34mDEBUG[0m [2msled::pagecache::iobuf[0m[2m:[0m wrote lsns 76176-92892 to disk at offsets 76176-92892, maxed false complete_len 16717    
[INFO] [stdout] [2m2026-07-14T02:17:49.190183Z[0m [34mDEBUG[0m [2msled::pagecache::iobuf[0m[2m:[0m mark_interval(76176, 16717)    
[INFO] [stdout] [2m2026-07-14T02:17:49.190197Z[0m [34mDEBUG[0m [2msled::pagecache::iobuf[0m[2m:[0m new highest interval: 76176 - 92892    
[INFO] [stdout] [2m2026-07-14T02:17:49.190272Z[0m [34mDEBUG[0m [2msled::pagecache::iobuf[0m[2m:[0m advancing offset within the current segment from 92893 to 92917    
[INFO] [stdout] [2m2026-07-14T02:17:49.195892Z[0m [34mDEBUG[0m [2msled::pagecache::iobuf[0m[2m:[0m wrote lsns 92893-92916 to disk at offsets 92893-92916, maxed false complete_len 24    
[INFO] [stdout] [2m2026-07-14T02:17:49.195925Z[0m [34mDEBUG[0m [2msled::pagecache::iobuf[0m[2m:[0m mark_interval(92893, 24)    
[INFO] [stdout] [2m2026-07-14T02:17:49.195940Z[0m [34mDEBUG[0m [2msled::pagecache::iobuf[0m[2m:[0m new highest interval: 92893 - 92916    
[INFO] [stdout] [2m2026-07-14T02:17:49.196609Z[0m [34mDEBUG[0m [1mrequest[0m[1m{[0m[3mmethod[0m[2m=[0mPOST [3muri[0m[2m=[0m/delete [3mversion[0m[2m=[0mHTTP/1.1[1m}[0m[2m:[0m [2mtower_http::trace::on_response[0m[2m:[0m finished processing request [3mlatency[0m[2m=[0m20 ms [3mstatus[0m[2m=[0m200
[INFO] [stdout] [2m2026-07-14T02:17:49.566018Z[0m [34mDEBUG[0m [2msled::pagecache::iobuf[0m[2m:[0m advancing offset within the current segment from 92917 to 110171    
[INFO] [stdout] [2m2026-07-14T02:17:49.566468Z[0m [34mDEBUG[0m [2msled::pagecache::iobuf[0m[2m:[0m wrote lsns 92917-110170 to disk at offsets 92917-110170, maxed false complete_len 17254    
[INFO] [stdout] [2m2026-07-14T02:17:49.566632Z[0m [34mDEBUG[0m [2msled::pagecache::iobuf[0m[2m:[0m mark_interval(92917, 17254)    
[INFO] [stdout] [2m2026-07-14T02:17:49.566654Z[0m [34mDEBUG[0m [2msled::pagecache::iobuf[0m[2m:[0m new highest interval: 92917 - 110170    
[INFO] [stdout] [2m2026-07-14T02:17:54.197912Z[0m [32m INFO[0m [2mdatacake_cluster::node[0m[2m:[0m Shutting down the cluster. [3mself_addr[0m[2m=[0m127.0.0.1:9000
[INFO] [stdout] [2m2026-07-14T02:17:54.198214Z[0m [32m INFO[0m [2mdatacake_cluster::rpc::server[0m[2m:[0m RPC server is shutting down. [3mlisten_addr[0m[2m=[0m127.0.0.1:9000
[INFO] [stdout] [2m2026-07-14T02:17:54.198251Z[0m [34mDEBUG[0m [2mhyper::server::shutdown[0m[2m:[0m signal received, starting graceful shutdown
[INFO] [stdout] [2m2026-07-14T02:17:54.198979Z[0m [34mDEBUG[0m [2msled::pagecache::logger[0m[2m:[0m IoBufs dropped    
[INFO] [stdout] [2m2026-07-14T02:17:54.199032Z[0m [34mDEBUG[0m [2msled::config[0m[2m:[0m removing temporary storage file "/dev/shm/pagecache.tmp.502150083089532423561330362941440"    
[INFO] [stdout] test api::test::test_key_value_server ... ok
[INFO] [stdout] 
[INFO] [stdout] test result: ok. 2 passed; 0 failed; 0 ignored; 0 measured; 0 filtered out; finished in 5.20s
[INFO] [stdout] 
[INFO] [stderr]      Running tests/db.rs (/opt/rustwide/target/debug/deps/db-a6c7489abce9854e)
[INFO] [stdout] 
[INFO] [stdout] running 2 tests
[INFO] [stdout] test test_db_basic ... FAILED
[INFO] [stdout] test test_db_basic_async ... FAILED
[INFO] [stdout] 
[INFO] [stdout] failures:
[INFO] [stdout] 
[INFO] [stdout] ---- test_db_basic stdout ----
[INFO] [stdout] 
[INFO] [stdout] thread 'test_db_basic' (4452) panicked at db/tests/db.rs:25:38:
[INFO] [stdout] called `Result::unwrap()` on an `Err` value: IO error: Read-only file system (os error 30)
[INFO] [stdout] stack backtrace:
[INFO] [stdout]    0:     0x5a98a530e311 - std[73adb7dc35730857]::backtrace_rs::backtrace::libunwind::trace
[INFO] [stdout]                                at /rustc/6b3fa26749ab40e159b2dd5cf577acaaf5902772/library/std/src/../../backtrace/src/backtrace/libunwind.rs:117:9
[INFO] [stdout]    1:     0x5a98a530e311 - std[73adb7dc35730857]::backtrace_rs::backtrace::trace_unsynchronized::<std[73adb7dc35730857]::sys::backtrace::_print_fmt::{closure#1}>
[INFO] [stdout]                                at /rustc/6b3fa26749ab40e159b2dd5cf577acaaf5902772/library/std/src/../../backtrace/src/backtrace/mod.rs:66:14
[INFO] [stdout]    2:     0x5a98a530e311 - std[73adb7dc35730857]::sys::backtrace::_print_fmt
[INFO] [stdout]                                at /rustc/6b3fa26749ab40e159b2dd5cf577acaaf5902772/library/std/src/sys/backtrace.rs:74:9
[INFO] [stdout]    3:     0x5a98a530e311 - <<std[73adb7dc35730857]::sys::backtrace::BacktraceLock>::print::DisplayBacktrace as core[6883ba1bc0fe4ed1]::fmt::Display>::fmt
[INFO] [stdout]                                at /rustc/6b3fa26749ab40e159b2dd5cf577acaaf5902772/library/std/src/sys/backtrace.rs:44:26
[INFO] [stdout]    4:     0x5a98a532461a - <core[6883ba1bc0fe4ed1]::fmt::rt::Argument>::fmt
[INFO] [stdout]                                at /rustc/6b3fa26749ab40e159b2dd5cf577acaaf5902772/library/core/src/fmt/rt.rs:152:76
[INFO] [stdout]    5:     0x5a98a532461a - core[6883ba1bc0fe4ed1]::fmt::write
[INFO] [stdout]    6:     0x5a98a5312e4c - std[73adb7dc35730857]::io::default_write_fmt::<alloc[55a36b64bcbf2c0d]::vec::Vec<u8>>
[INFO] [stdout]                                at /rustc/6b3fa26749ab40e159b2dd5cf577acaaf5902772/library/std/src/io/mod.rs:626:11
[INFO] [stdout]    7:     0x5a98a5312e4c - <alloc[55a36b64bcbf2c0d]::vec::Vec<u8> as std[73adb7dc35730857]::io::Write>::write_fmt
[INFO] [stdout]                                at /rustc/6b3fa26749ab40e159b2dd5cf577acaaf5902772/library/std/src/io/mod.rs:1730:13
[INFO] [stdout]    8:     0x5a98a52ea016 - <std[73adb7dc35730857]::sys::backtrace::BacktraceLock>::print
[INFO] [stdout]                                at /rustc/6b3fa26749ab40e159b2dd5cf577acaaf5902772/library/std/src/sys/backtrace.rs:47:9
[INFO] [stdout]    9:     0x5a98a52ea016 - std[73adb7dc35730857]::panicking::default_hook::{closure#0}
[INFO] [stdout]                                at /rustc/6b3fa26749ab40e159b2dd5cf577acaaf5902772/library/std/src/panicking.rs:292:27
[INFO] [stdout]   10:     0x5a98a5305169 - std[73adb7dc35730857]::panicking::default_hook
[INFO] [stdout]                                at /rustc/6b3fa26749ab40e159b2dd5cf577acaaf5902772/library/std/src/panicking.rs:316:9
[INFO] [stdout]   11:     0x5a98a5045850 - <alloc[55a36b64bcbf2c0d]::boxed::Box<dyn for<'a, 'b> core[6883ba1bc0fe4ed1]::ops::function::Fn<(&'a std[73adb7dc35730857]::panic::PanicHookInfo<'b>,), Output = ()> + core[6883ba1bc0fe4ed1]::marker::Send + core[6883ba1bc0fe4ed1]::marker::Sync> as core[6883ba1bc0fe4ed1]::ops::function::Fn<(&std[73adb7dc35730857]::panic::PanicHookInfo,)>>::call
[INFO] [stdout]                                at /rustc/6b3fa26749ab40e159b2dd5cf577acaaf5902772/library/alloc/src/boxed.rs:2333:9
[INFO] [stdout]   12:     0x5a98a5045850 - test[980ffaebd391d06d]::test_main_inner::<test[980ffaebd391d06d]::test_main_static::{closure#0}>::{closure#0}
[INFO] [stdout]                                at /rustc/6b3fa26749ab40e159b2dd5cf577acaaf5902772/library/test/src/lib.rs:155:21
[INFO] [stdout]   13:     0x5a98a5305492 - <alloc[55a36b64bcbf2c0d]::boxed::Box<dyn for<'a, 'b> core[6883ba1bc0fe4ed1]::ops::function::Fn<(&'a std[73adb7dc35730857]::panic::PanicHookInfo<'b>,), Output = ()> + core[6883ba1bc0fe4ed1]::marker::Send + core[6883ba1bc0fe4ed1]::marker::Sync> as core[6883ba1bc0fe4ed1]::ops::function::Fn<(&std[73adb7dc35730857]::panic::PanicHookInfo,)>>::call
[INFO] [stdout]                                at /rustc/6b3fa26749ab40e159b2dd5cf577acaaf5902772/library/alloc/src/boxed.rs:2333:9
[INFO] [stdout]   14:     0x5a98a5305492 - std[73adb7dc35730857]::panicking::panic_with_hook
[INFO] [stdout]                                at /rustc/6b3fa26749ab40e159b2dd5cf577acaaf5902772/library/std/src/panicking.rs:823:13
[INFO] [stdout]   15:     0x5a98a52ea0c2 - std[73adb7dc35730857]::panicking::panic_handler::{closure#0}
[INFO] [stdout]                                at /rustc/6b3fa26749ab40e159b2dd5cf577acaaf5902772/library/std/src/panicking.rs:688:13
[INFO] [stdout]   16:     0x5a98a52e17d9 - std[73adb7dc35730857]::sys::backtrace::__rust_end_short_backtrace::<std[73adb7dc35730857]::panicking::panic_handler::{closure#0}, !>
[INFO] [stdout]                                at /rustc/6b3fa26749ab40e159b2dd5cf577acaaf5902772/library/std/src/sys/backtrace.rs:182:18
[INFO] [stdout]   17:     0x5a98a52eadad - __rustc[a7b7b02e776dd976]::rust_begin_unwind
[INFO] [stdout]                                at /rustc/6b3fa26749ab40e159b2dd5cf577acaaf5902772/library/std/src/panicking.rs:679:5
[INFO] [stdout]   18:     0x5a98a5324e4c - core[6883ba1bc0fe4ed1]::panicking::panic_fmt
[INFO] [stdout]                                at /rustc/6b3fa26749ab40e159b2dd5cf577acaaf5902772/library/core/src/panicking.rs:80:14
[INFO] [stdout]   19:     0x5a98a5324b92 - core[6883ba1bc0fe4ed1]::result::unwrap_failed
[INFO] [stdout]                                at /rustc/6b3fa26749ab40e159b2dd5cf577acaaf5902772/library/core/src/result.rs:1870:5
[INFO] [stdout]   20:     0x5a98a5030534 - <core[6883ba1bc0fe4ed1]::result::Result<alloc[55a36b64bcbf2c0d]::sync::Arc<bonerjams_db[9e4960346fa5931c]::Database>, anyhow[346391633c8864d7]::Error>>::unwrap
[INFO] [stdout]                                at /rustc/6b3fa26749ab40e159b2dd5cf577acaaf5902772/library/core/src/result.rs:1231:23
[INFO] [stdout]   21:     0x5a98a5030534 - db[ac5da8609b4453ab]::test_db_basic
[INFO] [stdout]                                at /opt/rustwide/workdir/db/tests/db.rs:25:38
[INFO] [stdout]   22:     0x5a98a502bed7 - db[ac5da8609b4453ab]::test_db_basic::{closure#0}
[INFO] [stdout]                                at /opt/rustwide/workdir/db/tests/db.rs:19:19
[INFO] [stdout]   23:     0x5a98a5038aa6 - <db[ac5da8609b4453ab]::test_db_basic::{closure#0} as core[6883ba1bc0fe4ed1]::ops::function::FnOnce<()>>::call_once
[INFO] [stdout]                                at /rustc/6b3fa26749ab40e159b2dd5cf577acaaf5902772/library/core/src/ops/function.rs:250:5
[INFO] [stdout]   24:     0x5a98a5038b8b - <fn() -> core[6883ba1bc0fe4ed1]::result::Result<(), alloc[55a36b64bcbf2c0d]::string::String> as core[6883ba1bc0fe4ed1]::ops::function::FnOnce<()>>::call_once
[INFO] [stdout]                                at /rustc/6b3fa26749ab40e159b2dd5cf577acaaf5902772/library/core/src/ops/function.rs:250:5
[INFO] [stdout]   25:     0x5a98a5038b8b - test[980ffaebd391d06d]::__rust_begin_short_backtrace::<core[6883ba1bc0fe4ed1]::result::Result<(), alloc[55a36b64bcbf2c0d]::string::String>, fn() -> core[6883ba1bc0fe4ed1]::result::Result<(), alloc[55a36b64bcbf2c0d]::string::String>>
[INFO] [stdout]                                at /rustc/6b3fa26749ab40e159b2dd5cf577acaaf5902772/library/test/src/lib.rs:724:18
[INFO] [stdout]   26:     0x5a98a50461d5 - test[980ffaebd391d06d]::run_test_in_process::{closure#0}
[INFO] [stdout]                                at /rustc/6b3fa26749ab40e159b2dd5cf577acaaf5902772/library/test/src/lib.rs:747:74
[INFO] [stdout]   27:     0x5a98a50461d5 - <core[6883ba1bc0fe4ed1]::panic::unwind_safe::AssertUnwindSafe<test[980ffaebd391d06d]::run_test_in_process::{closure#0}> as core[6883ba1bc0fe4ed1]::ops::function::FnOnce<()>>::call_once
[INFO] [stdout]                                at /rustc/6b3fa26749ab40e159b2dd5cf577acaaf5902772/library/core/src/panic/unwind_safe.rs:275:9
[INFO] [stdout]   28:     0x5a98a50461d5 - std[73adb7dc35730857]::panicking::catch_unwind::do_call::<core[6883ba1bc0fe4ed1]::panic::unwind_safe::AssertUnwindSafe<test[980ffaebd391d06d]::run_test_in_process::{closure#0}>, core[6883ba1bc0fe4ed1]::result::Result<(), alloc[55a36b64bcbf2c0d]::string::String>>
[INFO] [stdout]                                at /rustc/6b3fa26749ab40e159b2dd5cf577acaaf5902772/library/std/src/panicking.rs:576:43
[INFO] [stdout]   29:     0x5a98a50461d5 - std[73adb7dc35730857]::panicking::catch_unwind::<core[6883ba1bc0fe4ed1]::result::Result<(), alloc[55a36b64bcbf2c0d]::string::String>, core[6883ba1bc0fe4ed1]::panic::unwind_safe::AssertUnwindSafe<test[980ffaebd391d06d]::run_test_in_process::{closure#0}>>
[INFO] [stdout]                                at /rustc/6b3fa26749ab40e159b2dd5cf577acaaf5902772/library/std/src/panicking.rs:544:19
[INFO] [stdout]   30:     0x5a98a50461d5 - std[73adb7dc35730857]::panic::catch_unwind::<core[6883ba1bc0fe4ed1]::panic::unwind_safe::AssertUnwindSafe<test[980ffaebd391d06d]::run_test_in_process::{closure#0}>, core[6883ba1bc0fe4ed1]::result::Result<(), alloc[55a36b64bcbf2c0d]::string::String>>
[INFO] [stdout]                                at /rustc/6b3fa26749ab40e159b2dd5cf577acaaf5902772/library/std/src/panic.rs:359:14
[INFO] [stdout]   31:     0x5a98a50461d5 - test[980ffaebd391d06d]::run_test_in_process
[INFO] [stdout]                                at /rustc/6b3fa26749ab40e159b2dd5cf577acaaf5902772/library/test/src/lib.rs:747:27
[INFO] [stdout]   32:     0x5a98a50461d5 - test[980ffaebd391d06d]::run_test::{closure#0}
[INFO] [stdout]                                at /rustc/6b3fa26749ab40e159b2dd5cf577acaaf5902772/library/test/src/lib.rs:668:43
[INFO] [stdout]   33:     0x5a98a5040c84 - test[980ffaebd391d06d]::run_test::{closure#1}
[INFO] [stdout]                                at /rustc/6b3fa26749ab40e159b2dd5cf577acaaf5902772/library/test/src/lib.rs:698:41
[INFO] [stdout]   34:     0x5a98a5040c84 - std[73adb7dc35730857]::sys::backtrace::__rust_begin_short_backtrace::<test[980ffaebd391d06d]::run_test::{closure#1}, ()>
[INFO] [stdout]                                at /rustc/6b3fa26749ab40e159b2dd5cf577acaaf5902772/library/std/src/sys/backtrace.rs:166:18
[INFO] [stdout]   35:     0x5a98a5049322 - std[73adb7dc35730857]::thread::lifecycle::spawn_unchecked::<test[980ffaebd391d06d]::run_test::{closure#1}, ()>::{closure#1}::{closure#0}
[INFO] [stdout]                                at /rustc/6b3fa26749ab40e159b2dd5cf577acaaf5902772/library/std/src/thread/lifecycle.rs:70:13
[INFO] [stdout]   36:     0x5a98a5049322 - <core[6883ba1bc0fe4ed1]::panic::unwind_safe::AssertUnwindSafe<std[73adb7dc35730857]::thread::lifecycle::spawn_unchecked<test[980ffaebd391d06d]::run_test::{closure#1}, ()>::{closure#1}::{closure#0}> as core[6883ba1bc0fe4ed1]::ops::function::FnOnce<()>>::call_once
[INFO] [stdout]                                at /rustc/6b3fa26749ab40e159b2dd5cf577acaaf5902772/library/core/src/panic/unwind_safe.rs:275:9
[INFO] [stdout]   37:     0x5a98a5049322 - std[73adb7dc35730857]::panicking::catch_unwind::do_call::<core[6883ba1bc0fe4ed1]::panic::unwind_safe::AssertUnwindSafe<std[73adb7dc35730857]::thread::lifecycle::spawn_unchecked<test[980ffaebd391d06d]::run_test::{closure#1}, ()>::{closure#1}::{closure#0}>, ()>
[INFO] [stdout]                                at /rustc/6b3fa26749ab40e159b2dd5cf577acaaf5902772/library/std/src/panicking.rs:576:43
[INFO] [stdout]   38:     0x5a98a5049322 - std[73adb7dc35730857]::panicking::catch_unwind::<(), core[6883ba1bc0fe4ed1]::panic::unwind_safe::AssertUnwindSafe<std[73adb7dc35730857]::thread::lifecycle::spawn_unchecked<test[980ffaebd391d06d]::run_test::{closure#1}, ()>::{closure#1}::{closure#0}>>
[INFO] [stdout]                                at /rustc/6b3fa26749ab40e159b2dd5cf577acaaf5902772/library/std/src/panicking.rs:544:19
[INFO] [stdout]   39:     0x5a98a5049322 - std[73adb7dc35730857]::panic::catch_unwind::<core[6883ba1bc0fe4ed1]::panic::unwind_safe::AssertUnwindSafe<std[73adb7dc35730857]::thread::lifecycle::spawn_unchecked<test[980ffaebd391d06d]::run_test::{closure#1}, ()>::{closure#1}::{closure#0}>, ()>
[INFO] [stdout]                                at /rustc/6b3fa26749ab40e159b2dd5cf577acaaf5902772/library/std/src/panic.rs:359:14
[INFO] [stdout]   40:     0x5a98a5049322 - std[73adb7dc35730857]::thread::lifecycle::spawn_unchecked::<test[980ffaebd391d06d]::run_test::{closure#1}, ()>::{closure#1}
[INFO] [stdout]                                at /rustc/6b3fa26749ab40e159b2dd5cf577acaaf5902772/library/std/src/thread/lifecycle.rs:68:26
[INFO] [stdout]   41:     0x5a98a5049322 - <std[73adb7dc35730857]::thread::lifecycle::spawn_unchecked<test[980ffaebd391d06d]::run_test::{closure#1}, ()>::{closure#1} as core[6883ba1bc0fe4ed1]::ops::function::FnOnce<()>>::call_once::{shim:vtable#0}
[INFO] [stdout]                                at /rustc/6b3fa26749ab40e159b2dd5cf577acaaf5902772/library/core/src/ops/function.rs:250:5
[INFO] [stdout]   42:     0x5a98a530daaf - <alloc[55a36b64bcbf2c0d]::boxed::Box<dyn core[6883ba1bc0fe4ed1]::ops::function::FnOnce<(), Output = ()> + core[6883ba1bc0fe4ed1]::marker::Send> as core[6883ba1bc0fe4ed1]::ops::function::FnOnce<()>>::call_once
[INFO] [stdout]                                at /rustc/6b3fa26749ab40e159b2dd5cf577acaaf5902772/library/alloc/src/boxed.rs:2319:9
[INFO] [stdout]   43:     0x5a98a530daaf - <std[73adb7dc35730857]::sys::thread::unix::Thread>::new::thread_start
[INFO] [stdout]                                at /rustc/6b3fa26749ab40e159b2dd5cf577acaaf5902772/library/std/src/sys/thread/unix.rs:123:17
[INFO] [stdout]   44:     0x756e0417baa4 - <unknown>
[INFO] [stdout]   45:     0x756e04208a64 - clone
[INFO] [stdout]   46:                0x0 - <unknown>
[INFO] [stdout] 
[INFO] [stdout] ---- test_db_basic_async stdout ----
[INFO] [stdout] 
[INFO] [stdout] thread 'test_db_basic_async' (4453) panicked at db/tests/db.rs:135:38:
[INFO] [stdout] called `Result::unwrap()` on an `Err` value: IO error: Read-only file system (os error 30)
[INFO] [stdout] stack backtrace:
[INFO] [stdout]    0:     0x5a98a530e311 - std[73adb7dc35730857]::backtrace_rs::backtrace::libunwind::trace
[INFO] [stdout]                                at /rustc/6b3fa26749ab40e159b2dd5cf577acaaf5902772/library/std/src/../../backtrace/src/backtrace/libunwind.rs:117:9
[INFO] [stdout]    1:     0x5a98a530e311 - std[73adb7dc35730857]::backtrace_rs::backtrace::trace_unsynchronized::<std[73adb7dc35730857]::sys::backtrace::_print_fmt::{closure#1}>
[INFO] [stdout]                                at /rustc/6b3fa26749ab40e159b2dd5cf577acaaf5902772/library/std/src/../../backtrace/src/backtrace/mod.rs:66:14
[INFO] [stdout]    2:     0x5a98a530e311 - std[73adb7dc35730857]::sys::backtrace::_print_fmt
[INFO] [stdout]                                at /rustc/6b3fa26749ab40e159b2dd5cf577acaaf5902772/library/std/src/sys/backtrace.rs:74:9
[INFO] [stdout]    3:     0x5a98a530e311 - <<std[73adb7dc35730857]::sys::backtrace::BacktraceLock>::print::DisplayBacktrace as core[6883ba1bc0fe4ed1]::fmt::Display>::fmt
[INFO] [stdout]                                at /rustc/6b3fa26749ab40e159b2dd5cf577acaaf5902772/library/std/src/sys/backtrace.rs:44:26
[INFO] [stdout]    4:     0x5a98a532461a - <core[6883ba1bc0fe4ed1]::fmt::rt::Argument>::fmt
[INFO] [stdout]                                at /rustc/6b3fa26749ab40e159b2dd5cf577acaaf5902772/library/core/src/fmt/rt.rs:152:76
[INFO] [stdout]    5:     0x5a98a532461a - core[6883ba1bc0fe4ed1]::fmt::write
[INFO] [stdout]    6:     0x5a98a5312e4c - std[73adb7dc35730857]::io::default_write_fmt::<alloc[55a36b64bcbf2c0d]::vec::Vec<u8>>
[INFO] [stdout]                                at /rustc/6b3fa26749ab40e159b2dd5cf577acaaf5902772/library/std/src/io/mod.rs:626:11
[INFO] [stdout]    7:     0x5a98a5312e4c - <alloc[55a36b64bcbf2c0d]::vec::Vec<u8> as std[73adb7dc35730857]::io::Write>::write_fmt
[INFO] [stdout]                                at /rustc/6b3fa26749ab40e159b2dd5cf577acaaf5902772/library/std/src/io/mod.rs:1730:13
[INFO] [stdout]    8:     0x5a98a52ea016 - <std[73adb7dc35730857]::sys::backtrace::BacktraceLock>::print
[INFO] [stdout]                                at /rustc/6b3fa26749ab40e159b2dd5cf577acaaf5902772/library/std/src/sys/backtrace.rs:47:9
[INFO] [stdout]    9:     0x5a98a52ea016 - std[73adb7dc35730857]::panicking::default_hook::{closure#0}
[INFO] [stdout]                                at /rustc/6b3fa26749ab40e159b2dd5cf577acaaf5902772/library/std/src/panicking.rs:292:27
[INFO] [stdout]   10:     0x5a98a5305169 - std[73adb7dc35730857]::panicking::default_hook
[INFO] [stdout]                                at /rustc/6b3fa26749ab40e159b2dd5cf577acaaf5902772/library/std/src/panicking.rs:316:9
[INFO] [stdout]   11:     0x5a98a5045850 - <alloc[55a36b64bcbf2c0d]::boxed::Box<dyn for<'a, 'b> core[6883ba1bc0fe4ed1]::ops::function::Fn<(&'a std[73adb7dc35730857]::panic::PanicHookInfo<'b>,), Output = ()> + core[6883ba1bc0fe4ed1]::marker::Send + core[6883ba1bc0fe4ed1]::marker::Sync> as core[6883ba1bc0fe4ed1]::ops::function::Fn<(&std[73adb7dc35730857]::panic::PanicHookInfo,)>>::call
[INFO] [stdout]                                at /rustc/6b3fa26749ab40e159b2dd5cf577acaaf5902772/library/alloc/src/boxed.rs:2333:9
[INFO] [stdout]   12:     0x5a98a5045850 - test[980ffaebd391d06d]::test_main_inner::<test[980ffaebd391d06d]::test_main_static::{closure#0}>::{closure#0}
[INFO] [stdout]                                at /rustc/6b3fa26749ab40e159b2dd5cf577acaaf5902772/library/test/src/lib.rs:155:21
[INFO] [stdout]   13:     0x5a98a5305492 - <alloc[55a36b64bcbf2c0d]::boxed::Box<dyn for<'a, 'b> core[6883ba1bc0fe4ed1]::ops::function::Fn<(&'a std[73adb7dc35730857]::panic::PanicHookInfo<'b>,), Output = ()> + core[6883ba1bc0fe4ed1]::marker::Send + core[6883ba1bc0fe4ed1]::marker::Sync> as core[6883ba1bc0fe4ed1]::ops::function::Fn<(&std[73adb7dc35730857]::panic::PanicHookInfo,)>>::call
[INFO] [stdout]                                at /rustc/6b3fa26749ab40e159b2dd5cf577acaaf5902772/library/alloc/src/boxed.rs:2333:9
[INFO] [stdout]   14:     0x5a98a5305492 - std[73adb7dc35730857]::panicking::panic_with_hook
[INFO] [stdout]                                at /rustc/6b3fa26749ab40e159b2dd5cf577acaaf5902772/library/std/src/panicking.rs:823:13
[INFO] [stdout]   15:     0x5a98a52ea0c2 - std[73adb7dc35730857]::panicking::panic_handler::{closure#0}
[INFO] [stdout]                                at /rustc/6b3fa26749ab40e159b2dd5cf577acaaf5902772/library/std/src/panicking.rs:688:13
[INFO] [stdout]   16:     0x5a98a52e17d9 - std[73adb7dc35730857]::sys::backtrace::__rust_end_short_backtrace::<std[73adb7dc35730857]::panicking::panic_handler::{closure#0}, !>
[INFO] [stdout]                                at /rustc/6b3fa26749ab40e159b2dd5cf577acaaf5902772/library/std/src/sys/backtrace.rs:182:18
[INFO] [stdout]   17:     0x5a98a52eadad - __rustc[a7b7b02e776dd976]::rust_begin_unwind
[INFO] [stdout]                                at /rustc/6b3fa26749ab40e159b2dd5cf577acaaf5902772/library/std/src/panicking.rs:679:5
[INFO] [stdout]   18:     0x5a98a5324e4c - core[6883ba1bc0fe4ed1]::panicking::panic_fmt
[INFO] [stdout]                                at /rustc/6b3fa26749ab40e159b2dd5cf577acaaf5902772/library/core/src/panicking.rs:80:14
[INFO] [stdout]   19:     0x5a98a5324b92 - core[6883ba1bc0fe4ed1]::result::unwrap_failed
[INFO] [stdout]                                at /rustc/6b3fa26749ab40e159b2dd5cf577acaaf5902772/library/core/src/result.rs:1870:5
[INFO] [stdout]   20:     0x5a98a502f75e - <core[6883ba1bc0fe4ed1]::result::Result<alloc[55a36b64bcbf2c0d]::sync::Arc<bonerjams_db[9e4960346fa5931c]::Database>, anyhow[346391633c8864d7]::Error>>::unwrap
[INFO] [stdout]                                at /rustc/6b3fa26749ab40e159b2dd5cf577acaaf5902772/library/core/src/result.rs:1231:23
[INFO] [stdout]   21:     0x5a98a502f75e - db[ac5da8609b4453ab]::test_db_basic_async::{closure#0}
[INFO] [stdout]                                at /opt/rustwide/workdir/db/tests/db.rs:135:38
[INFO] [stdout]   22:     0x5a98a50385ed - <core[6883ba1bc0fe4ed1]::pin::Pin<&mut db[ac5da8609b4453ab]::test_db_basic_async::{closure#0}> as core[6883ba1bc0fe4ed1]::future::future::Future>::poll
[INFO] [stdout]                                at /rustc/6b3fa26749ab40e159b2dd5cf577acaaf5902772/library/core/src/future/future.rs:133:9
[INFO] [stdout]   23:     0x5a98a503787d - <tokio[ab113518f1fd362b]::runtime::scheduler::current_thread::CoreGuard>::block_on::<core[6883ba1bc0fe4ed1]::pin::Pin<&mut db[ac5da8609b4453ab]::test_db_basic_async::{closure#0}>>::{closure#0}::{closure#0}::{closure#0}
[INFO] [stdout]                                at /opt/rustwide/cargo-home/registry/src/index.crates.io-1949cf8c6b5b557f/tokio-1.21.2/src/runtime/scheduler/current_thread.rs:525:64
[INFO] [stdout]   24:     0x5a98a5027c20 - tokio[ab113518f1fd362b]::coop::with_budget::<core[6883ba1bc0fe4ed1]::task::poll::Poll<()>, <tokio[ab113518f1fd362b]::runtime::scheduler::current_thread::CoreGuard>::block_on<core[6883ba1bc0fe4ed1]::pin::Pin<&mut db[ac5da8609b4453ab]::test_db_basic_async::{closure#0}>>::{closure#0}::{closure#0}::{closure#0}>::{closure#0}
[INFO] [stdout]                                at /opt/rustwide/cargo-home/registry/src/index.crates.io-1949cf8c6b5b557f/tokio-1.21.2/src/coop.rs:102:9
[INFO] [stdout]   25:     0x5a98a50332c5 - <std[73adb7dc35730857]::thread::local::LocalKey<core[6883ba1bc0fe4ed1]::cell::Cell<tokio[ab113518f1fd362b]::coop::Budget>>>::try_with::<tokio[ab113518f1fd362b]::coop::with_budget<core[6883ba1bc0fe4ed1]::task::poll::Poll<()>, <tokio[ab113518f1fd362b]::runtime::scheduler::current_thread::CoreGuard>::block_on<core[6883ba1bc0fe4ed1]::pin::Pin<&mut db[ac5da8609b4453ab]::test_db_basic_async::{closure#0}>>::{closure#0}::{closure#0}::{closure#0}>::{closure#0}, core[6883ba1bc0fe4ed1]::task::poll::Poll<()>>
[INFO] [stdout]                                at /rustc/6b3fa26749ab40e159b2dd5cf577acaaf5902772/library/std/src/thread/local.rs:463:12
[INFO] [stdout]   26:     0x5a98a5032f6e - <std[73adb7dc35730857]::thread::local::LocalKey<core[6883ba1bc0fe4ed1]::cell::Cell<tokio[ab113518f1fd362b]::coop::Budget>>>::with::<tokio[ab113518f1fd362b]::coop::with_budget<core[6883ba1bc0fe4ed1]::task::poll::Poll<()>, <tokio[ab113518f1fd362b]::runtime::scheduler::current_thread::CoreGuard>::block_on<core[6883ba1bc0fe4ed1]::pin::Pin<&mut db[ac5da8609b4453ab]::test_db_basic_async::{closure#0}>>::{closure#0}::{closure#0}::{closure#0}>::{closure#0}, core[6883ba1bc0fe4ed1]::task::poll::Poll<()>>
[INFO] [stdout]                                at /rustc/6b3fa26749ab40e159b2dd5cf577acaaf5902772/library/std/src/thread/local.rs:427:20
[INFO] [stdout]   27:     0x5a98a503773f - tokio[ab113518f1fd362b]::coop::with_budget::<core[6883ba1bc0fe4ed1]::task::poll::Poll<()>, <tokio[ab113518f1fd362b]::runtime::scheduler::current_thread::CoreGuard>::block_on<core[6883ba1bc0fe4ed1]::pin::Pin<&mut db[ac5da8609b4453ab]::test_db_basic_async::{closure#0}>>::{closure#0}::{closure#0}::{closure#0}>
[INFO] [stdout]                                at /opt/rustwide/cargo-home/registry/src/index.crates.io-1949cf8c6b5b557f/tokio-1.21.2/src/coop.rs:95:13
[INFO] [stdout]   28:     0x5a98a503773f - tokio[ab113518f1fd362b]::coop::budget::<core[6883ba1bc0fe4ed1]::task::poll::Poll<()>, <tokio[ab113518f1fd362b]::runtime::scheduler::current_thread::CoreGuard>::block_on<core[6883ba1bc0fe4ed1]::pin::Pin<&mut db[ac5da8609b4453ab]::test_db_basic_async::{closure#0}>>::{closure#0}::{closure#0}::{closure#0}>
[INFO] [stdout]                                at /opt/rustwide/cargo-home/registry/src/index.crates.io-1949cf8c6b5b557f/tokio-1.21.2/src/coop.rs:72:5
[INFO] [stdout]   29:     0x5a98a503773f - <tokio[ab113518f1fd362b]::runtime::scheduler::current_thread::CoreGuard>::block_on::<core[6883ba1bc0fe4ed1]::pin::Pin<&mut db[ac5da8609b4453ab]::test_db_basic_async::{closure#0}>>::{closure#0}::{closure#0}
[INFO] [stdout]                                at /opt/rustwide/cargo-home/registry/src/index.crates.io-1949cf8c6b5b557f/tokio-1.21.2/src/runtime/scheduler/current_thread.rs:525:25
[INFO] [stdout]   30:     0x5a98a50336e0 - <tokio[ab113518f1fd362b]::runtime::scheduler::current_thread::Context>::enter::<core[6883ba1bc0fe4ed1]::task::poll::Poll<()>, <tokio[ab113518f1fd362b]::runtime::scheduler::current_thread::CoreGuard>::block_on<core[6883ba1bc0fe4ed1]::pin::Pin<&mut db[ac5da8609b4453ab]::test_db_basic_async::{closure#0}>>::{closure#0}::{closure#0}>
[INFO] [stdout]                                at /opt/rustwide/cargo-home/registry/src/index.crates.io-1949cf8c6b5b557f/tokio-1.21.2/src/runtime/scheduler/current_thread.rs:349:19
[INFO] [stdout]   31:     0x5a98a5036eef - <tokio[ab113518f1fd362b]::runtime::scheduler::current_thread::CoreGuard>::block_on::<core[6883ba1bc0fe4ed1]::pin::Pin<&mut db[ac5da8609b4453ab]::test_db_basic_async::{closure#0}>>::{closure#0}
[INFO] [stdout]                                at /opt/rustwide/cargo-home/registry/src/index.crates.io-1949cf8c6b5b557f/tokio-1.21.2/src/runtime/scheduler/current_thread.rs:524:44
[INFO] [stdout]   32:     0x5a98a5036c74 - <tokio[ab113518f1fd362b]::runtime::scheduler::current_thread::CoreGuard>::enter::<<tokio[ab113518f1fd362b]::runtime::scheduler::current_thread::CoreGuard>::block_on<core[6883ba1bc0fe4ed1]::pin::Pin<&mut db[ac5da8609b4453ab]::test_db_basic_async::{closure#0}>>::{closure#0}, core[6883ba1bc0fe4ed1]::option::Option<()>>::{closure#0}
[INFO] [stdout]                                at /opt/rustwide/cargo-home/registry/src/index.crates.io-1949cf8c6b5b557f/tokio-1.21.2/src/runtime/scheduler/current_thread.rs:595:57
[INFO] [stdout]   33:     0x5a98a5026033 - <tokio[ab113518f1fd362b]::macros::scoped_tls::ScopedKey<tokio[ab113518f1fd362b]::runtime::scheduler::current_thread::Context>>::set::<<tokio[ab113518f1fd362b]::runtime::scheduler::current_thread::CoreGuard>::enter<<tokio[ab113518f1fd362b]::runtime::scheduler::current_thread::CoreGuard>::block_on<core[6883ba1bc0fe4ed1]::pin::Pin<&mut db[ac5da8609b4453ab]::test_db_basic_async::{closure#0}>>::{closure#0}, core[6883ba1bc0fe4ed1]::option::Option<()>>::{closure#0}, (alloc[55a36b64bcbf2c0d]::boxed::Box<tokio[ab113518f1fd362b]::runtime::scheduler::current_thread::Core>, core[6883ba1bc0fe4ed1]::option::Option<()>)>
[INFO] [stdout]                                at /opt/rustwide/cargo-home/registry/src/index.crates.io-1949cf8c6b5b557f/tokio-1.21.2/src/macros/scoped_tls.rs:61:9
[INFO] [stdout]   34:     0x5a98a5033e0f - <tokio[ab113518f1fd362b]::runtime::scheduler::current_thread::CoreGuard>::enter::<<tokio[ab113518f1fd362b]::runtime::scheduler::current_thread::CoreGuard>::block_on<core[6883ba1bc0fe4ed1]::pin::Pin<&mut db[ac5da8609b4453ab]::test_db_basic_async::{closure#0}>>::{closure#0}, core[6883ba1bc0fe4ed1]::option::Option<()>>
[INFO] [stdout]                                at /opt/rustwide/cargo-home/registry/src/index.crates.io-1949cf8c6b5b557f/tokio-1.21.2/src/runtime/scheduler/current_thread.rs:595:35
[INFO] [stdout]   35:     0x5a98a503408a - <tokio[ab113518f1fd362b]::runtime::scheduler::current_thread::CoreGuard>::block_on::<core[6883ba1bc0fe4ed1]::pin::Pin<&mut db[ac5da8609b4453ab]::test_db_basic_async::{closure#0}>>
[INFO] [stdout]                                at /opt/rustwide/cargo-home/registry/src/index.crates.io-1949cf8c6b5b557f/tokio-1.21.2/src/runtime/scheduler/current_thread.rs:515:24
[INFO] [stdout]   36:     0x5a98a5032cca - <tokio[ab113518f1fd362b]::runtime::scheduler::current_thread::CurrentThread>::block_on::<db[ac5da8609b4453ab]::test_db_basic_async::{closure#0}>
[INFO] [stdout]                                at /opt/rustwide/cargo-home/registry/src/index.crates.io-1949cf8c6b5b557f/tokio-1.21.2/src/runtime/scheduler/current_thread.rs:161:29
[INFO] [stdout]   37:     0x5a98a5024dac - <tokio[ab113518f1fd362b]::runtime::Runtime>::block_on::<db[ac5da8609b4453ab]::test_db_basic_async::{closure#0}>
[INFO] [stdout]                                at /opt/rustwide/cargo-home/registry/src/index.crates.io-1949cf8c6b5b557f/tokio-1.21.2/src/runtime/mod.rs:490:51
[INFO] [stdout]   38:     0x5a98a503085c - db[ac5da8609b4453ab]::test_db_basic_async
[INFO] [stdout]                                at /opt/rustwide/workdir/db/tests/db.rs:235:63
[INFO] [stdout]   39:     0x5a98a502bf07 - db[ac5da8609b4453ab]::test_db_basic_async::{closure#0}
[INFO] [stdout]                                at /opt/rustwide/workdir/db/tests/db.rs:129:31
[INFO] [stdout]   40:     0x5a98a5038ae6 - <db[ac5da8609b4453ab]::test_db_basic_async::{closure#0} as core[6883ba1bc0fe4ed1]::ops::function::FnOnce<()>>::call_once
[INFO] [stdout]                                at /rustc/6b3fa26749ab40e159b2dd5cf577acaaf5902772/library/core/src/ops/function.rs:250:5
[INFO] [stdout]   41:     0x5a98a5038b8b - <fn() -> core[6883ba1bc0fe4ed1]::result::Result<(), alloc[55a36b64bcbf2c0d]::string::String> as core[6883ba1bc0fe4ed1]::ops::function::FnOnce<()>>::call_once
[INFO] [stdout]                                at /rustc/6b3fa26749ab40e159b2dd5cf577acaaf5902772/library/core/src/ops/function.rs:250:5
[INFO] [stdout]   42:     0x5a98a5038b8b - test[980ffaebd391d06d]::__rust_begin_short_backtrace::<core[6883ba1bc0fe4ed1]::result::Result<(), alloc[55a36b64bcbf2c0d]::string::String>, fn() -> core[6883ba1bc0fe4ed1]::result::Result<(), alloc[55a36b64bcbf2c0d]::string::String>>
[INFO] [stdout]                                at /rustc/6b3fa26749ab40e159b2dd5cf577acaaf5902772/library/test/src/lib.rs:724:18
[INFO] [stdout]   43:     0x5a98a50461d5 - test[980ffaebd391d06d]::run_test_in_process::{closure#0}
[INFO] [stdout]                                at /rustc/6b3fa26749ab40e159b2dd5cf577acaaf5902772/library/test/src/lib.rs:747:74
[INFO] [stdout]   44:     0x5a98a50461d5 - <core[6883ba1bc0fe4ed1]::panic::unwind_safe::AssertUnwindSafe<test[980ffaebd391d06d]::run_test_in_process::{closure#0}> as core[6883ba1bc0fe4ed1]::ops::function::FnOnce<()>>::call_once
[INFO] [stdout]                                at /rustc/6b3fa26749ab40e159b2dd5cf577acaaf5902772/library/core/src/panic/unwind_safe.rs:275:9
[INFO] [stdout]   45:     0x5a98a50461d5 - std[73adb7dc35730857]::panicking::catch_unwind::do_call::<core[6883ba1bc0fe4ed1]::panic::unwind_safe::AssertUnwindSafe<test[980ffaebd391d06d]::run_test_in_process::{closure#0}>, core[6883ba1bc0fe4ed1]::result::Result<(), alloc[55a36b64bcbf2c0d]::string::String>>
[INFO] [stdout]                                at /rustc/6b3fa26749ab40e159b2dd5cf577acaaf5902772/library/std/src/panicking.rs:576:43
[INFO] [stdout]   46:     0x5a98a50461d5 - std[73adb7dc35730857]::panicking::catch_unwind::<core[6883ba1bc0fe4ed1]::result::Result<(), alloc[55a36b64bcbf2c0d]::string::String>, core[6883ba1bc0fe4ed1]::panic::unwind_safe::AssertUnwindSafe<test[980ffaebd391d06d]::run_test_in_process::{closure#0}>>
[INFO] [stdout]                                at /rustc/6b3fa26749ab40e159b2dd5cf577acaaf5902772/library/std/src/panicking.rs:544:19
[INFO] [stdout]   47:     0x5a98a50461d5 - std[73adb7dc35730857]::panic::catch_unwind::<core[6883ba1bc0fe4ed1]::panic::unwind_safe::AssertUnwindSafe<test[980ffaebd391d06d]::run_test_in_process::{closure#0}>, core[6883ba1bc0fe4ed1]::result::Result<(), alloc[55a36b64bcbf2c0d]::string::String>>
[INFO] [stdout]                                at /rustc/6b3fa26749ab40e159b2dd5cf577acaaf5902772/library/std/src/panic.rs:359:14
[INFO] [stdout]   48:     0x5a98a50461d5 - test[980ffaebd391d06d]::run_test_in_process
[INFO] [stdout]                                at /rustc/6b3fa26749ab40e159b2dd5cf577acaaf5902772/library/test/src/lib.rs:747:27
[INFO] [stdout]   49:     0x5a98a50461d5 - test[980ffaebd391d06d]::run_test::{closure#0}
[INFO] [stdout]                                at /rustc/6b3fa26749ab40e159b2dd5cf577acaaf5902772/library/test/src/lib.rs:668:43
[INFO] [stdout]   50:     0x5a98a5040c84 - test[980ffaebd391d06d]::run_test::{closure#1}
[INFO] [stdout]                                at /rustc/6b3fa26749ab40e159b2dd5cf577acaaf5902772/library/test/src/lib.rs:698:41
[INFO] [stdout]   51:     0x5a98a5040c84 - std[73adb7dc35730857]::sys::backtrace::__rust_begin_short_backtrace::<test[980ffaebd391d06d]::run_test::{closure#1}, ()>
[INFO] [stdout]                                at /rustc/6b3fa26749ab40e159b2dd5cf577acaaf5902772/library/std/src/sys/backtrace.rs:166:18
[INFO] [stdout]   52:     0x5a98a5049322 - std[73adb7dc35730857]::thread::lifecycle::spawn_unchecked::<test[980ffaebd391d06d]::run_test::{closure#1}, ()>::{closure#1}::{closure#0}
[INFO] [stdout]                                at /rustc/6b3fa26749ab40e159b2dd5cf577acaaf5902772/library/std/src/thread/lifecycle.rs:70:13
[INFO] [stdout]   53:     0x5a98a5049322 - <core[6883ba1bc0fe4ed1]::panic::unwind_safe::AssertUnwindSafe<std[73adb7dc35730857]::thread::lifecycle::spawn_unchecked<test[980ffaebd391d06d]::run_test::{closure#1}, ()>::{closure#1}::{closure#0}> as core[6883ba1bc0fe4ed1]::ops::function::FnOnce<()>>::call_once
[INFO] [stdout]                                at /rustc/6b3fa26749ab40e159b2dd5cf577acaaf5902772/library/core/src/panic/unwind_safe.rs:275:9
[INFO] [stdout]   54:     0x5a98a5049322 - std[73adb7dc35730857]::panicking::catch_unwind::do_call::<core[6883ba1bc0fe4ed1]::panic::unwind_safe::AssertUnwindSafe<std[73adb7dc35730857]::thread::lifecycle::spawn_unchecked<test[980ffaebd391d06d]::run_test::{closure#1}, ()>::{closure#1}::{closure#0}>, ()>
[INFO] [stdout]                                at /rustc/6b3fa26749ab40e159b2dd5cf577acaaf5902772/library/std/src/panicking.rs:576:43
[INFO] [stdout]   55:     0x5a98a5049322 - std[73adb7dc35730857]::panicking::catch_unwind::<(), core[6883ba1bc0fe4ed1]::panic::unwind_safe::AssertUnwindSafe<std[73adb7dc35730857]::thread::lifecycle::spawn_unchecked<test[980ffaebd391d06d]::run_test::{closure#1}, ()>::{closure#1}::{closure#0}>>
[INFO] [stdout]                                at /rustc/6b3fa26749ab40e159b2dd5cf577acaaf5902772/library/std/src/panicking.rs:544:19
[INFO] [stdout]   56:     0x5a98a5049322 - std[73adb7dc35730857]::panic::catch_unwind::<core[6883ba1bc0fe4ed1]::panic::unwind_safe::AssertUnwindSafe<std[73adb7dc35730857]::thread::lifecycle::spawn_unchecked<test[980ffaebd391d06d]::run_test::{closure#1}, ()>::{closure#1}::{closure#0}>, ()>
[INFO] [stdout]                                at /rustc/6b3fa26749ab40e159b2dd5cf577acaaf5902772/library/std/src/panic.rs:359:14
[INFO] [stdout]   57:     0x5a98a5049322 - std[73adb7dc35730857]::thread::lifecycle::spawn_unchecked::<test[980ffaebd391d06d]::run_test::{closure#1}, ()>::{closure#1}
[INFO] [stdout]                                at /rustc/6b3fa26749ab40e159b2dd5cf577acaaf5902772/library/std/src/thread/lifecycle.rs:68:26
[INFO] [stdout]   58:     0x5a98a5049322 - <std[73adb7dc35730857]::thread::lifecycle::spawn_unchecked<test[980ffaebd391d06d]::run_test::{closure#1}, ()>::{closure#1} as core[6883ba1bc0fe4ed1]::ops::function::FnOnce<()>>::call_once::{shim:vtable#0}
[INFO] [stdout]                                at /rustc/6b3fa26749ab40e159b2dd5cf577acaaf5902772/library/core/src/ops/function.rs:250:5
[INFO] [stdout]   59:     0x5a98a530daaf - <alloc[55a36b64bcbf2c0d]::boxed::Box<dyn core[6883ba1bc0fe4ed1]::ops::function::FnOnce<(), Output = ()> + core[6883ba1bc0fe4ed1]::marker::Send> as core[6883ba1bc0fe4ed1]::ops::function::FnOnce<()>>::call_once
[INFO] [stdout]                                at /rustc/6b3fa26749ab40e159b2dd5cf577acaaf5902772/library/alloc/src/boxed.rs:2319:9
[INFO] [stdout]   60:     0x5a98a530daaf - <std[73adb7dc35730857]::sys::thread::unix::Thread>::new::thread_start
[INFO] [stdout]                                at /rustc/6b3fa26749ab40e159b2dd5cf577acaaf5902772/library/std/src/sys/thread/unix.rs:123:17
[INFO] [stdout]   61:     0x756e0417baa4 - <unknown>
[INFO] [stdout]   62:     0x756e04208a64 - clone
[INFO] [stdout]   63:                0x0 - <unknown>
[INFO] [stdout] 
[INFO] [stdout] 
[INFO] [stdout] failures:
[INFO] [stdout]     test_db_basic
[INFO] [stdout]     test_db_basic_async
[INFO] [stdout] 
[INFO] [stdout] test result: FAILED. 0 passed; 2 failed; 0 ignored; 0 measured; 0 filtered out; finished in 0.20s
[INFO] [stdout] 
[INFO] [stderr] error: test failed, to rerun pass `-p bonerjams-db --test db`
[INFO] running `Command { std: "docker" "inspect" "d65a4942a38df22e58944f2eb50d440b89f6e3843af3b5f5b0d88a14c7661f1b", kill_on_drop: false }`
[INFO] running `Command { std: "docker" "rm" "-f" "d65a4942a38df22e58944f2eb50d440b89f6e3843af3b5f5b0d88a14c7661f1b", kill_on_drop: false }`
[INFO] [stdout] d65a4942a38df22e58944f2eb50d440b89f6e3843af3b5f5b0d88a14c7661f1b
