[INFO] cloning repository https://github.com/api-ranger6032/agent-rs
[INFO] running `Command { std: "git" "-c" "credential.helper=" "-c" "credential.helper=/workspace/cargo-home/bin/git-credential-null" "clone" "--bare" "https://github.com/api-ranger6032/agent-rs" "/workspace/cache/git-repos/https%3A%2F%2Fgithub.com%2Fapi-ranger6032%2Fagent-rs", kill_on_drop: false }`
[INFO] [stderr] Cloning into bare repository '/workspace/cache/git-repos/https%3A%2F%2Fgithub.com%2Fapi-ranger6032%2Fagent-rs'...
[INFO] running `Command { std: "git" "rev-parse" "HEAD", kill_on_drop: false }`
[INFO] [stdout] b52eb01a5414489763b1eeb5a30aa21db1f69b0e
[INFO] testing api-ranger6032/agent-rs against 1.97.0-beta.6 for beta-1.98-2
[INFO] running `Command { std: "git" "clone" "/workspace/cache/git-repos/https%3A%2F%2Fgithub.com%2Fapi-ranger6032%2Fagent-rs" "/workspace/builds/worker-7-tc1/source", kill_on_drop: false }`
[INFO] [stderr] Cloning into '/workspace/builds/worker-7-tc1/source'...
[INFO] [stderr] done.
[INFO] removed /workspace/builds/worker-7-tc1/source/rust-toolchain.toml
[INFO] started tweaking git repo https://github.com/api-ranger6032/agent-rs
[INFO] finished tweaking git repo https://github.com/api-ranger6032/agent-rs
[INFO] tweaked toml for git repo https://github.com/api-ranger6032/agent-rs written to /workspace/builds/worker-7-tc1/source/Cargo.toml
[INFO] validating manifest of git repo https://github.com/api-ranger6032/agent-rs on toolchain 1.97.0-beta.6
[INFO] running `Command { std: CARGO_HOME="/workspace/cargo-home" RUSTUP_HOME="/workspace/rustup-home" "/workspace/cargo-home/bin/cargo" "+1.97.0-beta.6" "metadata" "--manifest-path" "Cargo.toml" "--no-deps", kill_on_drop: false }`
[INFO] crate git repo https://github.com/api-ranger6032/agent-rs already has a lockfile, it will not be regenerated
[INFO] running `Command { std: CARGO_HOME="/workspace/cargo-home" RUSTUP_HOME="/workspace/rustup-home" "/workspace/cargo-home/bin/cargo" "+1.97.0-beta.6" "fetch" "--manifest-path" "Cargo.toml", kill_on_drop: false }`
[INFO] [stderr]     Updating crates.io index
[INFO] [stderr]  Downloading crates ...
[INFO] [stderr]   Downloaded cpufeatures v0.2.15
[INFO] [stderr]   Downloaded wasm-bindgen-macro v0.2.95
[INFO] [stderr]   Downloaded wasm-bindgen-shared v0.2.95
[INFO] [stderr]   Downloaded wslpath v0.0.2
[INFO] [stderr]   Downloaded wasm-bindgen-futures v0.4.45
[INFO] [stderr]   Downloaded serde_bytes v0.11.15
[INFO] [stderr]   Downloaded itoa v1.0.12
[INFO] [stderr]   Downloaded sync_wrapper v1.0.1
[INFO] [stderr]   Downloaded wasm-bindgen-backend v0.2.95
[INFO] [stderr]   Downloaded wasm-bindgen-macro-support v0.2.95
[INFO] [stderr]   Downloaded serde_repr v0.1.19
[INFO] [stderr]   Downloaded schemars_derive v0.8.21
[INFO] [stderr]   Downloaded ic-transport-types v0.37.1
[INFO] [stderr]   Downloaded typed-arena v2.0.2
[INFO] [stderr]   Downloaded ic_principal v0.1.1
[INFO] [stderr]   Downloaded stacker v0.1.17
[INFO] [stderr]   Downloaded candid_derive v0.10.17
[INFO] [stderr]   Downloaded tokio-socks v0.5.2
[INFO] [stderr]   Downloaded thiserror v2.0.3
[INFO] [stderr]   Downloaded ic-verify-bls-signature v0.5.0
[INFO] [stderr]   Downloaded security-framework-sys v2.12.1
[INFO] [stderr]   Downloaded unicase v2.8.0
[INFO] [stderr]   Downloaded async-watch v0.3.1
[INFO] [stderr]   Downloaded half v1.8.3
[INFO] [stderr]   Downloaded thiserror-impl v2.0.3
[INFO] [stderr]   Downloaded rustc-hash v2.0.0
[INFO] [stderr]   Downloaded quinn-udp v0.5.7
[INFO] [stderr]   Downloaded wasm-bindgen-test-macro v0.3.45
[INFO] [stderr]   Downloaded stop-token v0.7.0
[INFO] [stderr]   Downloaded assert-json-diff v2.0.2
[INFO] [stderr]   Downloaded pretty v0.12.3
[INFO] [stderr]   Downloaded logos v0.13.0
[INFO] [stderr]   Downloaded logos-derive v0.13.0
[INFO] [stderr]   Downloaded beef v0.5.2
[INFO] [stderr]   Downloaded wasm-bindgen v0.2.95
[INFO] [stderr]   Downloaded rustversion v1.0.18
[INFO] [stderr]   Downloaded slog v2.7.0
[INFO] [stderr]   Downloaded rustls-native-certs v0.8.0
[INFO] [stderr]   Downloaded tokio-rustls v0.26.0
[INFO] [stderr]   Downloaded ipnet v2.10.1
[INFO] [stderr]   Downloaded ic-certification v2.6.0
[INFO] [stderr]   Downloaded psm v0.1.24
[INFO] [stderr]   Downloaded ic-management-canister-types v0.4.0
[INFO] [stderr]   Downloaded ic-ed25519 v0.2.0
[INFO] [stderr]   Downloaded wasm-bindgen-test v0.3.45
[INFO] [stderr]   Downloaded ic-certification v3.0.2
[INFO] [stderr]   Downloaded ed25519-consensus v2.1.0
[INFO] [stderr]   Downloaded subtle-ng v2.5.0
[INFO] [stderr]   Downloaded async-trait v0.1.83
[INFO] [stderr]   Downloaded serde_derive v1.0.215
[INFO] [stderr]   Downloaded pocket-ic v6.0.0
[INFO] [stderr]   Downloaded rustls-pki-types v1.10.0
[INFO] [stderr]   Downloaded libloading v0.5.2
[INFO] [stderr]   Downloaded hyper-rustls v0.27.3
[INFO] [stderr]   Downloaded binread v2.2.0
[INFO] [stderr]   Downloaded binread_derive v2.1.0
[INFO] [stderr]   Downloaded anyhow v1.0.93
[INFO] [stderr]   Downloaded minicov v0.3.7
[INFO] [stderr]   Downloaded mockito v1.6.1
[INFO] [stderr]   Downloaded pkcs11 v0.5.0
[INFO] [stderr]   Downloaded candid_parser v0.1.4
[INFO] [stderr]   Downloaded logos-codegen v0.13.0
[INFO] [stderr]   Downloaded serde v1.0.215
[INFO] [stderr]   Downloaded js-sys v0.3.72
[INFO] [stderr]   Downloaded schemars v0.8.21
[INFO] [stderr]   Downloaded url v2.5.3
[INFO] [stderr]   Downloaded quinn v0.11.6
[INFO] [stderr]   Downloaded candid v0.10.17
[INFO] [stderr]   Downloaded rangemap v1.5.1
[INFO] [stderr]   Downloaded similar v2.6.0
[INFO] [stderr]   Downloaded allocator-api2 v0.2.20
[INFO] [stderr]   Downloaded indexmap v2.6.0
[INFO] [stderr]   Downloaded ed25519-dalek v2.1.1
[INFO] [stderr]   Downloaded http v1.1.0
[INFO] [stderr]   Downloaded cached v0.52.0
[INFO] [stderr]   Downloaded tokio-util v0.7.12
[INFO] [stderr]   Downloaded serde_json v1.0.133
[INFO] [stderr]   Downloaded hyper v1.5.1
[INFO] [stderr]   Downloaded hashbrown v0.15.1
[INFO] [stderr]   Downloaded reqwest v0.12.9
[INFO] [stderr]   Downloaded webpki-roots v0.26.6
[INFO] [stderr]   Downloaded quinn-proto v0.11.9
[INFO] [stderr]   Downloaded rustls v0.23.20
[INFO] [stderr]   Downloaded curve25519-dalek-ng v4.1.1
[INFO] [stderr]   Downloaded ic_bls12_381 v0.10.0
[INFO] [stderr]   Downloaded libc v0.2.164
[INFO] [stderr]   Downloaded web-sys v0.3.72
[INFO] [stderr]   Downloaded tokio v1.41.1
[INFO] [stderr]   Downloaded ring v0.17.12
[INFO] running `Command { std: "docker" "create" "-v" "/var/lib/crater-agent-workspace/builds/worker-7-tc1/source:/opt/rustwide/workdir:ro,Z" "-v" "/var/lib/crater-agent-workspace/builds/worker-7-tc1/target:/opt/rustwide/target:rw,Z" "-v" "/var/lib/crater-agent-workspace/cargo-home:/opt/rustwide/cargo-home:ro,Z" "-v" "/var/lib/crater-agent-workspace/rustup-home:/opt/rustwide/rustup-home:ro,Z" "-m" "1610612736" "--network" "none" "ghcr.io/rust-lang/crates-build-env/linux@sha256:3d5ced03c013a94a2f102a4510f48a6e9184255caf5fd8244f58017bde7f5210" "sleep" "infinity", kill_on_drop: false }`
[INFO] [stdout] 88679f6079bd0ea776b2bc26d92ae826d2b8a3f0853f7984fd86ef29278b3d3d
[INFO] running `Command { std: "docker" "start" "88679f6079bd0ea776b2bc26d92ae826d2b8a3f0853f7984fd86ef29278b3d3d", kill_on_drop: false }`
[INFO] running `Command { std: "docker" "inspect" "88679f6079bd0ea776b2bc26d92ae826d2b8a3f0853f7984fd86ef29278b3d3d", kill_on_drop: false }`
[INFO] running `Command { std: "docker" "exec" "-e" "SOURCE_DIR=/opt/rustwide/workdir" "-e" "CARGO_HOME=/opt/rustwide/cargo-home" "-e" "RUSTUP_HOME=/opt/rustwide/rustup-home" "-e" "CARGO_TARGET_DIR=/opt/rustwide/target" "-w" "/opt/rustwide/workdir" "--user" "0:0" "88679f6079bd0ea776b2bc26d92ae826d2b8a3f0853f7984fd86ef29278b3d3d" "/opt/rustwide/cargo-home/bin/cargo" "+1.97.0-beta.6" "metadata" "--no-deps" "--format-version=1", kill_on_drop: false }`
[INFO] running `Command { std: "docker" "inspect" "88679f6079bd0ea776b2bc26d92ae826d2b8a3f0853f7984fd86ef29278b3d3d", kill_on_drop: false }`
[INFO] running `Command { std: "docker" "exec" "-e" "SOURCE_DIR=/opt/rustwide/workdir" "-e" "CARGO_HOME=/opt/rustwide/cargo-home" "-e" "RUSTUP_HOME=/opt/rustwide/rustup-home" "-e" "CARGO_TARGET_DIR=/opt/rustwide/target" "-e" "CARGO_INCREMENTAL=0" "-e" "RUST_BACKTRACE=full" "-e" "RUSTFLAGS=--cap-lints=warn" "-e" "RUSTDOCFLAGS=--cap-lints=warn" "-w" "/opt/rustwide/workdir" "--user" "0:0" "88679f6079bd0ea776b2bc26d92ae826d2b8a3f0853f7984fd86ef29278b3d3d" "/opt/rustwide/cargo-home/bin/cargo" "+1.97.0-beta.6" "build" "--frozen" "--message-format=json", kill_on_drop: false }`
[INFO] [stderr]    Compiling proc-macro2 v1.0.101
[INFO] [stderr]    Compiling libc v0.2.164
[INFO] [stderr]    Compiling serde v1.0.215
[INFO] [stderr]    Compiling byteorder v1.5.0
[INFO] [stderr]    Compiling cpufeatures v0.2.15
[INFO] [stderr]    Compiling itoa v1.0.12
[INFO] [stderr]    Compiling either v1.13.0
[INFO] [stderr]    Compiling num-traits v0.2.19
[INFO] [stderr]    Compiling base64ct v1.6.0
[INFO] [stderr]    Compiling hashbrown v0.15.1
[INFO] [stderr]    Compiling tracing-core v0.1.32
[INFO] [stderr]    Compiling litemap v0.7.3
[INFO] [stderr]    Compiling crossbeam-utils v0.8.20
[INFO] [stderr]    Compiling rustversion v1.0.18
[INFO] [stderr]    Compiling ring v0.17.12
[INFO] [stderr]    Compiling syn v1.0.109
[INFO] [stderr]    Compiling rustls-pki-types v1.10.0
[INFO] [stderr]    Compiling miniz_oxide v0.8.0
[INFO] [stderr]    Compiling http v1.1.0
[INFO] [stderr]    Compiling psm v0.1.24
[INFO] [stderr]    Compiling object v0.36.5
[INFO] [stderr]    Compiling anyhow v1.0.93
[INFO] [stderr]    Compiling stacker v0.1.17
[INFO] [stderr]    Compiling serde_json v1.0.133
[INFO] [stderr]    Compiling semver v1.0.23
[INFO] [stderr]    Compiling pem-rfc7468 v0.7.0
[INFO] [stderr]    Compiling indexmap v2.6.0
[INFO] [stderr]    Compiling rustls v0.23.20
[INFO] [stderr]    Compiling data-encoding v2.6.0
[INFO] [stderr]    Compiling typed-arena v2.0.2
[INFO] [stderr]    Compiling arbitrary v1.4.1
[INFO] [stderr]    Compiling pretty v0.12.3
[INFO] [stderr]    Compiling unicase v2.8.0
[INFO] [stderr]    Compiling getrandom v0.2.15
[INFO] [stderr]    Compiling parking_lot_core v0.9.10
[INFO] [stderr]    Compiling signal-hook-registry v1.4.2
[INFO] [stderr]    Compiling socket2 v0.5.7
[INFO] [stderr]    Compiling mio v1.0.2
[INFO] [stderr]    Compiling quote v1.0.37
[INFO] [stderr]    Compiling rand_core v0.6.4
[INFO] [stderr]    Compiling parking_lot v0.12.3
[INFO] [stderr]    Compiling syn v2.0.87
[INFO] [stderr]    Compiling ff v0.13.0
[INFO] [stderr]    Compiling mime_guess v2.0.5
[INFO] [stderr]    Compiling rustc_version v0.4.1
[INFO] [stderr]    Compiling group v0.13.0
[INFO] [stderr]    Compiling concurrent-queue v2.5.0
[INFO] [stderr]    Compiling rustls-pemfile v2.2.0
[INFO] [stderr]    Compiling http-body v1.0.1
[INFO] [stderr]    Compiling rustls-native-certs v0.8.0
[INFO] [stderr]    Compiling curve25519-dalek v4.1.3
[INFO] [stderr]    Compiling num-integer v0.1.46
[INFO] [stderr]    Compiling time v0.3.36
[INFO] [stderr]    Compiling webpki-roots v0.26.6
[INFO] [stderr]    Compiling ahash v0.8.11
[INFO] [stderr]    Compiling thiserror v2.0.3
[INFO] [stderr]    Compiling half v1.8.3
[INFO] [stderr]    Compiling http-body-util v0.1.3
[INFO] [stderr]    Compiling dirs-sys-next v0.1.2
[INFO] [stderr]    Compiling sync_wrapper v1.0.1
[INFO] [stderr]    Compiling smallvec v1.13.2
[INFO] [stderr]    Compiling crunchy v0.2.2
[INFO] [stderr]    Compiling ipnet v2.10.1
[INFO] [stderr]    Compiling regex-syntax v0.8.5
[INFO] [stderr]    Compiling event-listener v5.3.1
[INFO] [stderr]    Compiling dirs-next v2.0.0
[INFO] [stderr]    Compiling pairing v0.23.0
[INFO] [stderr]    Compiling instant v0.1.13
[INFO] [stderr]    Compiling allocator-api2 v0.2.20
[INFO] [stderr]    Compiling subtle-ng v2.5.0
[INFO] [stderr]    Compiling tiny-keccak v2.0.2
[INFO] [stderr]    Compiling siphasher v0.3.11
[INFO] [stderr]    Compiling event-listener-strategy v0.5.2
[INFO] [stderr]    Compiling term v0.7.0
[INFO] [stderr]    Compiling async-channel v1.9.0
[INFO] [stderr]    Compiling new_debug_unreachable v1.0.6
[INFO] [stderr]    Compiling same-file v1.0.6
[INFO] [stderr]    Compiling precomputed-hash v0.1.1
[INFO] [stderr]    Compiling bit-vec v0.6.3
[INFO] [stderr]    Compiling phf_shared v0.10.0
[INFO] [stderr]    Compiling async-lock v3.4.0
[INFO] [stderr]    Compiling petgraph v0.6.5
[INFO] [stderr]    Compiling stop-token v0.7.0
[INFO] [stderr]    Compiling walkdir v2.5.0
[INFO] [stderr]    Compiling ascii-canvas v3.0.0
[INFO] [stderr]    Compiling string_cache v0.8.7
[INFO] [stderr]    Compiling bit-set v0.5.3
[INFO] [stderr]    Compiling ena v0.14.3
[INFO] [stderr]    Compiling async-watch v0.3.1
[INFO] [stderr]    Compiling tracing-log v0.2.0
[INFO] [stderr]    Compiling itertools v0.11.0
[INFO] [stderr]    Compiling libloading v0.5.2
[INFO] [stderr]    Compiling num-bigint v0.2.6
[INFO] [stderr]    Compiling slog v2.7.0
[INFO] [stderr]    Compiling beef v0.5.2
[INFO] [stderr]    Compiling schemars v0.8.21
[INFO] [stderr]    Compiling pico-args v0.5.0
[INFO] [stderr]    Compiling rangemap v1.5.1
[INFO] [stderr]    Compiling arc-swap v1.7.1
[INFO] [stderr]    Compiling unicode-xid v0.2.6
[INFO] [stderr]    Compiling crossbeam-channel v0.5.15
[INFO] [stderr]    Compiling clap_lex v0.7.3
[INFO] [stderr]    Compiling dyn-clone v1.0.17
[INFO] [stderr]    Compiling unicode-segmentation v1.12.0
[INFO] [stderr]    Compiling clap_builder v4.5.21
[INFO] [stderr]    Compiling termcolor v1.4.1
[INFO] [stderr]    Compiling lalrpop-util v0.20.2
[INFO] [stderr]    Compiling humantime v2.1.0
[INFO] [stderr]    Compiling codespan-reporting v0.11.1
[INFO] [stderr]    Compiling convert_case v0.6.0
[INFO] [stderr]    Compiling pkcs11 v0.5.0
[INFO] [stderr]    Compiling regex-automata v0.4.9
[INFO] [stderr]    Compiling rustls-webpki v0.102.8
[INFO] [stderr]    Compiling backtrace v0.3.74
[INFO] [stderr]    Compiling binread_derive v2.1.0
[INFO] [stderr]    Compiling synstructure v0.13.1
[INFO] [stderr]    Compiling serde_derive_internals v0.29.1
[INFO] [stderr]    Compiling logos-codegen v0.13.0
[INFO] [stderr]    Compiling regex v1.11.1
[INFO] [stderr]    Compiling zeroize_derive v1.4.2
[INFO] [stderr]    Compiling serde_derive v1.0.215
[INFO] [stderr]    Compiling zerofrom-derive v0.1.4
[INFO] [stderr]    Compiling yoke-derive v0.7.4
[INFO] [stderr]    Compiling thiserror-impl v1.0.69
[INFO] [stderr]    Compiling zerovec-derive v0.10.3
[INFO] [stderr]    Compiling displaydoc v0.2.5
[INFO] [stderr]    Compiling tokio-macros v2.4.0
[INFO] [stderr]    Compiling tracing-attributes v0.1.27
[INFO] [stderr]    Compiling icu_provider_macros v1.5.0
[INFO] [stderr]    Compiling zerocopy-derive v0.7.35
[INFO] [stderr]    Compiling futures-macro v0.3.31
[INFO] [stderr]    Compiling binread v2.2.0
[INFO] [stderr]    Compiling zeroize v1.8.1
[INFO] [stderr]    Compiling candid_derive v0.10.17
[INFO] [stderr]    Compiling thiserror-impl v2.0.3
[INFO] [stderr]    Compiling generic-array v0.14.7
[INFO] [stderr]    Compiling der v0.7.9
[INFO] [stderr]    Compiling tokio v1.41.1
[INFO] [stderr]    Compiling zerocopy v0.7.35
[INFO] [stderr]    Compiling futures-util v0.3.31
[INFO] [stderr]    Compiling serde_repr v0.1.19
[INFO] [stderr]    Compiling tracing v0.1.40
[INFO] [stderr]    Compiling curve25519-dalek-derive v0.1.1
[INFO] [stderr]    Compiling merlin v3.0.0
[INFO] [stderr]    Compiling strum_macros v0.26.4
[INFO] [stderr]    Compiling thiserror v1.0.69
[INFO] [stderr]    Compiling async-trait v0.1.83
[INFO] [stderr]    Compiling schemars_derive v0.8.21
[INFO] [stderr]    Compiling block-buffer v0.10.4
[INFO] [stderr]    Compiling crypto-common v0.1.6
[INFO] [stderr]    Compiling zerofrom v0.1.4
[INFO] [stderr]    Compiling crypto-bigint v0.5.5
[INFO] [stderr]    Compiling digest v0.9.0
[INFO] [stderr]    Compiling block-buffer v0.9.0
[INFO] [stderr]    Compiling yoke v0.7.4
[INFO] [stderr]    Compiling digest v0.10.7
[INFO] [stderr]    Compiling sha2 v0.9.9
[INFO] [stderr]    Compiling ppv-lite86 v0.2.20
[INFO] [stderr]    Compiling zerovec v0.10.4
[INFO] [stderr]    Compiling sha2 v0.10.8
[INFO] [stderr]    Compiling signature v2.2.0
[INFO] [stderr]    Compiling hmac v0.12.1
[INFO] [stderr]    Compiling rand_chacha v0.3.1
[INFO] [stderr]    Compiling rfc6979 v0.4.0
[INFO] [stderr]    Compiling rand v0.8.5
[INFO] [stderr]    Compiling hkdf v0.12.4
[INFO] [stderr]    Compiling hashbrown v0.14.5
[INFO] [stderr]    Compiling ic_bls12_381 v0.10.0
[INFO] [stderr]    Compiling spki v0.7.3
[INFO] [stderr]    Compiling curve25519-dalek-ng v4.1.1
[INFO] [stderr]    Compiling lalrpop v0.20.2
[INFO] [stderr]    Compiling pkcs8 v0.10.2
[INFO] [stderr]    Compiling tinystr v0.7.6
[INFO] [stderr]    Compiling icu_collections v1.5.0
[INFO] [stderr]    Compiling sec1 v0.7.3
[INFO] [stderr]    Compiling icu_locid v1.5.0
[INFO] [stderr]    Compiling ed25519 v2.2.3
[INFO] [stderr]    Compiling backoff v0.4.0
[INFO] [stderr]    Compiling cached v0.52.0
[INFO] [stderr]    Compiling logos-derive v0.13.0
[INFO] [stderr]    Compiling clap_derive v4.5.18
[INFO] [stderr]    Compiling icu_provider v1.5.0
[INFO] [stderr]    Compiling logos v0.13.0
[INFO] [stderr]    Compiling strum v0.26.3
[INFO] [stderr]    Compiling ed25519-dalek v2.1.1
[INFO] [stderr]    Compiling elliptic-curve v0.13.8
[INFO] [stderr]    Compiling ecdsa v0.16.9
[INFO] [stderr]    Compiling primeorder v0.13.6
[INFO] [stderr]    Compiling icu_locid_transform v1.5.0
[INFO] [stderr]    Compiling ic-ed25519 v0.2.0
[INFO] [stderr]    Compiling p256 v0.13.2
[INFO] [stderr]    Compiling k256 v0.13.4
[INFO] [stderr]    Compiling icu_properties v1.5.1
[INFO] [stderr]    Compiling clap v4.5.21
[INFO] [stderr]    Compiling hex v0.4.3
[INFO] [stderr]    Compiling serde_bytes v0.11.15
[INFO] [stderr]    Compiling num-bigint v0.4.6
[INFO] [stderr]    Compiling ic_principal v0.1.1
[INFO] [stderr]    Compiling serde_cbor v0.11.2
[INFO] [stderr]    Compiling serde_urlencoded v0.7.1
[INFO] [stderr]    Compiling tracing-serde v0.1.3
[INFO] [stderr]    Compiling erased-serde v0.3.31
[INFO] [stderr]    Compiling ic-certification v3.0.2
[INFO] [stderr]    Compiling ic-verify-bls-signature v0.5.0
[INFO] [stderr]    Compiling ed25519-consensus v2.1.0
[INFO] [stderr]    Compiling ic-certification v2.6.0
[INFO] [stderr]    Compiling tokio-util v0.7.12
[INFO] [stderr]    Compiling tokio-rustls v0.26.0
[INFO] [stderr]    Compiling tokio-socks v0.5.2
[INFO] [stderr]    Compiling tracing-subscriber v0.3.18
[INFO] [stderr]    Compiling icu_normalizer v1.5.0
[INFO] [stderr]    Compiling candid v0.10.17
[INFO] [stderr]    Compiling simple_asn1 v0.6.2
[INFO] [stderr]    Compiling h2 v0.4.7
[INFO] [stderr]    Compiling idna_adapter v1.2.0
[INFO] [stderr]    Compiling idna v1.0.3
[INFO] [stderr]    Compiling url v2.5.3
[INFO] [stderr]    Compiling tracing-appender v0.2.3
[INFO] [stderr]    Compiling ic-transport-types v0.44.2 (/opt/rustwide/workdir/ic-transport-types)
[INFO] [stderr]    Compiling ic-transport-types v0.37.1
[INFO] [stderr]    Compiling ic-management-canister-types v0.4.0
[INFO] [stderr]    Compiling candid_parser v0.1.4
[INFO] [stderr]    Compiling hyper v1.5.1
[INFO] [stderr]    Compiling hyper-util v0.1.10
[INFO] [stderr]    Compiling hyper-rustls v0.27.3
[INFO] [stderr]    Compiling reqwest v0.12.9
[INFO] [stderr]    Compiling ic-agent v0.44.2 (/opt/rustwide/workdir/ic-agent)
[INFO] [stderr]    Compiling pocket-ic v6.0.0
[INFO] [stderr]    Compiling icx-cert v0.44.2 (/opt/rustwide/workdir/icx-cert)
[INFO] [stdout] warning: struct `Func` is never constructed
[INFO] [stdout]   --> ic-agent/src/agent/nonce.rs:60:12
[INFO] [stdout]    |
[INFO] [stdout] 60 | pub struct Func<T>(pub T);
[INFO] [stdout]    |            ^^^^
[INFO] [stdout]    |
[INFO] [stdout]    = note: `#[warn(dead_code)]` (part of `#[warn(unused)]`) on by default
[INFO] [stdout] 
[INFO] [stdout] 
[INFO] [stdout] warning: hiding a lifetime that's elided elsewhere is confusing
[INFO] [stdout]     --> ic-agent/src/agent/mod.rs:1149:9
[INFO] [stdout]      |
[INFO] [stdout] 1149 |         &self,
[INFO] [stdout]      |         ^^^^^ the lifetime is elided here
[INFO] [stdout] ...
[INFO] [stdout] 1152 |     ) -> UpdateBuilder {
[INFO] [stdout]      |          ^^^^^^^^^^^^^ the same lifetime is hidden here
[INFO] [stdout]      |
[INFO] [stdout]      = help: the same lifetime is referred to in inconsistent ways, making the signature confusing
[INFO] [stdout]      = note: `#[warn(mismatched_lifetime_syntaxes)]` on by default
[INFO] [stdout] help: use `'_` for type paths
[INFO] [stdout]      |
[INFO] [stdout] 1152 |     ) -> UpdateBuilder<'_> {
[INFO] [stdout]      |                       ++++
[INFO] [stdout] 
[INFO] [stdout] 
[INFO] [stdout] warning: hiding a lifetime that's elided elsewhere is confusing
[INFO] [stdout]     --> ic-agent/src/agent/mod.rs:1169:35
[INFO] [stdout]      |
[INFO] [stdout] 1169 |     pub fn query<S: Into<String>>(&self, canister_id: &Principal, method_name: S) -> QueryBuilder {
[INFO] [stdout]      |                                   ^^^^^ the lifetime is elided here                  ^^^^^^^^^^^^ the same lifetime is hidden here
[INFO] [stdout]      |
[INFO] [stdout]      = help: the same lifetime is referred to in inconsistent ways, making the signature confusing
[INFO] [stdout] help: use `'_` for type paths
[INFO] [stdout]      |
[INFO] [stdout] 1169 |     pub fn query<S: Into<String>>(&self, canister_id: &Principal, method_name: S) -> QueryBuilder<'_> {
[INFO] [stdout]      |                                                                                                  ++++
[INFO] [stdout] 
[INFO] [stdout] 
[INFO] [stderr]    Compiling ic-utils v0.44.2 (/opt/rustwide/workdir/ic-utils)
[INFO] [stderr]    Compiling ic-identity-hsm v0.44.2 (/opt/rustwide/workdir/ic-identity-hsm)
[INFO] [stdout] warning: struct `In` is never constructed
[INFO] [stdout]   --> ic-utils/src/interfaces/bitcoin_canister.rs:78:16
[INFO] [stdout]    |
[INFO] [stdout] 78 |         struct In<'a> {
[INFO] [stdout]    |                ^^
[INFO] [stdout]    |
[INFO] [stdout]    = note: `#[warn(dead_code)]` (part of `#[warn(unused)]`) on by default
[INFO] [stdout] 
[INFO] [stdout] 
[INFO] [stderr]    Compiling ref-tests v0.0.0 (/opt/rustwide/workdir/ref-tests)
[INFO] [stderr]    Compiling icx v0.44.2 (/opt/rustwide/workdir/icx)
[INFO] [stderr]     Finished `dev` profile [unoptimized + debuginfo] target(s) in 2m 19s
[INFO] running `Command { std: "docker" "inspect" "88679f6079bd0ea776b2bc26d92ae826d2b8a3f0853f7984fd86ef29278b3d3d", kill_on_drop: false }`
[INFO] running `Command { std: "docker" "exec" "-e" "SOURCE_DIR=/opt/rustwide/workdir" "-e" "CARGO_HOME=/opt/rustwide/cargo-home" "-e" "RUSTUP_HOME=/opt/rustwide/rustup-home" "-e" "CARGO_TARGET_DIR=/opt/rustwide/target" "-e" "CARGO_INCREMENTAL=0" "-e" "RUST_BACKTRACE=full" "-e" "RUSTFLAGS=--cap-lints=warn" "-e" "RUSTDOCFLAGS=--cap-lints=warn" "-w" "/opt/rustwide/workdir" "--user" "0:0" "88679f6079bd0ea776b2bc26d92ae826d2b8a3f0853f7984fd86ef29278b3d3d" "/opt/rustwide/cargo-home/bin/cargo" "+1.97.0-beta.6" "test" "--frozen" "--no-run" "--message-format=json", kill_on_drop: false }`
[INFO] [stderr]    Compiling hyper v1.5.1
[INFO] [stderr]    Compiling tracing-subscriber v0.3.18
[INFO] [stderr]    Compiling regex-automata v0.4.9
[INFO] [stderr]    Compiling assert-json-diff v2.0.2
[INFO] [stderr]    Compiling colored v2.1.0
[INFO] [stderr]    Compiling similar v2.6.0
[INFO] [stderr]    Compiling ic-transport-types v0.44.2 (/opt/rustwide/workdir/ic-transport-types)
[INFO] [stderr]    Compiling hyper-util v0.1.10
[INFO] [stderr]    Compiling tracing-appender v0.2.3
[INFO] [stderr]    Compiling lalrpop-util v0.20.2
[INFO] [stderr]    Compiling regex v1.11.1
[INFO] [stderr]    Compiling hyper-rustls v0.27.3
[INFO] [stderr]    Compiling mockito v1.6.1
[INFO] [stderr]    Compiling reqwest v0.12.9
[INFO] [stderr]    Compiling lalrpop v0.20.2
[INFO] [stderr]    Compiling ic-agent v0.44.2 (/opt/rustwide/workdir/ic-agent)
[INFO] [stderr]    Compiling pocket-ic v6.0.0
[INFO] [stderr]    Compiling icx-cert v0.44.2 (/opt/rustwide/workdir/icx-cert)
[INFO] [stdout] warning: struct `Func` is never constructed
[INFO] [stdout]   --> ic-agent/src/agent/nonce.rs:60:12
[INFO] [stdout]    |
[INFO] [stdout] 60 | pub struct Func<T>(pub T);
[INFO] [stdout]    |            ^^^^
[INFO] [stdout]    |
[INFO] [stdout]    = note: `#[warn(dead_code)]` (part of `#[warn(unused)]`) on by default
[INFO] [stdout] 
[INFO] [stdout] 
[INFO] [stdout] warning: hiding a lifetime that's elided elsewhere is confusing
[INFO] [stdout]     --> ic-agent/src/agent/mod.rs:1149:9
[INFO] [stdout]      |
[INFO] [stdout] 1149 |         &self,
[INFO] [stdout]      |         ^^^^^ the lifetime is elided here
[INFO] [stdout] ...
[INFO] [stdout] 1152 |     ) -> UpdateBuilder {
[INFO] [stdout]      |          ^^^^^^^^^^^^^ the same lifetime is hidden here
[INFO] [stdout]      |
[INFO] [stdout]      = help: the same lifetime is referred to in inconsistent ways, making the signature confusing
[INFO] [stdout]      = note: `#[warn(mismatched_lifetime_syntaxes)]` on by default
[INFO] [stdout] help: use `'_` for type paths
[INFO] [stdout]      |
[INFO] [stdout] 1152 |     ) -> UpdateBuilder<'_> {
[INFO] [stdout]      |                       ++++
[INFO] [stdout] 
[INFO] [stdout] 
[INFO] [stdout] warning: hiding a lifetime that's elided elsewhere is confusing
[INFO] [stdout]     --> ic-agent/src/agent/mod.rs:1169:35
[INFO] [stdout]      |
[INFO] [stdout] 1169 |     pub fn query<S: Into<String>>(&self, canister_id: &Principal, method_name: S) -> QueryBuilder {
[INFO] [stdout]      |                                   ^^^^^ the lifetime is elided here                  ^^^^^^^^^^^^ the same lifetime is hidden here
[INFO] [stdout]      |
[INFO] [stdout]      = help: the same lifetime is referred to in inconsistent ways, making the signature confusing
[INFO] [stdout] help: use `'_` for type paths
[INFO] [stdout]      |
[INFO] [stdout] 1169 |     pub fn query<S: Into<String>>(&self, canister_id: &Principal, method_name: S) -> QueryBuilder<'_> {
[INFO] [stdout]      |                                                                                                  ++++
[INFO] [stdout] 
[INFO] [stdout] 
[INFO] [stderr]    Compiling ic-utils v0.44.2 (/opt/rustwide/workdir/ic-utils)
[INFO] [stderr]    Compiling ic-identity-hsm v0.44.2 (/opt/rustwide/workdir/ic-identity-hsm)
[INFO] [stdout] warning: struct `Func` is never constructed
[INFO] [stdout]   --> ic-agent/src/agent/nonce.rs:60:12
[INFO] [stdout]    |
[INFO] [stdout] 60 | pub struct Func<T>(pub T);
[INFO] [stdout]    |            ^^^^
[INFO] [stdout]    |
[INFO] [stdout]    = note: `#[warn(dead_code)]` (part of `#[warn(unused)]`) on by default
[INFO] [stdout] 
[INFO] [stdout] 
[INFO] [stdout] warning: hiding a lifetime that's elided elsewhere is confusing
[INFO] [stdout]     --> ic-agent/src/agent/mod.rs:1149:9
[INFO] [stdout]      |
[INFO] [stdout] 1149 |         &self,
[INFO] [stdout]      |         ^^^^^ the lifetime is elided here
[INFO] [stdout] ...
[INFO] [stdout] 1152 |     ) -> UpdateBuilder {
[INFO] [stdout]      |          ^^^^^^^^^^^^^ the same lifetime is hidden here
[INFO] [stdout]      |
[INFO] [stdout]      = help: the same lifetime is referred to in inconsistent ways, making the signature confusing
[INFO] [stdout]      = note: `#[warn(mismatched_lifetime_syntaxes)]` on by default
[INFO] [stdout] help: use `'_` for type paths
[INFO] [stdout]      |
[INFO] [stdout] 1152 |     ) -> UpdateBuilder<'_> {
[INFO] [stdout]      |                       ++++
[INFO] [stdout] 
[INFO] [stdout] 
[INFO] [stdout] warning: hiding a lifetime that's elided elsewhere is confusing
[INFO] [stdout]     --> ic-agent/src/agent/mod.rs:1169:35
[INFO] [stdout]      |
[INFO] [stdout] 1169 |     pub fn query<S: Into<String>>(&self, canister_id: &Principal, method_name: S) -> QueryBuilder {
[INFO] [stdout]      |                                   ^^^^^ the lifetime is elided here                  ^^^^^^^^^^^^ the same lifetime is hidden here
[INFO] [stdout]      |
[INFO] [stdout]      = help: the same lifetime is referred to in inconsistent ways, making the signature confusing
[INFO] [stdout] help: use `'_` for type paths
[INFO] [stdout]      |
[INFO] [stdout] 1169 |     pub fn query<S: Into<String>>(&self, canister_id: &Principal, method_name: S) -> QueryBuilder<'_> {
[INFO] [stdout]      |                                                                                                  ++++
[INFO] [stdout] 
[INFO] [stdout] 
[INFO] [stdout] warning: struct `In` is never constructed
[INFO] [stdout]   --> ic-utils/src/interfaces/bitcoin_canister.rs:78:16
[INFO] [stdout]    |
[INFO] [stdout] 78 |         struct In<'a> {
[INFO] [stdout]    |                ^^
[INFO] [stdout]    |
[INFO] [stdout]    = note: `#[warn(dead_code)]` (part of `#[warn(unused)]`) on by default
[INFO] [stdout] 
[INFO] [stdout] 
[INFO] [stderr]    Compiling candid_parser v0.1.4
[INFO] [stderr]    Compiling ref-tests v0.0.0 (/opt/rustwide/workdir/ref-tests)
[INFO] [stderr]    Compiling icx v0.44.2 (/opt/rustwide/workdir/icx)
[INFO] [stdout] warning: struct `In` is never constructed
[INFO] [stdout]   --> ic-utils/src/interfaces/bitcoin_canister.rs:78:16
[INFO] [stdout]    |
[INFO] [stdout] 78 |         struct In<'a> {
[INFO] [stdout]    |                ^^
[INFO] [stdout]    |
[INFO] [stdout]    = note: `#[warn(dead_code)]` (part of `#[warn(unused)]`) on by default
[INFO] [stdout] 
[INFO] [stdout] 
[INFO] [stderr]     Finished `test` profile [unoptimized + debuginfo] target(s) in 1m 02s
[INFO] running `Command { std: "docker" "inspect" "88679f6079bd0ea776b2bc26d92ae826d2b8a3f0853f7984fd86ef29278b3d3d", kill_on_drop: false }`
[INFO] running `Command { std: "docker" "exec" "-e" "SOURCE_DIR=/opt/rustwide/workdir" "-e" "CARGO_HOME=/opt/rustwide/cargo-home" "-e" "RUSTUP_HOME=/opt/rustwide/rustup-home" "-e" "CARGO_TARGET_DIR=/opt/rustwide/target" "-e" "CARGO_INCREMENTAL=0" "-e" "RUST_BACKTRACE=full" "-e" "RUSTFLAGS=--cap-lints=warn" "-e" "RUSTDOCFLAGS=--cap-lints=warn" "-w" "/opt/rustwide/workdir" "--user" "0:0" "88679f6079bd0ea776b2bc26d92ae826d2b8a3f0853f7984fd86ef29278b3d3d" "/opt/rustwide/cargo-home/bin/cargo" "+1.97.0-beta.6" "test" "--frozen", kill_on_drop: false }`
[INFO] [stderr] warning: struct `Func` is never constructed
[INFO] [stderr]   --> ic-agent/src/agent/nonce.rs:60:12
[INFO] [stderr]    |
[INFO] [stderr] 60 | pub struct Func<T>(pub T);
[INFO] [stderr]    |            ^^^^
[INFO] [stderr]    |
[INFO] [stderr]    = note: `#[warn(dead_code)]` (part of `#[warn(unused)]`) on by default
[INFO] [stderr] 
[INFO] [stderr] warning: hiding a lifetime that's elided elsewhere is confusing
[INFO] [stderr]     --> ic-agent/src/agent/mod.rs:1149:9
[INFO] [stderr]      |
[INFO] [stderr] 1149 |         &self,
[INFO] [stderr]      |         ^^^^^ the lifetime is elided here
[INFO] [stderr] ...
[INFO] [stderr] 1152 |     ) -> UpdateBuilder {
[INFO] [stderr]      |          ^^^^^^^^^^^^^ the same lifetime is hidden here
[INFO] [stderr]      |
[INFO] [stderr]      = help: the same lifetime is referred to in inconsistent ways, making the signature confusing
[INFO] [stderr]      = note: `#[warn(mismatched_lifetime_syntaxes)]` on by default
[INFO] [stderr] help: use `'_` for type paths
[INFO] [stderr]      |
[INFO] [stderr] 1152 |     ) -> UpdateBuilder<'_> {
[INFO] [stderr]      |                       ++++
[INFO] [stderr] 
[INFO] [stderr] warning: hiding a lifetime that's elided elsewhere is confusing
[INFO] [stderr]     --> ic-agent/src/agent/mod.rs:1169:35
[INFO] [stderr]      |
[INFO] [stderr] 1169 |     pub fn query<S: Into<String>>(&self, canister_id: &Principal, method_name: S) -> QueryBuilder {
[INFO] [stderr]      |                                   ^^^^^ the lifetime is elided here                  ^^^^^^^^^^^^ the same lifetime is hidden here
[INFO] [stderr]      |
[INFO] [stderr]      = help: the same lifetime is referred to in inconsistent ways, making the signature confusing
[INFO] [stderr] help: use `'_` for type paths
[INFO] [stderr]      |
[INFO] [stderr] 1169 |     pub fn query<S: Into<String>>(&self, canister_id: &Principal, method_name: S) -> QueryBuilder<'_> {
[INFO] [stderr]      |                                                                                                  ++++
[INFO] [stderr] 
[INFO] [stderr] warning: `ic-agent` (lib) generated 3 warnings (run `cargo fix --lib -p ic-agent` to apply 2 suggestions)
[INFO] [stderr] warning: struct `In` is never constructed
[INFO] [stderr]   --> ic-utils/src/interfaces/bitcoin_canister.rs:78:16
[INFO] [stderr]    |
[INFO] [stderr] 78 |         struct In<'a> {
[INFO] [stderr]    |                ^^
[INFO] [stderr]    |
[INFO] [stderr]    = note: `#[warn(dead_code)]` (part of `#[warn(unused)]`) on by default
[INFO] [stderr] 
[INFO] [stderr] warning: `ic-utils` (lib) generated 1 warning
[INFO] [stderr] warning: `ic-utils` (lib test) generated 1 warning (1 duplicate)
[INFO] [stderr] warning: `ic-agent` (lib test) generated 3 warnings (3 duplicates)
[INFO] [stderr]     Finished `test` profile [unoptimized + debuginfo] target(s) in 0.77s
[INFO] [stderr]      Running unittests src/lib.rs (/opt/rustwide/target/debug/deps/ic_agent-e1781cf0553b199e)
[INFO] [stdout] 
[INFO] [stdout] running 56 tests
[INFO] [stdout] test agent::agent_error::tests::formats_text_plain_charset_utf8 ... ok
[INFO] [stdout] test agent::agent_error::tests::formats_text_html ... ok
[INFO] [stdout] test agent::agent_error::tests::content_type_none_invalid_utf8 ... ok
[INFO] [stdout] test agent::agent_error::tests::formats_text_plain ... ok
[INFO] [stdout] test agent::agent_error::tests::content_type_none_valid_utf8 ... ok
[INFO] [stdout] test agent::agent_test::call_rejected_without_error_code ... ok
[INFO] [stdout] test agent::agent_test::status_error ... ok
[INFO] [stdout] test agent::agent_test::status_okay ... ok
[INFO] [stdout] test agent::agent_test::check_subnet_range_with_pruned_range ... ok
[INFO] [stdout] test agent::agent_test::query ... ok
[INFO] [stdout] test agent::agent_test::query_rejected ... ok
[INFO] [stdout] test agent::agent_test::query_error ... ok
[INFO] [stdout] test agent::agent_test::call_error ... ok
[INFO] [stdout] test agent::agent_test::status ... ok
[INFO] [stdout] test agent::agent_test::call_rejected ... ok
[INFO] [stdout] test agent::offline_tests::rounded_expiry ... ok
[INFO] [stdout] test agent::route_provider::dynamic_routing::snapshot::latency_based_routing::tests::test_compute_score_with_penalty ... ok
[INFO] [stdout] test agent::route_provider::dynamic_routing::snapshot::latency_based_routing::tests::test_snapshot_init ... ok
[INFO] [stdout] test agent::route_provider::dynamic_routing::snapshot::latency_based_routing::tests::test_stats_for_next_n_nodes ... ignored
[INFO] [stdout] test agent::route_provider::dynamic_routing::snapshot::latency_based_routing::tests::test_sync_node_scenarios ... ok
[INFO] [stdout] test agent::route_provider::dynamic_routing::snapshot::latency_based_routing::tests::test_update_for_existing_node_succeeds ... ok
[INFO] [stdout] test agent::route_provider::dynamic_routing::snapshot::latency_based_routing::tests::test_update_for_non_existing_node_fails ... ok
[INFO] [stdout] test agent::route_provider::dynamic_routing::snapshot::latency_based_routing::tests::test_weighted_sample ... ok
[INFO] [stdout] test agent::route_provider::dynamic_routing::snapshot::round_robin_routing::tests::test_n_nodes ... ok
[INFO] [stdout] test agent::route_provider::dynamic_routing::snapshot::round_robin_routing::tests::test_next_node ... ok
[INFO] [stdout] test agent::route_provider::dynamic_routing::snapshot::round_robin_routing::tests::test_snapshot_init ... ok
[INFO] [stdout] test agent::route_provider::dynamic_routing::snapshot::round_robin_routing::tests::test_sync_node_scenarios ... ok
[INFO] [stdout] test agent::route_provider::dynamic_routing::snapshot::round_robin_routing::tests::test_update_of_existing_healthy_node_with_unhealthy_node_returns_true ... ok
[INFO] [stdout] test agent::route_provider::dynamic_routing::snapshot::round_robin_routing::tests::test_update_of_existing_unhealthy_node_with_healthy_node_returns_true ... ok
[INFO] [stdout] test agent::route_provider::dynamic_routing::snapshot::round_robin_routing::tests::test_update_of_non_existing_node_always_returns_false ... ok
[INFO] [stdout] test agent::route_provider::tests::test_empty_routes ... ok
[INFO] [stdout] test agent::route_provider::tests::test_n_routes ... ok
[INFO] [stdout] test agent::route_provider::tests::test_routes_rotation ... ok
[INFO] [stdout] test identity::prime256v1::test::test_prime256v1_public_key ... ok
[INFO] [stdout] test agent::agent_test::check_subnet_range_with_valid_range ... ok
[INFO] [stdout] test agent::agent_test::too_many_delegations ... ok
[INFO] [stdout] test agent::agent_test::reqwest_client_status_okay_when_request_retried ... ok
[INFO] [stdout] test identity::secp256k1::test::test_secp256k1_public_key ... ok
[INFO] [stdout] test agent::agent_test::check_subnet_range_with_unauthorized_range ... ok
[INFO] [stdout] test identity::prime256v1::test::test_prime256v1_signature ... ok
[INFO] [stdout] test identity::secp256k1::test::test_secp256k1_signature ... ok
[INFO] [stdout] test agent::agent_test::no_cert ... ok
[INFO] [stdout] test agent::agent_test::wrong_subnet_query_certificate ... ok
[INFO] [stdout] test agent::agent_test::retry_ratelimit ... ok
[INFO] [stdout] test agent::offline_tests::client_ratelimit ... ok
[INFO] [stdout] test identity::prime256v1::test::test_prime256v1_reject_wrong_curve_no_id - should panic ... ok
[INFO] [stdout] test identity::prime256v1::test::test_prime256v1_reject_wrong_curve - should panic ... ok
[INFO] [stdout] test identity::secp256k1::test::test_secp256k1_reject_wrong_curve - should panic ... ok
[INFO] [stdout] test identity::secp256k1::test::test_secp256k1_reject_wrong_curve_no_id - should panic ... ok
[INFO] [stdout] test agent::route_provider::dynamic_routing::dynamic_route_provider::tests::test_route_with_one_healthy_and_one_unhealthy_seed ... ok
[INFO] [stdout] test agent::route_provider::dynamic_routing::dynamic_route_provider::tests::test_routing_with_no_healthy_nodes_returns_an_error ... ok
[INFO] [stdout] test agent::route_provider::dynamic_routing::dynamic_route_provider::tests::test_route_with_no_healthy_seeds_errors ... ok
[INFO] [stdout] test agent::route_provider::dynamic_routing::dynamic_route_provider::tests::test_route_with_initially_unhealthy_seeds_becoming_healthy ... ok
[INFO] [stdout] test agent::route_provider::dynamic_routing::dynamic_route_provider::tests::test_routing_with_an_empty_fetched_list_of_api_nodes ... ok
[INFO] [stdout] test agent::route_provider::dynamic_routing::dynamic_route_provider::tests::test_routing_with_topology_and_node_health_updates ... ok
[INFO] [stdout] test agent::route_provider::dynamic_routing::dynamic_route_provider::tests::test_mainnet ... FAILED
[INFO] [stdout] 
[INFO] [stdout] failures:
[INFO] [stdout] 
[INFO] [stdout] ---- agent::route_provider::dynamic_routing::dynamic_route_provider::tests::test_mainnet stdout ----
[INFO] [stdout] [2m2026-07-14T04:11:53.864061Z[0m [35mTRACE[0m [2mhyper_util::client::legacy::pool[0m[2m:[0m checkout waiting for idle connection: ("https", ic0.app)
[INFO] [stdout] [2m2026-07-14T04:11:53.864200Z[0m [34mDEBUG[0m [2mreqwest::connect[0m[2m:[0m starting new connection: https://ic0.app/    
[INFO] [stdout] [2m2026-07-14T04:11:53.864259Z[0m [35mTRACE[0m [2mhyper_util::client::legacy::connect::http[0m[2m:[0m Http::connect; scheme=Some("https"), host=Some("ic0.app"), port=None
[INFO] [stdout] [2m2026-07-14T04:11:53.878137Z[0m [35mTRACE[0m [2mhyper_util::client::legacy::pool[0m[2m:[0m checkout dropped for ("https", ic0.app)
[INFO] [stdout] [2m2026-07-14T04:11:53.878306Z[0m [35mTRACE[0m [2mhyper_util::client::legacy::pool[0m[2m:[0m checkout waiting for idle connection: ("https", ic0.app)
[INFO] [stdout] [2m2026-07-14T04:11:53.878342Z[0m [34mDEBUG[0m [2mreqwest::connect[0m[2m:[0m starting new connection: https://ic0.app/    
[INFO] [stdout] [2m2026-07-14T04:11:53.878375Z[0m [35mTRACE[0m [2mhyper_util::client::legacy::connect::http[0m[2m:[0m Http::connect; scheme=Some("https"), host=Some("ic0.app"), port=None
[INFO] [stdout] [2m2026-07-14T04:11:53.879791Z[0m [35mTRACE[0m [2mhyper_util::client::legacy::pool[0m[2m:[0m checkout dropped for ("https", ic0.app)
[INFO] [stdout] [2m2026-07-14T04:11:54.881306Z[0m [35mTRACE[0m [2mhyper_util::client::legacy::pool[0m[2m:[0m checkout waiting for idle connection: ("https", ic0.app)
[INFO] [stdout] [2m2026-07-14T04:11:54.881377Z[0m [34mDEBUG[0m [2mreqwest::connect[0m[2m:[0m starting new connection: https://ic0.app/    
[INFO] [stdout] [2m2026-07-14T04:11:54.881449Z[0m [35mTRACE[0m [2mhyper_util::client::legacy::connect::http[0m[2m:[0m Http::connect; scheme=Some("https"), host=Some("ic0.app"), port=None
[INFO] [stdout] [2m2026-07-14T04:11:54.888916Z[0m [35mTRACE[0m [2mhyper_util::client::legacy::pool[0m[2m:[0m checkout dropped for ("https", ic0.app)
[INFO] [stdout] [2m2026-07-14T04:11:54.889089Z[0m [35mTRACE[0m [2mhyper_util::client::legacy::pool[0m[2m:[0m checkout waiting for idle connection: ("https", ic0.app)
[INFO] [stdout] [2m2026-07-14T04:11:54.889124Z[0m [34mDEBUG[0m [2mreqwest::connect[0m[2m:[0m starting new connection: https://ic0.app/    
[INFO] [stdout] [2m2026-07-14T04:11:54.889154Z[0m [35mTRACE[0m [2mhyper_util::client::legacy::connect::http[0m[2m:[0m Http::connect; scheme=Some("https"), host=Some("ic0.app"), port=None
[INFO] [stdout] [2m2026-07-14T04:11:54.906009Z[0m [35mTRACE[0m [2mhyper_util::client::legacy::pool[0m[2m:[0m checkout dropped for ("https", ic0.app)
[INFO] [stdout] [2m2026-07-14T04:11:55.907894Z[0m [35mTRACE[0m [2mhyper_util::client::legacy::pool[0m[2m:[0m checkout waiting for idle connection: ("https", ic0.app)
[INFO] [stdout] [2m2026-07-14T04:11:55.907965Z[0m [34mDEBUG[0m [2mreqwest::connect[0m[2m:[0m starting new connection: https://ic0.app/    
[INFO] [stdout] [2m2026-07-14T04:11:55.908012Z[0m [35mTRACE[0m [2mhyper_util::client::legacy::connect::http[0m[2m:[0m Http::connect; scheme=Some("https"), host=Some("ic0.app"), port=None
[INFO] [stdout] [2m2026-07-14T04:11:55.911927Z[0m [35mTRACE[0m [2mhyper_util::client::legacy::pool[0m[2m:[0m checkout dropped for ("https", ic0.app)
[INFO] [stdout] [2m2026-07-14T04:11:55.912141Z[0m [35mTRACE[0m [2mhyper_util::client::legacy::pool[0m[2m:[0m checkout waiting for idle connection: ("https", ic0.app)
[INFO] [stdout] [2m2026-07-14T04:11:55.912184Z[0m [34mDEBUG[0m [2mreqwest::connect[0m[2m:[0m starting new connection: https://ic0.app/    
[INFO] [stdout] [2m2026-07-14T04:11:55.912220Z[0m [35mTRACE[0m [2mhyper_util::client::legacy::connect::http[0m[2m:[0m Http::connect; scheme=Some("https"), host=Some("ic0.app"), port=None
[INFO] [stdout] [2m2026-07-14T04:11:55.915812Z[0m [35mTRACE[0m [2mhyper_util::client::legacy::pool[0m[2m:[0m checkout dropped for ("https", ic0.app)
[INFO] [stdout] [2m2026-07-14T04:11:56.918240Z[0m [35mTRACE[0m [2mhyper_util::client::legacy::pool[0m[2m:[0m checkout waiting for idle connection: ("https", ic0.app)
[INFO] [stdout] [2m2026-07-14T04:11:56.918307Z[0m [34mDEBUG[0m [2mreqwest::connect[0m[2m:[0m starting new connection: https://ic0.app/    
[INFO] [stdout] [2m2026-07-14T04:11:56.918351Z[0m [35mTRACE[0m [2mhyper_util::client::legacy::connect::http[0m[2m:[0m Http::connect; scheme=Some("https"), host=Some("ic0.app"), port=None
[INFO] [stdout] [2m2026-07-14T04:11:56.918825Z[0m [35mTRACE[0m [2mhyper_util::client::legacy::pool[0m[2m:[0m checkout dropped for ("https", ic0.app)
[INFO] [stdout] [2m2026-07-14T04:11:56.918967Z[0m [35mTRACE[0m [2mhyper_util::client::legacy::pool[0m[2m:[0m checkout waiting for idle connection: ("https", ic0.app)
[INFO] [stdout] [2m2026-07-14T04:11:56.918995Z[0m [34mDEBUG[0m [2mreqwest::connect[0m[2m:[0m starting new connection: https://ic0.app/    
[INFO] [stdout] [2m2026-07-14T04:11:56.919020Z[0m [35mTRACE[0m [2mhyper_util::client::legacy::connect::http[0m[2m:[0m Http::connect; scheme=Some("https"), host=Some("ic0.app"), port=None
[INFO] [stdout] [2m2026-07-14T04:11:56.919329Z[0m [35mTRACE[0m [2mhyper_util::client::legacy::pool[0m[2m:[0m checkout dropped for ("https", ic0.app)
[INFO] [stdout] [2m2026-07-14T04:11:57.952672Z[0m [35mTRACE[0m [2mhyper_util::client::legacy::pool[0m[2m:[0m checkout waiting for idle connection: ("https", ic0.app)
[INFO] [stdout] [2m2026-07-14T04:11:57.952737Z[0m [34mDEBUG[0m [2mreqwest::connect[0m[2m:[0m starting new connection: https://ic0.app/    
[INFO] [stdout] [2m2026-07-14T04:11:57.952782Z[0m [35mTRACE[0m [2mhyper_util::client::legacy::connect::http[0m[2m:[0m Http::connect; scheme=Some("https"), host=Some("ic0.app"), port=None
[INFO] [stdout] [2m2026-07-14T04:11:57.953318Z[0m [35mTRACE[0m [2mhyper_util::client::legacy::pool[0m[2m:[0m checkout dropped for ("https", ic0.app)
[INFO] [stdout] [2m2026-07-14T04:11:57.953460Z[0m [35mTRACE[0m [2mhyper_util::client::legacy::pool[0m[2m:[0m checkout waiting for idle connection: ("https", ic0.app)
[INFO] [stdout] [2m2026-07-14T04:11:57.953487Z[0m [34mDEBUG[0m [2mreqwest::connect[0m[2m:[0m starting new connection: https://ic0.app/    
[INFO] [stdout] [2m2026-07-14T04:11:57.953510Z[0m [35mTRACE[0m [2mhyper_util::client::legacy::connect::http[0m[2m:[0m Http::connect; scheme=Some("https"), host=Some("ic0.app"), port=None
[INFO] [stdout] [2m2026-07-14T04:11:57.953820Z[0m [35mTRACE[0m [2mhyper_util::client::legacy::pool[0m[2m:[0m checkout dropped for ("https", ic0.app)
[INFO] [stdout] [2m2026-07-14T04:11:58.955222Z[0m [35mTRACE[0m [2mhyper_util::client::legacy::pool[0m[2m:[0m checkout waiting for idle connection: ("https", ic0.app)
[INFO] [stdout] [2m2026-07-14T04:11:58.955287Z[0m [34mDEBUG[0m [2mreqwest::connect[0m[2m:[0m starting new connection: https://ic0.app/    
[INFO] [stdout] [2m2026-07-14T04:11:58.955327Z[0m [35mTRACE[0m [2mhyper_util::client::legacy::connect::http[0m[2m:[0m Http::connect; scheme=Some("https"), host=Some("ic0.app"), port=None
[INFO] [stdout] [2m2026-07-14T04:11:58.955818Z[0m [35mTRACE[0m [2mhyper_util::client::legacy::pool[0m[2m:[0m checkout dropped for ("https", ic0.app)
[INFO] [stdout] [2m2026-07-14T04:11:58.955961Z[0m [35mTRACE[0m [2mhyper_util::client::legacy::pool[0m[2m:[0m checkout waiting for idle connection: ("https", ic0.app)
[INFO] [stdout] [2m2026-07-14T04:11:58.955992Z[0m [34mDEBUG[0m [2mreqwest::connect[0m[2m:[0m starting new connection: https://ic0.app/    
[INFO] [stdout] [2m2026-07-14T04:11:58.956021Z[0m [35mTRACE[0m [2mhyper_util::client::legacy::connect::http[0m[2m:[0m Http::connect; scheme=Some("https"), host=Some("ic0.app"), port=None
[INFO] [stdout] [2m2026-07-14T04:11:58.956378Z[0m [35mTRACE[0m [2mhyper_util::client::legacy::pool[0m[2m:[0m checkout dropped for ("https", ic0.app)
[INFO] [stdout] [2m2026-07-14T04:11:59.961782Z[0m [35mTRACE[0m [2mhyper_util::client::legacy::pool[0m[2m:[0m checkout waiting for idle connection: ("https", ic0.app)
[INFO] [stdout] [2m2026-07-14T04:11:59.961853Z[0m [34mDEBUG[0m [2mreqwest::connect[0m[2m:[0m starting new connection: https://ic0.app/    
[INFO] [stdout] [2m2026-07-14T04:11:59.961904Z[0m [35mTRACE[0m [2mhyper_util::client::legacy::connect::http[0m[2m:[0m Http::connect; scheme=Some("https"), host=Some("ic0.app"), port=None
[INFO] [stdout] [2m2026-07-14T04:11:59.962487Z[0m [35mTRACE[0m [2mhyper_util::client::legacy::pool[0m[2m:[0m checkout dropped for ("https", ic0.app)
[INFO] [stdout] [2m2026-07-14T04:11:59.962628Z[0m [35mTRACE[0m [2mhyper_util::client::legacy::pool[0m[2m:[0m checkout waiting for idle connection: ("https", ic0.app)
[INFO] [stdout] [2m2026-07-14T04:11:59.962662Z[0m [34mDEBUG[0m [2mreqwest::connect[0m[2m:[0m starting new connection: https://ic0.app/    
[INFO] [stdout] [2m2026-07-14T04:11:59.962691Z[0m [35mTRACE[0m [2mhyper_util::client::legacy::connect::http[0m[2m:[0m Http::connect; scheme=Some("https"), host=Some("ic0.app"), port=None
[INFO] [stdout] [2m2026-07-14T04:11:59.966554Z[0m [35mTRACE[0m [2mhyper_util::client::legacy::pool[0m[2m:[0m checkout dropped for ("https", ic0.app)
[INFO] [stdout] [2m2026-07-14T04:12:00.968312Z[0m [35mTRACE[0m [2mhyper_util::client::legacy::pool[0m[2m:[0m checkout waiting for idle connection: ("https", ic0.app)
[INFO] [stdout] [2m2026-07-14T04:12:00.968391Z[0m [34mDEBUG[0m [2mreqwest::connect[0m[2m:[0m starting new connection: https://ic0.app/    
[INFO] [stdout] [2m2026-07-14T04:12:00.968464Z[0m [35mTRACE[0m [2mhyper_util::client::legacy::connect::http[0m[2m:[0m Http::connect; scheme=Some("https"), host=Some("ic0.app"), port=None
[INFO] [stdout] [2m2026-07-14T04:12:00.968953Z[0m [35mTRACE[0m [2mhyper_util::client::legacy::pool[0m[2m:[0m checkout dropped for ("https", ic0.app)
[INFO] [stdout] [2m2026-07-14T04:12:00.969096Z[0m [35mTRACE[0m [2mhyper_util::client::legacy::pool[0m[2m:[0m checkout waiting for idle connection: ("https", ic0.app)
[INFO] [stdout] [2m2026-07-14T04:12:00.969130Z[0m [34mDEBUG[0m [2mreqwest::connect[0m[2m:[0m starting new connection: https://ic0.app/    
[INFO] [stdout] [2m2026-07-14T04:12:00.969156Z[0m [35mTRACE[0m [2mhyper_util::client::legacy::connect::http[0m[2m:[0m Http::connect; scheme=Some("https"), host=Some("ic0.app"), port=None
[INFO] [stdout] [2m2026-07-14T04:12:00.969523Z[0m [35mTRACE[0m [2mhyper_util::client::legacy::pool[0m[2m:[0m checkout dropped for ("https", ic0.app)
[INFO] [stdout] [2m2026-07-14T04:12:01.970785Z[0m [35mTRACE[0m [2mhyper_util::client::legacy::pool[0m[2m:[0m checkout waiting for idle connection: ("https", ic0.app)
[INFO] [stdout] [2m2026-07-14T04:12:01.970847Z[0m [34mDEBUG[0m [2mreqwest::connect[0m[2m:[0m starting new connection: https://ic0.app/    
[INFO] [stdout] [2m2026-07-14T04:12:01.970890Z[0m [35mTRACE[0m [2mhyper_util::client::legacy::connect::http[0m[2m:[0m Http::connect; scheme=Some("https"), host=Some("ic0.app"), port=None
[INFO] [stdout] [2m2026-07-14T04:12:01.971452Z[0m [35mTRACE[0m [2mhyper_util::client::legacy::pool[0m[2m:[0m checkout dropped for ("https", ic0.app)
[INFO] [stdout] [2m2026-07-14T04:12:01.971572Z[0m [35mTRACE[0m [2mhyper_util::client::legacy::pool[0m[2m:[0m checkout waiting for idle connection: ("https", ic0.app)
[INFO] [stdout] [2m2026-07-14T04:12:01.971599Z[0m [34mDEBUG[0m [2mreqwest::connect[0m[2m:[0m starting new connection: https://ic0.app/    
[INFO] [stdout] [2m2026-07-14T04:12:01.971622Z[0m [35mTRACE[0m [2mhyper_util::client::legacy::connect::http[0m[2m:[0m Http::connect; scheme=Some("https"), host=Some("ic0.app"), port=None
[INFO] [stdout] [2m2026-07-14T04:12:01.971993Z[0m [35mTRACE[0m [2mhyper_util::client::legacy::pool[0m[2m:[0m checkout dropped for ("https", ic0.app)
[INFO] [stdout] [2m2026-07-14T04:12:02.974137Z[0m [35mTRACE[0m [2mhyper_util::client::legacy::pool[0m[2m:[0m checkout waiting for idle connection: ("https", ic0.app)
[INFO] [stdout] [2m2026-07-14T04:12:02.974211Z[0m [34mDEBUG[0m [2mreqwest::connect[0m[2m:[0m starting new connection: https://ic0.app/    
[INFO] [stdout] [2m2026-07-14T04:12:02.974259Z[0m [35mTRACE[0m [2mhyper_util::client::legacy::connect::http[0m[2m:[0m Http::connect; scheme=Some("https"), host=Some("ic0.app"), port=None
[INFO] [stdout] [2m2026-07-14T04:12:02.977922Z[0m [35mTRACE[0m [2mhyper_util::client::legacy::pool[0m[2m:[0m checkout dropped for ("https", ic0.app)
[INFO] [stdout] [2m2026-07-14T04:12:02.978131Z[0m [35mTRACE[0m [2mhyper_util::client::legacy::pool[0m[2m:[0m checkout waiting for idle connection: ("https", ic0.app)
[INFO] [stdout] [2m2026-07-14T04:12:02.978171Z[0m [34mDEBUG[0m [2mreqwest::connect[0m[2m:[0m starting new connection: https://ic0.app/    
[INFO] [stdout] [2m2026-07-14T04:12:02.978204Z[0m [35mTRACE[0m [2mhyper_util::client::legacy::connect::http[0m[2m:[0m Http::connect; scheme=Some("https"), host=Some("ic0.app"), port=None
[INFO] [stdout] [2m2026-07-14T04:12:02.979736Z[0m [35mTRACE[0m [2mhyper_util::client::legacy::pool[0m[2m:[0m checkout dropped for ("https", ic0.app)
[INFO] [stdout] [2m2026-07-14T04:12:03.980942Z[0m [35mTRACE[0m [2mhyper_util::client::legacy::pool[0m[2m:[0m checkout waiting for idle connection: ("https", ic0.app)
[INFO] [stdout] [2m2026-07-14T04:12:03.981013Z[0m [34mDEBUG[0m [2mreqwest::connect[0m[2m:[0m starting new connection: https://ic0.app/    
[INFO] [stdout] [2m2026-07-14T04:12:03.981061Z[0m [35mTRACE[0m [2mhyper_util::client::legacy::connect::http[0m[2m:[0m Http::connect; scheme=Some("https"), host=Some("ic0.app"), port=None
[INFO] [stdout] [2m2026-07-14T04:12:03.981617Z[0m [35mTRACE[0m [2mhyper_util::client::legacy::pool[0m[2m:[0m checkout dropped for ("https", ic0.app)
[INFO] [stdout] [2m2026-07-14T04:12:03.981756Z[0m [35mTRACE[0m [2mhyper_util::client::legacy::pool[0m[2m:[0m checkout waiting for idle connection: ("https", ic0.app)
[INFO] [stdout] [2m2026-07-14T04:12:03.981788Z[0m [34mDEBUG[0m [2mreqwest::connect[0m[2m:[0m starting new connection: https://ic0.app/    
[INFO] [stdout] [2m2026-07-14T04:12:03.981817Z[0m [35mTRACE[0m [2mhyper_util::client::legacy::connect::http[0m[2m:[0m Http::connect; scheme=Some("https"), host=Some("ic0.app"), port=None
[INFO] [stdout] [2m2026-07-14T04:12:03.982504Z[0m [35mTRACE[0m [2mhyper_util::client::legacy::pool[0m[2m:[0m checkout dropped for ("https", ic0.app)
[INFO] [stdout] [2m2026-07-14T04:12:04.984275Z[0m [35mTRACE[0m [2mhyper_util::client::legacy::pool[0m[2m:[0m checkout waiting for idle connection: ("https", ic0.app)
[INFO] [stdout] [2m2026-07-14T04:12:04.984341Z[0m [34mDEBUG[0m [2mreqwest::connect[0m[2m:[0m starting new connection: https://ic0.app/    
[INFO] [stdout] [2m2026-07-14T04:12:04.984397Z[0m [35mTRACE[0m [2mhyper_util::client::legacy::connect::http[0m[2m:[0m Http::connect; scheme=Some("https"), host=Some("ic0.app"), port=None
[INFO] [stdout] [2m2026-07-14T04:12:04.984998Z[0m [35mTRACE[0m [2mhyper_util::client::legacy::pool[0m[2m:[0m checkout dropped for ("https", ic0.app)
[INFO] [stdout] [2m2026-07-14T04:12:04.985135Z[0m [35mTRACE[0m [2mhyper_util::client::legacy::pool[0m[2m:[0m checkout waiting for idle connection: ("https", ic0.app)
[INFO] [stdout] [2m2026-07-14T04:12:04.985166Z[0m [34mDEBUG[0m [2mreqwest::connect[0m[2m:[0m starting new connection: https://ic0.app/    
[INFO] [stdout] [2m2026-07-14T04:12:04.985193Z[0m [35mTRACE[0m [2mhyper_util::client::legacy::connect::http[0m[2m:[0m Http::connect; scheme=Some("https"), host=Some("ic0.app"), port=None
[INFO] [stdout] [2m2026-07-14T04:12:04.985569Z[0m [35mTRACE[0m [2mhyper_util::client::legacy::pool[0m[2m:[0m checkout dropped for ("https", ic0.app)
[INFO] [stdout] [2m2026-07-14T04:12:05.986936Z[0m [35mTRACE[0m [2mhyper_util::client::legacy::pool[0m[2m:[0m checkout waiting for idle connection: ("https", ic0.app)
[INFO] [stdout] [2m2026-07-14T04:12:05.987003Z[0m [34mDEBUG[0m [2mreqwest::connect[0m[2m:[0m starting new connection: https://ic0.app/    
[INFO] [stdout] [2m2026-07-14T04:12:05.987047Z[0m [35mTRACE[0m [2mhyper_util::client::legacy::connect::http[0m[2m:[0m Http::connect; scheme=Some("https"), host=Some("ic0.app"), port=None
[INFO] [stdout] [2m2026-07-14T04:12:05.988933Z[0m [35mTRACE[0m [2mhyper_util::client::legacy::pool[0m[2m:[0m checkout dropped for ("https", ic0.app)
[INFO] [stdout] [2m2026-07-14T04:12:05.989084Z[0m [35mTRACE[0m [2mhyper_util::client::legacy::pool[0m[2m:[0m checkout waiting for idle connection: ("https", ic0.app)
[INFO] [stdout] [2m2026-07-14T04:12:05.989116Z[0m [34mDEBUG[0m [2mreqwest::connect[0m[2m:[0m starting new connection: https://ic0.app/    
[INFO] [stdout] [2m2026-07-14T04:12:05.989156Z[0m [35mTRACE[0m [2mhyper_util::client::legacy::connect::http[0m[2m:[0m Http::connect; scheme=Some("https"), host=Some("ic0.app"), port=None
[INFO] [stdout] [2m2026-07-14T04:12:05.989530Z[0m [35mTRACE[0m [2mhyper_util::client::legacy::pool[0m[2m:[0m checkout dropped for ("https", ic0.app)
[INFO] [stdout] [2m2026-07-14T04:12:06.991339Z[0m [35mTRACE[0m [2mhyper_util::client::legacy::pool[0m[2m:[0m checkout waiting for idle connection: ("https", ic0.app)
[INFO] [stdout] [2m2026-07-14T04:12:06.991429Z[0m [34mDEBUG[0m [2mreqwest::connect[0m[2m:[0m starting new connection: https://ic0.app/    
[INFO] [stdout] [2m2026-07-14T04:12:06.991481Z[0m [35mTRACE[0m [2mhyper_util::client::legacy::connect::http[0m[2m:[0m Http::connect; scheme=Some("https"), host=Some("ic0.app"), port=None
[INFO] [stdout] [2m2026-07-14T04:12:07.002169Z[0m [35mTRACE[0m [2mhyper_util::client::legacy::pool[0m[2m:[0m checkout dropped for ("https", ic0.app)
[INFO] [stdout] [2m2026-07-14T04:12:07.002396Z[0m [35mTRACE[0m [2mhyper_util::client::legacy::pool[0m[2m:[0m checkout waiting for idle connection: ("https", ic0.app)
[INFO] [stdout] [2m2026-07-14T04:12:07.002457Z[0m [34mDEBUG[0m [2mreqwest::connect[0m[2m:[0m starting new connection: https://ic0.app/    
[INFO] [stdout] [2m2026-07-14T04:12:07.002494Z[0m [35mTRACE[0m [2mhyper_util::client::legacy::connect::http[0m[2m:[0m Http::connect; scheme=Some("https"), host=Some("ic0.app"), port=None
[INFO] [stdout] [2m2026-07-14T04:12:07.002819Z[0m [35mTRACE[0m [2mhyper_util::client::legacy::pool[0m[2m:[0m checkout dropped for ("https", ic0.app)
[INFO] [stdout] [2m2026-07-14T04:12:08.003869Z[0m [35mTRACE[0m [2mhyper_util::client::legacy::pool[0m[2m:[0m checkout waiting for idle connection: ("https", ic0.app)
[INFO] [stdout] [2m2026-07-14T04:12:08.003942Z[0m [34mDEBUG[0m [2mreqwest::connect[0m[2m:[0m starting new connection: https://ic0.app/    
[INFO] [stdout] [2m2026-07-14T04:12:08.003987Z[0m [35mTRACE[0m [2mhyper_util::client::legacy::connect::http[0m[2m:[0m Http::connect; scheme=Some("https"), host=Some("ic0.app"), port=None
[INFO] [stdout] [2m2026-07-14T04:12:08.004558Z[0m [35mTRACE[0m [2mhyper_util::client::legacy::pool[0m[2m:[0m checkout dropped for ("https", ic0.app)
[INFO] [stdout] [2m2026-07-14T04:12:08.004695Z[0m [35mTRACE[0m [2mhyper_util::client::legacy::pool[0m[2m:[0m checkout waiting for idle connection: ("https", ic0.app)
[INFO] [stdout] [2m2026-07-14T04:12:08.004728Z[0m [34mDEBUG[0m [2mreqwest::connect[0m[2m:[0m starting new connection: https://ic0.app/    
[INFO] [stdout] [2m2026-07-14T04:12:08.004755Z[0m [35mTRACE[0m [2mhyper_util::client::legacy::connect::http[0m[2m:[0m Http::connect; scheme=Some("https"), host=Some("ic0.app"), port=None
[INFO] [stdout] [2m2026-07-14T04:12:08.005104Z[0m [35mTRACE[0m [2mhyper_util::client::legacy::pool[0m[2m:[0m checkout dropped for ("https", ic0.app)
[INFO] [stdout] [2m2026-07-14T04:12:09.007292Z[0m [35mTRACE[0m [2mhyper_util::client::legacy::pool[0m[2m:[0m checkout waiting for idle connection: ("https", ic0.app)
[INFO] [stdout] [2m2026-07-14T04:12:09.007362Z[0m [34mDEBUG[0m [2mreqwest::connect[0m[2m:[0m starting new connection: https://ic0.app/    
[INFO] [stdout] [2m2026-07-14T04:12:09.007434Z[0m [35mTRACE[0m [2mhyper_util::client::legacy::connect::http[0m[2m:[0m Http::connect; scheme=Some("https"), host=Some("ic0.app"), port=None
[INFO] [stdout] [2m2026-07-14T04:12:09.007990Z[0m [35mTRACE[0m [2mhyper_util::client::legacy::pool[0m[2m:[0m checkout dropped for ("https", ic0.app)
[INFO] [stdout] [2m2026-07-14T04:12:09.008131Z[0m [35mTRACE[0m [2mhyper_util::client::legacy::pool[0m[2m:[0m checkout waiting for idle connection: ("https", ic0.app)
[INFO] [stdout] [2m2026-07-14T04:12:09.008165Z[0m [34mDEBUG[0m [2mreqwest::connect[0m[2m:[0m starting new connection: https://ic0.app/    
[INFO] [stdout] [2m2026-07-14T04:12:09.008192Z[0m [35mTRACE[0m [2mhyper_util::client::legacy::connect::http[0m[2m:[0m Http::connect; scheme=Some("https"), host=Some("ic0.app"), port=None
[INFO] [stdout] [2m2026-07-14T04:12:09.008595Z[0m [35mTRACE[0m [2mhyper_util::client::legacy::pool[0m[2m:[0m checkout dropped for ("https", ic0.app)
[INFO] [stdout] [2m2026-07-14T04:12:10.011759Z[0m [35mTRACE[0m [2mhyper_util::client::legacy::pool[0m[2m:[0m checkout waiting for idle connection: ("https", ic0.app)
[INFO] [stdout] [2m2026-07-14T04:12:10.011836Z[0m [34mDEBUG[0m [2mreqwest::connect[0m[2m:[0m starting new connection: https://ic0.app/    
[INFO] [stdout] [2m2026-07-14T04:12:10.011883Z[0m [35mTRACE[0m [2mhyper_util::client::legacy::connect::http[0m[2m:[0m Http::connect; scheme=Some("https"), host=Some("ic0.app"), port=None
[INFO] [stdout] [2m2026-07-14T04:12:10.012353Z[0m [35mTRACE[0m [2mhyper_util::client::legacy::pool[0m[2m:[0m checkout dropped for ("https", ic0.app)
[INFO] [stdout] [2m2026-07-14T04:12:10.012514Z[0m [35mTRACE[0m [2mhyper_util::client::legacy::pool[0m[2m:[0m checkout waiting for idle connection: ("https", ic0.app)
[INFO] [stdout] [2m2026-07-14T04:12:10.012595Z[0m [34mDEBUG[0m [2mreqwest::connect[0m[2m:[0m starting new connection: https://ic0.app/    
[INFO] [stdout] [2m2026-07-14T04:12:10.012627Z[0m [35mTRACE[0m [2mhyper_util::client::legacy::connect::http[0m[2m:[0m Http::connect; scheme=Some("https"), host=Some("ic0.app"), port=None
[INFO] [stdout] [2m2026-07-14T04:12:10.013043Z[0m [35mTRACE[0m [2mhyper_util::client::legacy::pool[0m[2m:[0m checkout dropped for ("https", ic0.app)
[INFO] [stdout] [2m2026-07-14T04:12:11.014369Z[0m [35mTRACE[0m [2mhyper_util::client::legacy::pool[0m[2m:[0m checkout waiting for idle connection: ("https", ic0.app)
[INFO] [stdout] [2m2026-07-14T04:12:11.014465Z[0m [34mDEBUG[0m [2mreqwest::connect[0m[2m:[0m starting new connection: https://ic0.app/    
[INFO] [stdout] [2m2026-07-14T04:12:11.014518Z[0m [35mTRACE[0m [2mhyper_util::client::legacy::connect::http[0m[2m:[0m Http::connect; scheme=Some("https"), host=Some("ic0.app"), port=None
[INFO] [stdout] [2m2026-07-14T04:12:11.015032Z[0m [35mTRACE[0m [2mhyper_util::client::legacy::pool[0m[2m:[0m checkout dropped for ("https", ic0.app)
[INFO] [stdout] [2m2026-07-14T04:12:11.015179Z[0m [35mTRACE[0m [2mhyper_util::client::legacy::pool[0m[2m:[0m checkout waiting for idle connection: ("https", ic0.app)
[INFO] [stdout] [2m2026-07-14T04:12:11.015213Z[0m [34mDEBUG[0m [2mreqwest::connect[0m[2m:[0m starting new connection: https://ic0.app/    
[INFO] [stdout] [2m2026-07-14T04:12:11.015241Z[0m [35mTRACE[0m [2mhyper_util::client::legacy::connect::http[0m[2m:[0m Http::connect; scheme=Some("https"), host=Some("ic0.app"), port=None
[INFO] [stdout] [2m2026-07-14T04:12:11.015618Z[0m [35mTRACE[0m [2mhyper_util::client::legacy::pool[0m[2m:[0m checkout dropped for ("https", ic0.app)
[INFO] [stdout] [2m2026-07-14T04:12:12.016907Z[0m [35mTRACE[0m [2mhyper_util::client::legacy::pool[0m[2m:[0m checkout waiting for idle connection: ("https", ic0.app)
[INFO] [stdout] [2m2026-07-14T04:12:12.016972Z[0m [34mDEBUG[0m [2mreqwest::connect[0m[2m:[0m starting new connection: https://ic0.app/    
[INFO] [stdout] [2m2026-07-14T04:12:12.017015Z[0m [35mTRACE[0m [2mhyper_util::client::legacy::connect::http[0m[2m:[0m Http::connect; scheme=Some("https"), host=Some("ic0.app"), port=None
[INFO] [stdout] [2m2026-07-14T04:12:12.017533Z[0m [35mTRACE[0m [2mhyper_util::client::legacy::pool[0m[2m:[0m checkout dropped for ("https", ic0.app)
[INFO] [stdout] [2m2026-07-14T04:12:12.017655Z[0m [35mTRACE[0m [2mhyper_util::client::legacy::pool[0m[2m:[0m checkout waiting for idle connection: ("https", ic0.app)
[INFO] [stdout] [2m2026-07-14T04:12:12.017682Z[0m [34mDEBUG[0m [2mreqwest::connect[0m[2m:[0m starting new connection: https://ic0.app/    
[INFO] [stdout] [2m2026-07-14T04:12:12.017705Z[0m [35mTRACE[0m [2mhyper_util::client::legacy::connect::http[0m[2m:[0m Http::connect; scheme=Some("https"), host=Some("ic0.app"), port=None
[INFO] [stdout] [2m2026-07-14T04:12:12.018019Z[0m [35mTRACE[0m [2mhyper_util::client::legacy::pool[0m[2m:[0m checkout dropped for ("https", ic0.app)
[INFO] [stdout] [2m2026-07-14T04:12:13.020322Z[0m [35mTRACE[0m [2mhyper_util::client::legacy::pool[0m[2m:[0m checkout waiting for idle connection: ("https", ic0.app)
[INFO] [stdout] [2m2026-07-14T04:12:13.020399Z[0m [34mDEBUG[0m [2mreqwest::connect[0m[2m:[0m starting new connection: https://ic0.app/    
[INFO] [stdout] [2m2026-07-14T04:12:13.020474Z[0m [35mTRACE[0m [2mhyper_util::client::legacy::connect::http[0m[2m:[0m Http::connect; scheme=Some("https"), host=Some("ic0.app"), port=None
[INFO] [stdout] [2m2026-07-14T04:12:13.020943Z[0m [35mTRACE[0m [2mhyper_util::client::legacy::pool[0m[2m:[0m checkout dropped for ("https", ic0.app)
[INFO] [stdout] [2m2026-07-14T04:12:13.021086Z[0m [35mTRACE[0m [2mhyper_util::client::legacy::pool[0m[2m:[0m checkout waiting for idle connection: ("https", ic0.app)
[INFO] [stdout] [2m2026-07-14T04:12:13.021115Z[0m [34mDEBUG[0m [2mreqwest::connect[0m[2m:[0m starting new connection: https://ic0.app/    
[INFO] [stdout] [2m2026-07-14T04:12:13.021141Z[0m [35mTRACE[0m [2mhyper_util::client::legacy::connect::http[0m[2m:[0m Http::connect; scheme=Some("https"), host=Some("ic0.app"), port=None
[INFO] [stdout] [2m2026-07-14T04:12:13.021513Z[0m [35mTRACE[0m [2mhyper_util::client::legacy::pool[0m[2m:[0m checkout dropped for ("https", ic0.app)
[INFO] [stdout] [2m2026-07-14T04:12:14.022877Z[0m [35mTRACE[0m [2mhyper_util::client::legacy::pool[0m[2m:[0m checkout waiting for idle connection: ("https", ic0.app)
[INFO] [stdout] [2m2026-07-14T04:12:14.022943Z[0m [34mDEBUG[0m [2mreqwest::connect[0m[2m:[0m starting new connection: https://ic0.app/    
[INFO] [stdout] [2m2026-07-14T04:12:14.022985Z[0m [35mTRACE[0m [2mhyper_util::client::legacy::connect::http[0m[2m:[0m Http::connect; scheme=Some("https"), host=Some("ic0.app"), port=None
[INFO] [stdout] [2m2026-07-14T04:12:14.030936Z[0m [35mTRACE[0m [2mhyper_util::client::legacy::pool[0m[2m:[0m checkout dropped for ("https", ic0.app)
[INFO] [stdout] [2m2026-07-14T04:12:14.031151Z[0m [35mTRACE[0m [2mhyper_util::client::legacy::pool[0m[2m:[0m checkout waiting for idle connection: ("https", ic0.app)
[INFO] [stdout] [2m2026-07-14T04:12:14.031190Z[0m [34mDEBUG[0m [2mreqwest::connect[0m[2m:[0m starting new connection: https://ic0.app/    
[INFO] [stdout] [2m2026-07-14T04:12:14.031226Z[0m [35mTRACE[0m [2mhyper_util::client::legacy::connect::http[0m[2m:[0m Http::connect; scheme=Some("https"), host=Some("ic0.app"), port=None
[INFO] [stdout] [2m2026-07-14T04:12:14.031711Z[0m [35mTRACE[0m [2mhyper_util::client::legacy::pool[0m[2m:[0m checkout dropped for ("https", ic0.app)
[INFO] [stdout] [2m2026-07-14T04:12:15.033306Z[0m [35mTRACE[0m [2mhyper_util::client::legacy::pool[0m[2m:[0m checkout waiting for idle connection: ("https", ic0.app)
[INFO] [stdout] [2m2026-07-14T04:12:15.033372Z[0m [34mDEBUG[0m [2mreqwest::connect[0m[2m:[0m starting new connection: https://ic0.app/    
[INFO] [stdout] [2m2026-07-14T04:12:15.033449Z[0m [35mTRACE[0m [2mhyper_util::client::legacy::connect::http[0m[2m:[0m Http::connect; scheme=Some("https"), host=Some("ic0.app"), port=None
[INFO] [stdout] [2m2026-07-14T04:12:15.033947Z[0m [35mTRACE[0m [2mhyper_util::client::legacy::pool[0m[2m:[0m checkout dropped for ("https", ic0.app)
[INFO] [stdout] [2m2026-07-14T04:12:15.034107Z[0m [35mTRACE[0m [2mhyper_util::client::legacy::pool[0m[2m:[0m checkout waiting for idle connection: ("https", ic0.app)
[INFO] [stdout] [2m2026-07-14T04:12:15.034143Z[0m [34mDEBUG[0m [2mreqwest::connect[0m[2m:[0m starting new connection: https://ic0.app/    
[INFO] [stdout] [2m2026-07-14T04:12:15.034173Z[0m [35mTRACE[0m [2mhyper_util::client::legacy::connect::http[0m[2m:[0m Http::connect; scheme=Some("https"), host=Some("ic0.app"), port=None
[INFO] [stdout] [2m2026-07-14T04:12:15.034564Z[0m [35mTRACE[0m [2mhyper_util::client::legacy::pool[0m[2m:[0m checkout dropped for ("https", ic0.app)
[INFO] [stdout] [2m2026-07-14T04:12:16.035892Z[0m [35mTRACE[0m [2mhyper_util::client::legacy::pool[0m[2m:[0m checkout waiting for idle connection: ("https", ic0.app)
[INFO] [stdout] [2m2026-07-14T04:12:16.035956Z[0m [34mDEBUG[0m [2mreqwest::connect[0m[2m:[0m starting new connection: https://ic0.app/    
[INFO] [stdout] [2m2026-07-14T04:12:16.035996Z[0m [35mTRACE[0m [2mhyper_util::client::legacy::connect::http[0m[2m:[0m Http::connect; scheme=Some("https"), host=Some("ic0.app"), port=None
[INFO] [stdout] [2m2026-07-14T04:12:16.036488Z[0m [35mTRACE[0m [2mhyper_util::client::legacy::pool[0m[2m:[0m checkout dropped for ("https", ic0.app)
[INFO] [stdout] [2m2026-07-14T04:12:16.036615Z[0m [35mTRACE[0m [2mhyper_util::client::legacy::pool[0m[2m:[0m checkout waiting for idle connection: ("https", ic0.app)
[INFO] [stdout] [2m2026-07-14T04:12:16.036644Z[0m [34mDEBUG[0m [2mreqwest::connect[0m[2m:[0m starting new connection: https://ic0.app/    
[INFO] [stdout] [2m2026-07-14T04:12:16.036669Z[0m [35mTRACE[0m [2mhyper_util::client::legacy::connect::http[0m[2m:[0m Http::connect; scheme=Some("https"), host=Some("ic0.app"), port=None
[INFO] [stdout] [2m2026-07-14T04:12:16.036952Z[0m [35mTRACE[0m [2mhyper_util::client::legacy::pool[0m[2m:[0m checkout dropped for ("https", ic0.app)
[INFO] [stdout] [2m2026-07-14T04:12:17.039342Z[0m [35mTRACE[0m [2mhyper_util::client::legacy::pool[0m[2m:[0m checkout waiting for idle connection: ("https", ic0.app)
[INFO] [stdout] [2m2026-07-14T04:12:17.039439Z[0m [34mDEBUG[0m [2mreqwest::connect[0m[2m:[0m starting new connection: https://ic0.app/    
[INFO] [stdout] [2m2026-07-14T04:12:17.039488Z[0m [35mTRACE[0m [2mhyper_util::client::legacy::connect::http[0m[2m:[0m Http::connect; scheme=Some("https"), host=Some("ic0.app"), port=None
[INFO] [stdout] [2m2026-07-14T04:12:17.043857Z[0m [35mTRACE[0m [2mhyper_util::client::legacy::pool[0m[2m:[0m checkout dropped for ("https", ic0.app)
[INFO] [stdout] [2m2026-07-14T04:12:17.044046Z[0m [35mTRACE[0m [2mhyper_util::client::legacy::pool[0m[2m:[0m checkout waiting for idle connection: ("https", ic0.app)
[INFO] [stdout] [2m2026-07-14T04:12:17.044082Z[0m [34mDEBUG[0m [2mreqwest::connect[0m[2m:[0m starting new connection: https://ic0.app/    
[INFO] [stdout] [2m2026-07-14T04:12:17.044115Z[0m [35mTRACE[0m [2mhyper_util::client::legacy::connect::http[0m[2m:[0m Http::connect; scheme=Some("https"), host=Some("ic0.app"), port=None
[INFO] [stdout] [2m2026-07-14T04:12:17.044529Z[0m [35mTRACE[0m [2mhyper_util::client::legacy::pool[0m[2m:[0m checkout dropped for ("https", ic0.app)
[INFO] [stdout] [2m2026-07-14T04:12:18.045927Z[0m [35mTRACE[0m [2mhyper_util::client::legacy::pool[0m[2m:[0m checkout waiting for idle connection: ("https", ic0.app)
[INFO] [stdout] [2m2026-07-14T04:12:18.046013Z[0m [34mDEBUG[0m [2mreqwest::connect[0m[2m:[0m starting new connection: https://ic0.app/    
[INFO] [stdout] [2m2026-07-14T04:12:18.046064Z[0m [35mTRACE[0m [2mhyper_util::client::legacy::connect::http[0m[2m:[0m Http::connect; scheme=Some("https"), host=Some("ic0.app"), port=None
[INFO] [stdout] [2m2026-07-14T04:12:18.047857Z[0m [35mTRACE[0m [2mhyper_util::client::legacy::pool[0m[2m:[0m checkout dropped for ("https", ic0.app)
[INFO] [stdout] [2m2026-07-14T04:12:18.048006Z[0m [35mTRACE[0m [2mhyper_util::client::legacy::pool[0m[2m:[0m checkout waiting for idle connection: ("https", ic0.app)
[INFO] [stdout] [2m2026-07-14T04:12:18.048039Z[0m [34mDEBUG[0m [2mreqwest::connect[0m[2m:[0m starting new connection: https://ic0.app/    
[INFO] [stdout] [2m2026-07-14T04:12:18.048067Z[0m [35mTRACE[0m [2mhyper_util::client::legacy::connect::http[0m[2m:[0m Http::connect; scheme=Some("https"), host=Some("ic0.app"), port=None
[INFO] [stdout] [2m2026-07-14T04:12:18.048526Z[0m [35mTRACE[0m [2mhyper_util::client::legacy::pool[0m[2m:[0m checkout dropped for ("https", ic0.app)
[INFO] [stdout] [2m2026-07-14T04:12:19.050284Z[0m [35mTRACE[0m [2mhyper_util::client::legacy::pool[0m[2m:[0m checkout waiting for idle connection: ("https", ic0.app)
[INFO] [stdout] [2m2026-07-14T04:12:19.050357Z[0m [34mDEBUG[0m [2mreqwest::connect[0m[2m:[0m starting new connection: https://ic0.app/    
[INFO] [stdout] [2m2026-07-14T04:12:19.050403Z[0m [35mTRACE[0m [2mhyper_util::client::legacy::connect::http[0m[2m:[0m Http::connect; scheme=Some("https"), host=Some("ic0.app"), port=None
[INFO] [stdout] [2m2026-07-14T04:12:19.050990Z[0m [35mTRACE[0m [2mhyper_util::client::legacy::pool[0m[2m:[0m checkout dropped for ("https", ic0.app)
[INFO] [stdout] [2m2026-07-14T04:12:19.051131Z[0m [35mTRACE[0m [2mhyper_util::client::legacy::pool[0m[2m:[0m checkout waiting for idle connection: ("https", ic0.app)
[INFO] [stdout] [2m2026-07-14T04:12:19.051164Z[0m [34mDEBUG[0m [2mreqwest::connect[0m[2m:[0m starting new connection: https://ic0.app/    
[INFO] [stdout] [2m2026-07-14T04:12:19.051191Z[0m [35mTRACE[0m [2mhyper_util::client::legacy::connect::http[0m[2m:[0m Http::connect; scheme=Some("https"), host=Some("ic0.app"), port=None
[INFO] [stdout] [2m2026-07-14T04:12:19.051565Z[0m [35mTRACE[0m [2mhyper_util::client::legacy::pool[0m[2m:[0m checkout dropped for ("https", ic0.app)
[INFO] [stdout] [2m2026-07-14T04:12:20.052593Z[0m [35mTRACE[0m [2mhyper_util::client::legacy::pool[0m[2m:[0m checkout waiting for idle connection: ("https", ic0.app)
[INFO] [stdout] [2m2026-07-14T04:12:20.052676Z[0m [34mDEBUG[0m [2mreqwest::connect[0m[2m:[0m starting new connection: https://ic0.app/    
[INFO] [stdout] [2m2026-07-14T04:12:20.052719Z[0m [35mTRACE[0m [2mhyper_util::client::legacy::connect::http[0m[2m:[0m Http::connect; scheme=Some("https"), host=Some("ic0.app"), port=None
[INFO] [stdout] [2m2026-07-14T04:12:20.053257Z[0m [35mTRACE[0m [2mhyper_util::client::legacy::pool[0m[2m:[0m checkout dropped for ("https", ic0.app)
[INFO] [stdout] [2m2026-07-14T04:12:20.053398Z[0m [35mTRACE[0m [2mhyper_util::client::legacy::pool[0m[2m:[0m checkout waiting for idle connection: ("https", ic0.app)
[INFO] [stdout] [2m2026-07-14T04:12:20.053449Z[0m [34mDEBUG[0m [2mreqwest::connect[0m[2m:[0m starting new connection: https://ic0.app/    
[INFO] [stdout] [2m2026-07-14T04:12:20.053481Z[0m [35mTRACE[0m [2mhyper_util::client::legacy::connect::http[0m[2m:[0m Http::connect; scheme=Some("https"), host=Some("ic0.app"), port=None
[INFO] [stdout] [2m2026-07-14T04:12:20.053876Z[0m [35mTRACE[0m [2mhyper_util::client::legacy::pool[0m[2m:[0m checkout dropped for ("https", ic0.app)
[INFO] [stdout] [2m2026-07-14T04:12:21.055866Z[0m [35mTRACE[0m [2mhyper_util::client::legacy::pool[0m[2m:[0m checkout waiting for idle connection: ("https", ic0.app)
[INFO] [stdout] [2m2026-07-14T04:12:21.055936Z[0m [34mDEBUG[0m [2mreqwest::connect[0m[2m:[0m starting new connection: https://ic0.app/    
[INFO] [stdout] [2m2026-07-14T04:12:21.055979Z[0m [35mTRACE[0m [2mhyper_util::client::legacy::connect::http[0m[2m:[0m Http::connect; scheme=Some("https"), host=Some("ic0.app"), port=None
[INFO] [stdout] [2m2026-07-14T04:12:21.056467Z[0m [35mTRACE[0m [2mhyper_util::client::legacy::pool[0m[2m:[0m checkout dropped for ("https", ic0.app)
[INFO] [stdout] [2m2026-07-14T04:12:21.056599Z[0m [35mTRACE[0m [2mhyper_util::client::legacy::pool[0m[2m:[0m checkout waiting for idle connection: ("https", ic0.app)
[INFO] [stdout] [2m2026-07-14T04:12:21.056628Z[0m [34mDEBUG[0m [2mreqwest::connect[0m[2m:[0m starting new connection: https://ic0.app/    
[INFO] [stdout] [2m2026-07-14T04:12:21.056653Z[0m [35mTRACE[0m [2mhyper_util::client::legacy::connect::http[0m[2m:[0m Http::connect; scheme=Some("https"), host=Some("ic0.app"), port=None
[INFO] [stdout] [2m2026-07-14T04:12:21.056981Z[0m [35mTRACE[0m [2mhyper_util::client::legacy::pool[0m[2m:[0m checkout dropped for ("https", ic0.app)
[INFO] [stdout] [2m2026-07-14T04:12:22.059790Z[0m [35mTRACE[0m [2mhyper_util::client::legacy::pool[0m[2m:[0m checkout waiting for idle connection: ("https", ic0.app)
[INFO] [stdout] [2m2026-07-14T04:12:22.059861Z[0m [34mDEBUG[0m [2mreqwest::connect[0m[2m:[0m starting new connection: https://ic0.app/    
[INFO] [stdout] [2m2026-07-14T04:12:22.059912Z[0m [35mTRACE[0m [2mhyper_util::client::legacy::connect::http[0m[2m:[0m Http::connect; scheme=Some("https"), host=Some("ic0.app"), port=None
[INFO] [stdout] [2m2026-07-14T04:12:22.060336Z[0m [35mTRACE[0m [2mhyper_util::client::legacy::pool[0m[2m:[0m checkout dropped for ("https", ic0.app)
[INFO] [stdout] [2m2026-07-14T04:12:22.060539Z[0m [35mTRACE[0m [2mhyper_util::client::legacy::pool[0m[2m:[0m checkout waiting for idle connection: ("https", ic0.app)
[INFO] [stdout] [2m2026-07-14T04:12:22.060575Z[0m [34mDEBUG[0m [2mreqwest::connect[0m[2m:[0m starting new connection: https://ic0.app/    
[INFO] [stdout] [2m2026-07-14T04:12:22.060604Z[0m [35mTRACE[0m [2mhyper_util::client::legacy::connect::http[0m[2m:[0m Http::connect; scheme=Some("https"), host=Some("ic0.app"), port=None
[INFO] [stdout] [2m2026-07-14T04:12:22.060969Z[0m [35mTRACE[0m [2mhyper_util::client::legacy::pool[0m[2m:[0m checkout dropped for ("https", ic0.app)
[INFO] [stdout] [2m2026-07-14T04:12:23.062484Z[0m [35mTRACE[0m [2mhyper_util::client::legacy::pool[0m[2m:[0m checkout waiting for idle connection: ("https", ic0.app)
[INFO] [stdout] [2m2026-07-14T04:12:23.062556Z[0m [34mDEBUG[0m [2mreqwest::connect[0m[2m:[0m starting new connection: https://ic0.app/    
[INFO] [stdout] [2m2026-07-14T04:12:23.062603Z[0m [35mTRACE[0m [2mhyper_util::client::legacy::connect::http[0m[2m:[0m Http::connect; scheme=Some("https"), host=Some("ic0.app"), port=None
[INFO] [stdout] [2m2026-07-14T04:12:23.063141Z[0m [35mTRACE[0m [2mhyper_util::client::legacy::pool[0m[2m:[0m checkout dropped for ("https", ic0.app)
[INFO] [stdout] [2m2026-07-14T04:12:23.063287Z[0m [35mTRACE[0m [2mhyper_util::client::legacy::pool[0m[2m:[0m checkout waiting for idle connection: ("https", ic0.app)
[INFO] [stdout] [2m2026-07-14T04:12:23.063320Z[0m [34mDEBUG[0m [2mreqwest::connect[0m[2m:[0m starting new connection: https://ic0.app/    
[INFO] [stdout] [2m2026-07-14T04:12:23.063351Z[0m [35mTRACE[0m [2mhyper_util::client::legacy::connect::http[0m[2m:[0m Http::connect; scheme=Some("https"), host=Some("ic0.app"), port=None
[INFO] [stdout] [2m2026-07-14T04:12:23.063659Z[0m [35mTRACE[0m [2mhyper_util::client::legacy::pool[0m[2m:[0m checkout dropped for ("https", ic0.app)
[INFO] [stdout] [2m2026-07-14T04:12:24.064994Z[0m [35mTRACE[0m [2mhyper_util::client::legacy::pool[0m[2m:[0m checkout waiting for idle connection: ("https", ic0.app)
[INFO] [stdout] [2m2026-07-14T04:12:24.065064Z[0m [34mDEBUG[0m [2mreqwest::connect[0m[2m:[0m starting new connection: https://ic0.app/    
[INFO] [stdout] [2m2026-07-14T04:12:24.065109Z[0m [35mTRACE[0m [2mhyper_util::client::legacy::connect::http[0m[2m:[0m Http::connect; scheme=Some("https"), host=Some("ic0.app"), port=None
[INFO] [stdout] [2m2026-07-14T04:12:24.066759Z[0m [35mTRACE[0m [2mhyper_util::client::legacy::pool[0m[2m:[0m checkout dropped for ("https", ic0.app)
[INFO] [stdout] [2m2026-07-14T04:12:24.066911Z[0m [35mTRACE[0m [2mhyper_util::client::legacy::pool[0m[2m:[0m checkout waiting for idle connection: ("https", ic0.app)
[INFO] [stdout] [2m2026-07-14T04:12:24.066946Z[0m [34mDEBUG[0m [2mreqwest::connect[0m[2m:[0m starting new connection: https://ic0.app/    
[INFO] [stdout] [2m2026-07-14T04:12:24.066975Z[0m [35mTRACE[0m [2mhyper_util::client::legacy::connect::http[0m[2m:[0m Http::connect; scheme=Some("https"), host=Some("ic0.app"), port=None
[INFO] [stdout] [2m2026-07-14T04:12:24.067445Z[0m [35mTRACE[0m [2mhyper_util::client::legacy::pool[0m[2m:[0m checkout dropped for ("https", ic0.app)
[INFO] [stdout] [2m2026-07-14T04:12:25.068554Z[0m [35mTRACE[0m [2mhyper_util::client::legacy::pool[0m[2m:[0m checkout waiting for idle connection: ("https", ic0.app)
[INFO] [stdout] [2m2026-07-14T04:12:25.068620Z[0m [34mDEBUG[0m [2mreqwest::connect[0m[2m:[0m starting new connection: https://ic0.app/    
[INFO] [stdout] [2m2026-07-14T04:12:25.068660Z[0m [35mTRACE[0m [2mhyper_util::client::legacy::connect::http[0m[2m:[0m Http::connect; scheme=Some("https"), host=Some("ic0.app"), port=None
[INFO] [stdout] [2m2026-07-14T04:12:25.069041Z[0m [35mTRACE[0m [2mhyper_util::client::legacy::pool[0m[2m:[0m checkout dropped for ("https", ic0.app)
[INFO] [stdout] [2m2026-07-14T04:12:25.069246Z[0m [35mTRACE[0m [2mhyper_util::client::legacy::pool[0m[2m:[0m checkout waiting for idle connection: ("https", ic0.app)
[INFO] [stdout] [2m2026-07-14T04:12:25.069273Z[0m [34mDEBUG[0m [2mreqwest::connect[0m[2m:[0m starting new connection: https://ic0.app/    
[INFO] [stdout] [2m2026-07-14T04:12:25.069295Z[0m [35mTRACE[0m [2mhyper_util::client::legacy::connect::http[0m[2m:[0m Http::connect; scheme=Some("https"), host=Some("ic0.app"), port=None
[INFO] [stdout] [2m2026-07-14T04:12:25.069603Z[0m [35mTRACE[0m [2mhyper_util::client::legacy::pool[0m[2m:[0m checkout dropped for ("https", ic0.app)
[INFO] [stdout] [2m2026-07-14T04:12:26.070922Z[0m [35mTRACE[0m [2mhyper_util::client::legacy::pool[0m[2m:[0m checkout waiting for idle connection: ("https", ic0.app)
[INFO] [stdout] [2m2026-07-14T04:12:26.070977Z[0m [34mDEBUG[0m [2mreqwest::connect[0m[2m:[0m starting new connection: https://ic0.app/    
[INFO] [stdout] [2m2026-07-14T04:12:26.071013Z[0m [35mTRACE[0m [2mhyper_util::client::legacy::connect::http[0m[2m:[0m Http::connect; scheme=Some("https"), host=Some("ic0.app"), port=None
[INFO] [stdout] [2m2026-07-14T04:12:26.071575Z[0m [35mTRACE[0m [2mhyper_util::client::legacy::pool[0m[2m:[0m checkout dropped for ("https", ic0.app)
[INFO] [stdout] [2m2026-07-14T04:12:26.071681Z[0m [35mTRACE[0m [2mhyper_util::client::legacy::pool[0m[2m:[0m checkout waiting for idle connection: ("https", ic0.app)
[INFO] [stdout] [2m2026-07-14T04:12:26.071703Z[0m [34mDEBUG[0m [2mreqwest::connect[0m[2m:[0m starting new connection: https://ic0.app/    
[INFO] [stdout] [2m2026-07-14T04:12:26.071721Z[0m [35mTRACE[0m [2mhyper_util::client::legacy::connect::http[0m[2m:[0m Http::connect; scheme=Some("https"), host=Some("ic0.app"), port=None
[INFO] [stdout] [2m2026-07-14T04:12:26.072074Z[0m [35mTRACE[0m [2mhyper_util::client::legacy::pool[0m[2m:[0m checkout dropped for ("https", ic0.app)
[INFO] [stdout] [2m2026-07-14T04:12:27.073926Z[0m [35mTRACE[0m [2mhyper_util::client::legacy::pool[0m[2m:[0m checkout waiting for idle connection: ("https", ic0.app)
[INFO] [stdout] [2m2026-07-14T04:12:27.073992Z[0m [34mDEBUG[0m [2mreqwest::connect[0m[2m:[0m starting new connection: https://ic0.app/    
[INFO] [stdout] [2m2026-07-14T04:12:27.074116Z[0m [35mTRACE[0m [2mhyper_util::client::legacy::connect::http[0m[2m:[0m Http::connect; scheme=Some("https"), host=Some("ic0.app"), port=None
[INFO] [stdout] [2m2026-07-14T04:12:27.074637Z[0m [35mTRACE[0m [2mhyper_util::client::legacy::pool[0m[2m:[0m checkout dropped for ("https", ic0.app)
[INFO] [stdout] [2m2026-07-14T04:12:27.074751Z[0m [35mTRACE[0m [2mhyper_util::client::legacy::pool[0m[2m:[0m checkout waiting for idle connection: ("https", ic0.app)
[INFO] [stdout] [2m2026-07-14T04:12:27.074774Z[0m [34mDEBUG[0m [2mreqwest::connect[0m[2m:[0m starting new connection: https://ic0.app/    
[INFO] [stdout] [2m2026-07-14T04:12:27.074796Z[0m [35mTRACE[0m [2mhyper_util::client::legacy::connect::http[0m[2m:[0m Http::connect; scheme=Some("https"), host=Some("ic0.app"), port=None
[INFO] [stdout] [2m2026-07-14T04:12:27.075139Z[0m [35mTRACE[0m [2mhyper_util::client::legacy::pool[0m[2m:[0m checkout dropped for ("https", ic0.app)
[INFO] [stdout] [2m2026-07-14T04:12:28.076752Z[0m [35mTRACE[0m [2mhyper_util::client::legacy::pool[0m[2m:[0m checkout waiting for idle connection: ("https", ic0.app)
[INFO] [stdout] [2m2026-07-14T04:12:28.076811Z[0m [34mDEBUG[0m [2mreqwest::connect[0m[2m:[0m starting new connection: https://ic0.app/    
[INFO] [stdout] [2m2026-07-14T04:12:28.076858Z[0m [35mTRACE[0m [2mhyper_util::client::legacy::connect::http[0m[2m:[0m Http::connect; scheme=Some("https"), host=Some("ic0.app"), port=None
[INFO] [stdout] [2m2026-07-14T04:12:28.077337Z[0m [35mTRACE[0m [2mhyper_util::client::legacy::pool[0m[2m:[0m checkout dropped for ("https", ic0.app)
[INFO] [stdout] [2m2026-07-14T04:12:28.077474Z[0m [35mTRACE[0m [2mhyper_util::client::legacy::pool[0m[2m:[0m checkout waiting for idle connection: ("https", ic0.app)
[INFO] [stdout] [2m2026-07-14T04:12:28.077499Z[0m [34mDEBUG[0m [2mreqwest::connect[0m[2m:[0m starting new connection: https://ic0.app/    
[INFO] [stdout] [2m2026-07-14T04:12:28.077519Z[0m [35mTRACE[0m [2mhyper_util::client::legacy::connect::http[0m[2m:[0m Http::connect; scheme=Some("https"), host=Some("ic0.app"), port=None
[INFO] [stdout] [2m2026-07-14T04:12:28.077817Z[0m [35mTRACE[0m [2mhyper_util::client::legacy::pool[0m[2m:[0m checkout dropped for ("https", ic0.app)
[INFO] [stdout] [2m2026-07-14T04:12:29.078717Z[0m [35mTRACE[0m [2mhyper_util::client::legacy::pool[0m[2m:[0m checkout waiting for idle connection: ("https", ic0.app)
[INFO] [stdout] [2m2026-07-14T04:12:29.078778Z[0m [34mDEBUG[0m [2mreqwest::connect[0m[2m:[0m starting new connection: https://ic0.app/    
[INFO] [stdout] [2m2026-07-14T04:12:29.078817Z[0m [35mTRACE[0m [2mhyper_util::client::legacy::connect::http[0m[2m:[0m Http::connect; scheme=Some("https"), host=Some("ic0.app"), port=None
[INFO] [stdout] [2m2026-07-14T04:12:29.079275Z[0m [35mTRACE[0m [2mhyper_util::client::legacy::pool[0m[2m:[0m checkout dropped for ("https", ic0.app)
[INFO] [stdout] [2m2026-07-14T04:12:29.079389Z[0m [35mTRACE[0m [2mhyper_util::client::legacy::pool[0m[2m:[0m checkout waiting for idle connection: ("https", ic0.app)
[INFO] [stdout] [2m2026-07-14T04:12:29.079439Z[0m [34mDEBUG[0m [2mreqwest::connect[0m[2m:[0m starting new connection: https://ic0.app/    
[INFO] [stdout] [2m2026-07-14T04:12:29.079463Z[0m [35mTRACE[0m [2mhyper_util::client::legacy::connect::http[0m[2m:[0m Http::connect; scheme=Some("https"), host=Some("ic0.app"), port=None
[INFO] [stdout] [2m2026-07-14T04:12:29.079751Z[0m [35mTRACE[0m [2mhyper_util::client::legacy::pool[0m[2m:[0m checkout dropped for ("https", ic0.app)
[INFO] [stdout] [2m2026-07-14T04:12:30.080703Z[0m [35mTRACE[0m [2mhyper_util::client::legacy::pool[0m[2m:[0m checkout waiting for idle connection: ("https", ic0.app)
[INFO] [stdout] [2m2026-07-14T04:12:30.080762Z[0m [34mDEBUG[0m [2mreqwest::connect[0m[2m:[0m starting new connection: https://ic0.app/    
[INFO] [stdout] [2m2026-07-14T04:12:30.080806Z[0m [35mTRACE[0m [2mhyper_util::client::legacy::connect::http[0m[2m:[0m Http::connect; scheme=Some("https"), host=Some("ic0.app"), port=None
[INFO] [stdout] [2m2026-07-14T04:12:30.081287Z[0m [35mTRACE[0m [2mhyper_util::client::legacy::pool[0m[2m:[0m checkout dropped for ("https", ic0.app)
[INFO] [stdout] [2m2026-07-14T04:12:30.081389Z[0m [35mTRACE[0m [2mhyper_util::client::legacy::pool[0m[2m:[0m checkout waiting for idle connection: ("https", ic0.app)
[INFO] [stdout] [2m2026-07-14T04:12:30.081433Z[0m [34mDEBUG[0m [2mreqwest::connect[0m[2m:[0m starting new connection: https://ic0.app/    
[INFO] [stdout] [2m2026-07-14T04:12:30.081452Z[0m [35mTRACE[0m [2mhyper_util::client::legacy::connect::http[0m[2m:[0m Http::connect; scheme=Some("https"), host=Some("ic0.app"), port=None
[INFO] [stdout] [2m2026-07-14T04:12:30.081717Z[0m [35mTRACE[0m [2mhyper_util::client::legacy::pool[0m[2m:[0m checkout dropped for ("https", ic0.app)
[INFO] [stdout] [2m2026-07-14T04:12:31.082671Z[0m [35mTRACE[0m [2mhyper_util::client::legacy::pool[0m[2m:[0m checkout waiting for idle connection: ("https", ic0.app)
[INFO] [stdout] [2m2026-07-14T04:12:31.082730Z[0m [34mDEBUG[0m [2mreqwest::connect[0m[2m:[0m starting new connection: https://ic0.app/    
[INFO] [stdout] [2m2026-07-14T04:12:31.082763Z[0m [35mTRACE[0m [2mhyper_util::client::legacy::connect::http[0m[2m:[0m Http::connect; scheme=Some("https"), host=Some("ic0.app"), port=None
[INFO] [stdout] [2m2026-07-14T04:12:31.083192Z[0m [35mTRACE[0m [2mhyper_util::client::legacy::pool[0m[2m:[0m checkout dropped for ("https", ic0.app)
[INFO] [stdout] [2m2026-07-14T04:12:31.083325Z[0m [35mTRACE[0m [2mhyper_util::client::legacy::pool[0m[2m:[0m checkout waiting for idle connection: ("https", ic0.app)
[INFO] [stdout] [2m2026-07-14T04:12:31.083352Z[0m [34mDEBUG[0m [2mreqwest::connect[0m[2m:[0m starting new connection: https://ic0.app/    
[INFO] [stdout] [2m2026-07-14T04:12:31.083372Z[0m [35mTRACE[0m [2mhyper_util::client::legacy::connect::http[0m[2m:[0m Http::connect; scheme=Some("https"), host=Some("ic0.app"), port=None
[INFO] [stdout] [2m2026-07-14T04:12:31.083751Z[0m [35mTRACE[0m [2mhyper_util::client::legacy::pool[0m[2m:[0m checkout dropped for ("https", ic0.app)
[INFO] [stdout] [2m2026-07-14T04:12:32.084360Z[0m [35mTRACE[0m [2mhyper_util::client::legacy::pool[0m[2m:[0m checkout waiting for idle connection: ("https", ic0.app)
[INFO] [stdout] [2m2026-07-14T04:12:32.084443Z[0m [34mDEBUG[0m [2mreqwest::connect[0m[2m:[0m starting new connection: https://ic0.app/    
[INFO] [stdout] [2m2026-07-14T04:12:32.084479Z[0m [35mTRACE[0m [2mhyper_util::client::legacy::connect::http[0m[2m:[0m Http::connect; scheme=Some("https"), host=Some("ic0.app"), port=None
[INFO] [stdout] [2m2026-07-14T04:12:32.084890Z[0m [35mTRACE[0m [2mhyper_util::client::legacy::pool[0m[2m:[0m checkout dropped for ("https", ic0.app)
[INFO] [stdout] [2m2026-07-14T04:12:32.085002Z[0m [35mTRACE[0m [2mhyper_util::client::legacy::pool[0m[2m:[0m checkout waiting for idle connection: ("https", ic0.app)
[INFO] [stdout] [2m2026-07-14T04:12:32.085037Z[0m [34mDEBUG[0m [2mreqwest::connect[0m[2m:[0m starting new connection: https://ic0.app/    
[INFO] [stdout] [2m2026-07-14T04:12:32.085057Z[0m [35mTRACE[0m [2mhyper_util::client::legacy::connect::http[0m[2m:[0m Http::connect; scheme=Some("https"), host=Some("ic0.app"), port=None
[INFO] [stdout] [2m2026-07-14T04:12:32.085367Z[0m [35mTRACE[0m [2mhyper_util::client::legacy::pool[0m[2m:[0m checkout dropped for ("https", ic0.app)
[INFO] [stdout] [2m2026-07-14T04:12:33.087255Z[0m [35mTRACE[0m [2mhyper_util::client::legacy::pool[0m[2m:[0m checkout waiting for idle connection: ("https", ic0.app)
[INFO] [stdout] [2m2026-07-14T04:12:33.087324Z[0m [34mDEBUG[0m [2mreqwest::connect[0m[2m:[0m starting new connection: https://ic0.app/    
[INFO] [stdout] [2m2026-07-14T04:12:33.087387Z[0m [35mTRACE[0m [2mhyper_util::client::legacy::connect::http[0m[2m:[0m Http::connect; scheme=Some("https"), host=Some("ic0.app"), port=None
[INFO] [stdout] [2m2026-07-14T04:12:33.087805Z[0m [35mTRACE[0m [2mhyper_util::client::legacy::pool[0m[2m:[0m checkout dropped for ("https", ic0.app)
[INFO] [stdout] [2m2026-07-14T04:12:33.087927Z[0m [35mTRACE[0m [2mhyper_util::client::legacy::pool[0m[2m:[0m checkout waiting for idle connection: ("https", ic0.app)
[INFO] [stdout] [2m2026-07-14T04:12:33.087964Z[0m [34mDEBUG[0m [2mreqwest::connect[0m[2m:[0m starting new connection: https://ic0.app/    
[INFO] [stdout] [2m2026-07-14T04:12:33.087989Z[0m [35mTRACE[0m [2mhyper_util::client::legacy::connect::http[0m[2m:[0m Http::connect; scheme=Some("https"), host=Some("ic0.app"), port=None
[INFO] [stdout] [2m2026-07-14T04:12:33.088334Z[0m [35mTRACE[0m [2mhyper_util::client::legacy::pool[0m[2m:[0m checkout dropped for ("https", ic0.app)
[INFO] [stdout] [2m2026-07-14T04:12:34.090097Z[0m [35mTRACE[0m [2mhyper_util::client::legacy::pool[0m[2m:[0m checkout waiting for idle connection: ("https", ic0.app)
[INFO] [stdout] [2m2026-07-14T04:12:34.090169Z[0m [34mDEBUG[0m [2mreqwest::connect[0m[2m:[0m starting new connection: https://ic0.app/    
[INFO] [stdout] [2m2026-07-14T04:12:34.090213Z[0m [35mTRACE[0m [2mhyper_util::client::legacy::connect::http[0m[2m:[0m Http::connect; scheme=Some("https"), host=Some("ic0.app"), port=None
[INFO] [stdout] [2m2026-07-14T04:12:34.090748Z[0m [35mTRACE[0m [2mhyper_util::client::legacy::pool[0m[2m:[0m checkout dropped for ("https", ic0.app)
[INFO] [stdout] [2m2026-07-14T04:12:34.090892Z[0m [35mTRACE[0m [2mhyper_util::client::legacy::pool[0m[2m:[0m checkout waiting for idle connection: ("https", ic0.app)
[INFO] [stdout] [2m2026-07-14T04:12:34.090923Z[0m [34mDEBUG[0m [2mreqwest::connect[0m[2m:[0m starting new connection: https://ic0.app/    
[INFO] [stdout] [2m2026-07-14T04:12:34.090950Z[0m [35mTRACE[0m [2mhyper_util::client::legacy::connect::http[0m[2m:[0m Http::connect; scheme=Some("https"), host=Some("ic0.app"), port=None
[INFO] [stdout] [2m2026-07-14T04:12:34.091382Z[0m [35mTRACE[0m [2mhyper_util::client::legacy::pool[0m[2m:[0m checkout dropped for ("https", ic0.app)
[INFO] [stdout] 
[INFO] [stdout] thread 'agent::route_provider::dynamic_routing::dynamic_route_provider::tests::test_mainnet' (4722) panicked at ic-agent/src/agent/route_provider/dynamic_routing/dynamic_route_provider.rs:350:9:
[INFO] [stdout] Expected excluded domains ["ic0.app"] are still observed in routing over the last 30 calls
[INFO] [stdout] stack backtrace:
[INFO] [stdout]    0:     0x5d5741d4e1a8 - std[10d71ac2c42b111e]::backtrace_rs::backtrace::libunwind::trace
[INFO] [stdout]                                at /rustc/b2282dd5646a57d570fc86fbe8df0e8826665ef6/library/std/src/../../backtrace/src/backtrace/libunwind.rs:117:9
[INFO] [stdout]    1:     0x5d5741d4e1a8 - std[10d71ac2c42b111e]::backtrace_rs::backtrace::trace_unsynchronized::<std[10d71ac2c42b111e]::sys::backtrace::_print_fmt::{closure#1}>
[INFO] [stdout]                                at /rustc/b2282dd5646a57d570fc86fbe8df0e8826665ef6/library/std/src/../../backtrace/src/backtrace/mod.rs:66:14
[INFO] [stdout]    2:     0x5d5741d4e1a8 - std[10d71ac2c42b111e]::sys::backtrace::_print_fmt
[INFO] [stdout]                                at /rustc/b2282dd5646a57d570fc86fbe8df0e8826665ef6/library/std/src/sys/backtrace.rs:74:9
[INFO] [stdout]    3:     0x5d5741d4e1a8 - <<std[10d71ac2c42b111e]::sys::backtrace::BacktraceLock>::print::DisplayBacktrace as core[8fb95b77d25ab6c8]::fmt::Display>::fmt
[INFO] [stdout]                                at /rustc/b2282dd5646a57d570fc86fbe8df0e8826665ef6/library/std/src/sys/backtrace.rs:44:26
[INFO] [stdout]    4:     0x5d5741d6666a - <core[8fb95b77d25ab6c8]::fmt::rt::Argument>::fmt
[INFO] [stdout]                                at /rustc/b2282dd5646a57d570fc86fbe8df0e8826665ef6/library/core/src/fmt/rt.rs:152:76
[INFO] [stdout]    5:     0x5d5741d6666a - core[8fb95b77d25ab6c8]::fmt::write
[INFO] [stdout]    6:     0x5d5741d53ba2 - std[10d71ac2c42b111e]::io::default_write_fmt::<alloc[a7ee25936407c584]::vec::Vec<u8>>
[INFO] [stdout]                                at /rustc/b2282dd5646a57d570fc86fbe8df0e8826665ef6/library/std/src/io/mod.rs:622:11
[INFO] [stdout]    7:     0x5d5741d53ba2 - <alloc[a7ee25936407c584]::vec::Vec<u8> as std[10d71ac2c42b111e]::io::Write>::write_fmt
[INFO] [stdout]                                at /rustc/b2282dd5646a57d570fc86fbe8df0e8826665ef6/library/std/src/io/mod.rs:1977:13
[INFO] [stdout]    8:     0x5d5741d2bd96 - <std[10d71ac2c42b111e]::sys::backtrace::BacktraceLock>::print
[INFO] [stdout]                                at /rustc/b2282dd5646a57d570fc86fbe8df0e8826665ef6/library/std/src/sys/backtrace.rs:47:9
[INFO] [stdout]    9:     0x5d5741d2bd96 - std[10d71ac2c42b111e]::panicking::default_hook::{closure#0}
[INFO] [stdout]                                at /rustc/b2282dd5646a57d570fc86fbe8df0e8826665ef6/library/std/src/panicking.rs:292:27
[INFO] [stdout]   10:     0x5d5741d46089 - std[10d71ac2c42b111e]::panicking::default_hook
[INFO] [stdout]                                at /rustc/b2282dd5646a57d570fc86fbe8df0e8826665ef6/library/std/src/panicking.rs:316:9
[INFO] [stdout]   11:     0x5d5741113d1c - <alloc[a7ee25936407c584]::boxed::Box<dyn for<'a, 'b> core[8fb95b77d25ab6c8]::ops::function::Fn<(&'a std[10d71ac2c42b111e]::panic::PanicHookInfo<'b>,), Output = ()> + core[8fb95b77d25ab6c8]::marker::Sync + core[8fb95b77d25ab6c8]::marker::Send> as core[8fb95b77d25ab6c8]::ops::function::Fn<(&std[10d71ac2c42b111e]::panic::PanicHookInfo,)>>::call
[INFO] [stdout]                                at /rustc/b2282dd5646a57d570fc86fbe8df0e8826665ef6/library/alloc/src/boxed.rs:2289:9
[INFO] [stdout]   12:     0x5d5741113d1c - test[213991da798b1c03]::test_main_inner::<test[213991da798b1c03]::test_main_static::{closure#0}>::{closure#0}
[INFO] [stdout]                                at /rustc/b2282dd5646a57d570fc86fbe8df0e8826665ef6/library/test/src/lib.rs:155:21
[INFO] [stdout]   13:     0x5d5741d46302 - <alloc[a7ee25936407c584]::boxed::Box<dyn for<'a, 'b> core[8fb95b77d25ab6c8]::ops::function::Fn<(&'a std[10d71ac2c42b111e]::panic::PanicHookInfo<'b>,), Output = ()> + core[8fb95b77d25ab6c8]::marker::Sync + core[8fb95b77d25ab6c8]::marker::Send> as core[8fb95b77d25ab6c8]::ops::function::Fn<(&std[10d71ac2c42b111e]::panic::PanicHookInfo,)>>::call
[INFO] [stdout]                                at /rustc/b2282dd5646a57d570fc86fbe8df0e8826665ef6/library/alloc/src/boxed.rs:2289:9
[INFO] [stdout]   14:     0x5d5741d46302 - std[10d71ac2c42b111e]::panicking::panic_with_hook
[INFO] [stdout]                                at /rustc/b2282dd5646a57d570fc86fbe8df0e8826665ef6/library/std/src/panicking.rs:833:13
[INFO] [stdout]   15:     0x5d5741d2be52 - std[10d71ac2c42b111e]::panicking::panic_handler::{closure#0}
[INFO] [stdout]                                at /rustc/b2282dd5646a57d570fc86fbe8df0e8826665ef6/library/std/src/panicking.rs:698:13
[INFO] [stdout]   16:     0x5d5741d20979 - std[10d71ac2c42b111e]::sys::backtrace::__rust_end_short_backtrace::<std[10d71ac2c42b111e]::panicking::panic_handler::{closure#0}, !>
[INFO] [stdout]                                at /rustc/b2282dd5646a57d570fc86fbe8df0e8826665ef6/library/std/src/sys/backtrace.rs:182:18
[INFO] [stdout]   17:     0x5d5741d2ce1d - __rustc[3be9ba60078d4c86]::rust_begin_unwind
[INFO] [stdout]                                at /rustc/b2282dd5646a57d570fc86fbe8df0e8826665ef6/library/std/src/panicking.rs:689:5
[INFO] [stdout]   18:     0x5d5741d66edc - core[8fb95b77d25ab6c8]::panicking::panic_fmt
[INFO] [stdout]                                at /rustc/b2282dd5646a57d570fc86fbe8df0e8826665ef6/library/core/src/panicking.rs:80:14
[INFO] [stdout]   19:     0x5d574108996a - ic_agent[e9b3e5fc323f2f57]::agent::route_provider::dynamic_routing::dynamic_route_provider::tests::assert_no_routing_via_domains::{closure#0}
[INFO] [stdout]                                at /opt/rustwide/workdir/ic-agent/src/agent/route_provider/dynamic_routing/dynamic_route_provider.rs:350:9
[INFO] [stdout]   20:     0x5d574108abb3 - ic_agent[e9b3e5fc323f2f57]::agent::route_provider::dynamic_routing::dynamic_route_provider::tests::test_mainnet::{closure#0}
[INFO] [stdout]                                at /opt/rustwide/workdir/ic-agent/src/agent/route_provider/dynamic_routing/dynamic_route_provider.rs:380:10
[INFO] [stdout]   21:     0x5d5740f63d52 - <core[8fb95b77d25ab6c8]::pin::Pin<&mut dyn core[8fb95b77d25ab6c8]::future::future::Future<Output = ()>> as core[8fb95b77d25ab6c8]::future::future::Future>::poll
[INFO] [stdout]                                at /rustc/b2282dd5646a57d570fc86fbe8df0e8826665ef6/library/core/src/future/future.rs:133:9
[INFO] [stdout]   22:     0x5d5740f63e8d - <core[8fb95b77d25ab6c8]::pin::Pin<&mut core[8fb95b77d25ab6c8]::pin::Pin<&mut dyn core[8fb95b77d25ab6c8]::future::future::Future<Output = ()>>> as core[8fb95b77d25ab6c8]::future::future::Future>::poll
[INFO] [stdout]                                at /rustc/b2282dd5646a57d570fc86fbe8df0e8826665ef6/library/core/src/future/future.rs:133:9
[INFO] [stdout]   23:     0x5d5740edbc8d - <tokio[d81a527e42baba37]::runtime::scheduler::current_thread::CoreGuard>::block_on::<core[8fb95b77d25ab6c8]::pin::Pin<&mut core[8fb95b77d25ab6c8]::pin::Pin<&mut dyn core[8fb95b77d25ab6c8]::future::future::Future<Output = ()>>>>::{closure#0}::{closure#0}::{closure#0}
[INFO] [stdout]                                at /opt/rustwide/cargo-home/registry/src/index.crates.io-1949cf8c6b5b557f/tokio-1.41.1/src/runtime/scheduler/current_thread/mod.rs:729:73
[INFO] [stdout]   24:     0x5d5740edbacb - tokio[d81a527e42baba37]::runtime::coop::with_budget::<core[8fb95b77d25ab6c8]::task::poll::Poll<()>, <tokio[d81a527e42baba37]::runtime::scheduler::current_thread::CoreGuard>::block_on<core[8fb95b77d25ab6c8]::pin::Pin<&mut core[8fb95b77d25ab6c8]::pin::Pin<&mut dyn core[8fb95b77d25ab6c8]::future::future::Future<Output = ()>>>>::{closure#0}::{closure#0}::{closure#0}>
[INFO] [stdout]                                at /opt/rustwide/cargo-home/registry/src/index.crates.io-1949cf8c6b5b557f/tokio-1.41.1/src/runtime/coop.rs:107:5
[INFO] [stdout]   25:     0x5d5740edbacb - tokio[d81a527e42baba37]::runtime::coop::budget::<core[8fb95b77d25ab6c8]::task::poll::Poll<()>, <tokio[d81a527e42baba37]::runtime::scheduler::current_thread::CoreGuard>::block_on<core[8fb95b77d25ab6c8]::pin::Pin<&mut core[8fb95b77d25ab6c8]::pin::Pin<&mut dyn core[8fb95b77d25ab6c8]::future::future::Future<Output = ()>>>>::{closure#0}::{closure#0}::{closure#0}>
[INFO] [stdout]                                at /opt/rustwide/cargo-home/registry/src/index.crates.io-1949cf8c6b5b557f/tokio-1.41.1/src/runtime/coop.rs:73:5
[INFO] [stdout]   26:     0x5d5740edbacb - <tokio[d81a527e42baba37]::runtime::scheduler::current_thread::CoreGuard>::block_on::<core[8fb95b77d25ab6c8]::pin::Pin<&mut core[8fb95b77d25ab6c8]::pin::Pin<&mut dyn core[8fb95b77d25ab6c8]::future::future::Future<Output = ()>>>>::{closure#0}::{closure#0}
[INFO] [stdout]                                at /opt/rustwide/cargo-home/registry/src/index.crates.io-1949cf8c6b5b557f/tokio-1.41.1/src/runtime/scheduler/current_thread/mod.rs:729:25
[INFO] [stdout]   27:     0x5d5740ec51d0 - <tokio[d81a527e42baba37]::runtime::scheduler::current_thread::Context>::enter::<core[8fb95b77d25ab6c8]::task::poll::Poll<()>, <tokio[d81a527e42baba37]::runtime::scheduler::current_thread::CoreGuard>::block_on<core[8fb95b77d25ab6c8]::pin::Pin<&mut core[8fb95b77d25ab6c8]::pin::Pin<&mut dyn core[8fb95b77d25ab6c8]::future::future::Future<Output = ()>>>>::{closure#0}::{closure#0}>
[INFO] [stdout]                                at /opt/rustwide/cargo-home/registry/src/index.crates.io-1949cf8c6b5b557f/tokio-1.41.1/src/runtime/scheduler/current_thread/mod.rs:428:19
[INFO] [stdout]   28:     0x5d5740eda770 - <tokio[d81a527e42baba37]::runtime::scheduler::current_thread::CoreGuard>::block_on::<core[8fb95b77d25ab6c8]::pin::Pin<&mut core[8fb95b77d25ab6c8]::pin::Pin<&mut dyn core[8fb95b77d25ab6c8]::future::future::Future<Output = ()>>>>::{closure#0}
[INFO] [stdout]                                at /opt/rustwide/cargo-home/registry/src/index.crates.io-1949cf8c6b5b557f/tokio-1.41.1/src/runtime/scheduler/current_thread/mod.rs:728:44
[INFO] [stdout]   29:     0x5d5740ed83f4 - <tokio[d81a527e42baba37]::runtime::scheduler::current_thread::CoreGuard>::enter::<<tokio[d81a527e42baba37]::runtime::scheduler::current_thread::CoreGuard>::block_on<core[8fb95b77d25ab6c8]::pin::Pin<&mut core[8fb95b77d25ab6c8]::pin::Pin<&mut dyn core[8fb95b77d25ab6c8]::future::future::Future<Output = ()>>>>::{closure#0}, core[8fb95b77d25ab6c8]::option::Option<()>>::{closure#0}
[INFO] [stdout]                                at /opt/rustwide/cargo-home/registry/src/index.crates.io-1949cf8c6b5b557f/tokio-1.41.1/src/runtime/scheduler/current_thread/mod.rs:807:68
[INFO] [stdout]   30:     0x5d5740ee266b - <tokio[d81a527e42baba37]::runtime::context::scoped::Scoped<tokio[d81a527e42baba37]::runtime::scheduler::Context>>::set::<<tokio[d81a527e42baba37]::runtime::scheduler::current_thread::CoreGuard>::enter<<tokio[d81a527e42baba37]::runtime::scheduler::current_thread::CoreGuard>::block_on<core[8fb95b77d25ab6c8]::pin::Pin<&mut core[8fb95b77d25ab6c8]::pin::Pin<&mut dyn core[8fb95b77d25ab6c8]::future::future::Future<Output = ()>>>>::{closure#0}, core[8fb95b77d25ab6c8]::option::Option<()>>::{closure#0}, (alloc[a7ee25936407c584]::boxed::Box<tokio[d81a527e42baba37]::runtime::scheduler::current_thread::Core>, core[8fb95b77d25ab6c8]::option::Option<()>)>
[INFO] [stdout]                                at /opt/rustwide/cargo-home/registry/src/index.crates.io-1949cf8c6b5b557f/tokio-1.41.1/src/runtime/context/scoped.rs:40:9
[INFO] [stdout]   31:     0x5d5740ef6a79 - tokio[d81a527e42baba37]::runtime::context::set_scheduler::<(alloc[a7ee25936407c584]::boxed::Box<tokio[d81a527e42baba37]::runtime::scheduler::current_thread::Core>, core[8fb95b77d25ab6c8]::option::Option<()>), <tokio[d81a527e42baba37]::runtime::scheduler::current_thread::CoreGuard>::enter<<tokio[d81a527e42baba37]::runtime::scheduler::current_thread::CoreGuard>::block_on<core[8fb95b77d25ab6c8]::pin::Pin<&mut core[8fb95b77d25ab6c8]::pin::Pin<&mut dyn core[8fb95b77d25ab6c8]::future::future::Future<Output = ()>>>>::{closure#0}, core[8fb95b77d25ab6c8]::option::Option<()>>::{closure#0}>::{closure#0}
[INFO] [stdout]                                at /opt/rustwide/cargo-home/registry/src/index.crates.io-1949cf8c6b5b557f/tokio-1.41.1/src/runtime/context.rs:180:38
[INFO] [stdout]   32:     0x5d5740fceb22 - <std[10d71ac2c42b111e]::thread::local::LocalKey<tokio[d81a527e42baba37]::runtime::context::Context>>::try_with::<tokio[d81a527e42baba37]::runtime::context::set_scheduler<(alloc[a7ee25936407c584]::boxed::Box<tokio[d81a527e42baba37]::runtime::scheduler::current_thread::Core>, core[8fb95b77d25ab6c8]::option::Option<()>), <tokio[d81a527e42baba37]::runtime::scheduler::current_thread::CoreGuard>::enter<<tokio[d81a527e42baba37]::runtime::scheduler::current_thread::CoreGuard>::block_on<core[8fb95b77d25ab6c8]::pin::Pin<&mut core[8fb95b77d25ab6c8]::pin::Pin<&mut dyn core[8fb95b77d25ab6c8]::future::future::Future<Output = ()>>>>::{closure#0}, core[8fb95b77d25ab6c8]::option::Option<()>>::{closure#0}>::{closure#0}, (alloc[a7ee25936407c584]::boxed::Box<tokio[d81a527e42baba37]::runtime::scheduler::current_thread::Core>, core[8fb95b77d25ab6c8]::option::Option<()>)>
[INFO] [stdout]                                at /rustc/b2282dd5646a57d570fc86fbe8df0e8826665ef6/library/std/src/thread/local.rs:462:12
[INFO] [stdout]   33:     0x5d5740fce20e - <std[10d71ac2c42b111e]::thread::local::LocalKey<tokio[d81a527e42baba37]::runtime::context::Context>>::with::<tokio[d81a527e42baba37]::runtime::context::set_scheduler<(alloc[a7ee25936407c584]::boxed::Box<tokio[d81a527e42baba37]::runtime::scheduler::current_thread::Core>, core[8fb95b77d25ab6c8]::option::Option<()>), <tokio[d81a527e42baba37]::runtime::scheduler::current_thread::CoreGuard>::enter<<tokio[d81a527e42baba37]::runtime::scheduler::current_thread::CoreGuard>::block_on<core[8fb95b77d25ab6c8]::pin::Pin<&mut core[8fb95b77d25ab6c8]::pin::Pin<&mut dyn core[8fb95b77d25ab6c8]::future::future::Future<Output = ()>>>>::{closure#0}, core[8fb95b77d25ab6c8]::option::Option<()>>::{closure#0}>::{closure#0}, (alloc[a7ee25936407c584]::boxed::Box<tokio[d81a527e42baba37]::runtime::scheduler::current_thread::Core>, core[8fb95b77d25ab6c8]::option::Option<()>)>
[INFO] [stdout]                                at /rustc/b2282dd5646a57d570fc86fbe8df0e8826665ef6/library/std/src/thread/local.rs:426:20
[INFO] [stdout]   34:     0x5d5740ef3bdd - tokio[d81a527e42baba37]::runtime::context::set_scheduler::<(alloc[a7ee25936407c584]::boxed::Box<tokio[d81a527e42baba37]::runtime::scheduler::current_thread::Core>, core[8fb95b77d25ab6c8]::option::Option<()>), <tokio[d81a527e42baba37]::runtime::scheduler::current_thread::CoreGuard>::enter<<tokio[d81a527e42baba37]::runtime::scheduler::current_thread::CoreGuard>::block_on<core[8fb95b77d25ab6c8]::pin::Pin<&mut core[8fb95b77d25ab6c8]::pin::Pin<&mut dyn core[8fb95b77d25ab6c8]::future::future::Future<Output = ()>>>>::{closure#0}, core[8fb95b77d25ab6c8]::option::Option<()>>::{closure#0}>
[INFO] [stdout]                                at /opt/rustwide/cargo-home/registry/src/index.crates.io-1949cf8c6b5b557f/tokio-1.41.1/src/runtime/context.rs:180:17
[INFO] [stdout]   35:     0x5d5740ece3e0 - <tokio[d81a527e42baba37]::runtime::scheduler::current_thread::CoreGuard>::enter::<<tokio[d81a527e42baba37]::runtime::scheduler::current_thread::CoreGuard>::block_on<core[8fb95b77d25ab6c8]::pin::Pin<&mut core[8fb95b77d25ab6c8]::pin::Pin<&mut dyn core[8fb95b77d25ab6c8]::future::future::Future<Output = ()>>>>::{closure#0}, core[8fb95b77d25ab6c8]::option::Option<()>>
[INFO] [stdout]                                at /opt/rustwide/cargo-home/registry/src/index.crates.io-1949cf8c6b5b557f/tokio-1.41.1/src/runtime/scheduler/current_thread/mod.rs:807:27
[INFO] [stdout]   36:     0x5d5740ece836 - <tokio[d81a527e42baba37]::runtime::scheduler::current_thread::CoreGuard>::block_on::<core[8fb95b77d25ab6c8]::pin::Pin<&mut core[8fb95b77d25ab6c8]::pin::Pin<&mut dyn core[8fb95b77d25ab6c8]::future::future::Future<Output = ()>>>>
[INFO] [stdout]                                at /opt/rustwide/cargo-home/registry/src/index.crates.io-1949cf8c6b5b557f/tokio-1.41.1/src/runtime/scheduler/current_thread/mod.rs:716:24
[INFO] [stdout]   37:     0x5d5740ed7a83 - <tokio[d81a527e42baba37]::runtime::scheduler::current_thread::CurrentThread>::block_on::<core[8fb95b77d25ab6c8]::pin::Pin<&mut dyn core[8fb95b77d25ab6c8]::future::future::Future<Output = ()>>>::{closure#0}
[INFO] [stdout]                                at /opt/rustwide/cargo-home/registry/src/index.crates.io-1949cf8c6b5b557f/tokio-1.41.1/src/runtime/scheduler/current_thread/mod.rs:196:33
[INFO] [stdout]   38:     0x5d5740f7aee3 - tokio[d81a527e42baba37]::runtime::context::runtime::enter_runtime::<<tokio[d81a527e42baba37]::runtime::scheduler::current_thread::CurrentThread>::block_on<core[8fb95b77d25ab6c8]::pin::Pin<&mut dyn core[8fb95b77d25ab6c8]::future::future::Future<Output = ()>>>::{closure#0}, ()>
[INFO] [stdout]                                at /opt/rustwide/cargo-home/registry/src/index.crates.io-1949cf8c6b5b557f/tokio-1.41.1/src/runtime/context/runtime.rs:65:16
[INFO] [stdout]   39:     0x5d5740ec4601 - <tokio[d81a527e42baba37]::runtime::scheduler::current_thread::CurrentThread>::block_on::<core[8fb95b77d25ab6c8]::pin::Pin<&mut dyn core[8fb95b77d25ab6c8]::future::future::Future<Output = ()>>>
[INFO] [stdout]                                at /opt/rustwide/cargo-home/registry/src/index.crates.io-1949cf8c6b5b557f/tokio-1.41.1/src/runtime/scheduler/current_thread/mod.rs:184:9
[INFO] [stdout]   40:     0x5d5740ff7e24 - <tokio[d81a527e42baba37]::runtime::runtime::Runtime>::block_on_inner::<core[8fb95b77d25ab6c8]::pin::Pin<&mut dyn core[8fb95b77d25ab6c8]::future::future::Future<Output = ()>>>
[INFO] [stdout]                                at /opt/rustwide/cargo-home/registry/src/index.crates.io-1949cf8c6b5b557f/tokio-1.41.1/src/runtime/runtime.rs:368:52
[INFO] [stdout]   41:     0x5d5740ff820a - <tokio[d81a527e42baba37]::runtime::runtime::Runtime>::block_on::<core[8fb95b77d25ab6c8]::pin::Pin<&mut dyn core[8fb95b77d25ab6c8]::future::future::Future<Output = ()>>>
[INFO] [stdout]                                at /opt/rustwide/cargo-home/registry/src/index.crates.io-1949cf8c6b5b557f/tokio-1.41.1/src/runtime/runtime.rs:342:18
[INFO] [stdout]   42:     0x5d574109e845 - ic_agent[e9b3e5fc323f2f57]::agent::route_provider::dynamic_routing::dynamic_route_provider::tests::test_mainnet
[INFO] [stdout]                                at /opt/rustwide/workdir/ic-agent/src/agent/route_provider/dynamic_routing/dynamic_route_provider.rs:386:37
[INFO] [stdout]   43:     0x5d57410894f7 - ic_agent[e9b3e5fc323f2f57]::agent::route_provider::dynamic_routing::dynamic_route_provider::tests::test_mainnet::{closure#0}
[INFO] [stdout]                                at /opt/rustwide/workdir/ic-agent/src/agent/route_provider/dynamic_routing/dynamic_route_provider.rs:354:28
[INFO] [stdout]   44:     0x5d57410c7906 - <ic_agent[e9b3e5fc323f2f57]::agent::route_provider::dynamic_routing::dynamic_route_provider::tests::test_mainnet::{closure#0} as core[8fb95b77d25ab6c8]::ops::function::FnOnce<()>>::call_once
[INFO] [stdout]                                at /rustc/b2282dd5646a57d570fc86fbe8df0e8826665ef6/library/core/src/ops/function.rs:250:5
[INFO] [stdout]   45:     0x5d5741106dfb - <fn() -> core[8fb95b77d25ab6c8]::result::Result<(), alloc[a7ee25936407c584]::string::String> as core[8fb95b77d25ab6c8]::ops::function::FnOnce<()>>::call_once
[INFO] [stdout]                                at /rustc/b2282dd5646a57d570fc86fbe8df0e8826665ef6/library/core/src/ops/function.rs:250:5
[INFO] [stdout]   46:     0x5d5741106dfb - test[213991da798b1c03]::__rust_begin_short_backtrace::<core[8fb95b77d25ab6c8]::result::Result<(), alloc[a7ee25936407c584]::string::String>, fn() -> core[8fb95b77d25ab6c8]::result::Result<(), alloc[a7ee25936407c584]::string::String>>
[INFO] [stdout]                                at /rustc/b2282dd5646a57d570fc86fbe8df0e8826665ef6/library/test/src/lib.rs:724:18
[INFO] [stdout]   47:     0x5d5741114675 - test[213991da798b1c03]::run_test_in_process::{closure#0}
[INFO] [stdout]                                at /rustc/b2282dd5646a57d570fc86fbe8df0e8826665ef6/library/test/src/lib.rs:747:74
[INFO] [stdout]   48:     0x5d5741114675 - <core[8fb95b77d25ab6c8]::panic::unwind_safe::AssertUnwindSafe<test[213991da798b1c03]::run_test_in_process::{closure#0}> as core[8fb95b77d25ab6c8]::ops::function::FnOnce<()>>::call_once
[INFO] [stdout]                                at /rustc/b2282dd5646a57d570fc86fbe8df0e8826665ef6/library/core/src/panic/unwind_safe.rs:275:9
[INFO] [stdout]   49:     0x5d5741114675 - std[10d71ac2c42b111e]::panicking::catch_unwind::do_call::<core[8fb95b77d25ab6c8]::panic::unwind_safe::AssertUnwindSafe<test[213991da798b1c03]::run_test_in_process::{closure#0}>, core[8fb95b77d25ab6c8]::result::Result<(), alloc[a7ee25936407c584]::string::String>>
[INFO] [stdout]                                at /rustc/b2282dd5646a57d570fc86fbe8df0e8826665ef6/library/std/src/panicking.rs:581:40
[INFO] [stdout]   50:     0x5d5741114675 - std[10d71ac2c42b111e]::panicking::catch_unwind::<core[8fb95b77d25ab6c8]::result::Result<(), alloc[a7ee25936407c584]::string::String>, core[8fb95b77d25ab6c8]::panic::unwind_safe::AssertUnwindSafe<test[213991da798b1c03]::run_test_in_process::{closure#0}>>
[INFO] [stdout]                                at /rustc/b2282dd5646a57d570fc86fbe8df0e8826665ef6/library/std/src/panicking.rs:544:19
[INFO] [stdout]   51:     0x5d5741114675 - std[10d71ac2c42b111e]::panic::catch_unwind::<core[8fb95b77d25ab6c8]::panic::unwind_safe::AssertUnwindSafe<test[213991da798b1c03]::run_test_in_process::{closure#0}>, core[8fb95b77d25ab6c8]::result::Result<(), alloc[a7ee25936407c584]::string::String>>
[INFO] [stdout]                                at /rustc/b2282dd5646a57d570fc86fbe8df0e8826665ef6/library/std/src/panic.rs:359:14
[INFO] [stdout]   52:     0x5d5741114675 - test[213991da798b1c03]::run_test_in_process
[INFO] [stdout]                                at /rustc/b2282dd5646a57d570fc86fbe8df0e8826665ef6/library/test/src/lib.rs:747:27
[INFO] [stdout]   53:     0x5d5741114675 - test[213991da798b1c03]::run_test::{closure#0}
[INFO] [stdout]                                at /rustc/b2282dd5646a57d570fc86fbe8df0e8826665ef6/library/test/src/lib.rs:668:43
[INFO] [stdout]   54:     0x5d574110df84 - test[213991da798b1c03]::run_test::{closure#1}
[INFO] [stdout]                                at /rustc/b2282dd5646a57d570fc86fbe8df0e8826665ef6/library/test/src/lib.rs:698:41
[INFO] [stdout]   55:     0x5d574110df84 - std[10d71ac2c42b111e]::sys::backtrace::__rust_begin_short_backtrace::<test[213991da798b1c03]::run_test::{closure#1}, ()>
[INFO] [stdout]                                at /rustc/b2282dd5646a57d570fc86fbe8df0e8826665ef6/library/std/src/sys/backtrace.rs:166:18
[INFO] [stdout]   56:     0x5d57411176f2 - std[10d71ac2c42b111e]::thread::lifecycle::spawn_unchecked::<test[213991da798b1c03]::run_test::{closure#1}, ()>::{closure#1}::{closure#0}
[INFO] [stdout]                                at /rustc/b2282dd5646a57d570fc86fbe8df0e8826665ef6/library/std/src/thread/lifecycle.rs:70:13
[INFO] [stdout]   57:     0x5d57411176f2 - <core[8fb95b77d25ab6c8]::panic::unwind_safe::AssertUnwindSafe<std[10d71ac2c42b111e]::thread::lifecycle::spawn_unchecked<test[213991da798b1c03]::run_test::{closure#1}, ()>::{closure#1}::{closure#0}> as core[8fb95b77d25ab6c8]::ops::function::FnOnce<()>>::call_once
[INFO] [stdout]                                at /rustc/b2282dd5646a57d570fc86fbe8df0e8826665ef6/library/core/src/panic/unwind_safe.rs:275:9
[INFO] [stdout]   58:     0x5d57411176f2 - std[10d71ac2c42b111e]::panicking::catch_unwind::do_call::<core[8fb95b77d25ab6c8]::panic::unwind_safe::AssertUnwindSafe<std[10d71ac2c42b111e]::thread::lifecycle::spawn_unchecked<test[213991da798b1c03]::run_test::{closure#1}, ()>::{closure#1}::{closure#0}>, ()>
[INFO] [stdout]                                at /rustc/b2282dd5646a57d570fc86fbe8df0e8826665ef6/library/std/src/panicking.rs:581:40
[INFO] [stdout]   59:     0x5d57411176f2 - std[10d71ac2c42b111e]::panicking::catch_unwind::<(), core[8fb95b77d25ab6c8]::panic::unwind_safe::AssertUnwindSafe<std[10d71ac2c42b111e]::thread::lifecycle::spawn_unchecked<test[213991da798b1c03]::run_test::{closure#1}, ()>::{closure#1}::{closure#0}>>
[INFO] [stdout]                                at /rustc/b2282dd5646a57d570fc86fbe8df0e8826665ef6/library/std/src/panicking.rs:544:19
[INFO] [stdout]   60:     0x5d57411176f2 - std[10d71ac2c42b111e]::panic::catch_unwind::<core[8fb95b77d25ab6c8]::panic::unwind_safe::AssertUnwindSafe<std[10d71ac2c42b111e]::thread::lifecycle::spawn_unchecked<test[213991da798b1c03]::run_test::{closure#1}, ()>::{closure#1}::{closure#0}>, ()>
[INFO] [stdout]                                at /rustc/b2282dd5646a57d570fc86fbe8df0e8826665ef6/library/std/src/panic.rs:359:14
[INFO] [stdout]   61:     0x5d57411176f2 - std[10d71ac2c42b111e]::thread::lifecycle::spawn_unchecked::<test[213991da798b1c03]::run_test::{closure#1}, ()>::{closure#1}
[INFO] [stdout]                                at /rustc/b2282dd5646a57d570fc86fbe8df0e8826665ef6/library/std/src/thread/lifecycle.rs:68:26
[INFO] [stdout]   62:     0x5d57411176f2 - <std[10d71ac2c42b111e]::thread::lifecycle::spawn_unchecked<test[213991da798b1c03]::run_test::{closure#1}, ()>::{closure#1} as core[8fb95b77d25ab6c8]::ops::function::FnOnce<()>>::call_once::{shim:vtable#0}
[INFO] [stdout]                                at /rustc/b2282dd5646a57d570fc86fbe8df0e8826665ef6/library/core/src/ops/function.rs:250:5
[INFO] [stdout]   63:     0x5d5741d4d90f - <alloc[a7ee25936407c584]::boxed::Box<dyn core[8fb95b77d25ab6c8]::ops::function::FnOnce<(), Output = ()> + core[8fb95b77d25ab6c8]::marker::Send> as core[8fb95b77d25ab6c8]::ops::function::FnOnce<()>>::call_once
[INFO] [stdout]                                at /rustc/b2282dd5646a57d570fc86fbe8df0e8826665ef6/library/alloc/src/boxed.rs:2275:9
[INFO] [stdout]   64:     0x5d5741d4d90f - <std[10d71ac2c42b111e]::sys::thread::unix::Thread>::new::thread_start
[INFO] [stdout]                                at /rustc/b2282dd5646a57d570fc86fbe8df0e8826665ef6/library/std/src/sys/thread/unix.rs:118:17
[INFO] [stdout]   65:     0x7aa72e5a6aa4 - <unknown>
[INFO] [stdout]   66:     0x7aa72e633a64 - clone
[INFO] [stdout]   67:                0x0 - <unknown>
[INFO] [stdout] 
[INFO] [stdout] 
[INFO] [stdout] failures:
[INFO] [stdout]     agent::route_provider::dynamic_routing::dynamic_route_provider::tests::test_mainnet
[INFO] [stdout] 
[INFO] [stdout] test result: FAILED. 54 passed; 1 failed; 1 ignored; 0 measured; 0 filtered out; finished in 41.51s
[INFO] [stdout] 
[INFO] [stderr] error: test failed, to rerun pass `-p ic-agent --lib`
[INFO] running `Command { std: "docker" "inspect" "88679f6079bd0ea776b2bc26d92ae826d2b8a3f0853f7984fd86ef29278b3d3d", kill_on_drop: false }`
[INFO] running `Command { std: "docker" "rm" "-f" "88679f6079bd0ea776b2bc26d92ae826d2b8a3f0853f7984fd86ef29278b3d3d", kill_on_drop: false }`
[INFO] [stdout] 88679f6079bd0ea776b2bc26d92ae826d2b8a3f0853f7984fd86ef29278b3d3d
