[INFO] cloning repository https://github.com/Zakir032002/payments-backend
[INFO] running `Command { std: "git" "-c" "credential.helper=" "-c" "credential.helper=/workspace/cargo-home/bin/git-credential-null" "clone" "--bare" "https://github.com/Zakir032002/payments-backend" "/workspace/cache/git-repos/https%3A%2F%2Fgithub.com%2FZakir032002%2Fpayments-backend", kill_on_drop: false }`
[INFO] [stderr] Cloning into bare repository '/workspace/cache/git-repos/https%3A%2F%2Fgithub.com%2FZakir032002%2Fpayments-backend'...
[INFO] running `Command { std: "git" "rev-parse" "HEAD", kill_on_drop: false }`
[INFO] [stdout] 373a651811c4e339dd8a6306018381c95ad5eefe
[INFO] testing Zakir032002/payments-backend against 1.98.0-beta.1 for beta-1.98-2
[INFO] running `Command { std: "git" "clone" "/workspace/cache/git-repos/https%3A%2F%2Fgithub.com%2FZakir032002%2Fpayments-backend" "/workspace/builds/worker-7-tc2/source", kill_on_drop: false }`
[INFO] [stderr] Cloning into '/workspace/builds/worker-7-tc2/source'...
[INFO] [stderr] done.
[INFO] started tweaking git repo https://github.com/Zakir032002/payments-backend
[INFO] finished tweaking git repo https://github.com/Zakir032002/payments-backend
[INFO] tweaked toml for git repo https://github.com/Zakir032002/payments-backend written to /workspace/builds/worker-7-tc2/source/Cargo.toml
[INFO] validating manifest of git repo https://github.com/Zakir032002/payments-backend on toolchain 1.98.0-beta.1
[INFO] running `Command { std: CARGO_HOME="/workspace/cargo-home" RUSTUP_HOME="/workspace/rustup-home" "/workspace/cargo-home/bin/cargo" "+1.98.0-beta.1" "metadata" "--manifest-path" "Cargo.toml" "--no-deps", kill_on_drop: false }`
[INFO] crate git repo https://github.com/Zakir032002/payments-backend already has a lockfile, it will not be regenerated
[INFO] running `Command { std: CARGO_HOME="/workspace/cargo-home" RUSTUP_HOME="/workspace/rustup-home" "/workspace/cargo-home/bin/cargo" "+1.98.0-beta.1" "fetch" "--manifest-path" "Cargo.toml", kill_on_drop: false }`
[INFO] running `Command { std: "docker" "create" "-v" "/var/lib/crater-agent-workspace/builds/worker-7-tc2/source:/opt/rustwide/workdir:ro,Z" "-v" "/var/lib/crater-agent-workspace/builds/worker-7-tc2/target:/opt/rustwide/target:rw,Z" "-v" "/var/lib/crater-agent-workspace/cargo-home:/opt/rustwide/cargo-home:ro,Z" "-v" "/var/lib/crater-agent-workspace/rustup-home:/opt/rustwide/rustup-home:ro,Z" "-m" "1610612736" "--network" "none" "ghcr.io/rust-lang/crates-build-env/linux@sha256:3d5ced03c013a94a2f102a4510f48a6e9184255caf5fd8244f58017bde7f5210" "sleep" "infinity", kill_on_drop: false }`
[INFO] [stdout] f1e2bae74f5f91e59f9c7eab314953f24c92ea2b8b54fa8b96e0d2619e32f7b4
[INFO] running `Command { std: "docker" "start" "f1e2bae74f5f91e59f9c7eab314953f24c92ea2b8b54fa8b96e0d2619e32f7b4", kill_on_drop: false }`
[INFO] running `Command { std: "docker" "inspect" "f1e2bae74f5f91e59f9c7eab314953f24c92ea2b8b54fa8b96e0d2619e32f7b4", kill_on_drop: false }`
[INFO] running `Command { std: "docker" "exec" "-e" "SOURCE_DIR=/opt/rustwide/workdir" "-e" "CARGO_HOME=/opt/rustwide/cargo-home" "-e" "RUSTUP_HOME=/opt/rustwide/rustup-home" "-e" "CARGO_TARGET_DIR=/opt/rustwide/target" "-w" "/opt/rustwide/workdir" "--user" "0:0" "f1e2bae74f5f91e59f9c7eab314953f24c92ea2b8b54fa8b96e0d2619e32f7b4" "/opt/rustwide/cargo-home/bin/cargo" "+1.98.0-beta.1" "metadata" "--no-deps" "--format-version=1", kill_on_drop: false }`
[INFO] running `Command { std: "docker" "inspect" "f1e2bae74f5f91e59f9c7eab314953f24c92ea2b8b54fa8b96e0d2619e32f7b4", kill_on_drop: false }`
[INFO] running `Command { std: "docker" "exec" "-e" "SOURCE_DIR=/opt/rustwide/workdir" "-e" "CARGO_HOME=/opt/rustwide/cargo-home" "-e" "RUSTUP_HOME=/opt/rustwide/rustup-home" "-e" "CARGO_TARGET_DIR=/opt/rustwide/target" "-e" "CARGO_INCREMENTAL=0" "-e" "RUST_BACKTRACE=full" "-e" "RUSTFLAGS=--cap-lints=warn" "-e" "RUSTDOCFLAGS=--cap-lints=warn" "-w" "/opt/rustwide/workdir" "--user" "0:0" "f1e2bae74f5f91e59f9c7eab314953f24c92ea2b8b54fa8b96e0d2619e32f7b4" "/opt/rustwide/cargo-home/bin/cargo" "+1.98.0-beta.1" "build" "--frozen" "--message-format=json", kill_on_drop: false }`
[INFO] [stderr]    Compiling shlex v2.0.1
[INFO] [stderr]    Compiling socket2 v0.6.4
[INFO] [stderr]    Compiling mio v1.2.1
[INFO] [stderr]    Compiling memchr v2.8.1
[INFO] [stderr]    Compiling displaydoc v0.2.6
[INFO] [stderr]    Compiling yoke v0.8.3
[INFO] [stderr]    Compiling log v0.4.32
[INFO] [stderr]    Compiling serde_core v1.0.228
[INFO] [stderr]    Compiling cc v1.2.63
[INFO] [stderr]    Compiling icu_normalizer_data v2.2.0
[INFO] [stderr]    Compiling parking_lot_core v0.9.12
[INFO] [stderr]    Compiling zerovec v0.11.6
[INFO] [stderr]    Compiling percent-encoding v2.3.2
[INFO] [stderr]    Compiling parking_lot v0.12.5
[INFO] [stderr]    Compiling icu_properties_data v2.2.0
[INFO] [stderr]    Compiling errno v0.3.14
[INFO] [stderr]    Compiling futures-io v0.3.32
[INFO] [stderr]    Compiling zerocopy v0.8.50
[INFO] [stderr]    Compiling zerotrie v0.2.4
[INFO] [stderr]    Compiling signal-hook-registry v1.4.8
[INFO] [stderr]    Compiling tinystr v0.8.3
[INFO] [stderr]    Compiling icu_locale_core v2.2.0
[INFO] [stderr]    Compiling potential_utf v0.1.5
[INFO] [stderr]    Compiling icu_collections v2.2.0
[INFO] [stderr]    Compiling tokio-macros v2.7.0
[INFO] [stderr]    Compiling futures-sink v0.3.32
[INFO] [stderr]    Compiling typenum v1.20.1
[INFO] [stderr]    Compiling tracing v0.1.44
[INFO] [stderr]    Compiling hashbrown v0.17.1
[INFO] [stderr]    Compiling tokio v1.52.3
[INFO] [stderr]    Compiling serde v1.0.228
[INFO] [stderr]    Compiling ring v0.17.14
[INFO] [stderr]    Compiling autocfg v1.5.1
[INFO] [stderr]    Compiling generic-array v0.14.7
[INFO] [stderr]    Compiling icu_provider v2.2.0
[INFO] [stderr]    Compiling indexmap v2.14.0
[INFO] [stderr]    Compiling icu_properties v2.2.0
[INFO] [stderr]    Compiling num-traits v0.2.19
[INFO] [stderr]    Compiling block-buffer v0.10.4
[INFO] [stderr]    Compiling crypto-common v0.1.7
[INFO] [stderr]    Compiling smallvec v1.15.1
[INFO] [stderr]    Compiling getrandom v0.3.4
[INFO] [stderr]    Compiling digest v0.10.7
[INFO] [stderr]    Compiling ahash v0.8.12
[INFO] [stderr]    Compiling http v1.4.1
[INFO] [stderr]    Compiling untrusted v0.9.0
[INFO] [stderr]    Compiling serde_json v1.0.150
[INFO] [stderr]    Compiling futures-util v0.3.32
[INFO] [stderr]    Compiling openssl-sys v0.9.116
[INFO] [stderr]    Compiling http-body v1.0.1
[INFO] [stderr]    Compiling iana-time-zone v0.1.65
[INFO] [stderr]    Compiling bitflags v2.12.1
[INFO] [stderr]    Compiling rustls v0.21.12
[INFO] [stderr]    Compiling nom v7.1.3
[INFO] [stderr]    Compiling icu_normalizer v2.2.0
[INFO] [stderr]    Compiling futures-channel v0.3.32
[INFO] [stderr]    Compiling rand_core v0.6.4
[INFO] [stderr]    Compiling ppv-lite86 v0.2.21
[INFO] [stderr]    Compiling form_urlencoded v1.2.2
[INFO] [stderr]    Compiling hashbrown v0.14.5
[INFO] [stderr]    Compiling thiserror-impl v1.0.69
[INFO] [stderr]    Compiling unicode_categories v0.1.1
[INFO] [stderr]    Compiling crc-catalog v2.5.0
[INFO] [stderr]    Compiling crc v3.4.0
[INFO] [stderr]    Compiling sct v0.7.1
[INFO] [stderr]    Compiling rustls-webpki v0.101.7
[INFO] [stderr]    Compiling sha2 v0.10.9
[INFO] [stderr]    Compiling hashlink v0.8.4
[INFO] [stderr]    Compiling sqlformat v0.2.6
[INFO] [stderr]    Compiling rustls-pemfile v1.0.4
[INFO] [stderr]    Compiling tinyvec v1.11.0
[INFO] [stderr]    Compiling thiserror v1.0.69
[INFO] [stderr]    Compiling rand_chacha v0.3.1
[INFO] [stderr]    Compiling idna_adapter v1.2.2
[INFO] [stderr]    Compiling getrandom v0.4.2
[INFO] [stderr]    Compiling atoi v2.0.0
[INFO] [stderr]    Compiling either v1.16.0
[INFO] [stderr]    Compiling byteorder v1.5.0
[INFO] [stderr]    Compiling webpki-roots v0.25.4
[INFO] [stderr]    Compiling event-listener v2.5.3
[INFO] [stderr]    Compiling unicode-normalization v0.1.25
[INFO] [stderr]    Compiling idna v1.1.0
[INFO] [stderr]    Compiling tokio-util v0.7.18
[INFO] [stderr]    Compiling hmac v0.12.1
[INFO] [stderr]    Compiling tracing-core v0.1.36
[INFO] [stderr]    Compiling unicode-bidi v0.3.18
[INFO] [stderr]    Compiling openssl v0.10.80
[INFO] [stderr]    Compiling slab v0.4.12
[INFO] [stderr]    Compiling unicode-properties v0.1.4
[INFO] [stderr]    Compiling stringprep v0.1.5
[INFO] [stderr]    Compiling h2 v0.4.14
[INFO] [stderr]    Compiling rustix v1.1.4
[INFO] [stderr]    Compiling url v2.5.8
[INFO] [stderr]    Compiling hkdf v0.12.4
[INFO] [stderr]    Compiling futures-intrusive v0.5.0
[INFO] [stderr]    Compiling chrono v0.4.45
[INFO] [stderr]    Compiling http-body-util v0.1.3
[INFO] [stderr]    Compiling md-5 v0.10.6
[INFO] [stderr]    Compiling openssl-macros v0.1.1
[INFO] [stderr]    Compiling sync_wrapper v1.0.2
[INFO] [stderr]    Compiling native-tls v0.2.18
[INFO] [stderr]    Compiling whoami v1.6.1
[INFO] [stderr]    Compiling linux-raw-sys v0.12.1
[INFO] [stderr]    Compiling syn v1.0.109
[INFO] [stderr]    Compiling dotenvy v0.15.7
[INFO] [stderr]    Compiling uuid v1.23.2
[INFO] [stderr]    Compiling home v0.5.12
[INFO] [stderr]    Compiling rand v0.8.6
[INFO] [stderr]    Compiling unicode-segmentation v1.13.3
[INFO] [stderr]    Compiling openssl-probe v0.2.1
[INFO] [stderr]    Compiling fastrand v2.4.1
[INFO] [stderr]    Compiling tower v0.5.3
[INFO] [stderr]    Compiling heck v0.4.1
[INFO] [stderr]    Compiling tokio-stream v0.1.18
[INFO] [stderr]    Compiling sqlx-core v0.7.4
[INFO] [stderr]    Compiling regex-syntax v0.8.10
[INFO] [stderr]    Compiling hyper v1.10.1
[INFO] [stderr]    Compiling tempfile v3.27.0
[INFO] [stderr]    Compiling serde_urlencoded v0.7.1
[INFO] [stderr]    Compiling regex-automata v0.4.14
[INFO] [stderr]    Compiling sqlx-postgres v0.7.4
[INFO] [stderr]    Compiling hyper-util v0.1.20
[INFO] [stderr]    Compiling tokio-native-tls v0.3.1
[INFO] [stderr]    Compiling async-trait v0.1.89
[INFO] [stderr]    Compiling zeroize v1.8.2
[INFO] [stderr]    Compiling tower-http v0.6.11
[INFO] [stderr]    Compiling rustls-pki-types v1.14.1
[INFO] [stderr]    Compiling serde_path_to_error v0.1.20
[INFO] [stderr]    Compiling tracing-log v0.2.0
[INFO] [stderr]    Compiling axum-core v0.4.5
[INFO] [stderr]    Compiling axum-macros v0.4.2
[INFO] [stderr]    Compiling encoding_rs v0.8.35
[INFO] [stderr]    Compiling hyper-tls v0.6.0
[INFO] [stderr]    Compiling matchers v0.2.0
[INFO] [stderr]    Compiling tracing-subscriber v0.3.23
[INFO] [stderr]    Compiling reqwest v0.12.28
[INFO] [stderr]    Compiling tower-http v0.5.2
[INFO] [stderr]    Compiling sqlx-macros-core v0.7.4
[INFO] [stderr]    Compiling axum v0.7.9
[INFO] [stderr]    Compiling sqlx-macros v0.7.4
[INFO] [stderr]    Compiling sqlx v0.7.4
[INFO] [stderr]    Compiling dodo v0.1.0 (/opt/rustwide/workdir)
[INFO] [stdout] warning: unused import: `State`
[INFO] [stdout]  --> src/auth.rs:3:33
[INFO] [stdout]   |
[INFO] [stdout] 3 |     extract::{FromRequestParts, State},
[INFO] [stdout]   |                                 ^^^^^
[INFO] [stdout]   |
[INFO] [stdout]   = note: `#[warn(unused_imports)]` (part of `#[warn(unused)]`) on by default
[INFO] [stdout] 
[INFO] [stdout] 
[INFO] [stdout] warning: unused import: `Serialize`
[INFO] [stdout]  --> src/handlers/customers.rs:5:26
[INFO] [stdout]   |
[INFO] [stdout] 5 | use serde::{Deserialize, Serialize};
[INFO] [stdout]   |                          ^^^^^^^^^
[INFO] [stdout] 
[INFO] [stdout] 
[INFO] [stdout] warning: unused import: `info`
[INFO] [stdout]  --> src/webhooks.rs:7:22
[INFO] [stdout]   |
[INFO] [stdout] 7 | use tracing::{error, info};
[INFO] [stdout]   |                      ^^^^
[INFO] [stdout] 
[INFO] [stdout] 
[INFO] [stdout] warning: value assigned to `webhook_event_type` is never read
[INFO] [stdout]    --> src/handlers/payments.rs:144:34
[INFO] [stdout]     |
[INFO] [stdout] 144 |     let mut webhook_event_type = None;
[INFO] [stdout]     |                                  ^^^^ this value is reassigned later and never used
[INFO] [stdout] ...
[INFO] [stdout] 158 |                 webhook_event_type = Some("invoice.payment_failed");
[INFO] [stdout]     |                 --------------------------------------------------- `webhook_event_type` is overwritten here before the previous value is read
[INFO] [stdout]     |
[INFO] [stdout]     = note: `#[warn(unused_assignments)]` (part of `#[warn(unused)]`) on by default
[INFO] [stdout] 
[INFO] [stdout] 
[INFO] [stderr]     Finished `dev` profile [unoptimized + debuginfo] target(s) in 3m 08s
[INFO] [stderr] warning: the following packages contain code that will be rejected by a future version of Rust: sqlx-postgres v0.7.4
[INFO] [stderr] note: to see what the problems were, use the option `--future-incompat-report`, or run `cargo report future-incompatibilities --id 2`
[INFO] running `Command { std: "docker" "inspect" "f1e2bae74f5f91e59f9c7eab314953f24c92ea2b8b54fa8b96e0d2619e32f7b4", kill_on_drop: false }`
[INFO] running `Command { std: "docker" "exec" "-e" "SOURCE_DIR=/opt/rustwide/workdir" "-e" "CARGO_HOME=/opt/rustwide/cargo-home" "-e" "RUSTUP_HOME=/opt/rustwide/rustup-home" "-e" "CARGO_TARGET_DIR=/opt/rustwide/target" "-e" "CARGO_INCREMENTAL=0" "-e" "RUST_BACKTRACE=full" "-e" "RUSTFLAGS=--cap-lints=warn" "-e" "RUSTDOCFLAGS=--cap-lints=warn" "-w" "/opt/rustwide/workdir" "--user" "0:0" "f1e2bae74f5f91e59f9c7eab314953f24c92ea2b8b54fa8b96e0d2619e32f7b4" "/opt/rustwide/cargo-home/bin/cargo" "+1.98.0-beta.1" "test" "--frozen" "--no-run" "--message-format=json", kill_on_drop: false }`
[INFO] [stderr]    Compiling dodo v0.1.0 (/opt/rustwide/workdir)
[INFO] [stdout] warning: unused import: `State`
[INFO] [stdout]  --> src/auth.rs:3:33
[INFO] [stdout]   |
[INFO] [stdout] 3 |     extract::{FromRequestParts, State},
[INFO] [stdout]   |                                 ^^^^^
[INFO] [stdout]   |
[INFO] [stdout]   = note: `#[warn(unused_imports)]` (part of `#[warn(unused)]`) on by default
[INFO] [stdout] 
[INFO] [stdout] 
[INFO] [stdout] warning: unused import: `Serialize`
[INFO] [stdout]  --> src/handlers/customers.rs:5:26
[INFO] [stdout]   |
[INFO] [stdout] 5 | use serde::{Deserialize, Serialize};
[INFO] [stdout]   |                          ^^^^^^^^^
[INFO] [stdout] 
[INFO] [stdout] 
[INFO] [stdout] warning: unused import: `info`
[INFO] [stdout]  --> src/webhooks.rs:7:22
[INFO] [stdout]   |
[INFO] [stdout] 7 | use tracing::{error, info};
[INFO] [stdout]   |                      ^^^^
[INFO] [stdout] 
[INFO] [stdout] 
[INFO] [stdout] warning: value assigned to `webhook_event_type` is never read
[INFO] [stdout]    --> src/handlers/payments.rs:144:34
[INFO] [stdout]     |
[INFO] [stdout] 144 |     let mut webhook_event_type = None;
[INFO] [stdout]     |                                  ^^^^ this value is reassigned later and never used
[INFO] [stdout] ...
[INFO] [stdout] 158 |                 webhook_event_type = Some("invoice.payment_failed");
[INFO] [stdout]     |                 --------------------------------------------------- `webhook_event_type` is overwritten here before the previous value is read
[INFO] [stdout]     |
[INFO] [stdout]     = note: `#[warn(unused_assignments)]` (part of `#[warn(unused)]`) on by default
[INFO] [stdout] 
[INFO] [stdout] 
[INFO] [stdout] warning: unused import: `State`
[INFO] [stdout]  --> src/auth.rs:3:33
[INFO] [stdout]   |
[INFO] [stdout] 3 |     extract::{FromRequestParts, State},
[INFO] [stdout]   |                                 ^^^^^
[INFO] [stdout]   |
[INFO] [stdout]   = note: `#[warn(unused_imports)]` (part of `#[warn(unused)]`) on by default
[INFO] [stdout] 
[INFO] [stdout] 
[INFO] [stdout] warning: unused import: `Serialize`
[INFO] [stdout]  --> src/handlers/customers.rs:5:26
[INFO] [stdout]   |
[INFO] [stdout] 5 | use serde::{Deserialize, Serialize};
[INFO] [stdout]   |                          ^^^^^^^^^
[INFO] [stdout] 
[INFO] [stdout] 
[INFO] [stdout] warning: unused import: `info`
[INFO] [stdout]  --> src/webhooks.rs:7:22
[INFO] [stdout]   |
[INFO] [stdout] 7 | use tracing::{error, info};
[INFO] [stdout]   |                      ^^^^
[INFO] [stdout] 
[INFO] [stdout] 
[INFO] [stdout] warning: value assigned to `webhook_event_type` is never read
[INFO] [stdout]    --> src/handlers/payments.rs:144:34
[INFO] [stdout]     |
[INFO] [stdout] 144 |     let mut webhook_event_type = None;
[INFO] [stdout]     |                                  ^^^^ this value is reassigned later and never used
[INFO] [stdout] ...
[INFO] [stdout] 158 |                 webhook_event_type = Some("invoice.payment_failed");
[INFO] [stdout]     |                 --------------------------------------------------- `webhook_event_type` is overwritten here before the previous value is read
[INFO] [stdout]     |
[INFO] [stdout]     = note: `#[warn(unused_assignments)]` (part of `#[warn(unused)]`) on by default
[INFO] [stdout] 
[INFO] [stdout] 
[INFO] [stderr]     Finished `test` profile [unoptimized + debuginfo] target(s) in 7.90s
[INFO] [stderr] warning: the following packages contain code that will be rejected by a future version of Rust: sqlx-postgres v0.7.4
[INFO] [stderr] note: to see what the problems were, use the option `--future-incompat-report`, or run `cargo report future-incompatibilities --id 2`
[INFO] running `Command { std: "docker" "inspect" "f1e2bae74f5f91e59f9c7eab314953f24c92ea2b8b54fa8b96e0d2619e32f7b4", kill_on_drop: false }`
[INFO] running `Command { std: "docker" "exec" "-e" "SOURCE_DIR=/opt/rustwide/workdir" "-e" "CARGO_HOME=/opt/rustwide/cargo-home" "-e" "RUSTUP_HOME=/opt/rustwide/rustup-home" "-e" "CARGO_TARGET_DIR=/opt/rustwide/target" "-e" "CARGO_INCREMENTAL=0" "-e" "RUST_BACKTRACE=full" "-e" "RUSTFLAGS=--cap-lints=warn" "-e" "RUSTDOCFLAGS=--cap-lints=warn" "-w" "/opt/rustwide/workdir" "--user" "0:0" "f1e2bae74f5f91e59f9c7eab314953f24c92ea2b8b54fa8b96e0d2619e32f7b4" "/opt/rustwide/cargo-home/bin/cargo" "+1.98.0-beta.1" "test" "--frozen", kill_on_drop: false }`
[INFO] [stderr] warning: unused import: `State`
[INFO] [stdout] 
[INFO] [stderr]  --> src/auth.rs:3:33
[INFO] [stdout] running 0 tests
[INFO] [stderr]   |
[INFO] [stdout] 
[INFO] [stderr] 3 |     extract::{FromRequestParts, State},
[INFO] [stdout] test result: ok. 0 passed; 0 failed; 0 ignored; 0 measured; 0 filtered out; finished in 0.00s
[INFO] [stderr]   |                                 ^^^^^
[INFO] [stdout] 
[INFO] [stderr]   |
[INFO] [stdout] 
[INFO] [stderr]   = note: `#[warn(unused_imports)]` (part of `#[warn(unused)]`) on by default
[INFO] [stdout] running 0 tests
[INFO] [stderr] 
[INFO] [stdout] 
[INFO] [stderr] warning: unused import: `Serialize`
[INFO] [stdout] test result: ok. 0 passed; 0 failed; 0 ignored; 0 measured; 0 filtered out; finished in 0.00s
[INFO] [stderr]  --> src/handlers/customers.rs:5:26
[INFO] [stdout] 
[INFO] [stderr]   |
[INFO] [stderr] 5 | use serde::{Deserialize, Serialize};
[INFO] [stderr]   |                          ^^^^^^^^^
[INFO] [stderr] 
[INFO] [stderr] warning: unused import: `info`
[INFO] [stderr]  --> src/webhooks.rs:7:22
[INFO] [stderr]   |
[INFO] [stderr] 7 | use tracing::{error, info};
[INFO] [stderr]   |                      ^^^^
[INFO] [stderr] 
[INFO] [stderr] warning: value assigned to `webhook_event_type` is never read
[INFO] [stderr]    --> src/handlers/payments.rs:144:34
[INFO] [stderr]     |
[INFO] [stderr] 144 |     let mut webhook_event_type = None;
[INFO] [stderr]     |                                  ^^^^ this value is reassigned later and never used
[INFO] [stderr] ...
[INFO] [stderr] 158 |                 webhook_event_type = Some("invoice.payment_failed");
[INFO] [stderr]     |                 --------------------------------------------------- `webhook_event_type` is overwritten here before the previous value is read
[INFO] [stderr]     |
[INFO] [stderr]     = note: `#[warn(unused_assignments)]` (part of `#[warn(unused)]`) on by default
[INFO] [stderr] 
[INFO] [stderr] warning: `dodo` (lib) generated 4 warnings (run `cargo fix --lib -p dodo` to apply 3 suggestions)
[INFO] [stderr] warning: `dodo` (lib test) generated 4 warnings (4 duplicates)
[INFO] [stderr]     Finished `test` profile [unoptimized + debuginfo] target(s) in 0.46s
[INFO] [stderr] warning: the following packages contain code that will be rejected by a future version of Rust: sqlx-postgres v0.7.4
[INFO] [stderr] note: to see what the problems were, use the option `--future-incompat-report`, or run `cargo report future-incompatibilities --id 2`
[INFO] [stderr]      Running unittests src/lib.rs (/opt/rustwide/target/debug/deps/dodo-c9b1c9ee078a0d88)
[INFO] [stderr]      Running unittests src/main.rs (/opt/rustwide/target/debug/deps/dodo-9c2a4781d8ee9c7f)
[INFO] [stderr]      Running tests/integration_test.rs (/opt/rustwide/target/debug/deps/integration_test-27246f04a3d17880)
[INFO] [stdout] 
[INFO] [stdout] running 3 tests
[INFO] [stdout] test test_psp_failures ... FAILED
[INFO] [stdout] test test_idempotency_and_mismatch ... FAILED
[INFO] [stdout] test test_concurrency ... FAILED
[INFO] [stdout] 
[INFO] [stdout] failures:
[INFO] [stdout] 
[INFO] [stdout] ---- test_psp_failures stdout ----
[INFO] [stdout] 
[INFO] [stdout] thread 'test_psp_failures' (2476) panicked at /opt/rustwide/cargo-home/registry/src/index.crates.io-1949cf8c6b5b557f/sqlx-postgres-0.7.4/src/testing/mod.rs:81:44:
[INFO] [stdout] DATABASE_URL must be set: EnvVar(NotPresent)
[INFO] [stdout] stack backtrace:
[INFO] [stdout]    0:     0x5d3e6b8c48a1 - std[73adb7dc35730857]::backtrace_rs::backtrace::libunwind::trace
[INFO] [stdout]                                at /rustc/6b3fa26749ab40e159b2dd5cf577acaaf5902772/library/std/src/../../backtrace/src/backtrace/libunwind.rs:117:9
[INFO] [stdout]    1:     0x5d3e6b8c48a1 - std[73adb7dc35730857]::backtrace_rs::backtrace::trace_unsynchronized::<std[73adb7dc35730857]::sys::backtrace::_print_fmt::{closure#1}>
[INFO] [stdout]                                at /rustc/6b3fa26749ab40e159b2dd5cf577acaaf5902772/library/std/src/../../backtrace/src/backtrace/mod.rs:66:14
[INFO] [stdout]    2:     0x5d3e6b8c48a1 - std[73adb7dc35730857]::sys::backtrace::_print_fmt
[INFO] [stdout]                                at /rustc/6b3fa26749ab40e159b2dd5cf577acaaf5902772/library/std/src/sys/backtrace.rs:74:9
[INFO] [stdout]    3:     0x5d3e6b8c48a1 - <<std[73adb7dc35730857]::sys::backtrace::BacktraceLock>::print::DisplayBacktrace as core[6883ba1bc0fe4ed1]::fmt::Display>::fmt
[INFO] [stdout]                                at /rustc/6b3fa26749ab40e159b2dd5cf577acaaf5902772/library/std/src/sys/backtrace.rs:44:26
[INFO] [stdout]    4:     0x5d3e6b8dccda - <core[6883ba1bc0fe4ed1]::fmt::rt::Argument>::fmt
[INFO] [stdout]                                at /rustc/6b3fa26749ab40e159b2dd5cf577acaaf5902772/library/core/src/fmt/rt.rs:152:76
[INFO] [stdout]    5:     0x5d3e6b8dccda - core[6883ba1bc0fe4ed1]::fmt::write
[INFO] [stdout]    6:     0x5d3e6b8c983c - std[73adb7dc35730857]::io::default_write_fmt::<alloc[55a36b64bcbf2c0d]::vec::Vec<u8>>
[INFO] [stdout]                                at /rustc/6b3fa26749ab40e159b2dd5cf577acaaf5902772/library/std/src/io/mod.rs:626:11
[INFO] [stdout]    7:     0x5d3e6b8c983c - <alloc[55a36b64bcbf2c0d]::vec::Vec<u8> as std[73adb7dc35730857]::io::Write>::write_fmt
[INFO] [stdout]                                at /rustc/6b3fa26749ab40e159b2dd5cf577acaaf5902772/library/std/src/io/mod.rs:1730:13
[INFO] [stdout]    8:     0x5d3e6b8a1406 - <std[73adb7dc35730857]::sys::backtrace::BacktraceLock>::print
[INFO] [stdout]                                at /rustc/6b3fa26749ab40e159b2dd5cf577acaaf5902772/library/std/src/sys/backtrace.rs:47:9
[INFO] [stdout]    9:     0x5d3e6b8a1406 - std[73adb7dc35730857]::panicking::default_hook::{closure#0}
[INFO] [stdout]                                at /rustc/6b3fa26749ab40e159b2dd5cf577acaaf5902772/library/std/src/panicking.rs:292:27
[INFO] [stdout]   10:     0x5d3e6b8bbe09 - std[73adb7dc35730857]::panicking::default_hook
[INFO] [stdout]                                at /rustc/6b3fa26749ab40e159b2dd5cf577acaaf5902772/library/std/src/panicking.rs:316:9
[INFO] [stdout]   11:     0x5d3e6af5a860 - <alloc[55a36b64bcbf2c0d]::boxed::Box<dyn for<'a, 'b> core[6883ba1bc0fe4ed1]::ops::function::Fn<(&'a std[73adb7dc35730857]::panic::PanicHookInfo<'b>,), Output = ()> + core[6883ba1bc0fe4ed1]::marker::Send + core[6883ba1bc0fe4ed1]::marker::Sync> as core[6883ba1bc0fe4ed1]::ops::function::Fn<(&std[73adb7dc35730857]::panic::PanicHookInfo,)>>::call
[INFO] [stdout]                                at /rustc/6b3fa26749ab40e159b2dd5cf577acaaf5902772/library/alloc/src/boxed.rs:2333:9
[INFO] [stdout]   12:     0x5d3e6af5a860 - test[980ffaebd391d06d]::test_main_inner::<test[980ffaebd391d06d]::test_main_static::{closure#0}>::{closure#0}
[INFO] [stdout]                                at /rustc/6b3fa26749ab40e159b2dd5cf577acaaf5902772/library/test/src/lib.rs:155:21
[INFO] [stdout]   13:     0x5d3e6b8bc132 - <alloc[55a36b64bcbf2c0d]::boxed::Box<dyn for<'a, 'b> core[6883ba1bc0fe4ed1]::ops::function::Fn<(&'a std[73adb7dc35730857]::panic::PanicHookInfo<'b>,), Output = ()> + core[6883ba1bc0fe4ed1]::marker::Send + core[6883ba1bc0fe4ed1]::marker::Sync> as core[6883ba1bc0fe4ed1]::ops::function::Fn<(&std[73adb7dc35730857]::panic::PanicHookInfo,)>>::call
[INFO] [stdout]                                at /rustc/6b3fa26749ab40e159b2dd5cf577acaaf5902772/library/alloc/src/boxed.rs:2333:9
[INFO] [stdout]   14:     0x5d3e6b8bc132 - std[73adb7dc35730857]::panicking::panic_with_hook
[INFO] [stdout]                                at /rustc/6b3fa26749ab40e159b2dd5cf577acaaf5902772/library/std/src/panicking.rs:823:13
[INFO] [stdout]   15:     0x5d3e6b8a14b2 - std[73adb7dc35730857]::panicking::panic_handler::{closure#0}
[INFO] [stdout]                                at /rustc/6b3fa26749ab40e159b2dd5cf577acaaf5902772/library/std/src/panicking.rs:688:13
[INFO] [stdout]   16:     0x5d3e6b898969 - std[73adb7dc35730857]::sys::backtrace::__rust_end_short_backtrace::<std[73adb7dc35730857]::panicking::panic_handler::{closure#0}, !>
[INFO] [stdout]                                at /rustc/6b3fa26749ab40e159b2dd5cf577acaaf5902772/library/std/src/sys/backtrace.rs:182:18
[INFO] [stdout]   17:     0x5d3e6b8a233d - __rustc[a7b7b02e776dd976]::rust_begin_unwind
[INFO] [stdout]                                at /rustc/6b3fa26749ab40e159b2dd5cf577acaaf5902772/library/std/src/panicking.rs:679:5
[INFO] [stdout]   18:     0x5d3e6b8dd50c - core[6883ba1bc0fe4ed1]::panicking::panic_fmt
[INFO] [stdout]                                at /rustc/6b3fa26749ab40e159b2dd5cf577acaaf5902772/library/core/src/panicking.rs:80:14
[INFO] [stdout]   19:     0x5d3e6b8dd252 - core[6883ba1bc0fe4ed1]::result::unwrap_failed
[INFO] [stdout]                                at /rustc/6b3fa26749ab40e159b2dd5cf577acaaf5902772/library/core/src/result.rs:1870:5
[INFO] [stdout]   20:     0x5d3e6b2a9d9b - <core[6883ba1bc0fe4ed1]::result::Result<alloc[55a36b64bcbf2c0d]::string::String, dotenvy[3ff1008ebe5a7094]::errors::Error>>::expect
[INFO] [stdout]                                at /rustc/6b3fa26749ab40e159b2dd5cf577acaaf5902772/library/core/src/result.rs:1183:23
[INFO] [stdout]   21:     0x5d3e6b20d050 - sqlx_postgres[7cd2c76ca914781b]::testing::test_context::{closure#0}
[INFO] [stdout]                                at /opt/rustwide/cargo-home/registry/src/index.crates.io-1949cf8c6b5b557f/sqlx-postgres-0.7.4/src/testing/mod.rs:81:44
[INFO] [stdout]   22:     0x5d3e6b20fb51 - <sqlx_postgres[7cd2c76ca914781b]::database::Postgres as sqlx_core[ba261ccff62f4939]::testing::TestSupport>::test_context::{closure#0}
[INFO] [stdout]                                at /opt/rustwide/cargo-home/registry/src/index.crates.io-1949cf8c6b5b557f/sqlx-postgres-0.7.4/src/testing/mod.rs:30:42
[INFO] [stdout]   23:     0x5d3e6af1e11f - <core[6883ba1bc0fe4ed1]::pin::Pin<alloc[55a36b64bcbf2c0d]::boxed::Box<dyn core[6883ba1bc0fe4ed1]::future::future::Future<Output = core[6883ba1bc0fe4ed1]::result::Result<sqlx_core[ba261ccff62f4939]::testing::TestContext<sqlx_postgres[7cd2c76ca914781b]::database::Postgres>, sqlx_core[ba261ccff62f4939]::error::Error>> + core[6883ba1bc0fe4ed1]::marker::Send>> as core[6883ba1bc0fe4ed1]::future::future::Future>::poll
[INFO] [stdout]                                at /rustc/6b3fa26749ab40e159b2dd5cf577acaaf5902772/library/core/src/future/future.rs:133:9
[INFO] [stdout]   24:     0x5d3e6aece3f5 - sqlx_core[ba261ccff62f4939]::testing::run_test::<sqlx_postgres[7cd2c76ca914781b]::database::Postgres, sqlx_core[ba261ccff62f4939]::testing::run_test_with_pool<sqlx_postgres[7cd2c76ca914781b]::database::Postgres, fn(sqlx_core[ba261ccff62f4939]::pool::Pool<sqlx_postgres[7cd2c76ca914781b]::database::Postgres>) -> integration_test[da910daa2eecf50d]::test_psp_failures::test_psp_failures::{closure#0}, integration_test[da910daa2eecf50d]::test_psp_failures::test_psp_failures::{closure#0}>::{closure#0}, sqlx_core[ba261ccff62f4939]::testing::run_test_with_pool<sqlx_postgres[7cd2c76ca914781b]::database::Postgres, fn(sqlx_core[ba261ccff62f4939]::pool::Pool<sqlx_postgres[7cd2c76ca914781b]::database::Postgres>) -> integration_test[da910daa2eecf50d]::test_psp_failures::test_psp_failures::{closure#0}, integration_test[da910daa2eecf50d]::test_psp_failures::test_psp_failures::{closure#0}>::{closure#0}::{closure#0}>::{closure#0}
[INFO] [stdout]                                at /opt/rustwide/cargo-home/registry/src/index.crates.io-1949cf8c6b5b557f/sqlx-core-0.7.4/src/testing/mod.rs:212:14
[INFO] [stdout]   25:     0x5d3e6af1e21d - <core[6883ba1bc0fe4ed1]::pin::Pin<alloc[55a36b64bcbf2c0d]::boxed::Box<sqlx_core[ba261ccff62f4939]::testing::run_test<sqlx_postgres[7cd2c76ca914781b]::database::Postgres, sqlx_core[ba261ccff62f4939]::testing::run_test_with_pool<sqlx_postgres[7cd2c76ca914781b]::database::Postgres, fn(sqlx_core[ba261ccff62f4939]::pool::Pool<sqlx_postgres[7cd2c76ca914781b]::database::Postgres>) -> integration_test[da910daa2eecf50d]::test_psp_failures::test_psp_failures::{closure#0}, integration_test[da910daa2eecf50d]::test_psp_failures::test_psp_failures::{closure#0}>::{closure#0}, sqlx_core[ba261ccff62f4939]::testing::run_test_with_pool<sqlx_postgres[7cd2c76ca914781b]::database::Postgres, fn(sqlx_core[ba261ccff62f4939]::pool::Pool<sqlx_postgres[7cd2c76ca914781b]::database::Postgres>) -> integration_test[da910daa2eecf50d]::test_psp_failures::test_psp_failures::{closure#0}, integration_test[da910daa2eecf50d]::test_psp_failures::test_psp_failures::{closure#0}>::{closure#0}::{closure#0}>::{closure#0}>> as core[6883ba1bc0fe4ed1]::future::future::Future>::poll
[INFO] [stdout]                                at /rustc/6b3fa26749ab40e159b2dd5cf577acaaf5902772/library/core/src/future/future.rs:133:9
[INFO] [stdout]   26:     0x5d3e6af1e47d - <core[6883ba1bc0fe4ed1]::pin::Pin<&mut core[6883ba1bc0fe4ed1]::pin::Pin<alloc[55a36b64bcbf2c0d]::boxed::Box<sqlx_core[ba261ccff62f4939]::testing::run_test<sqlx_postgres[7cd2c76ca914781b]::database::Postgres, sqlx_core[ba261ccff62f4939]::testing::run_test_with_pool<sqlx_postgres[7cd2c76ca914781b]::database::Postgres, fn(sqlx_core[ba261ccff62f4939]::pool::Pool<sqlx_postgres[7cd2c76ca914781b]::database::Postgres>) -> integration_test[da910daa2eecf50d]::test_psp_failures::test_psp_failures::{closure#0}, integration_test[da910daa2eecf50d]::test_psp_failures::test_psp_failures::{closure#0}>::{closure#0}, sqlx_core[ba261ccff62f4939]::testing::run_test_with_pool<sqlx_postgres[7cd2c76ca914781b]::database::Postgres, fn(sqlx_core[ba261ccff62f4939]::pool::Pool<sqlx_postgres[7cd2c76ca914781b]::database::Postgres>) -> integration_test[da910daa2eecf50d]::test_psp_failures::test_psp_failures::{closure#0}, integration_test[da910daa2eecf50d]::test_psp_failures::test_psp_failures::{closure#0}>::{closure#0}::{closure#0}>::{closure#0}>>> as core[6883ba1bc0fe4ed1]::future::future::Future>::poll
[INFO] [stdout]                                at /rustc/6b3fa26749ab40e159b2dd5cf577acaaf5902772/library/core/src/future/future.rs:133:9
[INFO] [stdout]   27:     0x5d3e6aeba3ed - <tokio[3cae23e081335d20]::runtime::scheduler::current_thread::CoreGuard>::block_on::<core[6883ba1bc0fe4ed1]::pin::Pin<&mut core[6883ba1bc0fe4ed1]::pin::Pin<alloc[55a36b64bcbf2c0d]::boxed::Box<sqlx_core[ba261ccff62f4939]::testing::run_test<sqlx_postgres[7cd2c76ca914781b]::database::Postgres, sqlx_core[ba261ccff62f4939]::testing::run_test_with_pool<sqlx_postgres[7cd2c76ca914781b]::database::Postgres, fn(sqlx_core[ba261ccff62f4939]::pool::Pool<sqlx_postgres[7cd2c76ca914781b]::database::Postgres>) -> integration_test[da910daa2eecf50d]::test_psp_failures::test_psp_failures::{closure#0}, integration_test[da910daa2eecf50d]::test_psp_failures::test_psp_failures::{closure#0}>::{closure#0}, sqlx_core[ba261ccff62f4939]::testing::run_test_with_pool<sqlx_postgres[7cd2c76ca914781b]::database::Postgres, fn(sqlx_core[ba261ccff62f4939]::pool::Pool<sqlx_postgres[7cd2c76ca914781b]::database::Postgres>) -> integration_test[da910daa2eecf50d]::test_psp_failures::test_psp_failures::{closure#0}, integration_test[da910daa2eecf50d]::test_psp_failures::test_psp_failures::{closure#0}>::{closure#0}::{closure#0}>::{closure#0}>>>>::{closure#0}::{closure#0}::{closure#0}
[INFO] [stdout]                                at /opt/rustwide/cargo-home/registry/src/index.crates.io-1949cf8c6b5b557f/tokio-1.52.3/src/runtime/scheduler/current_thread/mod.rs:778:70
[INFO] [stdout]   28:     0x5d3e6aeb9c6b - tokio[3cae23e081335d20]::task::coop::with_budget::<core[6883ba1bc0fe4ed1]::task::poll::Poll<()>, <tokio[3cae23e081335d20]::runtime::scheduler::current_thread::CoreGuard>::block_on<core[6883ba1bc0fe4ed1]::pin::Pin<&mut core[6883ba1bc0fe4ed1]::pin::Pin<alloc[55a36b64bcbf2c0d]::boxed::Box<sqlx_core[ba261ccff62f4939]::testing::run_test<sqlx_postgres[7cd2c76ca914781b]::database::Postgres, sqlx_core[ba261ccff62f4939]::testing::run_test_with_pool<sqlx_postgres[7cd2c76ca914781b]::database::Postgres, fn(sqlx_core[ba261ccff62f4939]::pool::Pool<sqlx_postgres[7cd2c76ca914781b]::database::Postgres>) -> integration_test[da910daa2eecf50d]::test_psp_failures::test_psp_failures::{closure#0}, integration_test[da910daa2eecf50d]::test_psp_failures::test_psp_failures::{closure#0}>::{closure#0}, sqlx_core[ba261ccff62f4939]::testing::run_test_with_pool<sqlx_postgres[7cd2c76ca914781b]::database::Postgres, fn(sqlx_core[ba261ccff62f4939]::pool::Pool<sqlx_postgres[7cd2c76ca914781b]::database::Postgres>) -> integration_test[da910daa2eecf50d]::test_psp_failures::test_psp_failures::{closure#0}, integration_test[da910daa2eecf50d]::test_psp_failures::test_psp_failures::{closure#0}>::{closure#0}::{closure#0}>::{closure#0}>>>>::{closure#0}::{closure#0}::{closure#0}>
[INFO] [stdout]                                at /opt/rustwide/cargo-home/registry/src/index.crates.io-1949cf8c6b5b557f/tokio-1.52.3/src/task/coop/mod.rs:167:5
[INFO] [stdout]   29:     0x5d3e6aeb9c6b - tokio[3cae23e081335d20]::task::coop::budget::<core[6883ba1bc0fe4ed1]::task::poll::Poll<()>, <tokio[3cae23e081335d20]::runtime::scheduler::current_thread::CoreGuard>::block_on<core[6883ba1bc0fe4ed1]::pin::Pin<&mut core[6883ba1bc0fe4ed1]::pin::Pin<alloc[55a36b64bcbf2c0d]::boxed::Box<sqlx_core[ba261ccff62f4939]::testing::run_test<sqlx_postgres[7cd2c76ca914781b]::database::Postgres, sqlx_core[ba261ccff62f4939]::testing::run_test_with_pool<sqlx_postgres[7cd2c76ca914781b]::database::Postgres, fn(sqlx_core[ba261ccff62f4939]::pool::Pool<sqlx_postgres[7cd2c76ca914781b]::database::Postgres>) -> integration_test[da910daa2eecf50d]::test_psp_failures::test_psp_failures::{closure#0}, integration_test[da910daa2eecf50d]::test_psp_failures::test_psp_failures::{closure#0}>::{closure#0}, sqlx_core[ba261ccff62f4939]::testing::run_test_with_pool<sqlx_postgres[7cd2c76ca914781b]::database::Postgres, fn(sqlx_core[ba261ccff62f4939]::pool::Pool<sqlx_postgres[7cd2c76ca914781b]::database::Postgres>) -> integration_test[da910daa2eecf50d]::test_psp_failures::test_psp_failures::{closure#0}, integration_test[da910daa2eecf50d]::test_psp_failures::test_psp_failures::{closure#0}>::{closure#0}::{closure#0}>::{closure#0}>>>>::{closure#0}::{closure#0}::{closure#0}>
[INFO] [stdout]                                at /opt/rustwide/cargo-home/registry/src/index.crates.io-1949cf8c6b5b557f/tokio-1.52.3/src/task/coop/mod.rs:133:5
[INFO] [stdout]   30:     0x5d3e6aeb9c6b - <tokio[3cae23e081335d20]::runtime::scheduler::current_thread::CoreGuard>::block_on::<core[6883ba1bc0fe4ed1]::pin::Pin<&mut core[6883ba1bc0fe4ed1]::pin::Pin<alloc[55a36b64bcbf2c0d]::boxed::Box<sqlx_core[ba261ccff62f4939]::testing::run_test<sqlx_postgres[7cd2c76ca914781b]::database::Postgres, sqlx_core[ba261ccff62f4939]::testing::run_test_with_pool<sqlx_postgres[7cd2c76ca914781b]::database::Postgres, fn(sqlx_core[ba261ccff62f4939]::pool::Pool<sqlx_postgres[7cd2c76ca914781b]::database::Postgres>) -> integration_test[da910daa2eecf50d]::test_psp_failures::test_psp_failures::{closure#0}, integration_test[da910daa2eecf50d]::test_psp_failures::test_psp_failures::{closure#0}>::{closure#0}, sqlx_core[ba261ccff62f4939]::testing::run_test_with_pool<sqlx_postgres[7cd2c76ca914781b]::database::Postgres, fn(sqlx_core[ba261ccff62f4939]::pool::Pool<sqlx_postgres[7cd2c76ca914781b]::database::Postgres>) -> integration_test[da910daa2eecf50d]::test_psp_failures::test_psp_failures::{closure#0}, integration_test[da910daa2eecf50d]::test_psp_failures::test_psp_failures::{closure#0}>::{closure#0}::{closure#0}>::{closure#0}>>>>::{closure#0}::{closure#0}
[INFO] [stdout]                                at /opt/rustwide/cargo-home/registry/src/index.crates.io-1949cf8c6b5b557f/tokio-1.52.3/src/runtime/scheduler/current_thread/mod.rs:778:25
[INFO] [stdout]   31:     0x5d3e6aeacde0 - <tokio[3cae23e081335d20]::runtime::scheduler::current_thread::Context>::enter::<core[6883ba1bc0fe4ed1]::task::poll::Poll<()>, <tokio[3cae23e081335d20]::runtime::scheduler::current_thread::CoreGuard>::block_on<core[6883ba1bc0fe4ed1]::pin::Pin<&mut core[6883ba1bc0fe4ed1]::pin::Pin<alloc[55a36b64bcbf2c0d]::boxed::Box<sqlx_core[ba261ccff62f4939]::testing::run_test<sqlx_postgres[7cd2c76ca914781b]::database::Postgres, sqlx_core[ba261ccff62f4939]::testing::run_test_with_pool<sqlx_postgres[7cd2c76ca914781b]::database::Postgres, fn(sqlx_core[ba261ccff62f4939]::pool::Pool<sqlx_postgres[7cd2c76ca914781b]::database::Postgres>) -> integration_test[da910daa2eecf50d]::test_psp_failures::test_psp_failures::{closure#0}, integration_test[da910daa2eecf50d]::test_psp_failures::test_psp_failures::{closure#0}>::{closure#0}, sqlx_core[ba261ccff62f4939]::testing::run_test_with_pool<sqlx_postgres[7cd2c76ca914781b]::database::Postgres, fn(sqlx_core[ba261ccff62f4939]::pool::Pool<sqlx_postgres[7cd2c76ca914781b]::database::Postgres>) -> integration_test[da910daa2eecf50d]::test_psp_failures::test_psp_failures::{closure#0}, integration_test[da910daa2eecf50d]::test_psp_failures::test_psp_failures::{closure#0}>::{closure#0}::{closure#0}>::{closure#0}>>>>::{closure#0}::{closure#0}>
[INFO] [stdout]                                at /opt/rustwide/cargo-home/registry/src/index.crates.io-1949cf8c6b5b557f/tokio-1.52.3/src/runtime/scheduler/current_thread/mod.rs:451:19
[INFO] [stdout]   32:     0x5d3e6aeb61ad - <tokio[3cae23e081335d20]::runtime::scheduler::current_thread::CoreGuard>::block_on::<core[6883ba1bc0fe4ed1]::pin::Pin<&mut core[6883ba1bc0fe4ed1]::pin::Pin<alloc[55a36b64bcbf2c0d]::boxed::Box<sqlx_core[ba261ccff62f4939]::testing::run_test<sqlx_postgres[7cd2c76ca914781b]::database::Postgres, sqlx_core[ba261ccff62f4939]::testing::run_test_with_pool<sqlx_postgres[7cd2c76ca914781b]::database::Postgres, fn(sqlx_core[ba261ccff62f4939]::pool::Pool<sqlx_postgres[7cd2c76ca914781b]::database::Postgres>) -> integration_test[da910daa2eecf50d]::test_psp_failures::test_psp_failures::{closure#0}, integration_test[da910daa2eecf50d]::test_psp_failures::test_psp_failures::{closure#0}>::{closure#0}, sqlx_core[ba261ccff62f4939]::testing::run_test_with_pool<sqlx_postgres[7cd2c76ca914781b]::database::Postgres, fn(sqlx_core[ba261ccff62f4939]::pool::Pool<sqlx_postgres[7cd2c76ca914781b]::database::Postgres>) -> integration_test[da910daa2eecf50d]::test_psp_failures::test_psp_failures::{closure#0}, integration_test[da910daa2eecf50d]::test_psp_failures::test_psp_failures::{closure#0}>::{closure#0}::{closure#0}>::{closure#0}>>>>::{closure#0}
[INFO] [stdout]                                at /opt/rustwide/cargo-home/registry/src/index.crates.io-1949cf8c6b5b557f/tokio-1.52.3/src/runtime/scheduler/current_thread/mod.rs:777:44
[INFO] [stdout]   33:     0x5d3e6aeb53d4 - <tokio[3cae23e081335d20]::runtime::scheduler::current_thread::CoreGuard>::enter::<<tokio[3cae23e081335d20]::runtime::scheduler::current_thread::CoreGuard>::block_on<core[6883ba1bc0fe4ed1]::pin::Pin<&mut core[6883ba1bc0fe4ed1]::pin::Pin<alloc[55a36b64bcbf2c0d]::boxed::Box<sqlx_core[ba261ccff62f4939]::testing::run_test<sqlx_postgres[7cd2c76ca914781b]::database::Postgres, sqlx_core[ba261ccff62f4939]::testing::run_test_with_pool<sqlx_postgres[7cd2c76ca914781b]::database::Postgres, fn(sqlx_core[ba261ccff62f4939]::pool::Pool<sqlx_postgres[7cd2c76ca914781b]::database::Postgres>) -> integration_test[da910daa2eecf50d]::test_psp_failures::test_psp_failures::{closure#0}, integration_test[da910daa2eecf50d]::test_psp_failures::test_psp_failures::{closure#0}>::{closure#0}, sqlx_core[ba261ccff62f4939]::testing::run_test_with_pool<sqlx_postgres[7cd2c76ca914781b]::database::Postgres, fn(sqlx_core[ba261ccff62f4939]::pool::Pool<sqlx_postgres[7cd2c76ca914781b]::database::Postgres>) -> integration_test[da910daa2eecf50d]::test_psp_failures::test_psp_failures::{closure#0}, integration_test[da910daa2eecf50d]::test_psp_failures::test_psp_failures::{closure#0}>::{closure#0}::{closure#0}>::{closure#0}>>>>::{closure#0}, core[6883ba1bc0fe4ed1]::option::Option<()>>::{closure#0}
[INFO] [stdout]                                at /opt/rustwide/cargo-home/registry/src/index.crates.io-1949cf8c6b5b557f/tokio-1.52.3/src/runtime/scheduler/current_thread/mod.rs:865:68
[INFO] [stdout]   34:     0x5d3e6af1506b - <tokio[3cae23e081335d20]::runtime::context::scoped::Scoped<tokio[3cae23e081335d20]::runtime::scheduler::Context>>::set::<<tokio[3cae23e081335d20]::runtime::scheduler::current_thread::CoreGuard>::enter<<tokio[3cae23e081335d20]::runtime::scheduler::current_thread::CoreGuard>::block_on<core[6883ba1bc0fe4ed1]::pin::Pin<&mut core[6883ba1bc0fe4ed1]::pin::Pin<alloc[55a36b64bcbf2c0d]::boxed::Box<sqlx_core[ba261ccff62f4939]::testing::run_test<sqlx_postgres[7cd2c76ca914781b]::database::Postgres, sqlx_core[ba261ccff62f4939]::testing::run_test_with_pool<sqlx_postgres[7cd2c76ca914781b]::database::Postgres, fn(sqlx_core[ba261ccff62f4939]::pool::Pool<sqlx_postgres[7cd2c76ca914781b]::database::Postgres>) -> integration_test[da910daa2eecf50d]::test_psp_failures::test_psp_failures::{closure#0}, integration_test[da910daa2eecf50d]::test_psp_failures::test_psp_failures::{closure#0}>::{closure#0}, sqlx_core[ba261ccff62f4939]::testing::run_test_with_pool<sqlx_postgres[7cd2c76ca914781b]::database::Postgres, fn(sqlx_core[ba261ccff62f4939]::pool::Pool<sqlx_postgres[7cd2c76ca914781b]::database::Postgres>) -> integration_test[da910daa2eecf50d]::test_psp_failures::test_psp_failures::{closure#0}, integration_test[da910daa2eecf50d]::test_psp_failures::test_psp_failures::{closure#0}>::{closure#0}::{closure#0}>::{closure#0}>>>>::{closure#0}, core[6883ba1bc0fe4ed1]::option::Option<()>>::{closure#0}, (alloc[55a36b64bcbf2c0d]::boxed::Box<tokio[3cae23e081335d20]::runtime::scheduler::current_thread::Core>, core[6883ba1bc0fe4ed1]::option::Option<()>)>
[INFO] [stdout]                                at /opt/rustwide/cargo-home/registry/src/index.crates.io-1949cf8c6b5b557f/tokio-1.52.3/src/runtime/context/scoped.rs:40:9
[INFO] [stdout]   35:     0x5d3e6af00b99 - tokio[3cae23e081335d20]::runtime::context::set_scheduler::<(alloc[55a36b64bcbf2c0d]::boxed::Box<tokio[3cae23e081335d20]::runtime::scheduler::current_thread::Core>, core[6883ba1bc0fe4ed1]::option::Option<()>), <tokio[3cae23e081335d20]::runtime::scheduler::current_thread::CoreGuard>::enter<<tokio[3cae23e081335d20]::runtime::scheduler::current_thread::CoreGuard>::block_on<core[6883ba1bc0fe4ed1]::pin::Pin<&mut core[6883ba1bc0fe4ed1]::pin::Pin<alloc[55a36b64bcbf2c0d]::boxed::Box<sqlx_core[ba261ccff62f4939]::testing::run_test<sqlx_postgres[7cd2c76ca914781b]::database::Postgres, sqlx_core[ba261ccff62f4939]::testing::run_test_with_pool<sqlx_postgres[7cd2c76ca914781b]::database::Postgres, fn(sqlx_core[ba261ccff62f4939]::pool::Pool<sqlx_postgres[7cd2c76ca914781b]::database::Postgres>) -> integration_test[da910daa2eecf50d]::test_psp_failures::test_psp_failures::{closure#0}, integration_test[da910daa2eecf50d]::test_psp_failures::test_psp_failures::{closure#0}>::{closure#0}, sqlx_core[ba261ccff62f4939]::testing::run_test_with_pool<sqlx_postgres[7cd2c76ca914781b]::database::Postgres, fn(sqlx_core[ba261ccff62f4939]::pool::Pool<sqlx_postgres[7cd2c76ca914781b]::database::Postgres>) -> integration_test[da910daa2eecf50d]::test_psp_failures::test_psp_failures::{closure#0}, integration_test[da910daa2eecf50d]::test_psp_failures::test_psp_failures::{closure#0}>::{closure#0}::{closure#0}>::{closure#0}>>>>::{closure#0}, core[6883ba1bc0fe4ed1]::option::Option<()>>::{closure#0}>::{closure#0}
[INFO] [stdout]                                at /opt/rustwide/cargo-home/registry/src/index.crates.io-1949cf8c6b5b557f/tokio-1.52.3/src/runtime/context.rs:181:38
[INFO] [stdout]   36:     0x5d3e6af16282 - <std[73adb7dc35730857]::thread::local::LocalKey<tokio[3cae23e081335d20]::runtime::context::Context>>::try_with::<tokio[3cae23e081335d20]::runtime::context::set_scheduler<(alloc[55a36b64bcbf2c0d]::boxed::Box<tokio[3cae23e081335d20]::runtime::scheduler::current_thread::Core>, core[6883ba1bc0fe4ed1]::option::Option<()>), <tokio[3cae23e081335d20]::runtime::scheduler::current_thread::CoreGuard>::enter<<tokio[3cae23e081335d20]::runtime::scheduler::current_thread::CoreGuard>::block_on<core[6883ba1bc0fe4ed1]::pin::Pin<&mut core[6883ba1bc0fe4ed1]::pin::Pin<alloc[55a36b64bcbf2c0d]::boxed::Box<sqlx_core[ba261ccff62f4939]::testing::run_test<sqlx_postgres[7cd2c76ca914781b]::database::Postgres, sqlx_core[ba261ccff62f4939]::testing::run_test_with_pool<sqlx_postgres[7cd2c76ca914781b]::database::Postgres, fn(sqlx_core[ba261ccff62f4939]::pool::Pool<sqlx_postgres[7cd2c76ca914781b]::database::Postgres>) -> integration_test[da910daa2eecf50d]::test_psp_failures::test_psp_failures::{closure#0}, integration_test[da910daa2eecf50d]::test_psp_failures::test_psp_failures::{closure#0}>::{closure#0}, sqlx_core[ba261ccff62f4939]::testing::run_test_with_pool<sqlx_postgres[7cd2c76ca914781b]::database::Postgres, fn(sqlx_core[ba261ccff62f4939]::pool::Pool<sqlx_postgres[7cd2c76ca914781b]::database::Postgres>) -> integration_test[da910daa2eecf50d]::test_psp_failures::test_psp_failures::{closure#0}, integration_test[da910daa2eecf50d]::test_psp_failures::test_psp_failures::{closure#0}>::{closure#0}::{closure#0}>::{closure#0}>>>>::{closure#0}, core[6883ba1bc0fe4ed1]::option::Option<()>>::{closure#0}>::{closure#0}, (alloc[55a36b64bcbf2c0d]::boxed::Box<tokio[3cae23e081335d20]::runtime::scheduler::current_thread::Core>, core[6883ba1bc0fe4ed1]::option::Option<()>)>
[INFO] [stdout]                                at /rustc/6b3fa26749ab40e159b2dd5cf577acaaf5902772/library/std/src/thread/local.rs:463:12
[INFO] [stdout]   37:     0x5d3e6af1588e - <std[73adb7dc35730857]::thread::local::LocalKey<tokio[3cae23e081335d20]::runtime::context::Context>>::with::<tokio[3cae23e081335d20]::runtime::context::set_scheduler<(alloc[55a36b64bcbf2c0d]::boxed::Box<tokio[3cae23e081335d20]::runtime::scheduler::current_thread::Core>, core[6883ba1bc0fe4ed1]::option::Option<()>), <tokio[3cae23e081335d20]::runtime::scheduler::current_thread::CoreGuard>::enter<<tokio[3cae23e081335d20]::runtime::scheduler::current_thread::CoreGuard>::block_on<core[6883ba1bc0fe4ed1]::pin::Pin<&mut core[6883ba1bc0fe4ed1]::pin::Pin<alloc[55a36b64bcbf2c0d]::boxed::Box<sqlx_core[ba261ccff62f4939]::testing::run_test<sqlx_postgres[7cd2c76ca914781b]::database::Postgres, sqlx_core[ba261ccff62f4939]::testing::run_test_with_pool<sqlx_postgres[7cd2c76ca914781b]::database::Postgres, fn(sqlx_core[ba261ccff62f4939]::pool::Pool<sqlx_postgres[7cd2c76ca914781b]::database::Postgres>) -> integration_test[da910daa2eecf50d]::test_psp_failures::test_psp_failures::{closure#0}, integration_test[da910daa2eecf50d]::test_psp_failures::test_psp_failures::{closure#0}>::{closure#0}, sqlx_core[ba261ccff62f4939]::testing::run_test_with_pool<sqlx_postgres[7cd2c76ca914781b]::database::Postgres, fn(sqlx_core[ba261ccff62f4939]::pool::Pool<sqlx_postgres[7cd2c76ca914781b]::database::Postgres>) -> integration_test[da910daa2eecf50d]::test_psp_failures::test_psp_failures::{closure#0}, integration_test[da910daa2eecf50d]::test_psp_failures::test_psp_failures::{closure#0}>::{closure#0}::{closure#0}>::{closure#0}>>>>::{closure#0}, core[6883ba1bc0fe4ed1]::option::Option<()>>::{closure#0}>::{closure#0}, (alloc[55a36b64bcbf2c0d]::boxed::Box<tokio[3cae23e081335d20]::runtime::scheduler::current_thread::Core>, core[6883ba1bc0fe4ed1]::option::Option<()>)>
[INFO] [stdout]                                at /rustc/6b3fa26749ab40e159b2dd5cf577acaaf5902772/library/std/src/thread/local.rs:427:20
[INFO] [stdout]   38:     0x5d3e6aefea7d - tokio[3cae23e081335d20]::runtime::context::set_scheduler::<(alloc[55a36b64bcbf2c0d]::boxed::Box<tokio[3cae23e081335d20]::runtime::scheduler::current_thread::Core>, core[6883ba1bc0fe4ed1]::option::Option<()>), <tokio[3cae23e081335d20]::runtime::scheduler::current_thread::CoreGuard>::enter<<tokio[3cae23e081335d20]::runtime::scheduler::current_thread::CoreGuard>::block_on<core[6883ba1bc0fe4ed1]::pin::Pin<&mut core[6883ba1bc0fe4ed1]::pin::Pin<alloc[55a36b64bcbf2c0d]::boxed::Box<sqlx_core[ba261ccff62f4939]::testing::run_test<sqlx_postgres[7cd2c76ca914781b]::database::Postgres, sqlx_core[ba261ccff62f4939]::testing::run_test_with_pool<sqlx_postgres[7cd2c76ca914781b]::database::Postgres, fn(sqlx_core[ba261ccff62f4939]::pool::Pool<sqlx_postgres[7cd2c76ca914781b]::database::Postgres>) -> integration_test[da910daa2eecf50d]::test_psp_failures::test_psp_failures::{closure#0}, integration_test[da910daa2eecf50d]::test_psp_failures::test_psp_failures::{closure#0}>::{closure#0}, sqlx_core[ba261ccff62f4939]::testing::run_test_with_pool<sqlx_postgres[7cd2c76ca914781b]::database::Postgres, fn(sqlx_core[ba261ccff62f4939]::pool::Pool<sqlx_postgres[7cd2c76ca914781b]::database::Postgres>) -> integration_test[da910daa2eecf50d]::test_psp_failures::test_psp_failures::{closure#0}, integration_test[da910daa2eecf50d]::test_psp_failures::test_psp_failures::{closure#0}>::{closure#0}::{closure#0}>::{closure#0}>>>>::{closure#0}, core[6883ba1bc0fe4ed1]::option::Option<()>>::{closure#0}>
[INFO] [stdout]                                at /opt/rustwide/cargo-home/registry/src/index.crates.io-1949cf8c6b5b557f/tokio-1.52.3/src/runtime/context.rs:181:17
[INFO] [stdout]   39:     0x5d3e6aeb2220 - <tokio[3cae23e081335d20]::runtime::scheduler::current_thread::CoreGuard>::enter::<<tokio[3cae23e081335d20]::runtime::scheduler::current_thread::CoreGuard>::block_on<core[6883ba1bc0fe4ed1]::pin::Pin<&mut core[6883ba1bc0fe4ed1]::pin::Pin<alloc[55a36b64bcbf2c0d]::boxed::Box<sqlx_core[ba261ccff62f4939]::testing::run_test<sqlx_postgres[7cd2c76ca914781b]::database::Postgres, sqlx_core[ba261ccff62f4939]::testing::run_test_with_pool<sqlx_postgres[7cd2c76ca914781b]::database::Postgres, fn(sqlx_core[ba261ccff62f4939]::pool::Pool<sqlx_postgres[7cd2c76ca914781b]::database::Postgres>) -> integration_test[da910daa2eecf50d]::test_psp_failures::test_psp_failures::{closure#0}, integration_test[da910daa2eecf50d]::test_psp_failures::test_psp_failures::{closure#0}>::{closure#0}, sqlx_core[ba261ccff62f4939]::testing::run_test_with_pool<sqlx_postgres[7cd2c76ca914781b]::database::Postgres, fn(sqlx_core[ba261ccff62f4939]::pool::Pool<sqlx_postgres[7cd2c76ca914781b]::database::Postgres>) -> integration_test[da910daa2eecf50d]::test_psp_failures::test_psp_failures::{closure#0}, integration_test[da910daa2eecf50d]::test_psp_failures::test_psp_failures::{closure#0}>::{closure#0}::{closure#0}>::{closure#0}>>>>::{closure#0}, core[6883ba1bc0fe4ed1]::option::Option<()>>
[INFO] [stdout]                                at /opt/rustwide/cargo-home/registry/src/index.crates.io-1949cf8c6b5b557f/tokio-1.52.3/src/runtime/scheduler/current_thread/mod.rs:865:27
[INFO] [stdout]   40:     0x5d3e6aeb3596 - <tokio[3cae23e081335d20]::runtime::scheduler::current_thread::CoreGuard>::block_on::<core[6883ba1bc0fe4ed1]::pin::Pin<&mut core[6883ba1bc0fe4ed1]::pin::Pin<alloc[55a36b64bcbf2c0d]::boxed::Box<sqlx_core[ba261ccff62f4939]::testing::run_test<sqlx_postgres[7cd2c76ca914781b]::database::Postgres, sqlx_core[ba261ccff62f4939]::testing::run_test_with_pool<sqlx_postgres[7cd2c76ca914781b]::database::Postgres, fn(sqlx_core[ba261ccff62f4939]::pool::Pool<sqlx_postgres[7cd2c76ca914781b]::database::Postgres>) -> integration_test[da910daa2eecf50d]::test_psp_failures::test_psp_failures::{closure#0}, integration_test[da910daa2eecf50d]::test_psp_failures::test_psp_failures::{closure#0}>::{closure#0}, sqlx_core[ba261ccff62f4939]::testing::run_test_with_pool<sqlx_postgres[7cd2c76ca914781b]::database::Postgres, fn(sqlx_core[ba261ccff62f4939]::pool::Pool<sqlx_postgres[7cd2c76ca914781b]::database::Postgres>) -> integration_test[da910daa2eecf50d]::test_psp_failures::test_psp_failures::{closure#0}, integration_test[da910daa2eecf50d]::test_psp_failures::test_psp_failures::{closure#0}>::{closure#0}::{closure#0}>::{closure#0}>>>>
[INFO] [stdout]                                at /opt/rustwide/cargo-home/registry/src/index.crates.io-1949cf8c6b5b557f/tokio-1.52.3/src/runtime/scheduler/current_thread/mod.rs:765:24
[INFO] [stdout]   41:     0x5d3e6aeb3d60 - <tokio[3cae23e081335d20]::runtime::scheduler::current_thread::CurrentThread>::block_on::<core[6883ba1bc0fe4ed1]::pin::Pin<alloc[55a36b64bcbf2c0d]::boxed::Box<sqlx_core[ba261ccff62f4939]::testing::run_test<sqlx_postgres[7cd2c76ca914781b]::database::Postgres, sqlx_core[ba261ccff62f4939]::testing::run_test_with_pool<sqlx_postgres[7cd2c76ca914781b]::database::Postgres, fn(sqlx_core[ba261ccff62f4939]::pool::Pool<sqlx_postgres[7cd2c76ca914781b]::database::Postgres>) -> integration_test[da910daa2eecf50d]::test_psp_failures::test_psp_failures::{closure#0}, integration_test[da910daa2eecf50d]::test_psp_failures::test_psp_failures::{closure#0}>::{closure#0}, sqlx_core[ba261ccff62f4939]::testing::run_test_with_pool<sqlx_postgres[7cd2c76ca914781b]::database::Postgres, fn(sqlx_core[ba261ccff62f4939]::pool::Pool<sqlx_postgres[7cd2c76ca914781b]::database::Postgres>) -> integration_test[da910daa2eecf50d]::test_psp_failures::test_psp_failures::{closure#0}, integration_test[da910daa2eecf50d]::test_psp_failures::test_psp_failures::{closure#0}>::{closure#0}::{closure#0}>::{closure#0}>>>::{closure#0}
[INFO] [stdout]                                at /opt/rustwide/cargo-home/registry/src/index.crates.io-1949cf8c6b5b557f/tokio-1.52.3/src/runtime/scheduler/current_thread/mod.rs:205:33
[INFO] [stdout]   42:     0x5d3e6aeff923 - tokio[3cae23e081335d20]::runtime::context::runtime::enter_runtime::<<tokio[3cae23e081335d20]::runtime::scheduler::current_thread::CurrentThread>::block_on<core[6883ba1bc0fe4ed1]::pin::Pin<alloc[55a36b64bcbf2c0d]::boxed::Box<sqlx_core[ba261ccff62f4939]::testing::run_test<sqlx_postgres[7cd2c76ca914781b]::database::Postgres, sqlx_core[ba261ccff62f4939]::testing::run_test_with_pool<sqlx_postgres[7cd2c76ca914781b]::database::Postgres, fn(sqlx_core[ba261ccff62f4939]::pool::Pool<sqlx_postgres[7cd2c76ca914781b]::database::Postgres>) -> integration_test[da910daa2eecf50d]::test_psp_failures::test_psp_failures::{closure#0}, integration_test[da910daa2eecf50d]::test_psp_failures::test_psp_failures::{closure#0}>::{closure#0}, sqlx_core[ba261ccff62f4939]::testing::run_test_with_pool<sqlx_postgres[7cd2c76ca914781b]::database::Postgres, fn(sqlx_core[ba261ccff62f4939]::pool::Pool<sqlx_postgres[7cd2c76ca914781b]::database::Postgres>) -> integration_test[da910daa2eecf50d]::test_psp_failures::test_psp_failures::{closure#0}, integration_test[da910daa2eecf50d]::test_psp_failures::test_psp_failures::{closure#0}>::{closure#0}::{closure#0}>::{closure#0}>>>::{closure#0}, ()>
[INFO] [stdout]                                at /opt/rustwide/cargo-home/registry/src/index.crates.io-1949cf8c6b5b557f/tokio-1.52.3/src/runtime/context/runtime.rs:65:16
[INFO] [stdout]   43:     0x5d3e6aeac5c3 - <tokio[3cae23e081335d20]::runtime::scheduler::current_thread::CurrentThread>::block_on::<core[6883ba1bc0fe4ed1]::pin::Pin<alloc[55a36b64bcbf2c0d]::boxed::Box<sqlx_core[ba261ccff62f4939]::testing::run_test<sqlx_postgres[7cd2c76ca914781b]::database::Postgres, sqlx_core[ba261ccff62f4939]::testing::run_test_with_pool<sqlx_postgres[7cd2c76ca914781b]::database::Postgres, fn(sqlx_core[ba261ccff62f4939]::pool::Pool<sqlx_postgres[7cd2c76ca914781b]::database::Postgres>) -> integration_test[da910daa2eecf50d]::test_psp_failures::test_psp_failures::{closure#0}, integration_test[da910daa2eecf50d]::test_psp_failures::test_psp_failures::{closure#0}>::{closure#0}, sqlx_core[ba261ccff62f4939]::testing::run_test_with_pool<sqlx_postgres[7cd2c76ca914781b]::database::Postgres, fn(sqlx_core[ba261ccff62f4939]::pool::Pool<sqlx_postgres[7cd2c76ca914781b]::database::Postgres>) -> integration_test[da910daa2eecf50d]::test_psp_failures::test_psp_failures::{closure#0}, integration_test[da910daa2eecf50d]::test_psp_failures::test_psp_failures::{closure#0}>::{closure#0}::{closure#0}>::{closure#0}>>>
[INFO] [stdout]                                at /opt/rustwide/cargo-home/registry/src/index.crates.io-1949cf8c6b5b557f/tokio-1.52.3/src/runtime/scheduler/current_thread/mod.rs:193:9
[INFO] [stdout]   44:     0x5d3e6aec6e81 - <tokio[3cae23e081335d20]::runtime::runtime::Runtime>::block_on_inner::<core[6883ba1bc0fe4ed1]::pin::Pin<alloc[55a36b64bcbf2c0d]::boxed::Box<sqlx_core[ba261ccff62f4939]::testing::run_test<sqlx_postgres[7cd2c76ca914781b]::database::Postgres, sqlx_core[ba261ccff62f4939]::testing::run_test_with_pool<sqlx_postgres[7cd2c76ca914781b]::database::Postgres, fn(sqlx_core[ba261ccff62f4939]::pool::Pool<sqlx_postgres[7cd2c76ca914781b]::database::Postgres>) -> integration_test[da910daa2eecf50d]::test_psp_failures::test_psp_failures::{closure#0}, integration_test[da910daa2eecf50d]::test_psp_failures::test_psp_failures::{closure#0}>::{closure#0}, sqlx_core[ba261ccff62f4939]::testing::run_test_with_pool<sqlx_postgres[7cd2c76ca914781b]::database::Postgres, fn(sqlx_core[ba261ccff62f4939]::pool::Pool<sqlx_postgres[7cd2c76ca914781b]::database::Postgres>) -> integration_test[da910daa2eecf50d]::test_psp_failures::test_psp_failures::{closure#0}, integration_test[da910daa2eecf50d]::test_psp_failures::test_psp_failures::{closure#0}>::{closure#0}::{closure#0}>::{closure#0}>>>
[INFO] [stdout]                                at /opt/rustwide/cargo-home/registry/src/index.crates.io-1949cf8c6b5b557f/tokio-1.52.3/src/runtime/runtime.rs:371:52
[INFO] [stdout]   45:     0x5d3e6aec794a - <tokio[3cae23e081335d20]::runtime::runtime::Runtime>::block_on::<sqlx_core[ba261ccff62f4939]::testing::run_test<sqlx_postgres[7cd2c76ca914781b]::database::Postgres, sqlx_core[ba261ccff62f4939]::testing::run_test_with_pool<sqlx_postgres[7cd2c76ca914781b]::database::Postgres, fn(sqlx_core[ba261ccff62f4939]::pool::Pool<sqlx_postgres[7cd2c76ca914781b]::database::Postgres>) -> integration_test[da910daa2eecf50d]::test_psp_failures::test_psp_failures::{closure#0}, integration_test[da910daa2eecf50d]::test_psp_failures::test_psp_failures::{closure#0}>::{closure#0}, sqlx_core[ba261ccff62f4939]::testing::run_test_with_pool<sqlx_postgres[7cd2c76ca914781b]::database::Postgres, fn(sqlx_core[ba261ccff62f4939]::pool::Pool<sqlx_postgres[7cd2c76ca914781b]::database::Postgres>) -> integration_test[da910daa2eecf50d]::test_psp_failures::test_psp_failures::{closure#0}, integration_test[da910daa2eecf50d]::test_psp_failures::test_psp_failures::{closure#0}>::{closure#0}::{closure#0}>::{closure#0}>
[INFO] [stdout]                                at /opt/rustwide/cargo-home/registry/src/index.crates.io-1949cf8c6b5b557f/tokio-1.52.3/src/runtime/runtime.rs:343:18
[INFO] [stdout]   46:     0x5d3e6aebbe8e - sqlx_core[ba261ccff62f4939]::rt::test_block_on::<sqlx_core[ba261ccff62f4939]::testing::run_test<sqlx_postgres[7cd2c76ca914781b]::database::Postgres, sqlx_core[ba261ccff62f4939]::testing::run_test_with_pool<sqlx_postgres[7cd2c76ca914781b]::database::Postgres, fn(sqlx_core[ba261ccff62f4939]::pool::Pool<sqlx_postgres[7cd2c76ca914781b]::database::Postgres>) -> integration_test[da910daa2eecf50d]::test_psp_failures::test_psp_failures::{closure#0}, integration_test[da910daa2eecf50d]::test_psp_failures::test_psp_failures::{closure#0}>::{closure#0}, sqlx_core[ba261ccff62f4939]::testing::run_test_with_pool<sqlx_postgres[7cd2c76ca914781b]::database::Postgres, fn(sqlx_core[ba261ccff62f4939]::pool::Pool<sqlx_postgres[7cd2c76ca914781b]::database::Postgres>) -> integration_test[da910daa2eecf50d]::test_psp_failures::test_psp_failures::{closure#0}, integration_test[da910daa2eecf50d]::test_psp_failures::test_psp_failures::{closure#0}>::{closure#0}::{closure#0}>::{closure#0}>
[INFO] [stdout]                                at /opt/rustwide/cargo-home/registry/src/index.crates.io-1949cf8c6b5b557f/sqlx-core-0.7.4/src/rt/mod.rs:123:14
[INFO] [stdout]   47:     0x5d3e6aecae8f - sqlx_core[ba261ccff62f4939]::testing::run_test::<sqlx_postgres[7cd2c76ca914781b]::database::Postgres, sqlx_core[ba261ccff62f4939]::testing::run_test_with_pool<sqlx_postgres[7cd2c76ca914781b]::database::Postgres, fn(sqlx_core[ba261ccff62f4939]::pool::Pool<sqlx_postgres[7cd2c76ca914781b]::database::Postgres>) -> integration_test[da910daa2eecf50d]::test_psp_failures::test_psp_failures::{closure#0}, integration_test[da910daa2eecf50d]::test_psp_failures::test_psp_failures::{closure#0}>::{closure#0}, sqlx_core[ba261ccff62f4939]::testing::run_test_with_pool<sqlx_postgres[7cd2c76ca914781b]::database::Postgres, fn(sqlx_core[ba261ccff62f4939]::pool::Pool<sqlx_postgres[7cd2c76ca914781b]::database::Postgres>) -> integration_test[da910daa2eecf50d]::test_psp_failures::test_psp_failures::{closure#0}, integration_test[da910daa2eecf50d]::test_psp_failures::test_psp_failures::{closure#0}>::{closure#0}::{closure#0}>
[INFO] [stdout]                                at /opt/rustwide/cargo-home/registry/src/index.crates.io-1949cf8c6b5b557f/sqlx-core-0.7.4/src/testing/mod.rs:210:5
[INFO] [stdout]   48:     0x5d3e6aecadb6 - sqlx_core[ba261ccff62f4939]::testing::run_test_with_pool::<sqlx_postgres[7cd2c76ca914781b]::database::Postgres, fn(sqlx_core[ba261ccff62f4939]::pool::Pool<sqlx_postgres[7cd2c76ca914781b]::database::Postgres>) -> integration_test[da910daa2eecf50d]::test_psp_failures::test_psp_failures::{closure#0}, integration_test[da910daa2eecf50d]::test_psp_failures::test_psp_failures::{closure#0}>
[INFO] [stdout]                                at /opt/rustwide/cargo-home/registry/src/index.crates.io-1949cf8c6b5b557f/sqlx-core-0.7.4/src/testing/mod.rs:181:5
[INFO] [stdout]   49:     0x5d3e6aed204a - <fn(sqlx_core[ba261ccff62f4939]::pool::Pool<sqlx_postgres[7cd2c76ca914781b]::database::Postgres>) -> integration_test[da910daa2eecf50d]::test_psp_failures::test_psp_failures::{closure#0} as sqlx_core[ba261ccff62f4939]::testing::TestFn>::run_test
[INFO] [stdout]                                at /opt/rustwide/cargo-home/registry/src/index.crates.io-1949cf8c6b5b557f/sqlx-core-0.7.4/src/testing/mod.rs:84:9
[INFO] [stdout]   50:     0x5d3e6af42007 - integration_test[da910daa2eecf50d]::test_psp_failures
[INFO] [stdout]                                at /opt/rustwide/workdir/tests/integration_test.rs:191:1
[INFO] [stdout]   51:     0x5d3e6af397f7 - integration_test[da910daa2eecf50d]::test_psp_failures::{closure#0}
[INFO] [stdout]                                at /opt/rustwide/workdir/tests/integration_test.rs:191:14
[INFO] [stdout]   52:     0x5d3e6af34a06 - <integration_test[da910daa2eecf50d]::test_psp_failures::{closure#0} as core[6883ba1bc0fe4ed1]::ops::function::FnOnce<()>>::call_once
[INFO] [stdout]                                at /rustc/6b3fa26749ab40e159b2dd5cf577acaaf5902772/library/core/src/ops/function.rs:250:5
[INFO] [stdout]   53:     0x5d3e6af4db9b - <fn() -> core[6883ba1bc0fe4ed1]::result::Result<(), alloc[55a36b64bcbf2c0d]::string::String> as core[6883ba1bc0fe4ed1]::ops::function::FnOnce<()>>::call_once
[INFO] [stdout]                                at /rustc/6b3fa26749ab40e159b2dd5cf577acaaf5902772/library/core/src/ops/function.rs:250:5
[INFO] [stdout]   54:     0x5d3e6af4db9b - test[980ffaebd391d06d]::__rust_begin_short_backtrace::<core[6883ba1bc0fe4ed1]::result::Result<(), alloc[55a36b64bcbf2c0d]::string::String>, fn() -> core[6883ba1bc0fe4ed1]::result::Result<(), alloc[55a36b64bcbf2c0d]::string::String>>
[INFO] [stdout]                                at /rustc/6b3fa26749ab40e159b2dd5cf577acaaf5902772/library/test/src/lib.rs:724:18
[INFO] [stdout]   55:     0x5d3e6af5b1e5 - test[980ffaebd391d06d]::run_test_in_process::{closure#0}
[INFO] [stdout]                                at /rustc/6b3fa26749ab40e159b2dd5cf577acaaf5902772/library/test/src/lib.rs:747:74
[INFO] [stdout]   56:     0x5d3e6af5b1e5 - <core[6883ba1bc0fe4ed1]::panic::unwind_safe::AssertUnwindSafe<test[980ffaebd391d06d]::run_test_in_process::{closure#0}> as core[6883ba1bc0fe4ed1]::ops::function::FnOnce<()>>::call_once
[INFO] [stdout]                                at /rustc/6b3fa26749ab40e159b2dd5cf577acaaf5902772/library/core/src/panic/unwind_safe.rs:275:9
[INFO] [stdout]   57:     0x5d3e6af5b1e5 - std[73adb7dc35730857]::panicking::catch_unwind::do_call::<core[6883ba1bc0fe4ed1]::panic::unwind_safe::AssertUnwindSafe<test[980ffaebd391d06d]::run_test_in_process::{closure#0}>, core[6883ba1bc0fe4ed1]::result::Result<(), alloc[55a36b64bcbf2c0d]::string::String>>
[INFO] [stdout]                                at /rustc/6b3fa26749ab40e159b2dd5cf577acaaf5902772/library/std/src/panicking.rs:576:43
[INFO] [stdout]   58:     0x5d3e6af5b1e5 - std[73adb7dc35730857]::panicking::catch_unwind::<core[6883ba1bc0fe4ed1]::result::Result<(), alloc[55a36b64bcbf2c0d]::string::String>, core[6883ba1bc0fe4ed1]::panic::unwind_safe::AssertUnwindSafe<test[980ffaebd391d06d]::run_test_in_process::{closure#0}>>
[INFO] [stdout]                                at /rustc/6b3fa26749ab40e159b2dd5cf577acaaf5902772/library/std/src/panicking.rs:544:19
[INFO] [stdout]   59:     0x5d3e6af5b1e5 - std[73adb7dc35730857]::panic::catch_unwind::<core[6883ba1bc0fe4ed1]::panic::unwind_safe::AssertUnwindSafe<test[980ffaebd391d06d]::run_test_in_process::{closure#0}>, core[6883ba1bc0fe4ed1]::result::Result<(), alloc[55a36b64bcbf2c0d]::string::String>>
[INFO] [stdout]                                at /rustc/6b3fa26749ab40e159b2dd5cf577acaaf5902772/library/std/src/panic.rs:359:14
[INFO] [stdout]   60:     0x5d3e6af5b1e5 - test[980ffaebd391d06d]::run_test_in_process
[INFO] [stdout]                                at /rustc/6b3fa26749ab40e159b2dd5cf577acaaf5902772/library/test/src/lib.rs:747:27
[INFO] [stdout]   61:     0x5d3e6af5b1e5 - test[980ffaebd391d06d]::run_test::{closure#0}
[INFO] [stdout]                                at /rustc/6b3fa26749ab40e159b2dd5cf577acaaf5902772/library/test/src/lib.rs:668:43
[INFO] [stdout]   62:     0x5d3e6af55c94 - test[980ffaebd391d06d]::run_test::{closure#1}
[INFO] [stdout]                                at /rustc/6b3fa26749ab40e159b2dd5cf577acaaf5902772/library/test/src/lib.rs:698:41
[INFO] [stdout]   63:     0x5d3e6af55c94 - std[73adb7dc35730857]::sys::backtrace::__rust_begin_short_backtrace::<test[980ffaebd391d06d]::run_test::{closure#1}, ()>
[INFO] [stdout]                                at /rustc/6b3fa26749ab40e159b2dd5cf577acaaf5902772/library/std/src/sys/backtrace.rs:166:18
[INFO] [stdout]   64:     0x5d3e6af5e332 - std[73adb7dc35730857]::thread::lifecycle::spawn_unchecked::<test[980ffaebd391d06d]::run_test::{closure#1}, ()>::{closure#1}::{closure#0}
[INFO] [stdout]                                at /rustc/6b3fa26749ab40e159b2dd5cf577acaaf5902772/library/std/src/thread/lifecycle.rs:70:13
[INFO] [stdout]   65:     0x5d3e6af5e332 - <core[6883ba1bc0fe4ed1]::panic::unwind_safe::AssertUnwindSafe<std[73adb7dc35730857]::thread::lifecycle::spawn_unchecked<test[980ffaebd391d06d]::run_test::{closure#1}, ()>::{closure#1}::{closure#0}> as core[6883ba1bc0fe4ed1]::ops::function::FnOnce<()>>::call_once
[INFO] [stdout]                                at /rustc/6b3fa26749ab40e159b2dd5cf577acaaf5902772/library/core/src/panic/unwind_safe.rs:275:9
[INFO] [stdout]   66:     0x5d3e6af5e332 - std[73adb7dc35730857]::panicking::catch_unwind::do_call::<core[6883ba1bc0fe4ed1]::panic::unwind_safe::AssertUnwindSafe<std[73adb7dc35730857]::thread::lifecycle::spawn_unchecked<test[980ffaebd391d06d]::run_test::{closure#1}, ()>::{closure#1}::{closure#0}>, ()>
[INFO] [stdout]                                at /rustc/6b3fa26749ab40e159b2dd5cf577acaaf5902772/library/std/src/panicking.rs:576:43
[INFO] [stdout]   67:     0x5d3e6af5e332 - std[73adb7dc35730857]::panicking::catch_unwind::<(), core[6883ba1bc0fe4ed1]::panic::unwind_safe::AssertUnwindSafe<std[73adb7dc35730857]::thread::lifecycle::spawn_unchecked<test[980ffaebd391d06d]::run_test::{closure#1}, ()>::{closure#1}::{closure#0}>>
[INFO] [stdout]                                at /rustc/6b3fa26749ab40e159b2dd5cf577acaaf5902772/library/std/src/panicking.rs:544:19
[INFO] [stdout]   68:     0x5d3e6af5e332 - std[73adb7dc35730857]::panic::catch_unwind::<core[6883ba1bc0fe4ed1]::panic::unwind_safe::AssertUnwindSafe<std[73adb7dc35730857]::thread::lifecycle::spawn_unchecked<test[980ffaebd391d06d]::run_test::{closure#1}, ()>::{closure#1}::{closure#0}>, ()>
[INFO] [stdout]                                at /rustc/6b3fa26749ab40e159b2dd5cf577acaaf5902772/library/std/src/panic.rs:359:14
[INFO] [stdout]   69:     0x5d3e6af5e332 - std[73adb7dc35730857]::thread::lifecycle::spawn_unchecked::<test[980ffaebd391d06d]::run_test::{closure#1}, ()>::{closure#1}
[INFO] [stdout]                                at /rustc/6b3fa26749ab40e159b2dd5cf577acaaf5902772/library/std/src/thread/lifecycle.rs:68:26
[INFO] [stdout]   70:     0x5d3e6af5e332 - <std[73adb7dc35730857]::thread::lifecycle::spawn_unchecked<test[980ffaebd391d06d]::run_test::{closure#1}, ()>::{closure#1} as core[6883ba1bc0fe4ed1]::ops::function::FnOnce<()>>::call_once::{shim:vtable#0}
[INFO] [stdout]                                at /rustc/6b3fa26749ab40e159b2dd5cf577acaaf5902772/library/core/src/ops/function.rs:250:5
[INFO] [stdout]   71:     0x5d3e6b8c3a4f - <alloc[55a36b64bcbf2c0d]::boxed::Box<dyn core[6883ba1bc0fe4ed1]::ops::function::FnOnce<(), Output = ()> + core[6883ba1bc0fe4ed1]::marker::Send> as core[6883ba1bc0fe4ed1]::ops::function::FnOnce<()>>::call_once
[INFO] [stdout]                                at /rustc/6b3fa26749ab40e159b2dd5cf577acaaf5902772/library/alloc/src/boxed.rs:2319:9
[INFO] [stdout]   72:     0x5d3e6b8c3a4f - <std[73adb7dc35730857]::sys::thread::unix::Thread>::new::thread_start
[INFO] [stdout]                                at /rustc/6b3fa26749ab40e159b2dd5cf577acaaf5902772/library/std/src/sys/thread/unix.rs:123:17
[INFO] [stdout]   73:     0x7739da87aaa4 - <unknown>
[INFO] [stdout]   74:     0x7739da907a64 - clone
[INFO] [stdout]   75:                0x0 - <unknown>
[INFO] [stdout] 
[INFO] [stdout] ---- test_idempotency_and_mismatch stdout ----
[INFO] [stdout] 
[INFO] [stdout] thread 'test_idempotency_and_mismatch' (2475) panicked at /opt/rustwide/cargo-home/registry/src/index.crates.io-1949cf8c6b5b557f/sqlx-postgres-0.7.4/src/testing/mod.rs:81:44:
[INFO] [stdout] DATABASE_URL must be set: EnvVar(NotPresent)
[INFO] [stdout] stack backtrace:
[INFO] [stdout]    0:     0x5d3e6b8c48a1 - std[73adb7dc35730857]::backtrace_rs::backtrace::libunwind::trace
[INFO] [stdout]                                at /rustc/6b3fa26749ab40e159b2dd5cf577acaaf5902772/library/std/src/../../backtrace/src/backtrace/libunwind.rs:117:9
[INFO] [stdout]    1:     0x5d3e6b8c48a1 - std[73adb7dc35730857]::backtrace_rs::backtrace::trace_unsynchronized::<std[73adb7dc35730857]::sys::backtrace::_print_fmt::{closure#1}>
[INFO] [stdout]                                at /rustc/6b3fa26749ab40e159b2dd5cf577acaaf5902772/library/std/src/../../backtrace/src/backtrace/mod.rs:66:14
[INFO] [stdout]    2:     0x5d3e6b8c48a1 - std[73adb7dc35730857]::sys::backtrace::_print_fmt
[INFO] [stdout]                                at /rustc/6b3fa26749ab40e159b2dd5cf577acaaf5902772/library/std/src/sys/backtrace.rs:74:9
[INFO] [stdout]    3:     0x5d3e6b8c48a1 - <<std[73adb7dc35730857]::sys::backtrace::BacktraceLock>::print::DisplayBacktrace as core[6883ba1bc0fe4ed1]::fmt::Display>::fmt
[INFO] [stdout]                                at /rustc/6b3fa26749ab40e159b2dd5cf577acaaf5902772/library/std/src/sys/backtrace.rs:44:26
[INFO] [stdout]    4:     0x5d3e6b8dccda - <core[6883ba1bc0fe4ed1]::fmt::rt::Argument>::fmt
[INFO] [stdout]                                at /rustc/6b3fa26749ab40e159b2dd5cf577acaaf5902772/library/core/src/fmt/rt.rs:152:76
[INFO] [stdout]    5:     0x5d3e6b8dccda - core[6883ba1bc0fe4ed1]::fmt::write
[INFO] [stdout]    6:     0x5d3e6b8c983c - std[73adb7dc35730857]::io::default_write_fmt::<alloc[55a36b64bcbf2c0d]::vec::Vec<u8>>
[INFO] [stdout]                                at /rustc/6b3fa26749ab40e159b2dd5cf577acaaf5902772/library/std/src/io/mod.rs:626:11
[INFO] [stdout]    7:     0x5d3e6b8c983c - <alloc[55a36b64bcbf2c0d]::vec::Vec<u8> as std[73adb7dc35730857]::io::Write>::write_fmt
[INFO] [stdout]                                at /rustc/6b3fa26749ab40e159b2dd5cf577acaaf5902772/library/std/src/io/mod.rs:1730:13
[INFO] [stdout]    8:     0x5d3e6b8a1406 - <std[73adb7dc35730857]::sys::backtrace::BacktraceLock>::print
[INFO] [stdout]                                at /rustc/6b3fa26749ab40e159b2dd5cf577acaaf5902772/library/std/src/sys/backtrace.rs:47:9
[INFO] [stdout]    9:     0x5d3e6b8a1406 - std[73adb7dc35730857]::panicking::default_hook::{closure#0}
[INFO] [stdout]                                at /rustc/6b3fa26749ab40e159b2dd5cf577acaaf5902772/library/std/src/panicking.rs:292:27
[INFO] [stdout]   10:     0x5d3e6b8bbe09 - std[73adb7dc35730857]::panicking::default_hook
[INFO] [stdout]                                at /rustc/6b3fa26749ab40e159b2dd5cf577acaaf5902772/library/std/src/panicking.rs:316:9
[INFO] [stdout]   11:     0x5d3e6af5a860 - <alloc[55a36b64bcbf2c0d]::boxed::Box<dyn for<'a, 'b> core[6883ba1bc0fe4ed1]::ops::function::Fn<(&'a std[73adb7dc35730857]::panic::PanicHookInfo<'b>,), Output = ()> + core[6883ba1bc0fe4ed1]::marker::Send + core[6883ba1bc0fe4ed1]::marker::Sync> as core[6883ba1bc0fe4ed1]::ops::function::Fn<(&std[73adb7dc35730857]::panic::PanicHookInfo,)>>::call
[INFO] [stdout]                                at /rustc/6b3fa26749ab40e159b2dd5cf577acaaf5902772/library/alloc/src/boxed.rs:2333:9
[INFO] [stdout]   12:     0x5d3e6af5a860 - test[980ffaebd391d06d]::test_main_inner::<test[980ffaebd391d06d]::test_main_static::{closure#0}>::{closure#0}
[INFO] [stdout]                                at /rustc/6b3fa26749ab40e159b2dd5cf577acaaf5902772/library/test/src/lib.rs:155:21
[INFO] [stdout]   13:     0x5d3e6b8bc132 - <alloc[55a36b64bcbf2c0d]::boxed::Box<dyn for<'a, 'b> core[6883ba1bc0fe4ed1]::ops::function::Fn<(&'a std[73adb7dc35730857]::panic::PanicHookInfo<'b>,), Output = ()> + core[6883ba1bc0fe4ed1]::marker::Send + core[6883ba1bc0fe4ed1]::marker::Sync> as core[6883ba1bc0fe4ed1]::ops::function::Fn<(&std[73adb7dc35730857]::panic::PanicHookInfo,)>>::call
[INFO] [stdout]                                at /rustc/6b3fa26749ab40e159b2dd5cf577acaaf5902772/library/alloc/src/boxed.rs:2333:9
[INFO] [stdout]   14:     0x5d3e6b8bc132 - std[73adb7dc35730857]::panicking::panic_with_hook
[INFO] [stdout]                                at /rustc/6b3fa26749ab40e159b2dd5cf577acaaf5902772/library/std/src/panicking.rs:823:13
[INFO] [stdout]   15:     0x5d3e6b8a14b2 - std[73adb7dc35730857]::panicking::panic_handler::{closure#0}
[INFO] [stdout]                                at /rustc/6b3fa26749ab40e159b2dd5cf577acaaf5902772/library/std/src/panicking.rs:688:13
[INFO] [stdout]   16:     0x5d3e6b898969 - std[73adb7dc35730857]::sys::backtrace::__rust_end_short_backtrace::<std[73adb7dc35730857]::panicking::panic_handler::{closure#0}, !>
[INFO] [stdout]                                at /rustc/6b3fa26749ab40e159b2dd5cf577acaaf5902772/library/std/src/sys/backtrace.rs:182:18
[INFO] [stdout]   17:     0x5d3e6b8a233d - __rustc[a7b7b02e776dd976]::rust_begin_unwind
[INFO] [stdout]                                at /rustc/6b3fa26749ab40e159b2dd5cf577acaaf5902772/library/std/src/panicking.rs:679:5
[INFO] [stdout]   18:     0x5d3e6b8dd50c - core[6883ba1bc0fe4ed1]::panicking::panic_fmt
[INFO] [stdout]                                at /rustc/6b3fa26749ab40e159b2dd5cf577acaaf5902772/library/core/src/panicking.rs:80:14
[INFO] [stdout]   19:     0x5d3e6b8dd252 - core[6883ba1bc0fe4ed1]::result::unwrap_failed
[INFO] [stdout]                                at /rustc/6b3fa26749ab40e159b2dd5cf577acaaf5902772/library/core/src/result.rs:1870:5
[INFO] [stdout]   20:     0x5d3e6b2a9d9b - <core[6883ba1bc0fe4ed1]::result::Result<alloc[55a36b64bcbf2c0d]::string::String, dotenvy[3ff1008ebe5a7094]::errors::Error>>::expect
[INFO] [stdout]                                at /rustc/6b3fa26749ab40e159b2dd5cf577acaaf5902772/library/core/src/result.rs:1183:23
[INFO] [stdout]   21:     0x5d3e6b20d050 - sqlx_postgres[7cd2c76ca914781b]::testing::test_context::{closure#0}
[INFO] [stdout]                                at /opt/rustwide/cargo-home/registry/src/index.crates.io-1949cf8c6b5b557f/sqlx-postgres-0.7.4/src/testing/mod.rs:81:44
[INFO] [stdout]   22:     0x5d3e6b20fb51 - <sqlx_postgres[7cd2c76ca914781b]::database::Postgres as sqlx_core[ba261ccff62f4939]::testing::TestSupport>::test_context::{closure#0}
[INFO] [stdout]                                at /opt/rustwide/cargo-home/registry/src/index.crates.io-1949cf8c6b5b557f/sqlx-postgres-0.7.4/src/testing/mod.rs:30:42
[INFO] [stdout]   23:     0x5d3e6af1e11f - <core[6883ba1bc0fe4ed1]::pin::Pin<alloc[55a36b64bcbf2c0d]::boxed::Box<dyn core[6883ba1bc0fe4ed1]::future::future::Future<Output = core[6883ba1bc0fe4ed1]::result::Result<sqlx_core[ba261ccff62f4939]::testing::TestContext<sqlx_postgres[7cd2c76ca914781b]::database::Postgres>, sqlx_core[ba261ccff62f4939]::error::Error>> + core[6883ba1bc0fe4ed1]::marker::Send>> as core[6883ba1bc0fe4ed1]::future::future::Future>::poll
[INFO] [stdout]                                at /rustc/6b3fa26749ab40e159b2dd5cf577acaaf5902772/library/core/src/future/future.rs:133:9
[INFO] [stdout]   24:     0x5d3e6aeceef5 - sqlx_core[ba261ccff62f4939]::testing::run_test::<sqlx_postgres[7cd2c76ca914781b]::database::Postgres, sqlx_core[ba261ccff62f4939]::testing::run_test_with_pool<sqlx_postgres[7cd2c76ca914781b]::database::Postgres, fn(sqlx_core[ba261ccff62f4939]::pool::Pool<sqlx_postgres[7cd2c76ca914781b]::database::Postgres>) -> integration_test[da910daa2eecf50d]::test_idempotency_and_mismatch::test_idempotency_and_mismatch::{closure#0}, integration_test[da910daa2eecf50d]::test_idempotency_and_mismatch::test_idempotency_and_mismatch::{closure#0}>::{closure#0}, sqlx_core[ba261ccff62f4939]::testing::run_test_with_pool<sqlx_postgres[7cd2c76ca914781b]::database::Postgres, fn(sqlx_core[ba261ccff62f4939]::pool::Pool<sqlx_postgres[7cd2c76ca914781b]::database::Postgres>) -> integration_test[da910daa2eecf50d]::test_idempotency_and_mismatch::test_idempotency_and_mismatch::{closure#0}, integration_test[da910daa2eecf50d]::test_idempotency_and_mismatch::test_idempotency_and_mismatch::{closure#0}>::{closure#0}::{closure#0}>::{closure#0}
[INFO] [stdout]                                at /opt/rustwide/cargo-home/registry/src/index.crates.io-1949cf8c6b5b557f/sqlx-core-0.7.4/src/testing/mod.rs:212:14
[INFO] [stdout]   25:     0x5d3e6af1e25d - <core[6883ba1bc0fe4ed1]::pin::Pin<alloc[55a36b64bcbf2c0d]::boxed::Box<sqlx_core[ba261ccff62f4939]::testing::run_test<sqlx_postgres[7cd2c76ca914781b]::database::Postgres, sqlx_core[ba261ccff62f4939]::testing::run_test_with_pool<sqlx_postgres[7cd2c76ca914781b]::database::Postgres, fn(sqlx_core[ba261ccff62f4939]::pool::Pool<sqlx_postgres[7cd2c76ca914781b]::database::Postgres>) -> integration_test[da910daa2eecf50d]::test_idempotency_and_mismatch::test_idempotency_and_mismatch::{closure#0}, integration_test[da910daa2eecf50d]::test_idempotency_and_mismatch::test_idempotency_and_mismatch::{closure#0}>::{closure#0}, sqlx_core[ba261ccff62f4939]::testing::run_test_with_pool<sqlx_postgres[7cd2c76ca914781b]::database::Postgres, fn(sqlx_core[ba261ccff62f4939]::pool::Pool<sqlx_postgres[7cd2c76ca914781b]::database::Postgres>) -> integration_test[da910daa2eecf50d]::test_idempotency_and_mismatch::test_idempotency_and_mismatch::{closure#0}, integration_test[da910daa2eecf50d]::test_idempotency_and_mismatch::test_idempotency_and_mismatch::{closure#0}>::{closure#0}::{closure#0}>::{closure#0}>> as core[6883ba1bc0fe4ed1]::future::future::Future>::poll
[INFO] [stdout]                                at /rustc/6b3fa26749ab40e159b2dd5cf577acaaf5902772/library/core/src/future/future.rs:133:9
[INFO] [stdout]   26:     0x5d3e6af1e4bd - <core[6883ba1bc0fe4ed1]::pin::Pin<&mut core[6883ba1bc0fe4ed1]::pin::Pin<alloc[55a36b64bcbf2c0d]::boxed::Box<sqlx_core[ba261ccff62f4939]::testing::run_test<sqlx_postgres[7cd2c76ca914781b]::database::Postgres, sqlx_core[ba261ccff62f4939]::testing::run_test_with_pool<sqlx_postgres[7cd2c76ca914781b]::database::Postgres, fn(sqlx_core[ba261ccff62f4939]::pool::Pool<sqlx_postgres[7cd2c76ca914781b]::database::Postgres>) -> integration_test[da910daa2eecf50d]::test_idempotency_and_mismatch::test_idempotency_and_mismatch::{closure#0}, integration_test[da910daa2eecf50d]::test_idempotency_and_mismatch::test_idempotency_and_mismatch::{closure#0}>::{closure#0}, sqlx_core[ba261ccff62f4939]::testing::run_test_with_pool<sqlx_postgres[7cd2c76ca914781b]::database::Postgres, fn(sqlx_core[ba261ccff62f4939]::pool::Pool<sqlx_postgres[7cd2c76ca914781b]::database::Postgres>) -> integration_test[da910daa2eecf50d]::test_idempotency_and_mismatch::test_idempotency_and_mismatch::{closure#0}, integration_test[da910daa2eecf50d]::test_idempotency_and_mismatch::test_idempotency_and_mismatch::{closure#0}>::{closure#0}::{closure#0}>::{closure#0}>>> as core[6883ba1bc0fe4ed1]::future::future::Future>::poll
[INFO] [stdout]                                at /rustc/6b3fa26749ab40e159b2dd5cf577acaaf5902772/library/core/src/future/future.rs:133:9
[INFO] [stdout]   27:     0x5d3e6aeba42d - <tokio[3cae23e081335d20]::runtime::scheduler::current_thread::CoreGuard>::block_on::<core[6883ba1bc0fe4ed1]::pin::Pin<&mut core[6883ba1bc0fe4ed1]::pin::Pin<alloc[55a36b64bcbf2c0d]::boxed::Box<sqlx_core[ba261ccff62f4939]::testing::run_test<sqlx_postgres[7cd2c76ca914781b]::database::Postgres, sqlx_core[ba261ccff62f4939]::testing::run_test_with_pool<sqlx_postgres[7cd2c76ca914781b]::database::Postgres, fn(sqlx_core[ba261ccff62f4939]::pool::Pool<sqlx_postgres[7cd2c76ca914781b]::database::Postgres>) -> integration_test[da910daa2eecf50d]::test_idempotency_and_mismatch::test_idempotency_and_mismatch::{closure#0}, integration_test[da910daa2eecf50d]::test_idempotency_and_mismatch::test_idempotency_and_mismatch::{closure#0}>::{closure#0}, sqlx_core[ba261ccff62f4939]::testing::run_test_with_pool<sqlx_postgres[7cd2c76ca914781b]::database::Postgres, fn(sqlx_core[ba261ccff62f4939]::pool::Pool<sqlx_postgres[7cd2c76ca914781b]::database::Postgres>) -> integration_test[da910daa2eecf50d]::test_idempotency_and_mismatch::test_idempotency_and_mismatch::{closure#0}, integration_test[da910daa2eecf50d]::test_idempotency_and_mismatch::test_idempotency_and_mismatch::{closure#0}>::{closure#0}::{closure#0}>::{closure#0}>>>>::{closure#0}::{closure#0}::{closure#0}
[INFO] [stdout]                                at /opt/rustwide/cargo-home/registry/src/index.crates.io-1949cf8c6b5b557f/tokio-1.52.3/src/runtime/scheduler/current_thread/mod.rs:778:70
[INFO] [stdout]   28:     0x5d3e6aeb9e0b - tokio[3cae23e081335d20]::task::coop::with_budget::<core[6883ba1bc0fe4ed1]::task::poll::Poll<()>, <tokio[3cae23e081335d20]::runtime::scheduler::current_thread::CoreGuard>::block_on<core[6883ba1bc0fe4ed1]::pin::Pin<&mut core[6883ba1bc0fe4ed1]::pin::Pin<alloc[55a36b64bcbf2c0d]::boxed::Box<sqlx_core[ba261ccff62f4939]::testing::run_test<sqlx_postgres[7cd2c76ca914781b]::database::Postgres, sqlx_core[ba261ccff62f4939]::testing::run_test_with_pool<sqlx_postgres[7cd2c76ca914781b]::database::Postgres, fn(sqlx_core[ba261ccff62f4939]::pool::Pool<sqlx_postgres[7cd2c76ca914781b]::database::Postgres>) -> integration_test[da910daa2eecf50d]::test_idempotency_and_mismatch::test_idempotency_and_mismatch::{closure#0}, integration_test[da910daa2eecf50d]::test_idempotency_and_mismatch::test_idempotency_and_mismatch::{closure#0}>::{closure#0}, sqlx_core[ba261ccff62f4939]::testing::run_test_with_pool<sqlx_postgres[7cd2c76ca914781b]::database::Postgres, fn(sqlx_core[ba261ccff62f4939]::pool::Pool<sqlx_postgres[7cd2c76ca914781b]::database::Postgres>) -> integration_test[da910daa2eecf50d]::test_idempotency_and_mismatch::test_idempotency_and_mismatch::{closure#0}, integration_test[da910daa2eecf50d]::test_idempotency_and_mismatch::test_idempotency_and_mismatch::{closure#0}>::{closure#0}::{closure#0}>::{closure#0}>>>>::{closure#0}::{closure#0}::{closure#0}>
[INFO] [stdout]                                at /opt/rustwide/cargo-home/registry/src/index.crates.io-1949cf8c6b5b557f/tokio-1.52.3/src/task/coop/mod.rs:167:5
[INFO] [stdout]   29:     0x5d3e6aeb9e0b - tokio[3cae23e081335d20]::task::coop::budget::<core[6883ba1bc0fe4ed1]::task::poll::Poll<()>, <tokio[3cae23e081335d20]::runtime::scheduler::current_thread::CoreGuard>::block_on<core[6883ba1bc0fe4ed1]::pin::Pin<&mut core[6883ba1bc0fe4ed1]::pin::Pin<alloc[55a36b64bcbf2c0d]::boxed::Box<sqlx_core[ba261ccff62f4939]::testing::run_test<sqlx_postgres[7cd2c76ca914781b]::database::Postgres, sqlx_core[ba261ccff62f4939]::testing::run_test_with_pool<sqlx_postgres[7cd2c76ca914781b]::database::Postgres, fn(sqlx_core[ba261ccff62f4939]::pool::Pool<sqlx_postgres[7cd2c76ca914781b]::database::Postgres>) -> integration_test[da910daa2eecf50d]::test_idempotency_and_mismatch::test_idempotency_and_mismatch::{closure#0}, integration_test[da910daa2eecf50d]::test_idempotency_and_mismatch::test_idempotency_and_mismatch::{closure#0}>::{closure#0}, sqlx_core[ba261ccff62f4939]::testing::run_test_with_pool<sqlx_postgres[7cd2c76ca914781b]::database::Postgres, fn(sqlx_core[ba261ccff62f4939]::pool::Pool<sqlx_postgres[7cd2c76ca914781b]::database::Postgres>) -> integration_test[da910daa2eecf50d]::test_idempotency_and_mismatch::test_idempotency_and_mismatch::{closure#0}, integration_test[da910daa2eecf50d]::test_idempotency_and_mismatch::test_idempotency_and_mismatch::{closure#0}>::{closure#0}::{closure#0}>::{closure#0}>>>>::{closure#0}::{closure#0}::{closure#0}>
[INFO] [stdout]                                at /opt/rustwide/cargo-home/registry/src/index.crates.io-1949cf8c6b5b557f/tokio-1.52.3/src/task/coop/mod.rs:133:5
[INFO] [stdout]   30:     0x5d3e6aeb9e0b - <tokio[3cae23e081335d20]::runtime::scheduler::current_thread::CoreGuard>::block_on::<core[6883ba1bc0fe4ed1]::pin::Pin<&mut core[6883ba1bc0fe4ed1]::pin::Pin<alloc[55a36b64bcbf2c0d]::boxed::Box<sqlx_core[ba261ccff62f4939]::testing::run_test<sqlx_postgres[7cd2c76ca914781b]::database::Postgres, sqlx_core[ba261ccff62f4939]::testing::run_test_with_pool<sqlx_postgres[7cd2c76ca914781b]::database::Postgres, fn(sqlx_core[ba261ccff62f4939]::pool::Pool<sqlx_postgres[7cd2c76ca914781b]::database::Postgres>) -> integration_test[da910daa2eecf50d]::test_idempotency_and_mismatch::test_idempotency_and_mismatch::{closure#0}, integration_test[da910daa2eecf50d]::test_idempotency_and_mismatch::test_idempotency_and_mismatch::{closure#0}>::{closure#0}, sqlx_core[ba261ccff62f4939]::testing::run_test_with_pool<sqlx_postgres[7cd2c76ca914781b]::database::Postgres, fn(sqlx_core[ba261ccff62f4939]::pool::Pool<sqlx_postgres[7cd2c76ca914781b]::database::Postgres>) -> integration_test[da910daa2eecf50d]::test_idempotency_and_mismatch::test_idempotency_and_mismatch::{closure#0}, integration_test[da910daa2eecf50d]::test_idempotency_and_mismatch::test_idempotency_and_mismatch::{closure#0}>::{closure#0}::{closure#0}>::{closure#0}>>>>::{closure#0}::{closure#0}
[INFO] [stdout]                                at /opt/rustwide/cargo-home/registry/src/index.crates.io-1949cf8c6b5b557f/tokio-1.52.3/src/runtime/scheduler/current_thread/mod.rs:778:25
[INFO] [stderr] error: test failed, to rerun pass `--test integration_test`
[INFO] [stdout]   31:     0x5d3e6aead100 - <tokio[3cae23e081335d20]::runtime::scheduler::current_thread::Context>::enter::<core[6883ba1bc0fe4ed1]::task::poll::Poll<()>, <tokio[3cae23e081335d20]::runtime::scheduler::current_thread::CoreGuard>::block_on<core[6883ba1bc0fe4ed1]::pin::Pin<&mut core[6883ba1bc0fe4ed1]::pin::Pin<alloc[55a36b64bcbf2c0d]::boxed::Box<sqlx_core[ba261ccff62f4939]::testing::run_test<sqlx_postgres[7cd2c76ca914781b]::database::Postgres, sqlx_core[ba261ccff62f4939]::testing::run_test_with_pool<sqlx_postgres[7cd2c76ca914781b]::database::Postgres, fn(sqlx_core[ba261ccff62f4939]::pool::Pool<sqlx_postgres[7cd2c76ca914781b]::database::Postgres>) -> integration_test[da910daa2eecf50d]::test_idempotency_and_mismatch::test_idempotency_and_mismatch::{closure#0}, integration_test[da910daa2eecf50d]::test_idempotency_and_mismatch::test_idempotency_and_mismatch::{closure#0}>::{closure#0}, sqlx_core[ba261ccff62f4939]::testing::run_test_with_pool<sqlx_postgres[7cd2c76ca914781b]::database::Postgres, fn(sqlx_core[ba261ccff62f4939]::pool::Pool<sqlx_postgres[7cd2c76ca914781b]::database::Postgres>) -> integration_test[da910daa2eecf50d]::test_idempotency_and_mismatch::test_idempotency_and_mismatch::{closure#0}, integration_test[da910daa2eecf50d]::test_idempotency_and_mismatch::test_idempotency_and_mismatch::{closure#0}>::{closure#0}::{closure#0}>::{closure#0}>>>>::{closure#0}::{closure#0}>
[INFO] [stdout]                                at /opt/rustwide/cargo-home/registry/src/index.crates.io-1949cf8c6b5b557f/tokio-1.52.3/src/runtime/scheduler/current_thread/mod.rs:451:19
[INFO] [stdout]   32:     0x5d3e6aeb6c8d - <tokio[3cae23e081335d20]::runtime::scheduler::current_thread::CoreGuard>::block_on::<core[6883ba1bc0fe4ed1]::pin::Pin<&mut core[6883ba1bc0fe4ed1]::pin::Pin<alloc[55a36b64bcbf2c0d]::boxed::Box<sqlx_core[ba261ccff62f4939]::testing::run_test<sqlx_postgres[7cd2c76ca914781b]::database::Postgres, sqlx_core[ba261ccff62f4939]::testing::run_test_with_pool<sqlx_postgres[7cd2c76ca914781b]::database::Postgres, fn(sqlx_core[ba261ccff62f4939]::pool::Pool<sqlx_postgres[7cd2c76ca914781b]::database::Postgres>) -> integration_test[da910daa2eecf50d]::test_idempotency_and_mismatch::test_idempotency_and_mismatch::{closure#0}, integration_test[da910daa2eecf50d]::test_idempotency_and_mismatch::test_idempotency_and_mismatch::{closure#0}>::{closure#0}, sqlx_core[ba261ccff62f4939]::testing::run_test_with_pool<sqlx_postgres[7cd2c76ca914781b]::database::Postgres, fn(sqlx_core[ba261ccff62f4939]::pool::Pool<sqlx_postgres[7cd2c76ca914781b]::database::Postgres>) -> integration_test[da910daa2eecf50d]::test_idempotency_and_mismatch::test_idempotency_and_mismatch::{closure#0}, integration_test[da910daa2eecf50d]::test_idempotency_and_mismatch::test_idempotency_and_mismatch::{closure#0}>::{closure#0}::{closure#0}>::{closure#0}>>>>::{closure#0}
[INFO] [stdout]                                at /opt/rustwide/cargo-home/registry/src/index.crates.io-1949cf8c6b5b557f/tokio-1.52.3/src/runtime/scheduler/current_thread/mod.rs:777:44
[INFO] [stdout]   33:     0x5d3e6aeb53f4 - <tokio[3cae23e081335d20]::runtime::scheduler::current_thread::CoreGuard>::enter::<<tokio[3cae23e081335d20]::runtime::scheduler::current_thread::CoreGuard>::block_on<core[6883ba1bc0fe4ed1]::pin::Pin<&mut core[6883ba1bc0fe4ed1]::pin::Pin<alloc[55a36b64bcbf2c0d]::boxed::Box<sqlx_core[ba261ccff62f4939]::testing::run_test<sqlx_postgres[7cd2c76ca914781b]::database::Postgres, sqlx_core[ba261ccff62f4939]::testing::run_test_with_pool<sqlx_postgres[7cd2c76ca914781b]::database::Postgres, fn(sqlx_core[ba261ccff62f4939]::pool::Pool<sqlx_postgres[7cd2c76ca914781b]::database::Postgres>) -> integration_test[da910daa2eecf50d]::test_idempotency_and_mismatch::test_idempotency_and_mismatch::{closure#0}, integration_test[da910daa2eecf50d]::test_idempotency_and_mismatch::test_idempotency_and_mismatch::{closure#0}>::{closure#0}, sqlx_core[ba261ccff62f4939]::testing::run_test_with_pool<sqlx_postgres[7cd2c76ca914781b]::database::Postgres, fn(sqlx_core[ba261ccff62f4939]::pool::Pool<sqlx_postgres[7cd2c76ca914781b]::database::Postgres>) -> integration_test[da910daa2eecf50d]::test_idempotency_and_mismatch::test_idempotency_and_mismatch::{closure#0}, integration_test[da910daa2eecf50d]::test_idempotency_and_mismatch::test_idempotency_and_mismatch::{closure#0}>::{closure#0}::{closure#0}>::{closure#0}>>>>::{closure#0}, core[6883ba1bc0fe4ed1]::option::Option<()>>::{closure#0}
[INFO] [stdout]                                at /opt/rustwide/cargo-home/registry/src/index.crates.io-1949cf8c6b5b557f/tokio-1.52.3/src/runtime/scheduler/current_thread/mod.rs:865:68
[INFO] [stdout]   34:     0x5d3e6af151bb - <tokio[3cae23e081335d20]::runtime::context::scoped::Scoped<tokio[3cae23e081335d20]::runtime::scheduler::Context>>::set::<<tokio[3cae23e081335d20]::runtime::scheduler::current_thread::CoreGuard>::enter<<tokio[3cae23e081335d20]::runtime::scheduler::current_thread::CoreGuard>::block_on<core[6883ba1bc0fe4ed1]::pin::Pin<&mut core[6883ba1bc0fe4ed1]::pin::Pin<alloc[55a36b64bcbf2c0d]::boxed::Box<sqlx_core[ba261ccff62f4939]::testing::run_test<sqlx_postgres[7cd2c76ca914781b]::database::Postgres, sqlx_core[ba261ccff62f4939]::testing::run_test_with_pool<sqlx_postgres[7cd2c76ca914781b]::database::Postgres, fn(sqlx_core[ba261ccff62f4939]::pool::Pool<sqlx_postgres[7cd2c76ca914781b]::database::Postgres>) -> integration_test[da910daa2eecf50d]::test_idempotency_and_mismatch::test_idempotency_and_mismatch::{closure#0}, integration_test[da910daa2eecf50d]::test_idempotency_and_mismatch::test_idempotency_and_mismatch::{closure#0}>::{closure#0}, sqlx_core[ba261ccff62f4939]::testing::run_test_with_pool<sqlx_postgres[7cd2c76ca914781b]::database::Postgres, fn(sqlx_core[ba261ccff62f4939]::pool::Pool<sqlx_postgres[7cd2c76ca914781b]::database::Postgres>) -> integration_test[da910daa2eecf50d]::test_idempotency_and_mismatch::test_idempotency_and_mismatch::{closure#0}, integration_test[da910daa2eecf50d]::test_idempotency_and_mismatch::test_idempotency_and_mismatch::{closure#0}>::{closure#0}::{closure#0}>::{closure#0}>>>>::{closure#0}, core[6883ba1bc0fe4ed1]::option::Option<()>>::{closure#0}, (alloc[55a36b64bcbf2c0d]::boxed::Box<tokio[3cae23e081335d20]::runtime::scheduler::current_thread::Core>, core[6883ba1bc0fe4ed1]::option::Option<()>)>
[INFO] [stdout]                                at /opt/rustwide/cargo-home/registry/src/index.crates.io-1949cf8c6b5b557f/tokio-1.52.3/src/runtime/context/scoped.rs:40:9
[INFO] [stdout]   35:     0x5d3e6af00bd9 - tokio[3cae23e081335d20]::runtime::context::set_scheduler::<(alloc[55a36b64bcbf2c0d]::boxed::Box<tokio[3cae23e081335d20]::runtime::scheduler::current_thread::Core>, core[6883ba1bc0fe4ed1]::option::Option<()>), <tokio[3cae23e081335d20]::runtime::scheduler::current_thread::CoreGuard>::enter<<tokio[3cae23e081335d20]::runtime::scheduler::current_thread::CoreGuard>::block_on<core[6883ba1bc0fe4ed1]::pin::Pin<&mut core[6883ba1bc0fe4ed1]::pin::Pin<alloc[55a36b64bcbf2c0d]::boxed::Box<sqlx_core[ba261ccff62f4939]::testing::run_test<sqlx_postgres[7cd2c76ca914781b]::database::Postgres, sqlx_core[ba261ccff62f4939]::testing::run_test_with_pool<sqlx_postgres[7cd2c76ca914781b]::database::Postgres, fn(sqlx_core[ba261ccff62f4939]::pool::Pool<sqlx_postgres[7cd2c76ca914781b]::database::Postgres>) -> integration_test[da910daa2eecf50d]::test_idempotency_and_mismatch::test_idempotency_and_mismatch::{closure#0}, integration_test[da910daa2eecf50d]::test_idempotency_and_mismatch::test_idempotency_and_mismatch::{closure#0}>::{closure#0}, sqlx_core[ba261ccff62f4939]::testing::run_test_with_pool<sqlx_postgres[7cd2c76ca914781b]::database::Postgres, fn(sqlx_core[ba261ccff62f4939]::pool::Pool<sqlx_postgres[7cd2c76ca914781b]::database::Postgres>) -> integration_test[da910daa2eecf50d]::test_idempotency_and_mismatch::test_idempotency_and_mismatch::{closure#0}, integration_test[da910daa2eecf50d]::test_idempotency_and_mismatch::test_idempotency_and_mismatch::{closure#0}>::{closure#0}::{closure#0}>::{closure#0}>>>>::{closure#0}, core[6883ba1bc0fe4ed1]::option::Option<()>>::{closure#0}>::{closure#0}
[INFO] [stdout]                                at /opt/rustwide/cargo-home/registry/src/index.crates.io-1949cf8c6b5b557f/tokio-1.52.3/src/runtime/context.rs:181:38
[INFO] [stdout]   36:     0x5d3e6af163c2 - <std[73adb7dc35730857]::thread::local::LocalKey<tokio[3cae23e081335d20]::runtime::context::Context>>::try_with::<tokio[3cae23e081335d20]::runtime::context::set_scheduler<(alloc[55a36b64bcbf2c0d]::boxed::Box<tokio[3cae23e081335d20]::runtime::scheduler::current_thread::Core>, core[6883ba1bc0fe4ed1]::option::Option<()>), <tokio[3cae23e081335d20]::runtime::scheduler::current_thread::CoreGuard>::enter<<tokio[3cae23e081335d20]::runtime::scheduler::current_thread::CoreGuard>::block_on<core[6883ba1bc0fe4ed1]::pin::Pin<&mut core[6883ba1bc0fe4ed1]::pin::Pin<alloc[55a36b64bcbf2c0d]::boxed::Box<sqlx_core[ba261ccff62f4939]::testing::run_test<sqlx_postgres[7cd2c76ca914781b]::database::Postgres, sqlx_core[ba261ccff62f4939]::testing::run_test_with_pool<sqlx_postgres[7cd2c76ca914781b]::database::Postgres, fn(sqlx_core[ba261ccff62f4939]::pool::Pool<sqlx_postgres[7cd2c76ca914781b]::database::Postgres>) -> integration_test[da910daa2eecf50d]::test_idempotency_and_mismatch::test_idempotency_and_mismatch::{closure#0}, integration_test[da910daa2eecf50d]::test_idempotency_and_mismatch::test_idempotency_and_mismatch::{closure#0}>::{closure#0}, sqlx_core[ba261ccff62f4939]::testing::run_test_with_pool<sqlx_postgres[7cd2c76ca914781b]::database::Postgres, fn(sqlx_core[ba261ccff62f4939]::pool::Pool<sqlx_postgres[7cd2c76ca914781b]::database::Postgres>) -> integration_test[da910daa2eecf50d]::test_idempotency_and_mismatch::test_idempotency_and_mismatch::{closure#0}, integration_test[da910daa2eecf50d]::test_idempotency_and_mismatch::test_idempotency_and_mismatch::{closure#0}>::{closure#0}::{closure#0}>::{closure#0}>>>>::{closure#0}, core[6883ba1bc0fe4ed1]::option::Option<()>>::{closure#0}>::{closure#0}, (alloc[55a36b64bcbf2c0d]::boxed::Box<tokio[3cae23e081335d20]::runtime::scheduler::current_thread::Core>, core[6883ba1bc0fe4ed1]::option::Option<()>)>
[INFO] [stdout]                                at /rustc/6b3fa26749ab40e159b2dd5cf577acaaf5902772/library/std/src/thread/local.rs:463:12
[INFO] [stdout]   37:     0x5d3e6af158ee - <std[73adb7dc35730857]::thread::local::LocalKey<tokio[3cae23e081335d20]::runtime::context::Context>>::with::<tokio[3cae23e081335d20]::runtime::context::set_scheduler<(alloc[55a36b64bcbf2c0d]::boxed::Box<tokio[3cae23e081335d20]::runtime::scheduler::current_thread::Core>, core[6883ba1bc0fe4ed1]::option::Option<()>), <tokio[3cae23e081335d20]::runtime::scheduler::current_thread::CoreGuard>::enter<<tokio[3cae23e081335d20]::runtime::scheduler::current_thread::CoreGuard>::block_on<core[6883ba1bc0fe4ed1]::pin::Pin<&mut core[6883ba1bc0fe4ed1]::pin::Pin<alloc[55a36b64bcbf2c0d]::boxed::Box<sqlx_core[ba261ccff62f4939]::testing::run_test<sqlx_postgres[7cd2c76ca914781b]::database::Postgres, sqlx_core[ba261ccff62f4939]::testing::run_test_with_pool<sqlx_postgres[7cd2c76ca914781b]::database::Postgres, fn(sqlx_core[ba261ccff62f4939]::pool::Pool<sqlx_postgres[7cd2c76ca914781b]::database::Postgres>) -> integration_test[da910daa2eecf50d]::test_idempotency_and_mismatch::test_idempotency_and_mismatch::{closure#0}, integration_test[da910daa2eecf50d]::test_idempotency_and_mismatch::test_idempotency_and_mismatch::{closure#0}>::{closure#0}, sqlx_core[ba261ccff62f4939]::testing::run_test_with_pool<sqlx_postgres[7cd2c76ca914781b]::database::Postgres, fn(sqlx_core[ba261ccff62f4939]::pool::Pool<sqlx_postgres[7cd2c76ca914781b]::database::Postgres>) -> integration_test[da910daa2eecf50d]::test_idempotency_and_mismatch::test_idempotency_and_mismatch::{closure#0}, integration_test[da910daa2eecf50d]::test_idempotency_and_mismatch::test_idempotency_and_mismatch::{closure#0}>::{closure#0}::{closure#0}>::{closure#0}>>>>::{closure#0}, core[6883ba1bc0fe4ed1]::option::Option<()>>::{closure#0}>::{closure#0}, (alloc[55a36b64bcbf2c0d]::boxed::Box<tokio[3cae23e081335d20]::runtime::scheduler::current_thread::Core>, core[6883ba1bc0fe4ed1]::option::Option<()>)>
[INFO] [stdout]                                at /rustc/6b3fa26749ab40e159b2dd5cf577acaaf5902772/library/std/src/thread/local.rs:427:20
[INFO] [stdout]   38:     0x5d3e6aefeabd - tokio[3cae23e081335d20]::runtime::context::set_scheduler::<(alloc[55a36b64bcbf2c0d]::boxed::Box<tokio[3cae23e081335d20]::runtime::scheduler::current_thread::Core>, core[6883ba1bc0fe4ed1]::option::Option<()>), <tokio[3cae23e081335d20]::runtime::scheduler::current_thread::CoreGuard>::enter<<tokio[3cae23e081335d20]::runtime::scheduler::current_thread::CoreGuard>::block_on<core[6883ba1bc0fe4ed1]::pin::Pin<&mut core[6883ba1bc0fe4ed1]::pin::Pin<alloc[55a36b64bcbf2c0d]::boxed::Box<sqlx_core[ba261ccff62f4939]::testing::run_test<sqlx_postgres[7cd2c76ca914781b]::database::Postgres, sqlx_core[ba261ccff62f4939]::testing::run_test_with_pool<sqlx_postgres[7cd2c76ca914781b]::database::Postgres, fn(sqlx_core[ba261ccff62f4939]::pool::Pool<sqlx_postgres[7cd2c76ca914781b]::database::Postgres>) -> integration_test[da910daa2eecf50d]::test_idempotency_and_mismatch::test_idempotency_and_mismatch::{closure#0}, integration_test[da910daa2eecf50d]::test_idempotency_and_mismatch::test_idempotency_and_mismatch::{closure#0}>::{closure#0}, sqlx_core[ba261ccff62f4939]::testing::run_test_with_pool<sqlx_postgres[7cd2c76ca914781b]::database::Postgres, fn(sqlx_core[ba261ccff62f4939]::pool::Pool<sqlx_postgres[7cd2c76ca914781b]::database::Postgres>) -> integration_test[da910daa2eecf50d]::test_idempotency_and_mismatch::test_idempotency_and_mismatch::{closure#0}, integration_test[da910daa2eecf50d]::test_idempotency_and_mismatch::test_idempotency_and_mismatch::{closure#0}>::{closure#0}::{closure#0}>::{closure#0}>>>>::{closure#0}, core[6883ba1bc0fe4ed1]::option::Option<()>>::{closure#0}>
[INFO] [stdout]                                at /opt/rustwide/cargo-home/registry/src/index.crates.io-1949cf8c6b5b557f/tokio-1.52.3/src/runtime/context.rs:181:17
[INFO] [stdout]   39:     0x5d3e6aeb2640 - <tokio[3cae23e081335d20]::runtime::scheduler::current_thread::CoreGuard>::enter::<<tokio[3cae23e081335d20]::runtime::scheduler::current_thread::CoreGuard>::block_on<core[6883ba1bc0fe4ed1]::pin::Pin<&mut core[6883ba1bc0fe4ed1]::pin::Pin<alloc[55a36b64bcbf2c0d]::boxed::Box<sqlx_core[ba261ccff62f4939]::testing::run_test<sqlx_postgres[7cd2c76ca914781b]::database::Postgres, sqlx_core[ba261ccff62f4939]::testing::run_test_with_pool<sqlx_postgres[7cd2c76ca914781b]::database::Postgres, fn(sqlx_core[ba261ccff62f4939]::pool::Pool<sqlx_postgres[7cd2c76ca914781b]::database::Postgres>) -> integration_test[da910daa2eecf50d]::test_idempotency_and_mismatch::test_idempotency_and_mismatch::{closure#0}, integration_test[da910daa2eecf50d]::test_idempotency_and_mismatch::test_idempotency_and_mismatch::{closure#0}>::{closure#0}, sqlx_core[ba261ccff62f4939]::testing::run_test_with_pool<sqlx_postgres[7cd2c76ca914781b]::database::Postgres, fn(sqlx_core[ba261ccff62f4939]::pool::Pool<sqlx_postgres[7cd2c76ca914781b]::database::Postgres>) -> integration_test[da910daa2eecf50d]::test_idempotency_and_mismatch::test_idempotency_and_mismatch::{closure#0}, integration_test[da910daa2eecf50d]::test_idempotency_and_mismatch::test_idempotency_and_mismatch::{closure#0}>::{closure#0}::{closure#0}>::{closure#0}>>>>::{closure#0}, core[6883ba1bc0fe4ed1]::option::Option<()>>
[INFO] [stdout]                                at /opt/rustwide/cargo-home/registry/src/index.crates.io-1949cf8c6b5b557f/tokio-1.52.3/src/runtime/scheduler/current_thread/mod.rs:865:27
[INFO] [stdout]   40:     0x5d3e6aeb3616 - <tokio[3cae23e081335d20]::runtime::scheduler::current_thread::CoreGuard>::block_on::<core[6883ba1bc0fe4ed1]::pin::Pin<&mut core[6883ba1bc0fe4ed1]::pin::Pin<alloc[55a36b64bcbf2c0d]::boxed::Box<sqlx_core[ba261ccff62f4939]::testing::run_test<sqlx_postgres[7cd2c76ca914781b]::database::Postgres, sqlx_core[ba261ccff62f4939]::testing::run_test_with_pool<sqlx_postgres[7cd2c76ca914781b]::database::Postgres, fn(sqlx_core[ba261ccff62f4939]::pool::Pool<sqlx_postgres[7cd2c76ca914781b]::database::Postgres>) -> integration_test[da910daa2eecf50d]::test_idempotency_and_mismatch::test_idempotency_and_mismatch::{closure#0}, integration_test[da910daa2eecf50d]::test_idempotency_and_mismatch::test_idempotency_and_mismatch::{closure#0}>::{closure#0}, sqlx_core[ba261ccff62f4939]::testing::run_test_with_pool<sqlx_postgres[7cd2c76ca914781b]::database::Postgres, fn(sqlx_core[ba261ccff62f4939]::pool::Pool<sqlx_postgres[7cd2c76ca914781b]::database::Postgres>) -> integration_test[da910daa2eecf50d]::test_idempotency_and_mismatch::test_idempotency_and_mismatch::{closure#0}, integration_test[da910daa2eecf50d]::test_idempotency_and_mismatch::test_idempotency_and_mismatch::{closure#0}>::{closure#0}::{closure#0}>::{closure#0}>>>>
[INFO] [stdout]                                at /opt/rustwide/cargo-home/registry/src/index.crates.io-1949cf8c6b5b557f/tokio-1.52.3/src/runtime/scheduler/current_thread/mod.rs:765:24
[INFO] [stdout]   41:     0x5d3e6aeb40b0 - <tokio[3cae23e081335d20]::runtime::scheduler::current_thread::CurrentThread>::block_on::<core[6883ba1bc0fe4ed1]::pin::Pin<alloc[55a36b64bcbf2c0d]::boxed::Box<sqlx_core[ba261ccff62f4939]::testing::run_test<sqlx_postgres[7cd2c76ca914781b]::database::Postgres, sqlx_core[ba261ccff62f4939]::testing::run_test_with_pool<sqlx_postgres[7cd2c76ca914781b]::database::Postgres, fn(sqlx_core[ba261ccff62f4939]::pool::Pool<sqlx_postgres[7cd2c76ca914781b]::database::Postgres>) -> integration_test[da910daa2eecf50d]::test_idempotency_and_mismatch::test_idempotency_and_mismatch::{closure#0}, integration_test[da910daa2eecf50d]::test_idempotency_and_mismatch::test_idempotency_and_mismatch::{closure#0}>::{closure#0}, sqlx_core[ba261ccff62f4939]::testing::run_test_with_pool<sqlx_postgres[7cd2c76ca914781b]::database::Postgres, fn(sqlx_core[ba261ccff62f4939]::pool::Pool<sqlx_postgres[7cd2c76ca914781b]::database::Postgres>) -> integration_test[da910daa2eecf50d]::test_idempotency_and_mismatch::test_idempotency_and_mismatch::{closure#0}, integration_test[da910daa2eecf50d]::test_idempotency_and_mismatch::test_idempotency_and_mismatch::{closure#0}>::{closure#0}::{closure#0}>::{closure#0}>>>::{closure#0}
[INFO] [stdout]                                at /opt/rustwide/cargo-home/registry/src/index.crates.io-1949cf8c6b5b557f/tokio-1.52.3/src/runtime/scheduler/current_thread/mod.rs:205:33
[INFO] [stdout]   42:     0x5d3e6aeffa93 - tokio[3cae23e081335d20]::runtime::context::runtime::enter_runtime::<<tokio[3cae23e081335d20]::runtime::scheduler::current_thread::CurrentThread>::block_on<core[6883ba1bc0fe4ed1]::pin::Pin<alloc[55a36b64bcbf2c0d]::boxed::Box<sqlx_core[ba261ccff62f4939]::testing::run_test<sqlx_postgres[7cd2c76ca914781b]::database::Postgres, sqlx_core[ba261ccff62f4939]::testing::run_test_with_pool<sqlx_postgres[7cd2c76ca914781b]::database::Postgres, fn(sqlx_core[ba261ccff62f4939]::pool::Pool<sqlx_postgres[7cd2c76ca914781b]::database::Postgres>) -> integration_test[da910daa2eecf50d]::test_idempotency_and_mismatch::test_idempotency_and_mismatch::{closure#0}, integration_test[da910daa2eecf50d]::test_idempotency_and_mismatch::test_idempotency_and_mismatch::{closure#0}>::{closure#0}, sqlx_core[ba261ccff62f4939]::testing::run_test_with_pool<sqlx_postgres[7cd2c76ca914781b]::database::Postgres, fn(sqlx_core[ba261ccff62f4939]::pool::Pool<sqlx_postgres[7cd2c76ca914781b]::database::Postgres>) -> integration_test[da910daa2eecf50d]::test_idempotency_and_mismatch::test_idempotency_and_mismatch::{closure#0}, integration_test[da910daa2eecf50d]::test_idempotency_and_mismatch::test_idempotency_and_mismatch::{closure#0}>::{closure#0}::{closure#0}>::{closure#0}>>>::{closure#0}, ()>
[INFO] [stdout]                                at /opt/rustwide/cargo-home/registry/src/index.crates.io-1949cf8c6b5b557f/tokio-1.52.3/src/runtime/context/runtime.rs:65:16
[INFO] [stdout]   43:     0x5d3e6aeac673 - <tokio[3cae23e081335d20]::runtime::scheduler::current_thread::CurrentThread>::block_on::<core[6883ba1bc0fe4ed1]::pin::Pin<alloc[55a36b64bcbf2c0d]::boxed::Box<sqlx_core[ba261ccff62f4939]::testing::run_test<sqlx_postgres[7cd2c76ca914781b]::database::Postgres, sqlx_core[ba261ccff62f4939]::testing::run_test_with_pool<sqlx_postgres[7cd2c76ca914781b]::database::Postgres, fn(sqlx_core[ba261ccff62f4939]::pool::Pool<sqlx_postgres[7cd2c76ca914781b]::database::Postgres>) -> integration_test[da910daa2eecf50d]::test_idempotency_and_mismatch::test_idempotency_and_mismatch::{closure#0}, integration_test[da910daa2eecf50d]::test_idempotency_and_mismatch::test_idempotency_and_mismatch::{closure#0}>::{closure#0}, sqlx_core[ba261ccff62f4939]::testing::run_test_with_pool<sqlx_postgres[7cd2c76ca914781b]::database::Postgres, fn(sqlx_core[ba261ccff62f4939]::pool::Pool<sqlx_postgres[7cd2c76ca914781b]::database::Postgres>) -> integration_test[da910daa2eecf50d]::test_idempotency_and_mismatch::test_idempotency_and_mismatch::{closure#0}, integration_test[da910daa2eecf50d]::test_idempotency_and_mismatch::test_idempotency_and_mismatch::{closure#0}>::{closure#0}::{closure#0}>::{closure#0}>>>
[INFO] [stdout]                                at /opt/rustwide/cargo-home/registry/src/index.crates.io-1949cf8c6b5b557f/tokio-1.52.3/src/runtime/scheduler/current_thread/mod.rs:193:9
[INFO] [stdout]   44:     0x5d3e6aec6f91 - <tokio[3cae23e081335d20]::runtime::runtime::Runtime>::block_on_inner::<core[6883ba1bc0fe4ed1]::pin::Pin<alloc[55a36b64bcbf2c0d]::boxed::Box<sqlx_core[ba261ccff62f4939]::testing::run_test<sqlx_postgres[7cd2c76ca914781b]::database::Postgres, sqlx_core[ba261ccff62f4939]::testing::run_test_with_pool<sqlx_postgres[7cd2c76ca914781b]::database::Postgres, fn(sqlx_core[ba261ccff62f4939]::pool::Pool<sqlx_postgres[7cd2c76ca914781b]::database::Postgres>) -> integration_test[da910daa2eecf50d]::test_idempotency_and_mismatch::test_idempotency_and_mismatch::{closure#0}, integration_test[da910daa2eecf50d]::test_idempotency_and_mismatch::test_idempotency_and_mismatch::{closure#0}>::{closure#0}, sqlx_core[ba261ccff62f4939]::testing::run_test_with_pool<sqlx_postgres[7cd2c76ca914781b]::database::Postgres, fn(sqlx_core[ba261ccff62f4939]::pool::Pool<sqlx_postgres[7cd2c76ca914781b]::database::Postgres>) -> integration_test[da910daa2eecf50d]::test_idempotency_and_mismatch::test_idempotency_and_mismatch::{closure#0}, integration_test[da910daa2eecf50d]::test_idempotency_and_mismatch::test_idempotency_and_mismatch::{closure#0}>::{closure#0}::{closure#0}>::{closure#0}>>>
[INFO] [stdout]                                at /opt/rustwide/cargo-home/registry/src/index.crates.io-1949cf8c6b5b557f/tokio-1.52.3/src/runtime/runtime.rs:371:52
[INFO] [stdout]   45:     0x5d3e6aec7c0a - <tokio[3cae23e081335d20]::runtime::runtime::Runtime>::block_on::<sqlx_core[ba261ccff62f4939]::testing::run_test<sqlx_postgres[7cd2c76ca914781b]::database::Postgres, sqlx_core[ba261ccff62f4939]::testing::run_test_with_pool<sqlx_postgres[7cd2c76ca914781b]::database::Postgres, fn(sqlx_core[ba261ccff62f4939]::pool::Pool<sqlx_postgres[7cd2c76ca914781b]::database::Postgres>) -> integration_test[da910daa2eecf50d]::test_idempotency_and_mismatch::test_idempotency_and_mismatch::{closure#0}, integration_test[da910daa2eecf50d]::test_idempotency_and_mismatch::test_idempotency_and_mismatch::{closure#0}>::{closure#0}, sqlx_core[ba261ccff62f4939]::testing::run_test_with_pool<sqlx_postgres[7cd2c76ca914781b]::database::Postgres, fn(sqlx_core[ba261ccff62f4939]::pool::Pool<sqlx_postgres[7cd2c76ca914781b]::database::Postgres>) -> integration_test[da910daa2eecf50d]::test_idempotency_and_mismatch::test_idempotency_and_mismatch::{closure#0}, integration_test[da910daa2eecf50d]::test_idempotency_and_mismatch::test_idempotency_and_mismatch::{closure#0}>::{closure#0}::{closure#0}>::{closure#0}>
[INFO] [stdout]                                at /opt/rustwide/cargo-home/registry/src/index.crates.io-1949cf8c6b5b557f/tokio-1.52.3/src/runtime/runtime.rs:343:18
[INFO] [stdout]   46:     0x5d3e6aebc02e - sqlx_core[ba261ccff62f4939]::rt::test_block_on::<sqlx_core[ba261ccff62f4939]::testing::run_test<sqlx_postgres[7cd2c76ca914781b]::database::Postgres, sqlx_core[ba261ccff62f4939]::testing::run_test_with_pool<sqlx_postgres[7cd2c76ca914781b]::database::Postgres, fn(sqlx_core[ba261ccff62f4939]::pool::Pool<sqlx_postgres[7cd2c76ca914781b]::database::Postgres>) -> integration_test[da910daa2eecf50d]::test_idempotency_and_mismatch::test_idempotency_and_mismatch::{closure#0}, integration_test[da910daa2eecf50d]::test_idempotency_and_mismatch::test_idempotency_and_mismatch::{closure#0}>::{closure#0}, sqlx_core[ba261ccff62f4939]::testing::run_test_with_pool<sqlx_postgres[7cd2c76ca914781b]::database::Postgres, fn(sqlx_core[ba261ccff62f4939]::pool::Pool<sqlx_postgres[7cd2c76ca914781b]::database::Postgres>) -> integration_test[da910daa2eecf50d]::test_idempotency_and_mismatch::test_idempotency_and_mismatch::{closure#0}, integration_test[da910daa2eecf50d]::test_idempotency_and_mismatch::test_idempotency_and_mismatch::{closure#0}>::{closure#0}::{closure#0}>::{closure#0}>
[INFO] [stdout]                                at /opt/rustwide/cargo-home/registry/src/index.crates.io-1949cf8c6b5b557f/sqlx-core-0.7.4/src/rt/mod.rs:123:14
[INFO] [stdout]   47:     0x5d3e6aecaf1f - sqlx_core[ba261ccff62f4939]::testing::run_test::<sqlx_postgres[7cd2c76ca914781b]::database::Postgres, sqlx_core[ba261ccff62f4939]::testing::run_test_with_pool<sqlx_postgres[7cd2c76ca914781b]::database::Postgres, fn(sqlx_core[ba261ccff62f4939]::pool::Pool<sqlx_postgres[7cd2c76ca914781b]::database::Postgres>) -> integration_test[da910daa2eecf50d]::test_idempotency_and_mismatch::test_idempotency_and_mismatch::{closure#0}, integration_test[da910daa2eecf50d]::test_idempotency_and_mismatch::test_idempotency_and_mismatch::{closure#0}>::{closure#0}, sqlx_core[ba261ccff62f4939]::testing::run_test_with_pool<sqlx_postgres[7cd2c76ca914781b]::database::Postgres, fn(sqlx_core[ba261ccff62f4939]::pool::Pool<sqlx_postgres[7cd2c76ca914781b]::database::Postgres>) -> integration_test[da910daa2eecf50d]::test_idempotency_and_mismatch::test_idempotency_and_mismatch::{closure#0}, integration_test[da910daa2eecf50d]::test_idempotency_and_mismatch::test_idempotency_and_mismatch::{closure#0}>::{closure#0}::{closure#0}>
[INFO] [stdout]                                at /opt/rustwide/cargo-home/registry/src/index.crates.io-1949cf8c6b5b557f/sqlx-core-0.7.4/src/testing/mod.rs:210:5
[INFO] [stdout]   48:     0x5d3e6aecae06 - sqlx_core[ba261ccff62f4939]::testing::run_test_with_pool::<sqlx_postgres[7cd2c76ca914781b]::database::Postgres, fn(sqlx_core[ba261ccff62f4939]::pool::Pool<sqlx_postgres[7cd2c76ca914781b]::database::Postgres>) -> integration_test[da910daa2eecf50d]::test_idempotency_and_mismatch::test_idempotency_and_mismatch::{closure#0}, integration_test[da910daa2eecf50d]::test_idempotency_and_mismatch::test_idempotency_and_mismatch::{closure#0}>
[INFO] [stdout]                                at /opt/rustwide/cargo-home/registry/src/index.crates.io-1949cf8c6b5b557f/sqlx-core-0.7.4/src/testing/mod.rs:181:5
[INFO] [stdout]   49:     0x5d3e6aed207a - <fn(sqlx_core[ba261ccff62f4939]::pool::Pool<sqlx_postgres[7cd2c76ca914781b]::database::Postgres>) -> integration_test[da910daa2eecf50d]::test_idempotency_and_mismatch::test_idempotency_and_mismatch::{closure#0} as sqlx_core[ba261ccff62f4939]::testing::TestFn>::run_test
[INFO] [stdout]                                at /opt/rustwide/cargo-home/registry/src/index.crates.io-1949cf8c6b5b557f/sqlx-core-0.7.4/src/testing/mod.rs:84:9
[INFO] [stdout]   50:     0x5d3e6af420f7 - integration_test[da910daa2eecf50d]::test_idempotency_and_mismatch
[INFO] [stdout]                                at /opt/rustwide/workdir/tests/integration_test.rs:116:1
[INFO] [stdout]   51:     0x5d3e6af39827 - integration_test[da910daa2eecf50d]::test_idempotency_and_mismatch::{closure#0}
[INFO] [stdout]                                at /opt/rustwide/workdir/tests/integration_test.rs:116:14
[INFO] [stdout]   52:     0x5d3e6af34a46 - <integration_test[da910daa2eecf50d]::test_idempotency_and_mismatch::{closure#0} as core[6883ba1bc0fe4ed1]::ops::function::FnOnce<()>>::call_once
[INFO] [stdout]                                at /rustc/6b3fa26749ab40e159b2dd5cf577acaaf5902772/library/core/src/ops/function.rs:250:5
[INFO] [stdout]   53:     0x5d3e6af4db9b - <fn() -> core[6883ba1bc0fe4ed1]::result::Result<(), alloc[55a36b64bcbf2c0d]::string::String> as core[6883ba1bc0fe4ed1]::ops::function::FnOnce<()>>::call_once
[INFO] [stdout]                                at /rustc/6b3fa26749ab40e159b2dd5cf577acaaf5902772/library/core/src/ops/function.rs:250:5
[INFO] [stdout]   54:     0x5d3e6af4db9b - test[980ffaebd391d06d]::__rust_begin_short_backtrace::<core[6883ba1bc0fe4ed1]::result::Result<(), alloc[55a36b64bcbf2c0d]::string::String>, fn() -> core[6883ba1bc0fe4ed1]::result::Result<(), alloc[55a36b64bcbf2c0d]::string::String>>
[INFO] [stdout]                                at /rustc/6b3fa26749ab40e159b2dd5cf577acaaf5902772/library/test/src/lib.rs:724:18
[INFO] [stdout]   55:     0x5d3e6af5b1e5 - test[980ffaebd391d06d]::run_test_in_process::{closure#0}
[INFO] [stdout]                                at /rustc/6b3fa26749ab40e159b2dd5cf577acaaf5902772/library/test/src/lib.rs:747:74
[INFO] [stdout]   56:     0x5d3e6af5b1e5 - <core[6883ba1bc0fe4ed1]::panic::unwind_safe::AssertUnwindSafe<test[980ffaebd391d06d]::run_test_in_process::{closure#0}> as core[6883ba1bc0fe4ed1]::ops::function::FnOnce<()>>::call_once
[INFO] [stdout]                                at /rustc/6b3fa26749ab40e159b2dd5cf577acaaf5902772/library/core/src/panic/unwind_safe.rs:275:9
[INFO] [stdout]   57:     0x5d3e6af5b1e5 - std[73adb7dc35730857]::panicking::catch_unwind::do_call::<core[6883ba1bc0fe4ed1]::panic::unwind_safe::AssertUnwindSafe<test[980ffaebd391d06d]::run_test_in_process::{closure#0}>, core[6883ba1bc0fe4ed1]::result::Result<(), alloc[55a36b64bcbf2c0d]::string::String>>
[INFO] [stdout]                                at /rustc/6b3fa26749ab40e159b2dd5cf577acaaf5902772/library/std/src/panicking.rs:576:43
[INFO] [stdout]   58:     0x5d3e6af5b1e5 - std[73adb7dc35730857]::panicking::catch_unwind::<core[6883ba1bc0fe4ed1]::result::Result<(), alloc[55a36b64bcbf2c0d]::string::String>, core[6883ba1bc0fe4ed1]::panic::unwind_safe::AssertUnwindSafe<test[980ffaebd391d06d]::run_test_in_process::{closure#0}>>
[INFO] [stdout]                                at /rustc/6b3fa26749ab40e159b2dd5cf577acaaf5902772/library/std/src/panicking.rs:544:19
[INFO] [stdout]   59:     0x5d3e6af5b1e5 - std[73adb7dc35730857]::panic::catch_unwind::<core[6883ba1bc0fe4ed1]::panic::unwind_safe::AssertUnwindSafe<test[980ffaebd391d06d]::run_test_in_process::{closure#0}>, core[6883ba1bc0fe4ed1]::result::Result<(), alloc[55a36b64bcbf2c0d]::string::String>>
[INFO] [stdout]                                at /rustc/6b3fa26749ab40e159b2dd5cf577acaaf5902772/library/std/src/panic.rs:359:14
[INFO] [stdout]   60:     0x5d3e6af5b1e5 - test[980ffaebd391d06d]::run_test_in_process
[INFO] [stdout]                                at /rustc/6b3fa26749ab40e159b2dd5cf577acaaf5902772/library/test/src/lib.rs:747:27
[INFO] [stdout]   61:     0x5d3e6af5b1e5 - test[980ffaebd391d06d]::run_test::{closure#0}
[INFO] [stdout]                                at /rustc/6b3fa26749ab40e159b2dd5cf577acaaf5902772/library/test/src/lib.rs:668:43
[INFO] [stdout]   62:     0x5d3e6af55c94 - test[980ffaebd391d06d]::run_test::{closure#1}
[INFO] [stdout]                                at /rustc/6b3fa26749ab40e159b2dd5cf577acaaf5902772/library/test/src/lib.rs:698:41
[INFO] [stdout]   63:     0x5d3e6af55c94 - std[73adb7dc35730857]::sys::backtrace::__rust_begin_short_backtrace::<test[980ffaebd391d06d]::run_test::{closure#1}, ()>
[INFO] [stdout]                                at /rustc/6b3fa26749ab40e159b2dd5cf577acaaf5902772/library/std/src/sys/backtrace.rs:166:18
[INFO] [stdout]   64:     0x5d3e6af5e332 - std[73adb7dc35730857]::thread::lifecycle::spawn_unchecked::<test[980ffaebd391d06d]::run_test::{closure#1}, ()>::{closure#1}::{closure#0}
[INFO] [stdout]                                at /rustc/6b3fa26749ab40e159b2dd5cf577acaaf5902772/library/std/src/thread/lifecycle.rs:70:13
[INFO] [stdout]   65:     0x5d3e6af5e332 - <core[6883ba1bc0fe4ed1]::panic::unwind_safe::AssertUnwindSafe<std[73adb7dc35730857]::thread::lifecycle::spawn_unchecked<test[980ffaebd391d06d]::run_test::{closure#1}, ()>::{closure#1}::{closure#0}> as core[6883ba1bc0fe4ed1]::ops::function::FnOnce<()>>::call_once
[INFO] [stdout]                                at /rustc/6b3fa26749ab40e159b2dd5cf577acaaf5902772/library/core/src/panic/unwind_safe.rs:275:9
[INFO] [stdout]   66:     0x5d3e6af5e332 - std[73adb7dc35730857]::panicking::catch_unwind::do_call::<core[6883ba1bc0fe4ed1]::panic::unwind_safe::AssertUnwindSafe<std[73adb7dc35730857]::thread::lifecycle::spawn_unchecked<test[980ffaebd391d06d]::run_test::{closure#1}, ()>::{closure#1}::{closure#0}>, ()>
[INFO] [stdout]                                at /rustc/6b3fa26749ab40e159b2dd5cf577acaaf5902772/library/std/src/panicking.rs:576:43
[INFO] [stdout]   67:     0x5d3e6af5e332 - std[73adb7dc35730857]::panicking::catch_unwind::<(), core[6883ba1bc0fe4ed1]::panic::unwind_safe::AssertUnwindSafe<std[73adb7dc35730857]::thread::lifecycle::spawn_unchecked<test[980ffaebd391d06d]::run_test::{closure#1}, ()>::{closure#1}::{closure#0}>>
[INFO] [stdout]                                at /rustc/6b3fa26749ab40e159b2dd5cf577acaaf5902772/library/std/src/panicking.rs:544:19
[INFO] [stdout]   68:     0x5d3e6af5e332 - std[73adb7dc35730857]::panic::catch_unwind::<core[6883ba1bc0fe4ed1]::panic::unwind_safe::AssertUnwindSafe<std[73adb7dc35730857]::thread::lifecycle::spawn_unchecked<test[980ffaebd391d06d]::run_test::{closure#1}, ()>::{closure#1}::{closure#0}>, ()>
[INFO] [stdout]                                at /rustc/6b3fa26749ab40e159b2dd5cf577acaaf5902772/library/std/src/panic.rs:359:14
[INFO] [stdout]   69:     0x5d3e6af5e332 - std[73adb7dc35730857]::thread::lifecycle::spawn_unchecked::<test[980ffaebd391d06d]::run_test::{closure#1}, ()>::{closure#1}
[INFO] [stdout]                                at /rustc/6b3fa26749ab40e159b2dd5cf577acaaf5902772/library/std/src/thread/lifecycle.rs:68:26
[INFO] [stdout]   70:     0x5d3e6af5e332 - <std[73adb7dc35730857]::thread::lifecycle::spawn_unchecked<test[980ffaebd391d06d]::run_test::{closure#1}, ()>::{closure#1} as core[6883ba1bc0fe4ed1]::ops::function::FnOnce<()>>::call_once::{shim:vtable#0}
[INFO] [stdout]                                at /rustc/6b3fa26749ab40e159b2dd5cf577acaaf5902772/library/core/src/ops/function.rs:250:5
[INFO] [stdout]   71:     0x5d3e6b8c3a4f - <alloc[55a36b64bcbf2c0d]::boxed::Box<dyn core[6883ba1bc0fe4ed1]::ops::function::FnOnce<(), Output = ()> + core[6883ba1bc0fe4ed1]::marker::Send> as core[6883ba1bc0fe4ed1]::ops::function::FnOnce<()>>::call_once
[INFO] [stdout]                                at /rustc/6b3fa26749ab40e159b2dd5cf577acaaf5902772/library/alloc/src/boxed.rs:2319:9
[INFO] [stdout]   72:     0x5d3e6b8c3a4f - <std[73adb7dc35730857]::sys::thread::unix::Thread>::new::thread_start
[INFO] [stdout]                                at /rustc/6b3fa26749ab40e159b2dd5cf577acaaf5902772/library/std/src/sys/thread/unix.rs:123:17
[INFO] [stdout]   73:     0x7739da87aaa4 - <unknown>
[INFO] [stdout]   74:     0x7739da907a64 - clone
[INFO] [stdout]   75:                0x0 - <unknown>
[INFO] [stdout] 
[INFO] [stdout] ---- test_concurrency stdout ----
[INFO] [stdout] 
[INFO] [stdout] thread 'test_concurrency' (2474) panicked at tests/integration_test.rs:48:89:
[INFO] [stdout] called `Result::unwrap()` on an `Err` value: PoolTimedOut
[INFO] [stdout] stack backtrace:
[INFO] [stdout]    0:     0x5d3e6b8c48a1 - std[73adb7dc35730857]::backtrace_rs::backtrace::libunwind::trace
[INFO] [stdout]                                at /rustc/6b3fa26749ab40e159b2dd5cf577acaaf5902772/library/std/src/../../backtrace/src/backtrace/libunwind.rs:117:9
[INFO] [stdout]    1:     0x5d3e6b8c48a1 - std[73adb7dc35730857]::backtrace_rs::backtrace::trace_unsynchronized::<std[73adb7dc35730857]::sys::backtrace::_print_fmt::{closure#1}>
[INFO] [stdout]                                at /rustc/6b3fa26749ab40e159b2dd5cf577acaaf5902772/library/std/src/../../backtrace/src/backtrace/mod.rs:66:14
[INFO] [stdout]    2:     0x5d3e6b8c48a1 - std[73adb7dc35730857]::sys::backtrace::_print_fmt
[INFO] [stdout]                                at /rustc/6b3fa26749ab40e159b2dd5cf577acaaf5902772/library/std/src/sys/backtrace.rs:74:9
[INFO] [stdout]    3:     0x5d3e6b8c48a1 - <<std[73adb7dc35730857]::sys::backtrace::BacktraceLock>::print::DisplayBacktrace as core[6883ba1bc0fe4ed1]::fmt::Display>::fmt
[INFO] [stdout]                                at /rustc/6b3fa26749ab40e159b2dd5cf577acaaf5902772/library/std/src/sys/backtrace.rs:44:26
[INFO] [stdout]    4:     0x5d3e6b8dccda - <core[6883ba1bc0fe4ed1]::fmt::rt::Argument>::fmt
[INFO] [stdout]                                at /rustc/6b3fa26749ab40e159b2dd5cf577acaaf5902772/library/core/src/fmt/rt.rs:152:76
[INFO] [stdout]    5:     0x5d3e6b8dccda - core[6883ba1bc0fe4ed1]::fmt::write
[INFO] [stdout]    6:     0x5d3e6b8c983c - std[73adb7dc35730857]::io::default_write_fmt::<alloc[55a36b64bcbf2c0d]::vec::Vec<u8>>
[INFO] [stdout]                                at /rustc/6b3fa26749ab40e159b2dd5cf577acaaf5902772/library/std/src/io/mod.rs:626:11
[INFO] [stdout]    7:     0x5d3e6b8c983c - <alloc[55a36b64bcbf2c0d]::vec::Vec<u8> as std[73adb7dc35730857]::io::Write>::write_fmt
[INFO] [stdout]                                at /rustc/6b3fa26749ab40e159b2dd5cf577acaaf5902772/library/std/src/io/mod.rs:1730:13
[INFO] [stdout]    8:     0x5d3e6b8a1406 - <std[73adb7dc35730857]::sys::backtrace::BacktraceLock>::print
[INFO] [stdout]                                at /rustc/6b3fa26749ab40e159b2dd5cf577acaaf5902772/library/std/src/sys/backtrace.rs:47:9
[INFO] [stdout]    9:     0x5d3e6b8a1406 - std[73adb7dc35730857]::panicking::default_hook::{closure#0}
[INFO] [stdout]                                at /rustc/6b3fa26749ab40e159b2dd5cf577acaaf5902772/library/std/src/panicking.rs:292:27
[INFO] [stdout]   10:     0x5d3e6b8bbe09 - std[73adb7dc35730857]::panicking::default_hook
[INFO] [stdout]                                at /rustc/6b3fa26749ab40e159b2dd5cf577acaaf5902772/library/std/src/panicking.rs:316:9
[INFO] [stdout]   11:     0x5d3e6af5a860 - <alloc[55a36b64bcbf2c0d]::boxed::Box<dyn for<'a, 'b> core[6883ba1bc0fe4ed1]::ops::function::Fn<(&'a std[73adb7dc35730857]::panic::PanicHookInfo<'b>,), Output = ()> + core[6883ba1bc0fe4ed1]::marker::Send + core[6883ba1bc0fe4ed1]::marker::Sync> as core[6883ba1bc0fe4ed1]::ops::function::Fn<(&std[73adb7dc35730857]::panic::PanicHookInfo,)>>::call
[INFO] [stdout]                                at /rustc/6b3fa26749ab40e159b2dd5cf577acaaf5902772/library/alloc/src/boxed.rs:2333:9
[INFO] [stdout]   12:     0x5d3e6af5a860 - test[980ffaebd391d06d]::test_main_inner::<test[980ffaebd391d06d]::test_main_static::{closure#0}>::{closure#0}
[INFO] [stdout]                                at /rustc/6b3fa26749ab40e159b2dd5cf577acaaf5902772/library/test/src/lib.rs:155:21
[INFO] [stdout]   13:     0x5d3e6b8bc132 - <alloc[55a36b64bcbf2c0d]::boxed::Box<dyn for<'a, 'b> core[6883ba1bc0fe4ed1]::ops::function::Fn<(&'a std[73adb7dc35730857]::panic::PanicHookInfo<'b>,), Output = ()> + core[6883ba1bc0fe4ed1]::marker::Send + core[6883ba1bc0fe4ed1]::marker::Sync> as core[6883ba1bc0fe4ed1]::ops::function::Fn<(&std[73adb7dc35730857]::panic::PanicHookInfo,)>>::call
[INFO] [stdout]                                at /rustc/6b3fa26749ab40e159b2dd5cf577acaaf5902772/library/alloc/src/boxed.rs:2333:9
[INFO] [stdout]   14:     0x5d3e6b8bc132 - std[73adb7dc35730857]::panicking::panic_with_hook
[INFO] [stdout]                                at /rustc/6b3fa26749ab40e159b2dd5cf577acaaf5902772/library/std/src/panicking.rs:823:13
[INFO] [stdout]   15:     0x5d3e6b8a14b2 - std[73adb7dc35730857]::panicking::panic_handler::{closure#0}
[INFO] [stdout]                                at /rustc/6b3fa26749ab40e159b2dd5cf577acaaf5902772/library/std/src/panicking.rs:688:13
[INFO] [stdout]   16:     0x5d3e6b898969 - std[73adb7dc35730857]::sys::backtrace::__rust_end_short_backtrace::<std[73adb7dc35730857]::panicking::panic_handler::{closure#0}, !>
[INFO] [stdout]                                at /rustc/6b3fa26749ab40e159b2dd5cf577acaaf5902772/library/std/src/sys/backtrace.rs:182:18
[INFO] [stdout]   17:     0x5d3e6b8a233d - __rustc[a7b7b02e776dd976]::rust_begin_unwind
[INFO] [stdout]                                at /rustc/6b3fa26749ab40e159b2dd5cf577acaaf5902772/library/std/src/panicking.rs:679:5
[INFO] [stdout]   18:     0x5d3e6b8dd50c - core[6883ba1bc0fe4ed1]::panicking::panic_fmt
[INFO] [stdout]                                at /rustc/6b3fa26749ab40e159b2dd5cf577acaaf5902772/library/core/src/panicking.rs:80:14
[INFO] [stdout]   19:     0x5d3e6b8dd252 - core[6883ba1bc0fe4ed1]::result::unwrap_failed
[INFO] [stdout]                                at /rustc/6b3fa26749ab40e159b2dd5cf577acaaf5902772/library/core/src/result.rs:1870:5
[INFO] [stdout]   20:     0x5d3e6af3a6f9 - <core[6883ba1bc0fe4ed1]::result::Result<sqlx_core[ba261ccff62f4939]::pool::Pool<sqlx_postgres[7cd2c76ca914781b]::database::Postgres>, sqlx_core[ba261ccff62f4939]::error::Error>>::unwrap
[INFO] [stdout]                                at /rustc/6b3fa26749ab40e159b2dd5cf577acaaf5902772/library/core/src/result.rs:1231:23
[INFO] [stdout]   21:     0x5d3e6af3a6f9 - integration_test[da910daa2eecf50d]::test_concurrency::{closure#0}
[INFO] [stdout]                                at /opt/rustwide/workdir/tests/integration_test.rs:48:89
[INFO] [stdout]   22:     0x5d3e6af1e402 - <core[6883ba1bc0fe4ed1]::pin::Pin<&mut dyn core[6883ba1bc0fe4ed1]::future::future::Future<Output = ()>> as core[6883ba1bc0fe4ed1]::future::future::Future>::poll
[INFO] [stdout]                                at /rustc/6b3fa26749ab40e159b2dd5cf577acaaf5902772/library/core/src/future/future.rs:133:9
[INFO] [stdout]   23:     0x5d3e6af1e4fd - <core[6883ba1bc0fe4ed1]::pin::Pin<&mut core[6883ba1bc0fe4ed1]::pin::Pin<&mut dyn core[6883ba1bc0fe4ed1]::future::future::Future<Output = ()>>> as core[6883ba1bc0fe4ed1]::future::future::Future>::poll
[INFO] [stdout]                                at /rustc/6b3fa26749ab40e159b2dd5cf577acaaf5902772/library/core/src/future/future.rs:133:9
[INFO] [stdout]   24:     0x5d3e6aeba46d - <tokio[3cae23e081335d20]::runtime::scheduler::current_thread::CoreGuard>::block_on::<core[6883ba1bc0fe4ed1]::pin::Pin<&mut core[6883ba1bc0fe4ed1]::pin::Pin<&mut dyn core[6883ba1bc0fe4ed1]::future::future::Future<Output = ()>>>>::{closure#0}::{closure#0}::{closure#0}
[INFO] [stdout]                                at /opt/rustwide/cargo-home/registry/src/index.crates.io-1949cf8c6b5b557f/tokio-1.52.3/src/runtime/scheduler/current_thread/mod.rs:778:70
[INFO] [stdout]   25:     0x5d3e6aeb9fab - tokio[3cae23e081335d20]::task::coop::with_budget::<core[6883ba1bc0fe4ed1]::task::poll::Poll<()>, <tokio[3cae23e081335d20]::runtime::scheduler::current_thread::CoreGuard>::block_on<core[6883ba1bc0fe4ed1]::pin::Pin<&mut core[6883ba1bc0fe4ed1]::pin::Pin<&mut dyn core[6883ba1bc0fe4ed1]::future::future::Future<Output = ()>>>>::{closure#0}::{closure#0}::{closure#0}>
[INFO] [stdout]                                at /opt/rustwide/cargo-home/registry/src/index.crates.io-1949cf8c6b5b557f/tokio-1.52.3/src/task/coop/mod.rs:167:5
[INFO] [stdout]   26:     0x5d3e6aeb9fab - tokio[3cae23e081335d20]::task::coop::budget::<core[6883ba1bc0fe4ed1]::task::poll::Poll<()>, <tokio[3cae23e081335d20]::runtime::scheduler::current_thread::CoreGuard>::block_on<core[6883ba1bc0fe4ed1]::pin::Pin<&mut core[6883ba1bc0fe4ed1]::pin::Pin<&mut dyn core[6883ba1bc0fe4ed1]::future::future::Future<Output = ()>>>>::{closure#0}::{closure#0}::{closure#0}>
[INFO] [stdout]                                at /opt/rustwide/cargo-home/registry/src/index.crates.io-1949cf8c6b5b557f/tokio-1.52.3/src/task/coop/mod.rs:133:5
[INFO] [stdout]   27:     0x5d3e6aeb9fab - <tokio[3cae23e081335d20]::runtime::scheduler::current_thread::CoreGuard>::block_on::<core[6883ba1bc0fe4ed1]::pin::Pin<&mut core[6883ba1bc0fe4ed1]::pin::Pin<&mut dyn core[6883ba1bc0fe4ed1]::future::future::Future<Output = ()>>>>::{closure#0}::{closure#0}
[INFO] [stdout]                                at /opt/rustwide/cargo-home/registry/src/index.crates.io-1949cf8c6b5b557f/tokio-1.52.3/src/runtime/scheduler/current_thread/mod.rs:778:25
[INFO] [stdout]   28:     0x5d3e6aead420 - <tokio[3cae23e081335d20]::runtime::scheduler::current_thread::Context>::enter::<core[6883ba1bc0fe4ed1]::task::poll::Poll<()>, <tokio[3cae23e081335d20]::runtime::scheduler::current_thread::CoreGuard>::block_on<core[6883ba1bc0fe4ed1]::pin::Pin<&mut core[6883ba1bc0fe4ed1]::pin::Pin<&mut dyn core[6883ba1bc0fe4ed1]::future::future::Future<Output = ()>>>>::{closure#0}::{closure#0}>
[INFO] [stdout]                                at /opt/rustwide/cargo-home/registry/src/index.crates.io-1949cf8c6b5b557f/tokio-1.52.3/src/runtime/scheduler/current_thread/mod.rs:451:19
[INFO] [stdout]   29:     0x5d3e6aeb776d - <tokio[3cae23e081335d20]::runtime::scheduler::current_thread::CoreGuard>::block_on::<core[6883ba1bc0fe4ed1]::pin::Pin<&mut core[6883ba1bc0fe4ed1]::pin::Pin<&mut dyn core[6883ba1bc0fe4ed1]::future::future::Future<Output = ()>>>>::{closure#0}
[INFO] [stdout]                                at /opt/rustwide/cargo-home/registry/src/index.crates.io-1949cf8c6b5b557f/tokio-1.52.3/src/runtime/scheduler/current_thread/mod.rs:777:44
[INFO] [stdout]   30:     0x5d3e6aeb5414 - <tokio[3cae23e081335d20]::runtime::scheduler::current_thread::CoreGuard>::enter::<<tokio[3cae23e081335d20]::runtime::scheduler::current_thread::CoreGuard>::block_on<core[6883ba1bc0fe4ed1]::pin::Pin<&mut core[6883ba1bc0fe4ed1]::pin::Pin<&mut dyn core[6883ba1bc0fe4ed1]::future::future::Future<Output = ()>>>>::{closure#0}, core[6883ba1bc0fe4ed1]::option::Option<()>>::{closure#0}
[INFO] [stdout]                                at /opt/rustwide/cargo-home/registry/src/index.crates.io-1949cf8c6b5b557f/tokio-1.52.3/src/runtime/scheduler/current_thread/mod.rs:865:68
[INFO] [stdout]   31:     0x5d3e6af1530b - <tokio[3cae23e081335d20]::runtime::context::scoped::Scoped<tokio[3cae23e081335d20]::runtime::scheduler::Context>>::set::<<tokio[3cae23e081335d20]::runtime::scheduler::current_thread::CoreGuard>::enter<<tokio[3cae23e081335d20]::runtime::scheduler::current_thread::CoreGuard>::block_on<core[6883ba1bc0fe4ed1]::pin::Pin<&mut core[6883ba1bc0fe4ed1]::pin::Pin<&mut dyn core[6883ba1bc0fe4ed1]::future::future::Future<Output = ()>>>>::{closure#0}, core[6883ba1bc0fe4ed1]::option::Option<()>>::{closure#0}, (alloc[55a36b64bcbf2c0d]::boxed::Box<tokio[3cae23e081335d20]::runtime::scheduler::current_thread::Core>, core[6883ba1bc0fe4ed1]::option::Option<()>)>
[INFO] [stdout]                                at /opt/rustwide/cargo-home/registry/src/index.crates.io-1949cf8c6b5b557f/tokio-1.52.3/src/runtime/context/scoped.rs:40:9
[INFO] [stdout]   32:     0x5d3e6af00c19 - tokio[3cae23e081335d20]::runtime::context::set_scheduler::<(alloc[55a36b64bcbf2c0d]::boxed::Box<tokio[3cae23e081335d20]::runtime::scheduler::current_thread::Core>, core[6883ba1bc0fe4ed1]::option::Option<()>), <tokio[3cae23e081335d20]::runtime::scheduler::current_thread::CoreGuard>::enter<<tokio[3cae23e081335d20]::runtime::scheduler::current_thread::CoreGuard>::block_on<core[6883ba1bc0fe4ed1]::pin::Pin<&mut core[6883ba1bc0fe4ed1]::pin::Pin<&mut dyn core[6883ba1bc0fe4ed1]::future::future::Future<Output = ()>>>>::{closure#0}, core[6883ba1bc0fe4ed1]::option::Option<()>>::{closure#0}>::{closure#0}
[INFO] [stdout]                                at /opt/rustwide/cargo-home/registry/src/index.crates.io-1949cf8c6b5b557f/tokio-1.52.3/src/runtime/context.rs:181:38
[INFO] [stdout]   33:     0x5d3e6af16502 - <std[73adb7dc35730857]::thread::local::LocalKey<tokio[3cae23e081335d20]::runtime::context::Context>>::try_with::<tokio[3cae23e081335d20]::runtime::context::set_scheduler<(alloc[55a36b64bcbf2c0d]::boxed::Box<tokio[3cae23e081335d20]::runtime::scheduler::current_thread::Core>, core[6883ba1bc0fe4ed1]::option::Option<()>), <tokio[3cae23e081335d20]::runtime::scheduler::current_thread::CoreGuard>::enter<<tokio[3cae23e081335d20]::runtime::scheduler::current_thread::CoreGuard>::block_on<core[6883ba1bc0fe4ed1]::pin::Pin<&mut core[6883ba1bc0fe4ed1]::pin::Pin<&mut dyn core[6883ba1bc0fe4ed1]::future::future::Future<Output = ()>>>>::{closure#0}, core[6883ba1bc0fe4ed1]::option::Option<()>>::{closure#0}>::{closure#0}, (alloc[55a36b64bcbf2c0d]::boxed::Box<tokio[3cae23e081335d20]::runtime::scheduler::current_thread::Core>, core[6883ba1bc0fe4ed1]::option::Option<()>)>
[INFO] [stdout]                                at /rustc/6b3fa26749ab40e159b2dd5cf577acaaf5902772/library/std/src/thread/local.rs:463:12
[INFO] [stdout]   34:     0x5d3e6af1594e - <std[73adb7dc35730857]::thread::local::LocalKey<tokio[3cae23e081335d20]::runtime::context::Context>>::with::<tokio[3cae23e081335d20]::runtime::context::set_scheduler<(alloc[55a36b64bcbf2c0d]::boxed::Box<tokio[3cae23e081335d20]::runtime::scheduler::current_thread::Core>, core[6883ba1bc0fe4ed1]::option::Option<()>), <tokio[3cae23e081335d20]::runtime::scheduler::current_thread::CoreGuard>::enter<<tokio[3cae23e081335d20]::runtime::scheduler::current_thread::CoreGuard>::block_on<core[6883ba1bc0fe4ed1]::pin::Pin<&mut core[6883ba1bc0fe4ed1]::pin::Pin<&mut dyn core[6883ba1bc0fe4ed1]::future::future::Future<Output = ()>>>>::{closure#0}, core[6883ba1bc0fe4ed1]::option::Option<()>>::{closure#0}>::{closure#0}, (alloc[55a36b64bcbf2c0d]::boxed::Box<tokio[3cae23e081335d20]::runtime::scheduler::current_thread::Core>, core[6883ba1bc0fe4ed1]::option::Option<()>)>
[INFO] [stdout]                                at /rustc/6b3fa26749ab40e159b2dd5cf577acaaf5902772/library/std/src/thread/local.rs:427:20
[INFO] [stdout]   35:     0x5d3e6aefeafd - tokio[3cae23e081335d20]::runtime::context::set_scheduler::<(alloc[55a36b64bcbf2c0d]::boxed::Box<tokio[3cae23e081335d20]::runtime::scheduler::current_thread::Core>, core[6883ba1bc0fe4ed1]::option::Option<()>), <tokio[3cae23e081335d20]::runtime::scheduler::current_thread::CoreGuard>::enter<<tokio[3cae23e081335d20]::runtime::scheduler::current_thread::CoreGuard>::block_on<core[6883ba1bc0fe4ed1]::pin::Pin<&mut core[6883ba1bc0fe4ed1]::pin::Pin<&mut dyn core[6883ba1bc0fe4ed1]::future::future::Future<Output = ()>>>>::{closure#0}, core[6883ba1bc0fe4ed1]::option::Option<()>>::{closure#0}>
[INFO] [stdout]                                at /opt/rustwide/cargo-home/registry/src/index.crates.io-1949cf8c6b5b557f/tokio-1.52.3/src/runtime/context.rs:181:17
[INFO] [stdout]   36:     0x5d3e6aeb2a60 - <tokio[3cae23e081335d20]::runtime::scheduler::current_thread::CoreGuard>::enter::<<tokio[3cae23e081335d20]::runtime::scheduler::current_thread::CoreGuard>::block_on<core[6883ba1bc0fe4ed1]::pin::Pin<&mut core[6883ba1bc0fe4ed1]::pin::Pin<&mut dyn core[6883ba1bc0fe4ed1]::future::future::Future<Output = ()>>>>::{closure#0}, core[6883ba1bc0fe4ed1]::option::Option<()>>
[INFO] [stdout]                                at /opt/rustwide/cargo-home/registry/src/index.crates.io-1949cf8c6b5b557f/tokio-1.52.3/src/runtime/scheduler/current_thread/mod.rs:865:27
[INFO] [stdout]   37:     0x5d3e6aeb3696 - <tokio[3cae23e081335d20]::runtime::scheduler::current_thread::CoreGuard>::block_on::<core[6883ba1bc0fe4ed1]::pin::Pin<&mut core[6883ba1bc0fe4ed1]::pin::Pin<&mut dyn core[6883ba1bc0fe4ed1]::future::future::Future<Output = ()>>>>
[INFO] [stdout]                                at /opt/rustwide/cargo-home/registry/src/index.crates.io-1949cf8c6b5b557f/tokio-1.52.3/src/runtime/scheduler/current_thread/mod.rs:765:24
[INFO] [stdout]   38:     0x5d3e6aeb4400 - <tokio[3cae23e081335d20]::runtime::scheduler::current_thread::CurrentThread>::block_on::<core[6883ba1bc0fe4ed1]::pin::Pin<&mut dyn core[6883ba1bc0fe4ed1]::future::future::Future<Output = ()>>>::{closure#0}
[INFO] [stdout]                                at /opt/rustwide/cargo-home/registry/src/index.crates.io-1949cf8c6b5b557f/tokio-1.52.3/src/runtime/scheduler/current_thread/mod.rs:205:33
[INFO] [stdout]   39:     0x5d3e6aeffc03 - tokio[3cae23e081335d20]::runtime::context::runtime::enter_runtime::<<tokio[3cae23e081335d20]::runtime::scheduler::current_thread::CurrentThread>::block_on<core[6883ba1bc0fe4ed1]::pin::Pin<&mut dyn core[6883ba1bc0fe4ed1]::future::future::Future<Output = ()>>>::{closure#0}, ()>
[INFO] [stdout]                                at /opt/rustwide/cargo-home/registry/src/index.crates.io-1949cf8c6b5b557f/tokio-1.52.3/src/runtime/context/runtime.rs:65:16
[INFO] [stdout]   40:     0x5d3e6aeac731 - <tokio[3cae23e081335d20]::runtime::scheduler::current_thread::CurrentThread>::block_on::<core[6883ba1bc0fe4ed1]::pin::Pin<&mut dyn core[6883ba1bc0fe4ed1]::future::future::Future<Output = ()>>>
[INFO] [stdout]                                at /opt/rustwide/cargo-home/registry/src/index.crates.io-1949cf8c6b5b557f/tokio-1.52.3/src/runtime/scheduler/current_thread/mod.rs:193:9
[INFO] [stdout]   41:     0x5d3e6aec70c4 - <tokio[3cae23e081335d20]::runtime::runtime::Runtime>::block_on_inner::<core[6883ba1bc0fe4ed1]::pin::Pin<&mut dyn core[6883ba1bc0fe4ed1]::future::future::Future<Output = ()>>>
[INFO] [stdout]                                at /opt/rustwide/cargo-home/registry/src/index.crates.io-1949cf8c6b5b557f/tokio-1.52.3/src/runtime/runtime.rs:371:52
[INFO] [stdout]   42:     0x5d3e6aec762f - <tokio[3cae23e081335d20]::runtime::runtime::Runtime>::block_on::<core[6883ba1bc0fe4ed1]::pin::Pin<&mut dyn core[6883ba1bc0fe4ed1]::future::future::Future<Output = ()>>>
[INFO] [stdout]                                at /opt/rustwide/cargo-home/registry/src/index.crates.io-1949cf8c6b5b557f/tokio-1.52.3/src/runtime/runtime.rs:345:18
[INFO] [stdout]   43:     0x5d3e6af41ebe - integration_test[da910daa2eecf50d]::test_concurrency
[INFO] [stdout]                                at /opt/rustwide/workdir/tests/integration_test.rs:113:38
[INFO] [stdout]   44:     0x5d3e6af397c7 - integration_test[da910daa2eecf50d]::test_concurrency::{closure#0}
[INFO] [stdout]                                at /opt/rustwide/workdir/tests/integration_test.rs:45:28
[INFO] [stdout]   45:     0x5d3e6af349c6 - <integration_test[da910daa2eecf50d]::test_concurrency::{closure#0} as core[6883ba1bc0fe4ed1]::ops::function::FnOnce<()>>::call_once
[INFO] [stdout]                                at /rustc/6b3fa26749ab40e159b2dd5cf577acaaf5902772/library/core/src/ops/function.rs:250:5
[INFO] [stdout]   46:     0x5d3e6af4db9b - <fn() -> core[6883ba1bc0fe4ed1]::result::Result<(), alloc[55a36b64bcbf2c0d]::string::String> as core[6883ba1bc0fe4ed1]::ops::function::FnOnce<()>>::call_once
[INFO] [stdout]                                at /rustc/6b3fa26749ab40e159b2dd5cf577acaaf5902772/library/core/src/ops/function.rs:250:5
[INFO] [stdout]   47:     0x5d3e6af4db9b - test[980ffaebd391d06d]::__rust_begin_short_backtrace::<core[6883ba1bc0fe4ed1]::result::Result<(), alloc[55a36b64bcbf2c0d]::string::String>, fn() -> core[6883ba1bc0fe4ed1]::result::Result<(), alloc[55a36b64bcbf2c0d]::string::String>>
[INFO] [stdout]                                at /rustc/6b3fa26749ab40e159b2dd5cf577acaaf5902772/library/test/src/lib.rs:724:18
[INFO] [stdout]   48:     0x5d3e6af5b1e5 - test[980ffaebd391d06d]::run_test_in_process::{closure#0}
[INFO] [stdout]                                at /rustc/6b3fa26749ab40e159b2dd5cf577acaaf5902772/library/test/src/lib.rs:747:74
[INFO] [stdout]   49:     0x5d3e6af5b1e5 - <core[6883ba1bc0fe4ed1]::panic::unwind_safe::AssertUnwindSafe<test[980ffaebd391d06d]::run_test_in_process::{closure#0}> as core[6883ba1bc0fe4ed1]::ops::function::FnOnce<()>>::call_once
[INFO] [stdout]                                at /rustc/6b3fa26749ab40e159b2dd5cf577acaaf5902772/library/core/src/panic/unwind_safe.rs:275:9
[INFO] [stdout]   50:     0x5d3e6af5b1e5 - std[73adb7dc35730857]::panicking::catch_unwind::do_call::<core[6883ba1bc0fe4ed1]::panic::unwind_safe::AssertUnwindSafe<test[980ffaebd391d06d]::run_test_in_process::{closure#0}>, core[6883ba1bc0fe4ed1]::result::Result<(), alloc[55a36b64bcbf2c0d]::string::String>>
[INFO] [stdout]                                at /rustc/6b3fa26749ab40e159b2dd5cf577acaaf5902772/library/std/src/panicking.rs:576:43
[INFO] [stdout]   51:     0x5d3e6af5b1e5 - std[73adb7dc35730857]::panicking::catch_unwind::<core[6883ba1bc0fe4ed1]::result::Result<(), alloc[55a36b64bcbf2c0d]::string::String>, core[6883ba1bc0fe4ed1]::panic::unwind_safe::AssertUnwindSafe<test[980ffaebd391d06d]::run_test_in_process::{closure#0}>>
[INFO] [stdout]                                at /rustc/6b3fa26749ab40e159b2dd5cf577acaaf5902772/library/std/src/panicking.rs:544:19
[INFO] [stdout]   52:     0x5d3e6af5b1e5 - std[73adb7dc35730857]::panic::catch_unwind::<core[6883ba1bc0fe4ed1]::panic::unwind_safe::AssertUnwindSafe<test[980ffaebd391d06d]::run_test_in_process::{closure#0}>, core[6883ba1bc0fe4ed1]::result::Result<(), alloc[55a36b64bcbf2c0d]::string::String>>
[INFO] [stdout]                                at /rustc/6b3fa26749ab40e159b2dd5cf577acaaf5902772/library/std/src/panic.rs:359:14
[INFO] [stdout]   53:     0x5d3e6af5b1e5 - test[980ffaebd391d06d]::run_test_in_process
[INFO] [stdout]                                at /rustc/6b3fa26749ab40e159b2dd5cf577acaaf5902772/library/test/src/lib.rs:747:27
[INFO] [stdout]   54:     0x5d3e6af5b1e5 - test[980ffaebd391d06d]::run_test::{closure#0}
[INFO] [stdout]                                at /rustc/6b3fa26749ab40e159b2dd5cf577acaaf5902772/library/test/src/lib.rs:668:43
[INFO] [stdout]   55:     0x5d3e6af55c94 - test[980ffaebd391d06d]::run_test::{closure#1}
[INFO] [stdout]                                at /rustc/6b3fa26749ab40e159b2dd5cf577acaaf5902772/library/test/src/lib.rs:698:41
[INFO] [stdout]   56:     0x5d3e6af55c94 - std[73adb7dc35730857]::sys::backtrace::__rust_begin_short_backtrace::<test[980ffaebd391d06d]::run_test::{closure#1}, ()>
[INFO] [stdout]                                at /rustc/6b3fa26749ab40e159b2dd5cf577acaaf5902772/library/std/src/sys/backtrace.rs:166:18
[INFO] [stdout]   57:     0x5d3e6af5e332 - std[73adb7dc35730857]::thread::lifecycle::spawn_unchecked::<test[980ffaebd391d06d]::run_test::{closure#1}, ()>::{closure#1}::{closure#0}
[INFO] [stdout]                                at /rustc/6b3fa26749ab40e159b2dd5cf577acaaf5902772/library/std/src/thread/lifecycle.rs:70:13
[INFO] [stdout]   58:     0x5d3e6af5e332 - <core[6883ba1bc0fe4ed1]::panic::unwind_safe::AssertUnwindSafe<std[73adb7dc35730857]::thread::lifecycle::spawn_unchecked<test[980ffaebd391d06d]::run_test::{closure#1}, ()>::{closure#1}::{closure#0}> as core[6883ba1bc0fe4ed1]::ops::function::FnOnce<()>>::call_once
[INFO] [stdout]                                at /rustc/6b3fa26749ab40e159b2dd5cf577acaaf5902772/library/core/src/panic/unwind_safe.rs:275:9
[INFO] [stdout]   59:     0x5d3e6af5e332 - std[73adb7dc35730857]::panicking::catch_unwind::do_call::<core[6883ba1bc0fe4ed1]::panic::unwind_safe::AssertUnwindSafe<std[73adb7dc35730857]::thread::lifecycle::spawn_unchecked<test[980ffaebd391d06d]::run_test::{closure#1}, ()>::{closure#1}::{closure#0}>, ()>
[INFO] [stdout]                                at /rustc/6b3fa26749ab40e159b2dd5cf577acaaf5902772/library/std/src/panicking.rs:576:43
[INFO] [stdout]   60:     0x5d3e6af5e332 - std[73adb7dc35730857]::panicking::catch_unwind::<(), core[6883ba1bc0fe4ed1]::panic::unwind_safe::AssertUnwindSafe<std[73adb7dc35730857]::thread::lifecycle::spawn_unchecked<test[980ffaebd391d06d]::run_test::{closure#1}, ()>::{closure#1}::{closure#0}>>
[INFO] [stdout]                                at /rustc/6b3fa26749ab40e159b2dd5cf577acaaf5902772/library/std/src/panicking.rs:544:19
[INFO] [stdout]   61:     0x5d3e6af5e332 - std[73adb7dc35730857]::panic::catch_unwind::<core[6883ba1bc0fe4ed1]::panic::unwind_safe::AssertUnwindSafe<std[73adb7dc35730857]::thread::lifecycle::spawn_unchecked<test[980ffaebd391d06d]::run_test::{closure#1}, ()>::{closure#1}::{closure#0}>, ()>
[INFO] [stdout]                                at /rustc/6b3fa26749ab40e159b2dd5cf577acaaf5902772/library/std/src/panic.rs:359:14
[INFO] [stdout]   62:     0x5d3e6af5e332 - std[73adb7dc35730857]::thread::lifecycle::spawn_unchecked::<test[980ffaebd391d06d]::run_test::{closure#1}, ()>::{closure#1}
[INFO] [stdout]                                at /rustc/6b3fa26749ab40e159b2dd5cf577acaaf5902772/library/std/src/thread/lifecycle.rs:68:26
[INFO] [stdout]   63:     0x5d3e6af5e332 - <std[73adb7dc35730857]::thread::lifecycle::spawn_unchecked<test[980ffaebd391d06d]::run_test::{closure#1}, ()>::{closure#1} as core[6883ba1bc0fe4ed1]::ops::function::FnOnce<()>>::call_once::{shim:vtable#0}
[INFO] [stdout]                                at /rustc/6b3fa26749ab40e159b2dd5cf577acaaf5902772/library/core/src/ops/function.rs:250:5
[INFO] [stdout]   64:     0x5d3e6b8c3a4f - <alloc[55a36b64bcbf2c0d]::boxed::Box<dyn core[6883ba1bc0fe4ed1]::ops::function::FnOnce<(), Output = ()> + core[6883ba1bc0fe4ed1]::marker::Send> as core[6883ba1bc0fe4ed1]::ops::function::FnOnce<()>>::call_once
[INFO] [stdout]                                at /rustc/6b3fa26749ab40e159b2dd5cf577acaaf5902772/library/alloc/src/boxed.rs:2319:9
[INFO] [stdout]   65:     0x5d3e6b8c3a4f - <std[73adb7dc35730857]::sys::thread::unix::Thread>::new::thread_start
[INFO] [stdout]                                at /rustc/6b3fa26749ab40e159b2dd5cf577acaaf5902772/library/std/src/sys/thread/unix.rs:123:17
[INFO] [stdout]   66:     0x7739da87aaa4 - <unknown>
[INFO] [stdout]   67:     0x7739da907a64 - clone
[INFO] [stdout]   68:                0x0 - <unknown>
[INFO] [stdout] 
[INFO] [stdout] 
[INFO] [stdout] failures:
[INFO] [stdout]     test_concurrency
[INFO] [stdout]     test_idempotency_and_mismatch
[INFO] [stdout]     test_psp_failures
[INFO] [stdout] 
[INFO] [stdout] test result: FAILED. 0 passed; 3 failed; 0 ignored; 0 measured; 0 filtered out; finished in 30.00s
[INFO] [stdout] 
[INFO] running `Command { std: "docker" "inspect" "f1e2bae74f5f91e59f9c7eab314953f24c92ea2b8b54fa8b96e0d2619e32f7b4", kill_on_drop: false }`
[INFO] running `Command { std: "docker" "rm" "-f" "f1e2bae74f5f91e59f9c7eab314953f24c92ea2b8b54fa8b96e0d2619e32f7b4", kill_on_drop: false }`
[INFO] [stdout] f1e2bae74f5f91e59f9c7eab314953f24c92ea2b8b54fa8b96e0d2619e32f7b4
