[INFO] cloning repository https://github.com/Vagabondluc/world-model
[INFO] running `Command { std: "git" "-c" "credential.helper=" "-c" "credential.helper=/workspace/cargo-home/bin/git-credential-null" "clone" "--bare" "https://github.com/Vagabondluc/world-model" "/workspace/cache/git-repos/https%3A%2F%2Fgithub.com%2FVagabondluc%2Fworld-model", kill_on_drop: false }`
[INFO] [stderr] Cloning into bare repository '/workspace/cache/git-repos/https%3A%2F%2Fgithub.com%2FVagabondluc%2Fworld-model'...
[INFO] running `Command { std: "git" "rev-parse" "HEAD", kill_on_drop: false }`
[INFO] [stdout] 6a96b12d05fa9b7b4e477ed8657ec04f567f7185
[INFO] testing Vagabondluc/world-model against 1.98.0-beta.1 for beta-1.98-2
[INFO] running `Command { std: "git" "clone" "/workspace/cache/git-repos/https%3A%2F%2Fgithub.com%2FVagabondluc%2Fworld-model" "/workspace/builds/worker-3-tc2/source", kill_on_drop: false }`
[INFO] [stderr] Cloning into '/workspace/builds/worker-3-tc2/source'...
[INFO] [stderr] done.
[INFO] [stderr] Updating files:  32% (7399/22818)
Updating files:  33% (7530/22818)
Updating files:  34% (7759/22818)
Updating files:  35% (7987/22818)
Updating files:  36% (8215/22818)
Updating files:  37% (8443/22818)
Updating files:  38% (8671/22818)
Updating files:  39% (8900/22818)
Updating files:  40% (9128/22818)
Updating files:  41% (9356/22818)
Updating files:  42% (9584/22818)
Updating files:  43% (9812/22818)
Updating files:  44% (10040/22818)
Updating files:  45% (10269/22818)
Updating files:  46% (10497/22818)
Updating files:  47% (10725/22818)
Updating files:  48% (10953/22818)
Updating files:  49% (11181/22818)
Updating files:  50% (11409/22818)
Updating files:  51% (11638/22818)
Updating files:  52% (11866/22818)
Updating files:  53% (12094/22818)
Updating files:  54% (12322/22818)
Updating files:  55% (12550/22818)
Updating files:  55% (12607/22818)
Updating files:  56% (12779/22818)
Updating files:  57% (13007/22818)
Updating files:  58% (13235/22818)
Updating files:  59% (13463/22818)
Updating files:  60% (13691/22818)
Updating files:  61% (13919/22818)
Updating files:  62% (14148/22818)
Updating files:  63% (14376/22818)
Updating files:  64% (14604/22818)
Updating files:  65% (14832/22818)
Updating files:  66% (15060/22818)
Updating files:  67% (15289/22818)
Updating files:  68% (15517/22818)
Updating files:  69% (15745/22818)
Updating files:  70% (15973/22818)
Updating files:  71% (16201/22818)
Updating files:  72% (16429/22818)
Updating files:  73% (16658/22818)
Updating files:  74% (16886/22818)
Updating files:  74% (17021/22818)
Updating files:  75% (17114/22818)
Updating files:  76% (17342/22818)
Updating files:  77% (17570/22818)
Updating files:  78% (17799/22818)
Updating files:  79% (18027/22818)
Updating files:  80% (18255/22818)
Updating files:  81% (18483/22818)
Updating files:  82% (18711/22818)
Updating files:  83% (18939/22818)
Updating files:  84% (19168/22818)
Updating files:  85% (19396/22818)
Updating files:  86% (19624/22818)
Updating files:  87% (19852/22818)
Updating files:  88% (20080/22818)
Updating files:  89% (20309/22818)
Updating files:  90% (20537/22818)
Updating files:  91% (20765/22818)
Updating files:  92% (20993/22818)
Updating files:  93% (21221/22818)
Updating files:  94% (21449/22818)
Updating files:  95% (21678/22818)
Updating files:  96% (21906/22818)
Updating files:  97% (22134/22818)
Updating files:  98% (22362/22818)
Updating files:  99% (22590/22818)
Updating files: 100% (22818/22818)
Updating files: 100% (22818/22818), done.
[INFO] started tweaking git repo https://github.com/Vagabondluc/world-model
[INFO] finished tweaking git repo https://github.com/Vagabondluc/world-model
[INFO] tweaked toml for git repo https://github.com/Vagabondluc/world-model written to /workspace/builds/worker-3-tc2/source/Cargo.toml
[INFO] validating manifest of git repo https://github.com/Vagabondluc/world-model on toolchain 1.98.0-beta.1
[INFO] running `Command { std: CARGO_HOME="/workspace/cargo-home" RUSTUP_HOME="/workspace/rustup-home" "/workspace/cargo-home/bin/cargo" "+1.98.0-beta.1" "metadata" "--manifest-path" "Cargo.toml" "--no-deps", kill_on_drop: false }`
[INFO] crate git repo https://github.com/Vagabondluc/world-model already has a lockfile, it will not be regenerated
[INFO] running `Command { std: CARGO_HOME="/workspace/cargo-home" RUSTUP_HOME="/workspace/rustup-home" "/workspace/cargo-home/bin/cargo" "+1.98.0-beta.1" "fetch" "--manifest-path" "Cargo.toml", kill_on_drop: false }`
[INFO] running `Command { std: "docker" "create" "-v" "/var/lib/crater-agent-workspace/builds/worker-3-tc2/source:/opt/rustwide/workdir:ro,Z" "-v" "/var/lib/crater-agent-workspace/builds/worker-3-tc2/target:/opt/rustwide/target:rw,Z" "-v" "/var/lib/crater-agent-workspace/cargo-home:/opt/rustwide/cargo-home:ro,Z" "-v" "/var/lib/crater-agent-workspace/rustup-home:/opt/rustwide/rustup-home:ro,Z" "-m" "1610612736" "--network" "none" "ghcr.io/rust-lang/crates-build-env/linux@sha256:3d5ced03c013a94a2f102a4510f48a6e9184255caf5fd8244f58017bde7f5210" "sleep" "infinity", kill_on_drop: false }`
[INFO] [stdout] 36b26b8f92d81c11d18e6a3484b0b423861700edd481c79eb64883a811732789
[INFO] running `Command { std: "docker" "start" "36b26b8f92d81c11d18e6a3484b0b423861700edd481c79eb64883a811732789", kill_on_drop: false }`
[INFO] running `Command { std: "docker" "inspect" "36b26b8f92d81c11d18e6a3484b0b423861700edd481c79eb64883a811732789", kill_on_drop: false }`
[INFO] running `Command { std: "docker" "exec" "-e" "SOURCE_DIR=/opt/rustwide/workdir" "-e" "CARGO_HOME=/opt/rustwide/cargo-home" "-e" "RUSTUP_HOME=/opt/rustwide/rustup-home" "-e" "CARGO_TARGET_DIR=/opt/rustwide/target" "-w" "/opt/rustwide/workdir" "--user" "0:0" "36b26b8f92d81c11d18e6a3484b0b423861700edd481c79eb64883a811732789" "/opt/rustwide/cargo-home/bin/cargo" "+1.98.0-beta.1" "metadata" "--no-deps" "--format-version=1", kill_on_drop: false }`
[INFO] running `Command { std: "docker" "inspect" "36b26b8f92d81c11d18e6a3484b0b423861700edd481c79eb64883a811732789", kill_on_drop: false }`
[INFO] running `Command { std: "docker" "exec" "-e" "SOURCE_DIR=/opt/rustwide/workdir" "-e" "CARGO_HOME=/opt/rustwide/cargo-home" "-e" "RUSTUP_HOME=/opt/rustwide/rustup-home" "-e" "CARGO_TARGET_DIR=/opt/rustwide/target" "-e" "CARGO_INCREMENTAL=0" "-e" "RUST_BACKTRACE=full" "-e" "RUSTFLAGS=--cap-lints=warn" "-e" "RUSTDOCFLAGS=--cap-lints=warn" "-w" "/opt/rustwide/workdir" "--user" "0:0" "36b26b8f92d81c11d18e6a3484b0b423861700edd481c79eb64883a811732789" "/opt/rustwide/cargo-home/bin/cargo" "+1.98.0-beta.1" "build" "--frozen" "--message-format=json", kill_on_drop: false }`
[INFO] [stderr]    Compiling memchr v2.8.0
[INFO] [stderr]    Compiling libc v0.2.184
[INFO] [stderr]    Compiling num-traits v0.2.19
[INFO] [stderr]    Compiling futures-sink v0.3.32
[INFO] [stderr]    Compiling http v1.4.0
[INFO] [stderr]    Compiling futures-task v0.3.32
[INFO] [stderr]    Compiling futures-io v0.3.32
[INFO] [stderr]    Compiling slab v0.4.12
[INFO] [stderr]    Compiling displaydoc v0.2.5
[INFO] [stderr]    Compiling serde_derive_internals v0.29.1
[INFO] [stderr]    Compiling getrandom v0.3.4
[INFO] [stderr]    Compiling zerofrom v0.1.7
[INFO] [stderr]    Compiling schemars v0.8.22
[INFO] [stderr]    Compiling bitflags v2.11.0
[INFO] [stderr]    Compiling uuid v1.23.0
[INFO] [stderr]    Compiling serde_spanned v0.6.9
[INFO] [stderr]    Compiling futures-channel v0.3.32
[INFO] [stderr]    Compiling toml_datetime v0.6.11
[INFO] [stderr]    Compiling yoke v0.8.2
[INFO] [stderr]    Compiling zerocopy v0.8.48
[INFO] [stderr]    Compiling winnow v0.7.15
[INFO] [stderr]    Compiling toml_write v0.1.2
[INFO] [stderr]    Compiling dyn-clone v1.0.20
[INFO] [stderr]    Compiling ahash v0.8.12
[INFO] [stderr]    Compiling num-conv v0.2.1
[INFO] [stderr]    Compiling bit-vec v0.6.3
[INFO] [stderr]    Compiling time-core v0.1.8
[INFO] [stderr]    Compiling iri-string v0.7.12
[INFO] [stderr]    Compiling deranged v0.5.8
[INFO] [stderr]    Compiling clap_derive v4.6.0
[INFO] [stderr]    Compiling time-macros v0.2.27
[INFO] [stderr]    Compiling generic-array v0.14.7
[INFO] [stderr]    Compiling num-cmp v0.1.0
[INFO] [stderr]    Compiling zerovec v0.11.6
[INFO] [stderr]    Compiling zerotrie v0.2.4
[INFO] [stderr]    Compiling bit-set v0.5.3
[INFO] [stderr]    Compiling serde_json v1.0.149
[INFO] [stderr]    Compiling num-integer v0.1.46
[INFO] [stderr]    Compiling http-body v1.0.1
[INFO] [stderr]    Compiling aho-corasick v1.1.4
[INFO] [stderr]    Compiling futures-util v0.3.32
[INFO] [stderr]    Compiling schemars_derive v0.8.22
[INFO] [stderr]    Compiling chrono v0.4.44
[INFO] [stderr]    Compiling num-complex v0.4.6
[INFO] [stderr]    Compiling num-bigint v0.4.6
[INFO] [stderr]    Compiling tinystr v0.8.3
[INFO] [stderr]    Compiling potential_utf v0.1.5
[INFO] [stderr]    Compiling icu_collections v2.2.0
[INFO] [stderr]    Compiling icu_locale_core v2.2.0
[INFO] [stderr]    Compiling mio v1.2.0
[INFO] [stderr]    Compiling socket2 v0.6.3
[INFO] [stderr]    Compiling num-iter v0.1.45
[INFO] [stderr]    Compiling parking_lot_core v0.9.12
[INFO] [stderr]    Compiling http-body-util v0.1.3
[INFO] [stderr]    Compiling nom v8.0.0
[INFO] [stderr]    Compiling time v0.3.47
[INFO] [stderr]    Compiling parking_lot v0.12.5
[INFO] [stderr]    Compiling bytecount v0.6.9
[INFO] [stderr]    Compiling tokio v1.50.0
[INFO] [stderr]    Compiling regex-automata v0.4.14
[INFO] [stderr]    Compiling toml_edit v0.22.27
[INFO] [stderr]    Compiling crypto-common v0.1.7
[INFO] [stderr]    Compiling block-buffer v0.10.4
[INFO] [stderr]    Compiling icu_provider v2.2.0
[INFO] [stderr]    Compiling num-rational v0.4.2
[INFO] [stderr]    Compiling clap v4.6.0
[INFO] [stderr]    Compiling rustix v1.1.4
[INFO] [stderr]    Compiling icu_properties v2.2.0
[INFO] [stderr]    Compiling icu_normalizer v2.2.0
[INFO] [stderr]    Compiling digest v0.10.7
[INFO] [stderr]    Compiling num v0.4.3
[INFO] [stderr]    Compiling fraction v0.15.3
[INFO] [stderr]    Compiling serde_yaml v0.9.34+deprecated
[INFO] [stderr]    Compiling sha2 v0.10.9
[INFO] [stderr]    Compiling world-model-core v0.1.0 (/opt/rustwide/workdir/crates/world-model-core)
[INFO] [stderr]    Compiling idna_adapter v1.2.1
[INFO] [stderr]    Compiling idna v1.1.0
[INFO] [stderr]    Compiling url v2.5.8
[INFO] [stderr]    Compiling tempfile v3.27.0
[INFO] [stderr]    Compiling toml v0.8.23
[INFO] [stderr]    Compiling regex v1.12.3
[INFO] [stderr]    Compiling fancy-regex v0.13.0
[INFO] [stderr]    Compiling tower v0.5.3
[INFO] [stderr]    Compiling hyper v1.9.0
[INFO] [stderr]    Compiling iso8601 v0.6.3
[INFO] [stderr]    Compiling world-model-specs v0.1.0 (/opt/rustwide/workdir/crates/world-model-specs)
[INFO] [stderr]    Compiling tower-http v0.6.8
[INFO] [stderr]    Compiling hyper-util v0.1.20
[INFO] [stderr]    Compiling reqwest v0.12.28
[INFO] [stderr]    Compiling jsonschema v0.18.3
[INFO] [stderr]    Compiling world-model-schema v0.1.0 (/opt/rustwide/workdir/crates/world-model-schema)
[INFO] [stderr]    Compiling world-model-adapters v0.1.0 (/opt/rustwide/workdir/crates/world-model-adapters)
[INFO] [stderr]    Compiling world-model-driver v0.1.0 (/opt/rustwide/workdir/crates/world-model-driver)
[INFO] [stderr]     Finished `dev` profile [unoptimized + debuginfo] target(s) in 1m 03s
[INFO] running `Command { std: "docker" "inspect" "36b26b8f92d81c11d18e6a3484b0b423861700edd481c79eb64883a811732789", kill_on_drop: false }`
[INFO] running `Command { std: "docker" "exec" "-e" "SOURCE_DIR=/opt/rustwide/workdir" "-e" "CARGO_HOME=/opt/rustwide/cargo-home" "-e" "RUSTUP_HOME=/opt/rustwide/rustup-home" "-e" "CARGO_TARGET_DIR=/opt/rustwide/target" "-e" "CARGO_INCREMENTAL=0" "-e" "RUST_BACKTRACE=full" "-e" "RUSTFLAGS=--cap-lints=warn" "-e" "RUSTDOCFLAGS=--cap-lints=warn" "-w" "/opt/rustwide/workdir" "--user" "0:0" "36b26b8f92d81c11d18e6a3484b0b423861700edd481c79eb64883a811732789" "/opt/rustwide/cargo-home/bin/cargo" "+1.98.0-beta.1" "test" "--frozen" "--no-run" "--message-format=json", kill_on_drop: false }`
[INFO] [stderr]    Compiling world-model-specs v0.1.0 (/opt/rustwide/workdir/crates/world-model-specs)
[INFO] [stderr]    Compiling world-model-core v0.1.0 (/opt/rustwide/workdir/crates/world-model-core)
[INFO] [stderr]    Compiling world-model-schema v0.1.0 (/opt/rustwide/workdir/crates/world-model-schema)
[INFO] [stderr]    Compiling world-model-adapters v0.1.0 (/opt/rustwide/workdir/crates/world-model-adapters)
[INFO] [stderr]    Compiling world-model-driver v0.1.0 (/opt/rustwide/workdir/crates/world-model-driver)
[INFO] [stderr]     Finished `test` profile [unoptimized + debuginfo] target(s) in 6.60s
[INFO] running `Command { std: "docker" "inspect" "36b26b8f92d81c11d18e6a3484b0b423861700edd481c79eb64883a811732789", kill_on_drop: false }`
[INFO] running `Command { std: "docker" "exec" "-e" "SOURCE_DIR=/opt/rustwide/workdir" "-e" "CARGO_HOME=/opt/rustwide/cargo-home" "-e" "RUSTUP_HOME=/opt/rustwide/rustup-home" "-e" "CARGO_TARGET_DIR=/opt/rustwide/target" "-e" "CARGO_INCREMENTAL=0" "-e" "RUST_BACKTRACE=full" "-e" "RUSTFLAGS=--cap-lints=warn" "-e" "RUSTDOCFLAGS=--cap-lints=warn" "-w" "/opt/rustwide/workdir" "--user" "0:0" "36b26b8f92d81c11d18e6a3484b0b423861700edd481c79eb64883a811732789" "/opt/rustwide/cargo-home/bin/cargo" "+1.98.0-beta.1" "test" "--frozen", kill_on_drop: false }`
[INFO] [stderr]     Finished `test` profile [unoptimized + debuginfo] target(s) in 0.24s
[INFO] [stderr]      Running unittests src/lib.rs (/opt/rustwide/target/debug/deps/world_model_adapters-eda5f28dc8a32929)
[INFO] [stdout] 
[INFO] [stdout] running 13 tests
[INFO] [stdout] test tests::adapter_rules_cover_all_primary_donors ... ok
[INFO] [stdout] test migration::tests::adapter_reader_rejects_snapshot_fingerprint_mismatch ... ok
[INFO] [stdout] test migration::tests::adapter_reader_loads_fixture_and_sorts_records ... ok
[INFO] [stdout] test migration::tests::migration_runner_dry_run_writes_report_only ... ok
[INFO] [stdout] test tests::canonical_fields_have_no_ambiguous_ownership ... ok
[INFO] [stdout] test tests::comparison_matrix_has_explicit_winners ... ok
[INFO] [stdout] test tests::lookup_tables_cover_core_simulation_and_workflow_promotions ... ok
[INFO] [stdout] test tests::lookup_promoted_schema_id_resolves_known_concepts ... ok
[INFO] [stdout] test migration::tests::migration_runner_writes_bundle_and_report ... ok
[INFO] [stdout] test migration::tests::replay_mode_is_deterministic_for_adventure_fixture ... ok
[INFO] [stdout] test migration::tests::donor_matrix_uses_deterministic_canonical_ids_in_provenance ... ok
[INFO] [stdout] test migration::tests::donor_matrix_strips_donor_local_ui_fields_from_canonical_bundle ... ok
[INFO] [stdout] test migration::tests::donor_matrix_respects_mapping_outcomes_after_normalization ... ok
[INFO] [stdout] 
[INFO] [stdout] test result: ok. 13 passed; 0 failed; 0 ignored; 0 measured; 0 filtered out; finished in 0.20s
[INFO] [stdout] 
[INFO] [stderr]      Running unittests src/lib.rs (/opt/rustwide/target/debug/deps/world_model_core-13fba6bf3446e9ed)
[INFO] [stdout] 
[INFO] [stdout] running 10 tests
[INFO] [stdout] test commands::tests::bind_schema_updates_entity_binding ... ok
[INFO] [stdout] test commands::tests::attach_simulation_updates_world_attachment ... ok
[INFO] [stdout] test commands::tests::upsert_entity_rejects_missing_world ... ok
[INFO] [stdout] test commands::tests::create_world_applies_and_emits_event ... ok
[INFO] [stdout] test records::tests::ids_are_opaque_and_serialize_as_strings ... ok
[INFO] [stdout] test records::tests::append_only_ledger_preserves_order ... ok
[INFO] [stdout] test records::tests::projection_references_event_range ... ok
[INFO] [stdout] test records::tests::schema_bindings_require_external_source_metadata ... ok
[INFO] [stdout] test records::tests::workflow_attachment_is_optional_and_resumable ... ok
[INFO] [stdout] test records::tests::simulation_attachment_is_optional_and_non_owning ... ok
[INFO] [stderr]      Running unittests src/main.rs (/opt/rustwide/target/debug/deps/world_model_driver-d65183abb4981c69)
[INFO] [stdout] 
[INFO] [stdout] test result: ok. 10 passed; 0 failed; 0 ignored; 0 measured; 0 filtered out; finished in 0.00s
[INFO] [stdout] 
[INFO] [stdout] 
[INFO] [stdout] running 2 tests
[INFO] [stdout] test tests::known_promoted_schema_refs_are_accepted ... ok
[INFO] [stdout] test tests::unknown_promoted_schema_refs_are_rejected ... ok
[INFO] [stdout] 
[INFO] [stdout] test result: ok. 2 passed; 0 failed; 0 ignored; 0 measured; 0 filtered out; finished in 0.00s
[INFO] [stdout] 
[INFO] [stderr]      Running unittests src/lib.rs (/opt/rustwide/target/debug/deps/world_model_schema-ba67e21a5b00f545)
[INFO] [stdout] 
[INFO] [stdout] running 6 tests
[INFO] [stdout] test tests::fixture_documents_cover_expected_scenarios ... ok
[INFO] [stdout] test tests::semver_policy_and_version_are_explicit ... ok
[INFO] [stdout] test tests::promoted_contract_schemas_exist_for_all_required_records ... ok
[INFO] [stdout] test tests::generated_schemas_exist_for_all_required_records ... ok
[INFO] [stdout] test tests::no_donor_specific_ui_fields_leak_into_world_schema ... ok
[INFO] [stdout] test tests::fixtures_validate_against_generated_schemas ... ok
[INFO] [stdout] 
[INFO] [stdout] test result: ok. 6 passed; 0 failed; 0 ignored; 0 measured; 0 filtered out; finished in 0.20s
[INFO] [stdout] 
[INFO] [stderr]      Running unittests src/bin/export-schemas.rs (/opt/rustwide/target/debug/deps/export_schemas-00804e5a8eb35e36)
[INFO] [stdout] 
[INFO] [stdout] running 0 tests
[INFO] [stdout] 
[INFO] [stdout] test result: ok. 0 passed; 0 failed; 0 ignored; 0 measured; 0 filtered out; finished in 0.00s
[INFO] [stdout] 
[INFO] [stderr]      Running unittests src/lib.rs (/opt/rustwide/target/debug/deps/world_model_specs-0b2368ce8e995216)
[INFO] [stdout] 
[INFO] [stdout] running 5 tests
[INFO] [stdout] test tests::promotion_report_has_expected_winners_and_no_unresolved_conflicts ... ok
[INFO] [stdout] test tests::promoted_schema_bundle_exposes_contract_types ... ok
[INFO] [stdout] test tests::manifests_resolve_only_approved_files ... ok
[INFO] [stdout] test tests::promoted_schema_lookup_accepts_known_ids ... ok
[INFO] [stdout] test tests::donor_promotion_classes_match_expected_roles ... FAILED
[INFO] [stdout] 
[INFO] [stdout] failures:
[INFO] [stdout] 
[INFO] [stdout] ---- tests::donor_promotion_classes_match_expected_roles stdout ----
[INFO] [stdout] 
[INFO] [stdout] thread 'tests::donor_promotion_classes_match_expected_roles' (1762) panicked at crates/world-model-specs/src/lib.rs:1361:9:
[INFO] [stdout] assertion failed: fragments.iter().any(|fragment|
[INFO] [stdout]         {
[INFO] [stdout]             fragment.donor == SpecDonor::Mythforge &&
[INFO] [stdout]                     matches!(fragment.promotion_class, PromotionClass::Core) &&
[INFO] [stdout]                 fragment.relative_path.contains("UUID_CONTAINER_ARCHITECTURE")
[INFO] [stdout]         })
[INFO] [stdout] stack backtrace:
[INFO] [stdout]    0:     0x624a0346b831 - std[73adb7dc35730857]::backtrace_rs::backtrace::libunwind::trace
[INFO] [stdout]                                at /rustc/6b3fa26749ab40e159b2dd5cf577acaaf5902772/library/std/src/../../backtrace/src/backtrace/libunwind.rs:117:9
[INFO] [stdout]    1:     0x624a0346b831 - std[73adb7dc35730857]::backtrace_rs::backtrace::trace_unsynchronized::<std[73adb7dc35730857]::sys::backtrace::_print_fmt::{closure#1}>
[INFO] [stdout]                                at /rustc/6b3fa26749ab40e159b2dd5cf577acaaf5902772/library/std/src/../../backtrace/src/backtrace/mod.rs:66:14
[INFO] [stdout]    2:     0x624a0346b831 - std[73adb7dc35730857]::sys::backtrace::_print_fmt
[INFO] [stdout]                                at /rustc/6b3fa26749ab40e159b2dd5cf577acaaf5902772/library/std/src/sys/backtrace.rs:74:9
[INFO] [stdout]    3:     0x624a0346b831 - <<std[73adb7dc35730857]::sys::backtrace::BacktraceLock>::print::DisplayBacktrace as core[6883ba1bc0fe4ed1]::fmt::Display>::fmt
[INFO] [stdout]                                at /rustc/6b3fa26749ab40e159b2dd5cf577acaaf5902772/library/std/src/sys/backtrace.rs:44:26
[INFO] [stdout]    4:     0x624a034822ea - <core[6883ba1bc0fe4ed1]::fmt::rt::Argument>::fmt
[INFO] [stdout]                                at /rustc/6b3fa26749ab40e159b2dd5cf577acaaf5902772/library/core/src/fmt/rt.rs:152:76
[INFO] [stdout]    5:     0x624a034822ea - core[6883ba1bc0fe4ed1]::fmt::write
[INFO] [stdout]    6:     0x624a0346ffbc - std[73adb7dc35730857]::io::default_write_fmt::<alloc[55a36b64bcbf2c0d]::vec::Vec<u8>>
[INFO] [stdout]                                at /rustc/6b3fa26749ab40e159b2dd5cf577acaaf5902772/library/std/src/io/mod.rs:626:11
[INFO] [stdout]    7:     0x624a0346ffbc - <alloc[55a36b64bcbf2c0d]::vec::Vec<u8> as std[73adb7dc35730857]::io::Write>::write_fmt
[INFO] [stdout]                                at /rustc/6b3fa26749ab40e159b2dd5cf577acaaf5902772/library/std/src/io/mod.rs:1730:13
[INFO] [stdout]    8:     0x624a03448bb6 - <std[73adb7dc35730857]::sys::backtrace::BacktraceLock>::print
[INFO] [stdout]                                at /rustc/6b3fa26749ab40e159b2dd5cf577acaaf5902772/library/std/src/sys/backtrace.rs:47:9
[INFO] [stdout]    9:     0x624a03448bb6 - std[73adb7dc35730857]::panicking::default_hook::{closure#0}
[INFO] [stdout]                                at /rustc/6b3fa26749ab40e159b2dd5cf577acaaf5902772/library/std/src/panicking.rs:292:27
[INFO] [stdout]   10:     0x624a03463359 - std[73adb7dc35730857]::panicking::default_hook
[INFO] [stdout]                                at /rustc/6b3fa26749ab40e159b2dd5cf577acaaf5902772/library/std/src/panicking.rs:316:9
[INFO] [stdout]   11:     0x624a030b9420 - <alloc[55a36b64bcbf2c0d]::boxed::Box<dyn for<'a, 'b> core[6883ba1bc0fe4ed1]::ops::function::Fn<(&'a std[73adb7dc35730857]::panic::PanicHookInfo<'b>,), Output = ()> + core[6883ba1bc0fe4ed1]::marker::Send + core[6883ba1bc0fe4ed1]::marker::Sync> as core[6883ba1bc0fe4ed1]::ops::function::Fn<(&std[73adb7dc35730857]::panic::PanicHookInfo,)>>::call
[INFO] [stdout]                                at /rustc/6b3fa26749ab40e159b2dd5cf577acaaf5902772/library/alloc/src/boxed.rs:2333:9
[INFO] [stdout]   12:     0x624a030b9420 - test[980ffaebd391d06d]::test_main_inner::<test[980ffaebd391d06d]::test_main_static::{closure#0}>::{closure#0}
[INFO] [stdout]                                at /rustc/6b3fa26749ab40e159b2dd5cf577acaaf5902772/library/test/src/lib.rs:155:21
[INFO] [stdout]   13:     0x624a03463512 - <alloc[55a36b64bcbf2c0d]::boxed::Box<dyn for<'a, 'b> core[6883ba1bc0fe4ed1]::ops::function::Fn<(&'a std[73adb7dc35730857]::panic::PanicHookInfo<'b>,), Output = ()> + core[6883ba1bc0fe4ed1]::marker::Send + core[6883ba1bc0fe4ed1]::marker::Sync> as core[6883ba1bc0fe4ed1]::ops::function::Fn<(&std[73adb7dc35730857]::panic::PanicHookInfo,)>>::call
[INFO] [stdout]                                at /rustc/6b3fa26749ab40e159b2dd5cf577acaaf5902772/library/alloc/src/boxed.rs:2333:9
[INFO] [stdout]   14:     0x624a03463512 - std[73adb7dc35730857]::panicking::panic_with_hook
[INFO] [stdout]                                at /rustc/6b3fa26749ab40e159b2dd5cf577acaaf5902772/library/std/src/panicking.rs:823:13
[INFO] [stdout]   15:     0x624a03448c94 - std[73adb7dc35730857]::panicking::panic_handler::{closure#0}
[INFO] [stdout]                                at /rustc/6b3fa26749ab40e159b2dd5cf577acaaf5902772/library/std/src/panicking.rs:681:13
[INFO] [stdout]   16:     0x624a03440399 - std[73adb7dc35730857]::sys::backtrace::__rust_end_short_backtrace::<std[73adb7dc35730857]::panicking::panic_handler::{closure#0}, !>
[INFO] [stdout]                                at /rustc/6b3fa26749ab40e159b2dd5cf577acaaf5902772/library/std/src/sys/backtrace.rs:182:18
[INFO] [stdout]   17:     0x624a0344985d - __rustc[a7b7b02e776dd976]::rust_begin_unwind
[INFO] [stdout]                                at /rustc/6b3fa26749ab40e159b2dd5cf577acaaf5902772/library/std/src/panicking.rs:679:5
[INFO] [stdout]   18:     0x624a03482b6c - core[6883ba1bc0fe4ed1]::panicking::panic_fmt
[INFO] [stdout]                                at /rustc/6b3fa26749ab40e159b2dd5cf577acaaf5902772/library/core/src/panicking.rs:80:14
[INFO] [stdout]   19:     0x624a03482b32 - core[6883ba1bc0fe4ed1]::panicking::panic
[INFO] [stdout]                                at /rustc/6b3fa26749ab40e159b2dd5cf577acaaf5902772/library/core/src/panicking.rs:150:5
[INFO] [stdout]   20:     0x624a02fb51fd - world_model_specs[3eb3c589e9e13a98]::tests::donor_promotion_classes_match_expected_roles
[INFO] [stdout]                                at /opt/rustwide/workdir/crates/world-model-specs/src/lib.rs:1361:9
[INFO] [stdout]   21:     0x624a02fb2f27 - world_model_specs[3eb3c589e9e13a98]::tests::donor_promotion_classes_match_expected_roles::{closure#0}
[INFO] [stdout]                                at /opt/rustwide/workdir/crates/world-model-specs/src/lib.rs:1358:54
[INFO] [stdout]   22:     0x624a02fb8316 - <world_model_specs[3eb3c589e9e13a98]::tests::donor_promotion_classes_match_expected_roles::{closure#0} as core[6883ba1bc0fe4ed1]::ops::function::FnOnce<()>>::call_once
[INFO] [stdout]                                at /rustc/6b3fa26749ab40e159b2dd5cf577acaaf5902772/library/core/src/ops/function.rs:250:5
[INFO] [stdout]   23:     0x624a030ac75b - <fn() -> core[6883ba1bc0fe4ed1]::result::Result<(), alloc[55a36b64bcbf2c0d]::string::String> as core[6883ba1bc0fe4ed1]::ops::function::FnOnce<()>>::call_once
[INFO] [stdout]                                at /rustc/6b3fa26749ab40e159b2dd5cf577acaaf5902772/library/core/src/ops/function.rs:250:5
[INFO] [stdout]   24:     0x624a030ac75b - test[980ffaebd391d06d]::__rust_begin_short_backtrace::<core[6883ba1bc0fe4ed1]::result::Result<(), alloc[55a36b64bcbf2c0d]::string::String>, fn() -> core[6883ba1bc0fe4ed1]::result::Result<(), alloc[55a36b64bcbf2c0d]::string::String>>
[INFO] [stdout]                                at /rustc/6b3fa26749ab40e159b2dd5cf577acaaf5902772/library/test/src/lib.rs:724:18
[INFO] [stdout]   25:     0x624a030b9da5 - test[980ffaebd391d06d]::run_test_in_process::{closure#0}
[INFO] [stdout]                                at /rustc/6b3fa26749ab40e159b2dd5cf577acaaf5902772/library/test/src/lib.rs:747:74
[INFO] [stdout]   26:     0x624a030b9da5 - <core[6883ba1bc0fe4ed1]::panic::unwind_safe::AssertUnwindSafe<test[980ffaebd391d06d]::run_test_in_process::{closure#0}> as core[6883ba1bc0fe4ed1]::ops::function::FnOnce<()>>::call_once
[INFO] [stdout]                                at /rustc/6b3fa26749ab40e159b2dd5cf577acaaf5902772/library/core/src/panic/unwind_safe.rs:275:9
[INFO] [stdout]   27:     0x624a030b9da5 - std[73adb7dc35730857]::panicking::catch_unwind::do_call::<core[6883ba1bc0fe4ed1]::panic::unwind_safe::AssertUnwindSafe<test[980ffaebd391d06d]::run_test_in_process::{closure#0}>, core[6883ba1bc0fe4ed1]::result::Result<(), alloc[55a36b64bcbf2c0d]::string::String>>
[INFO] [stdout]                                at /rustc/6b3fa26749ab40e159b2dd5cf577acaaf5902772/library/std/src/panicking.rs:576:43
[INFO] [stdout]   28:     0x624a030b9da5 - std[73adb7dc35730857]::panicking::catch_unwind::<core[6883ba1bc0fe4ed1]::result::Result<(), alloc[55a36b64bcbf2c0d]::string::String>, core[6883ba1bc0fe4ed1]::panic::unwind_safe::AssertUnwindSafe<test[980ffaebd391d06d]::run_test_in_process::{closure#0}>>
[INFO] [stdout]                                at /rustc/6b3fa26749ab40e159b2dd5cf577acaaf5902772/library/std/src/panicking.rs:544:19
[INFO] [stdout]   29:     0x624a030b9da5 - std[73adb7dc35730857]::panic::catch_unwind::<core[6883ba1bc0fe4ed1]::panic::unwind_safe::AssertUnwindSafe<test[980ffaebd391d06d]::run_test_in_process::{closure#0}>, core[6883ba1bc0fe4ed1]::result::Result<(), alloc[55a36b64bcbf2c0d]::string::String>>
[INFO] [stdout]                                at /rustc/6b3fa26749ab40e159b2dd5cf577acaaf5902772/library/std/src/panic.rs:359:14
[INFO] [stdout]   30:     0x624a030b9da5 - test[980ffaebd391d06d]::run_test_in_process
[INFO] [stdout]                                at /rustc/6b3fa26749ab40e159b2dd5cf577acaaf5902772/library/test/src/lib.rs:747:27
[INFO] [stdout]   31:     0x624a030b9da5 - test[980ffaebd391d06d]::run_test::{closure#0}
[INFO] [stdout]                                at /rustc/6b3fa26749ab40e159b2dd5cf577acaaf5902772/library/test/src/lib.rs:668:43
[INFO] [stdout]   32:     0x624a030b4854 - test[980ffaebd391d06d]::run_test::{closure#1}
[INFO] [stdout]                                at /rustc/6b3fa26749ab40e159b2dd5cf577acaaf5902772/library/test/src/lib.rs:698:41
[INFO] [stdout]   33:     0x624a030b4854 - std[73adb7dc35730857]::sys::backtrace::__rust_begin_short_backtrace::<test[980ffaebd391d06d]::run_test::{closure#1}, ()>
[INFO] [stdout]                                at /rustc/6b3fa26749ab40e159b2dd5cf577acaaf5902772/library/std/src/sys/backtrace.rs:166:18
[INFO] [stdout]   34:     0x624a030bcef2 - std[73adb7dc35730857]::thread::lifecycle::spawn_unchecked::<test[980ffaebd391d06d]::run_test::{closure#1}, ()>::{closure#1}::{closure#0}
[INFO] [stdout]                                at /rustc/6b3fa26749ab40e159b2dd5cf577acaaf5902772/library/std/src/thread/lifecycle.rs:70:13
[INFO] [stdout]   35:     0x624a030bcef2 - <core[6883ba1bc0fe4ed1]::panic::unwind_safe::AssertUnwindSafe<std[73adb7dc35730857]::thread::lifecycle::spawn_unchecked<test[980ffaebd391d06d]::run_test::{closure#1}, ()>::{closure#1}::{closure#0}> as core[6883ba1bc0fe4ed1]::ops::function::FnOnce<()>>::call_once
[INFO] [stdout]                                at /rustc/6b3fa26749ab40e159b2dd5cf577acaaf5902772/library/core/src/panic/unwind_safe.rs:275:9
[INFO] [stdout]   36:     0x624a030bcef2 - std[73adb7dc35730857]::panicking::catch_unwind::do_call::<core[6883ba1bc0fe4ed1]::panic::unwind_safe::AssertUnwindSafe<std[73adb7dc35730857]::thread::lifecycle::spawn_unchecked<test[980ffaebd391d06d]::run_test::{closure#1}, ()>::{closure#1}::{closure#0}>, ()>
[INFO] [stdout]                                at /rustc/6b3fa26749ab40e159b2dd5cf577acaaf5902772/library/std/src/panicking.rs:576:43
[INFO] [stdout]   37:     0x624a030bcef2 - std[73adb7dc35730857]::panicking::catch_unwind::<(), core[6883ba1bc0fe4ed1]::panic::unwind_safe::AssertUnwindSafe<std[73adb7dc35730857]::thread::lifecycle::spawn_unchecked<test[980ffaebd391d06d]::run_test::{closure#1}, ()>::{closure#1}::{closure#0}>>
[INFO] [stdout]                                at /rustc/6b3fa26749ab40e159b2dd5cf577acaaf5902772/library/std/src/panicking.rs:544:19
[INFO] [stdout]   38:     0x624a030bcef2 - std[73adb7dc35730857]::panic::catch_unwind::<core[6883ba1bc0fe4ed1]::panic::unwind_safe::AssertUnwindSafe<std[73adb7dc35730857]::thread::lifecycle::spawn_unchecked<test[980ffaebd391d06d]::run_test::{closure#1}, ()>::{closure#1}::{closure#0}>, ()>
[INFO] [stdout]                                at /rustc/6b3fa26749ab40e159b2dd5cf577acaaf5902772/library/std/src/panic.rs:359:14
[INFO] [stdout]   39:     0x624a030bcef2 - std[73adb7dc35730857]::thread::lifecycle::spawn_unchecked::<test[980ffaebd391d06d]::run_test::{closure#1}, ()>::{closure#1}
[INFO] [stdout]                                at /rustc/6b3fa26749ab40e159b2dd5cf577acaaf5902772/library/std/src/thread/lifecycle.rs:68:26
[INFO] [stdout]   40:     0x624a030bcef2 - <std[73adb7dc35730857]::thread::lifecycle::spawn_unchecked<test[980ffaebd391d06d]::run_test::{closure#1}, ()>::{closure#1} as core[6883ba1bc0fe4ed1]::ops::function::FnOnce<()>>::call_once::{shim:vtable#0}
[INFO] [stdout]                                at /rustc/6b3fa26749ab40e159b2dd5cf577acaaf5902772/library/core/src/ops/function.rs:250:5
[INFO] [stdout]   41:     0x624a0346ad4f - <alloc[55a36b64bcbf2c0d]::boxed::Box<dyn core[6883ba1bc0fe4ed1]::ops::function::FnOnce<(), Output = ()> + core[6883ba1bc0fe4ed1]::marker::Send> as core[6883ba1bc0fe4ed1]::ops::function::FnOnce<()>>::call_once
[INFO] [stdout]                                at /rustc/6b3fa26749ab40e159b2dd5cf577acaaf5902772/library/alloc/src/boxed.rs:2319:9
[INFO] [stdout]   42:     0x624a0346ad4f - <std[73adb7dc35730857]::sys::thread::unix::Thread>::new::thread_start
[INFO] [stdout]                                at /rustc/6b3fa26749ab40e159b2dd5cf577acaaf5902772/library/std/src/sys/thread/unix.rs:123:17
[INFO] [stdout]   43:     0x7daf986aaaa4 - <unknown>
[INFO] [stdout]   44:     0x7daf98737a64 - clone
[INFO] [stdout]   45:                0x0 - <unknown>
[INFO] [stdout] 
[INFO] [stdout] 
[INFO] [stdout] failures:
[INFO] [stdout]     tests::donor_promotion_classes_match_expected_roles
[INFO] [stdout] 
[INFO] [stdout] test result: FAILED. 4 passed; 1 failed; 0 ignored; 0 measured; 0 filtered out; finished in 0.04s
[INFO] [stdout] 
[INFO] [stderr] error: test failed, to rerun pass `-p world-model-specs --lib`
[INFO] running `Command { std: "docker" "inspect" "36b26b8f92d81c11d18e6a3484b0b423861700edd481c79eb64883a811732789", kill_on_drop: false }`
[INFO] running `Command { std: "docker" "rm" "-f" "36b26b8f92d81c11d18e6a3484b0b423861700edd481c79eb64883a811732789", kill_on_drop: false }`
[INFO] [stdout] 36b26b8f92d81c11d18e6a3484b0b423861700edd481c79eb64883a811732789
