[INFO] cloning repository https://github.com/PlasticDigits/WorkSplit
[INFO] running `Command { std: "git" "-c" "credential.helper=" "-c" "credential.helper=/workspace/cargo-home/bin/git-credential-null" "clone" "--bare" "https://github.com/PlasticDigits/WorkSplit" "/workspace/cache/git-repos/https%3A%2F%2Fgithub.com%2FPlasticDigits%2FWorkSplit", kill_on_drop: false }`
[INFO] [stderr] Cloning into bare repository '/workspace/cache/git-repos/https%3A%2F%2Fgithub.com%2FPlasticDigits%2FWorkSplit'...
[INFO] running `Command { std: "git" "rev-parse" "HEAD", kill_on_drop: false }`
[INFO] [stdout] 7339a4c9ba88c5175028ac4bbba9443e08b85a36
[INFO] testing PlasticDigits/WorkSplit against 1.98.0-beta.1 for beta-1.98-2
[INFO] running `Command { std: "git" "clone" "/workspace/cache/git-repos/https%3A%2F%2Fgithub.com%2FPlasticDigits%2FWorkSplit" "/workspace/builds/worker-4-tc2/source", kill_on_drop: false }`
[INFO] [stderr] Cloning into '/workspace/builds/worker-4-tc2/source'...
[INFO] [stderr] done.
[INFO] started tweaking git repo https://github.com/PlasticDigits/WorkSplit
[INFO] finished tweaking git repo https://github.com/PlasticDigits/WorkSplit
[INFO] tweaked toml for git repo https://github.com/PlasticDigits/WorkSplit written to /workspace/builds/worker-4-tc2/source/Cargo.toml
[INFO] validating manifest of git repo https://github.com/PlasticDigits/WorkSplit on toolchain 1.98.0-beta.1
[INFO] running `Command { std: CARGO_HOME="/workspace/cargo-home" RUSTUP_HOME="/workspace/rustup-home" "/workspace/cargo-home/bin/cargo" "+1.98.0-beta.1" "metadata" "--manifest-path" "Cargo.toml" "--no-deps", kill_on_drop: false }`
[INFO] crate git repo https://github.com/PlasticDigits/WorkSplit already has a lockfile, it will not be regenerated
[INFO] running `Command { std: CARGO_HOME="/workspace/cargo-home" RUSTUP_HOME="/workspace/rustup-home" "/workspace/cargo-home/bin/cargo" "+1.98.0-beta.1" "fetch" "--manifest-path" "Cargo.toml", kill_on_drop: false }`
[INFO] running `Command { std: "docker" "create" "-v" "/var/lib/crater-agent-workspace/builds/worker-4-tc2/source:/opt/rustwide/workdir:ro,Z" "-v" "/var/lib/crater-agent-workspace/builds/worker-4-tc2/target:/opt/rustwide/target:rw,Z" "-v" "/var/lib/crater-agent-workspace/cargo-home:/opt/rustwide/cargo-home:ro,Z" "-v" "/var/lib/crater-agent-workspace/rustup-home:/opt/rustwide/rustup-home:ro,Z" "-m" "1610612736" "--network" "none" "ghcr.io/rust-lang/crates-build-env/linux@sha256:3d5ced03c013a94a2f102a4510f48a6e9184255caf5fd8244f58017bde7f5210" "sleep" "infinity", kill_on_drop: false }`
[INFO] [stdout] b979f95e61d9aa452e6df52a1348255345c271a2625d44de83a61d1eb99e7aee
[INFO] running `Command { std: "docker" "start" "b979f95e61d9aa452e6df52a1348255345c271a2625d44de83a61d1eb99e7aee", kill_on_drop: false }`
[INFO] running `Command { std: "docker" "inspect" "b979f95e61d9aa452e6df52a1348255345c271a2625d44de83a61d1eb99e7aee", kill_on_drop: false }`
[INFO] running `Command { std: "docker" "exec" "-e" "SOURCE_DIR=/opt/rustwide/workdir" "-e" "CARGO_HOME=/opt/rustwide/cargo-home" "-e" "RUSTUP_HOME=/opt/rustwide/rustup-home" "-e" "CARGO_TARGET_DIR=/opt/rustwide/target" "-w" "/opt/rustwide/workdir" "--user" "0:0" "b979f95e61d9aa452e6df52a1348255345c271a2625d44de83a61d1eb99e7aee" "/opt/rustwide/cargo-home/bin/cargo" "+1.98.0-beta.1" "metadata" "--no-deps" "--format-version=1", kill_on_drop: false }`
[INFO] running `Command { std: "docker" "inspect" "b979f95e61d9aa452e6df52a1348255345c271a2625d44de83a61d1eb99e7aee", kill_on_drop: false }`
[INFO] running `Command { std: "docker" "exec" "-e" "SOURCE_DIR=/opt/rustwide/workdir" "-e" "CARGO_HOME=/opt/rustwide/cargo-home" "-e" "RUSTUP_HOME=/opt/rustwide/rustup-home" "-e" "CARGO_TARGET_DIR=/opt/rustwide/target" "-e" "CARGO_INCREMENTAL=0" "-e" "RUST_BACKTRACE=full" "-e" "RUSTFLAGS=--cap-lints=warn" "-e" "RUSTDOCFLAGS=--cap-lints=warn" "-w" "/opt/rustwide/workdir" "--user" "0:0" "b979f95e61d9aa452e6df52a1348255345c271a2625d44de83a61d1eb99e7aee" "/opt/rustwide/cargo-home/bin/cargo" "+1.98.0-beta.1" "build" "--frozen" "--message-format=json", kill_on_drop: false }`
[INFO] [stderr]    Compiling proc-macro2 v1.0.106
[INFO] [stderr]    Compiling libc v0.2.180
[INFO] [stderr]    Compiling memchr v2.7.6
[INFO] [stderr]    Compiling find-msvc-tools v0.1.8
[INFO] [stderr]    Compiling http v1.4.0
[INFO] [stderr]    Compiling tracing-core v0.1.36
[INFO] [stderr]    Compiling zerocopy v0.8.33
[INFO] [stderr]    Compiling zmij v1.0.16
[INFO] [stderr]    Compiling getrandom v0.3.4
[INFO] [stderr]    Compiling num-traits v0.2.19
[INFO] [stderr]    Compiling encoding_rs v0.8.35
[INFO] [stderr]    Compiling ryu v1.0.22
[INFO] [stderr]    Compiling rustix v1.1.3
[INFO] [stderr]    Compiling clap_lex v0.7.7
[INFO] [stderr]    Compiling arraydeque v0.5.1
[INFO] [stderr]    Compiling anyhow v1.0.100
[INFO] [stderr]    Compiling sharded-slab v0.1.7
[INFO] [stderr]    Compiling clap_builder v4.5.54
[INFO] [stderr]    Compiling thread_local v1.1.9
[INFO] [stderr]    Compiling cc v1.2.54
[INFO] [stderr]    Compiling iana-time-zone v0.1.64
[INFO] [stderr]    Compiling nu-ansi-term v0.50.3
[INFO] [stderr]    Compiling shell-words v1.1.1
[INFO] [stderr]    Compiling quote v1.0.44
[INFO] [stderr]    Compiling aho-corasick v1.1.4
[INFO] [stderr]    Compiling serde_json v1.0.149
[INFO] [stderr]    Compiling syn v2.0.114
[INFO] [stderr]    Compiling tracing-log v0.2.0
[INFO] [stderr]    Compiling http-body v1.0.1
[INFO] [stderr]    Compiling http-body-util v0.1.3
[INFO] [stderr]    Compiling errno v0.3.14
[INFO] [stderr]    Compiling parking_lot_core v0.9.12
[INFO] [stderr]    Compiling mio v1.1.1
[INFO] [stderr]    Compiling socket2 v0.6.2
[INFO] [stderr]    Compiling openssl-sys v0.9.111
[INFO] [stderr]    Compiling console v0.15.11
[INFO] [stderr]    Compiling signal-hook-registry v1.4.8
[INFO] [stderr]    Compiling parking_lot v0.12.5
[INFO] [stderr]    Compiling tempfile v3.24.0
[INFO] [stderr]    Compiling openssl v0.10.75
[INFO] [stderr]    Compiling native-tls v0.2.14
[INFO] [stderr]    Compiling regex-automata v0.4.13
[INFO] [stderr]    Compiling ahash v0.8.12
[INFO] [stderr]    Compiling hashbrown v0.14.5
[INFO] [stderr]    Compiling hashlink v0.8.4
[INFO] [stderr]    Compiling yaml-rust2 v0.8.1
[INFO] [stderr]    Compiling synstructure v0.13.2
[INFO] [stderr]    Compiling matchers v0.2.0
[INFO] [stderr]    Compiling regex v1.12.2
[INFO] [stderr]    Compiling zerofrom-derive v0.1.6
[INFO] [stderr]    Compiling yoke-derive v0.8.1
[INFO] [stderr]    Compiling zerovec-derive v0.11.2
[INFO] [stderr]    Compiling displaydoc v0.2.5
[INFO] [stderr]    Compiling serde_derive v1.0.228
[INFO] [stderr]    Compiling tokio-macros v2.6.0
[INFO] [stderr]    Compiling futures-macro v0.3.31
[INFO] [stderr]    Compiling tracing-attributes v0.1.31
[INFO] [stderr]    Compiling openssl-macros v0.1.1
[INFO] [stderr]    Compiling thiserror-impl v1.0.69
[INFO] [stderr]    Compiling thiserror-impl v2.0.18
[INFO] [stderr]    Compiling clap_derive v4.5.49
[INFO] [stderr]    Compiling tokio v1.49.0
[INFO] [stderr]    Compiling futures-util v0.3.31
[INFO] [stderr]    Compiling tracing v0.1.44
[INFO] [stderr]    Compiling zerofrom v0.1.6
[INFO] [stderr]    Compiling yoke v0.8.1
[INFO] [stderr]    Compiling thiserror v1.0.69
[INFO] [stderr]    Compiling tracing-subscriber v0.3.22
[INFO] [stderr]    Compiling zerovec v0.11.5
[INFO] [stderr]    Compiling zerotrie v0.2.3
[INFO] [stderr]    Compiling dialoguer v0.11.0
[INFO] [stderr]    Compiling thiserror v2.0.18
[INFO] [stderr]    Compiling tinystr v0.8.2
[INFO] [stderr]    Compiling potential_utf v0.1.4
[INFO] [stderr]    Compiling icu_collections v2.1.1
[INFO] [stderr]    Compiling icu_locale_core v2.1.1
[INFO] [stderr]    Compiling clap v4.5.54
[INFO] [stderr]    Compiling icu_provider v2.1.1
[INFO] [stderr]    Compiling serde v1.0.228
[INFO] [stderr]    Compiling icu_normalizer v2.1.1
[INFO] [stderr]    Compiling icu_properties v2.1.2
[INFO] [stderr]    Compiling serde_spanned v0.6.9
[INFO] [stderr]    Compiling toml_datetime v0.6.11
[INFO] [stderr]    Compiling serde_urlencoded v0.7.1
[INFO] [stderr]    Compiling toml v0.5.11
[INFO] [stderr]    Compiling serde_yaml v0.9.34+deprecated
[INFO] [stderr]    Compiling chrono v0.4.43
[INFO] [stderr]    Compiling toml_edit v0.22.27
[INFO] [stderr]    Compiling futures-executor v0.3.31
[INFO] [stderr]    Compiling futures v0.3.31
[INFO] [stderr]    Compiling idna_adapter v1.2.1
[INFO] [stderr]    Compiling idna v1.1.0
[INFO] [stderr]    Compiling url v2.5.8
[INFO] [stderr]    Compiling gray_matter v0.2.9
[INFO] [stderr]    Compiling toml v0.8.23
[INFO] [stderr]    Compiling tokio-util v0.7.18
[INFO] [stderr]    Compiling tower v0.5.3
[INFO] [stderr]    Compiling tokio-native-tls v0.3.1
[INFO] [stderr]    Compiling h2 v0.4.13
[INFO] [stderr]    Compiling tower-http v0.6.8
[INFO] [stderr]    Compiling hyper v1.8.1
[INFO] [stderr]    Compiling hyper-util v0.1.19
[INFO] [stderr]    Compiling hyper-tls v0.6.0
[INFO] [stderr]    Compiling reqwest v0.12.28
[INFO] [stderr]    Compiling worksplit v0.1.9 (/opt/rustwide/workdir)
[INFO] [stdout] warning: variable does not need to be mutable
[INFO] [stdout]    --> src/core/runner/mod.rs:692:36
[INFO] [stdout]     |
[INFO] [stdout] 692 |             let (mut final_result, mut err) = verify::run_verification(
[INFO] [stdout]     |                                    ----^^^
[INFO] [stdout]     |                                    |
[INFO] [stdout]     |                                    help: remove this `mut`
[INFO] [stdout]     |
[INFO] [stdout]     = note: `#[warn(unused_mut)]` (part of `#[warn(unused)]`) on by default
[INFO] [stdout] 
[INFO] [stdout] 
[INFO] [stdout] warning: variable does not need to be mutable
[INFO] [stdout]    --> src/core/runner/mod.rs:692:36
[INFO] [stdout]     |
[INFO] [stdout] 692 |             let (mut final_result, mut err) = verify::run_verification(
[INFO] [stdout]     |                                    ----^^^
[INFO] [stdout]     |                                    |
[INFO] [stdout]     |                                    help: remove this `mut`
[INFO] [stdout]     |
[INFO] [stdout]     = note: `#[warn(unused_mut)]` (part of `#[warn(unused)]`) on by default
[INFO] [stdout] 
[INFO] [stdout] 
[INFO] [stderr]     Finished `dev` profile [unoptimized + debuginfo] target(s) in 1m 24s
[INFO] running `Command { std: "docker" "inspect" "b979f95e61d9aa452e6df52a1348255345c271a2625d44de83a61d1eb99e7aee", kill_on_drop: false }`
[INFO] running `Command { std: "docker" "exec" "-e" "SOURCE_DIR=/opt/rustwide/workdir" "-e" "CARGO_HOME=/opt/rustwide/cargo-home" "-e" "RUSTUP_HOME=/opt/rustwide/rustup-home" "-e" "CARGO_TARGET_DIR=/opt/rustwide/target" "-e" "CARGO_INCREMENTAL=0" "-e" "RUST_BACKTRACE=full" "-e" "RUSTFLAGS=--cap-lints=warn" "-e" "RUSTDOCFLAGS=--cap-lints=warn" "-w" "/opt/rustwide/workdir" "--user" "0:0" "b979f95e61d9aa452e6df52a1348255345c271a2625d44de83a61d1eb99e7aee" "/opt/rustwide/cargo-home/bin/cargo" "+1.98.0-beta.1" "test" "--frozen" "--no-run" "--message-format=json", kill_on_drop: false }`
[INFO] [stderr]    Compiling tokio v1.49.0
[INFO] [stderr]    Compiling tokio-util v0.7.18
[INFO] [stderr]    Compiling tokio-native-tls v0.3.1
[INFO] [stderr]    Compiling tower v0.5.3
[INFO] [stderr]    Compiling tokio-stream v0.1.18
[INFO] [stderr]    Compiling tokio-test v0.4.5
[INFO] [stderr]    Compiling tower-http v0.6.8
[INFO] [stderr]    Compiling h2 v0.4.13
[INFO] [stderr]    Compiling hyper v1.8.1
[INFO] [stderr]    Compiling hyper-util v0.1.19
[INFO] [stderr]    Compiling hyper-tls v0.6.0
[INFO] [stderr]    Compiling reqwest v0.12.28
[INFO] [stderr]    Compiling worksplit v0.1.9 (/opt/rustwide/workdir)
[INFO] [stdout] warning: variable does not need to be mutable
[INFO] [stdout]    --> src/core/runner/mod.rs:692:36
[INFO] [stdout]     |
[INFO] [stdout] 692 |             let (mut final_result, mut err) = verify::run_verification(
[INFO] [stdout]     |                                    ----^^^
[INFO] [stdout]     |                                    |
[INFO] [stdout]     |                                    help: remove this `mut`
[INFO] [stdout]     |
[INFO] [stdout]     = note: `#[warn(unused_mut)]` (part of `#[warn(unused)]`) on by default
[INFO] [stdout] 
[INFO] [stdout] 
[INFO] [stdout] warning: variable does not need to be mutable
[INFO] [stdout]    --> src/core/runner/mod.rs:692:36
[INFO] [stdout]     |
[INFO] [stdout] 692 |             let (mut final_result, mut err) = verify::run_verification(
[INFO] [stdout]     |                                    ----^^^
[INFO] [stdout]     |                                    |
[INFO] [stdout]     |                                    help: remove this `mut`
[INFO] [stdout]     |
[INFO] [stdout]     = note: `#[warn(unused_mut)]` (part of `#[warn(unused)]`) on by default
[INFO] [stdout] 
[INFO] [stdout] 
[INFO] [stdout] warning: variable does not need to be mutable
[INFO] [stdout]    --> src/core/runner/mod.rs:692:36
[INFO] [stdout]     |
[INFO] [stdout] 692 |             let (mut final_result, mut err) = verify::run_verification(
[INFO] [stdout]     |                                    ----^^^
[INFO] [stdout]     |                                    |
[INFO] [stdout]     |                                    help: remove this `mut`
[INFO] [stdout]     |
[INFO] [stdout]     = note: `#[warn(unused_mut)]` (part of `#[warn(unused)]`) on by default
[INFO] [stdout] 
[INFO] [stdout] 
[INFO] [stdout] warning: variable does not need to be mutable
[INFO] [stdout]    --> src/core/runner/mod.rs:692:36
[INFO] [stdout]     |
[INFO] [stdout] 692 |             let (mut final_result, mut err) = verify::run_verification(
[INFO] [stdout]     |                                    ----^^^
[INFO] [stdout]     |                                    |
[INFO] [stdout]     |                                    help: remove this `mut`
[INFO] [stdout]     |
[INFO] [stdout]     = note: `#[warn(unused_mut)]` (part of `#[warn(unused)]`) on by default
[INFO] [stdout] 
[INFO] [stdout] 
[INFO] [stderr]     Finished `test` profile [unoptimized + debuginfo] target(s) in 40.59s
[INFO] running `Command { std: "docker" "inspect" "b979f95e61d9aa452e6df52a1348255345c271a2625d44de83a61d1eb99e7aee", kill_on_drop: false }`
[INFO] running `Command { std: "docker" "exec" "-e" "SOURCE_DIR=/opt/rustwide/workdir" "-e" "CARGO_HOME=/opt/rustwide/cargo-home" "-e" "RUSTUP_HOME=/opt/rustwide/rustup-home" "-e" "CARGO_TARGET_DIR=/opt/rustwide/target" "-e" "CARGO_INCREMENTAL=0" "-e" "RUST_BACKTRACE=full" "-e" "RUSTFLAGS=--cap-lints=warn" "-e" "RUSTDOCFLAGS=--cap-lints=warn" "-w" "/opt/rustwide/workdir" "--user" "0:0" "b979f95e61d9aa452e6df52a1348255345c271a2625d44de83a61d1eb99e7aee" "/opt/rustwide/cargo-home/bin/cargo" "+1.98.0-beta.1" "test" "--frozen", kill_on_drop: false }`
[INFO] [stderr] warning: variable does not need to be mutable
[INFO] [stderr]    --> src/core/runner/mod.rs:692:36
[INFO] [stderr]     |
[INFO] [stderr] 692 |             let (mut final_result, mut err) = verify::run_verification(
[INFO] [stderr]     |                                    ----^^^
[INFO] [stderr]     |                                    |
[INFO] [stderr]     |                                    help: remove this `mut`
[INFO] [stderr]     |
[INFO] [stderr]     = note: `#[warn(unused_mut)]` (part of `#[warn(unused)]`) on by default
[INFO] [stderr] 
[INFO] [stderr] warning: `worksplit` (lib) generated 1 warning (run `cargo fix --lib -p worksplit` to apply 1 suggestion)
[INFO] [stderr] warning: `worksplit` (lib test) generated 1 warning (1 duplicate)
[INFO] [stderr] warning: `worksplit` (bin "worksplit" test) generated 1 warning (1 duplicate)
[INFO] [stderr] warning: `worksplit` (bin "worksplit") generated 1 warning (1 duplicate)
[INFO] [stderr]     Finished `test` profile [unoptimized + debuginfo] target(s) in 0.35s
[INFO] [stderr]      Running unittests src/lib.rs (/opt/rustwide/target/debug/deps/worksplit-0a2ef5ce108d5062)
[INFO] [stdout] 
[INFO] [stdout] running 161 tests
[INFO] [stdout] test commands::fix::tests::test_fix_result_failure ... ok
[INFO] [stdout] test commands::fix::tests::test_fix_result_no_errors ... ok
[INFO] [stdout] test commands::fix::tests::test_fix_summary_default ... ok
[INFO] [stdout] test commands::fix::tests::test_fix_result_success ... ok
[INFO] [stdout] test commands::new_job::tests::test_name_to_title ... ok
[INFO] [stdout] test commands::new_job::tests::test_validate_job_name_empty ... ok
[INFO] [stdout] test commands::new_job::tests::test_validate_job_name_invalid_chars ... ok
[INFO] [stdout] test commands::new_job::tests::test_validate_job_name_underscore_prefix ... ok
[INFO] [stdout] test commands::new_job::tests::test_validate_job_name_valid ... ok
[INFO] [stdout] test core::file_cache::tests::test_file_cache_new ... ok
[INFO] [stdout] test core::jobs::tests::test_estimate_tokens ... ok
[INFO] [stdout] test core::config::tests::test_load_config_with_overrides ... ok
[INFO] [stdout] test core::config::tests::test_load_config_default ... ok
[INFO] [stdout] test core::jobs::tests::test_job_id_extraction ... ok
[INFO] [stdout] test core::ollama::tests::test_chat_message_constructors ... ok
[INFO] [stdout] test core::jobs::tests::test_load_test_prompt ... ok
[INFO] [stdout] test core::jobs::tests::test_load_test_prompt_optional_missing ... ok
[INFO] [stdout] test core::file_cache::tests::test_file_cache_invalidate ... ok
[INFO] [stdout] test core::ollama::tests::test_chat_response_done ... ok
[INFO] [stdout] test core::file_cache::tests::test_file_cache_clear ... ok
[INFO] [stdout] test core::ollama::tests::test_chat_request_serialization ... ok
[INFO] [stdout] test core::config::tests::test_load_config_with_file ... ok
[INFO] [stdout] test core::file_cache::tests::test_file_cache_get_or_load ... ok
[INFO] [stdout] test core::file_cache::tests::test_file_cache_get ... ok
[INFO] [stdout] test core::parser::edit::tests::test_apply_edits_multiple ... ok
[INFO] [stdout] test core::ollama::tests::test_chat_response_deserialization ... ok
[INFO] [stdout] test core::ollama::tests::test_chat_response_empty_message ... ok
[INFO] [stdout] test core::parser::edit::tests::test_fuzzy_match_extra_indentation ... ok
[INFO] [stdout] test core::parser::edit::tests::test_fuzzy_match_multiline ... ok
[INFO] [stdout] test core::parser::edit::tests::test_normalize_whitespace ... ok
[INFO] [stdout] test core::parser::edit::tests::test_apply_edit_not_found ... ok
[INFO] [stdout] test core::parser::edit::tests::test_apply_edit_success ... ok
[INFO] [stdout] test core::parser::edit::tests::test_apply_edit_deletion ... ok
[INFO] [stdout] test core::parser::edit::tests::test_parse_edit_multiple_edits_same_file ... ok
[INFO] [stdout] test core::parser::edit::tests::test_parse_edit_single_file ... ok
[INFO] [stdout] test core::file_cache::tests::test_file_cache_stats ... ok
[INFO] [stdout] test core::parser::edit::tests::test_parse_edit_multiple_files ... ok
[INFO] [stdout] test core::parser::edit::tests::test_fuzzy_match_tabs_vs_spaces ... ok
[INFO] [stdout] test core::parser::edit::tests::test_fuzzy_match_when_exact_fails ... ok
[INFO] [stdout] test core::parser::edit::tests::test_parse_edit_case_insensitive ... ok
[INFO] [stdout] test core::parser::extract::tests::test_assemble_sequential_creation_prompt_basic ... ok
[INFO] [stdout] test core::parser::extract::tests::test_assemble_sequential_creation_prompt_with_previously_generated ... ok
[INFO] [stdout] test core::parser::extract::tests::test_assemble_sequential_creation_prompt_full ... ok
[INFO] [stdout] test core::parser::extract::tests::test_assemble_sequential_creation_prompt_with_remaining_files ... ok
[INFO] [stdout] test core::parser::edit::tests::test_exact_match_preferred ... ok
[INFO] [stdout] test core::jobs::tests::test_load_test_prompt_optional_exists ... ok
[INFO] [stdout] test core::parser::extract::tests::test_assemble_sequential_creation_prompt_with_context ... ok
[INFO] [stdout] test core::parser::edit::tests::test_exact_substring_match ... ok
[INFO] [stdout] test core::parser::extract::tests::test_extracted_file_constructors ... ok
[INFO] [stdout] test core::parser::extract::tests::test_parse_verification_case_insensitive ... ok
[INFO] [stdout] test core::parser::extract::tests::test_parse_verification_fail_hard ... ok
[INFO] [stdout] test core::parser::extract::tests::test_parse_verification_fail_soft ... ok
[INFO] [stdout] test core::parser::extract::tests::test_parse_verification_pass ... ok
[INFO] [stdout] test core::parser::extract::tests::test_parse_verification_pass_with_warnings ... ok
[INFO] [stdout] test core::parser::extract::tests::test_parse_verification_simple_fail_defaults_to_hard ... ok
[INFO] [stdout] test core::parser::extract::tests::test_parse_verification_spaces ... ok
[INFO] [stdout] test core::parser::extract::tests::test_parse_verification_unclear_defaults_to_hard_fail ... ok
[INFO] [stdout] test core::parser::extract::tests::test_verification_result_is_hard_fail ... ok
[INFO] [stdout] test core::parser::extract::tests::test_verification_result_is_pass ... ok
[INFO] [stdout] test core::parser::extract::tests::test_verification_result_to_job_status ... ok
[INFO] [stdout] test core::parser::extract::tests::test_extract_code_with_worksplit_fences ... ok
[INFO] [stdout] test core::prompts::tests::test_edit_prompt_mentions_format ... ok
[INFO] [stdout] test core::prompts::tests::test_prompts_not_empty ... ok
[INFO] [stdout] test core::prompts::tests::test_verify_prompt_mentions_pass_fail ... ok
[INFO] [stdout] test core::status::tests::test_clear_partial_state ... ok
[INFO] [stdout] test core::status::tests::test_get_failed_edits ... ok
[INFO] [stdout] test core::status::tests::test_get_partial_jobs ... ok
[INFO] [stdout] test core::status::tests::test_get_summary ... ok
[INFO] [stdout] test core::status::tests::test_get_summary_with_partial ... ok
[INFO] [stdout] test core::status::tests::test_new_manager ... ok
[INFO] [stdout] test core::status::tests::test_partial_job_persistence ... ok
[INFO] [stdout] test core::status::tests::test_persistence ... ok
[INFO] [stdout] test core::status::tests::test_set_failed ... ok
[INFO] [stdout] test core::status::tests::test_set_partial_status ... ok
[INFO] [stdout] test core::status::tests::test_sync_with_jobs ... ok
[INFO] [stdout] test core::status::tests::test_update_status ... ok
[INFO] [stdout] test error::tests::test_display_with_suggestions ... ok
[INFO] [stdout] test error::tests::test_edit_failed_with_context_many_edits ... ok
[INFO] [stdout] test error::tests::test_edit_failed_with_context_whitespace ... ok
[INFO] [stdout] test error::tests::test_edit_suggestion_priority ... ok
[INFO] [stdout] test error::tests::test_suggestion_category_serialization ... ok
[INFO] [stdout] test error::tests::test_suggestion_category_variants ... ok
[INFO] [stdout] test error::tests::test_suggestion_serialization ... ok
[INFO] [stdout] test models::config::tests::test_config_with_overrides ... ok
[INFO] [stdout] test models::config::tests::test_default_archive_config ... ok
[INFO] [stdout] test models::config::tests::test_default_auto_fix_config ... ok
[INFO] [stdout] test models::config::tests::test_default_cleanup_config ... ok
[INFO] [stdout] test models::config::tests::test_default_config ... ok
[INFO] [stdout] test models::config::tests::test_parse_toml ... ok
[INFO] [stdout] test models::config::tests::test_parse_toml_with_archive_cleanup ... ok
[INFO] [stdout] test models::config::tests::test_parse_toml_with_auto_fix ... ok
[INFO] [stdout] test models::config::tests::test_parse_toml_without_project ... ok
[INFO] [stdout] test models::error_type::tests::test_error_type_display ... ok
[INFO] [stdout] test models::error_type::tests::test_error_type_lowercase_names ... ok
[INFO] [stdout] test models::error_type::tests::test_error_type_names ... ok
[INFO] [stdout] test models::job::tests::test_job_metadata_default_mode_is_replace ... ok
[INFO] [stdout] test models::job::tests::test_job_metadata_default_no_test_file ... ok
[INFO] [stdout] test models::job::tests::test_job_metadata_edit_mode_serialization ... ok
[INFO] [stdout] test models::job::tests::test_job_metadata_empty_output_file ... ok
[INFO] [stdout] test models::job::tests::test_job_metadata_get_output_files_fallback ... ok
[INFO] [stdout] test models::job::tests::test_job_metadata_get_target_files ... ok
[INFO] [stdout] test models::job::tests::test_job_metadata_is_edit_mode ... ok
[INFO] [stdout] test models::job::tests::test_job_metadata_is_split_mode ... ok
[INFO] [stdout] test models::job::tests::test_job_metadata_replace_mode_serialization ... ok
[INFO] [stdout] test models::job::tests::test_job_metadata_sequential_mode_disabled_without_flag ... ok
[INFO] [stdout] test models::job::tests::test_job_metadata_sequential_mode_enabled ... ok
[INFO] [stdout] test models::job::tests::test_job_metadata_sequential_mode_without_output_files ... ok
[INFO] [stdout] test models::job::tests::test_job_metadata_split_mode_missing_output_files ... ok
[INFO] [stdout] test models::job::tests::test_job_metadata_split_mode_missing_target_file ... ok
[INFO] [stdout] test models::job::tests::test_job_metadata_split_mode_serialization ... ok
[INFO] [stdout] test models::job::tests::test_job_metadata_split_mode_validation ... ok
[INFO] [stdout] test models::job::tests::test_job_metadata_split_mode_with_sequential ... ok
[INFO] [stdout] test models::job::tests::test_job_metadata_tdd_enabled ... ok
[INFO] [stdout] test models::job::tests::test_job_metadata_test_path ... ok
[INFO] [stdout] test models::job::tests::test_job_metadata_validate ... ok
[INFO] [stdout] test models::job::tests::test_job_metadata_validate_edit_mode_with_sequential ... ok
[INFO] [stdout] test models::job::tests::test_job_metadata_validate_empty_output_files ... ok
[INFO] [stdout] test models::job::tests::test_job_metadata_validate_empty_path_in_output_files ... ok
[INFO] [stdout] test models::job::tests::test_job_metadata_validate_empty_path_in_target_files ... ok
[INFO] [stdout] test models::job::tests::test_job_metadata_validate_empty_target_files ... ok
[INFO] [stdout] test models::job::tests::test_job_metadata_validate_empty_test_file ... ok
[INFO] [stdout] test models::job::tests::test_output_path ... ok
[INFO] [stdout] test models::language::tests::test_language_default ... ok
[INFO] [stdout] test models::language::tests::test_language_deserialization ... ok
[INFO] [stdout] test models::language::tests::test_language_display_name ... ok
[INFO] [stdout] test models::language::tests::test_language_file_extension ... ok
[INFO] [stdout] test models::language::tests::test_language_serialization ... ok
[INFO] [stdout] test models::status::tests::test_failed_edit_serialization ... ok
[INFO] [stdout] test models::status::tests::test_job_status_entry_get_partial_state ... ok
[INFO] [stdout] test models::status::tests::test_job_status_entry_new ... ok
[INFO] [stdout] test models::status::tests::test_job_status_entry_set_failed ... ok
[INFO] [stdout] test models::status::tests::test_job_status_entry_set_partial ... ok
[INFO] [stdout] test models::status::tests::test_job_status_entry_update ... ok
[INFO] [stdout] test models::status::tests::test_job_status_is_complete ... ok
[INFO] [stdout] test models::status::tests::test_job_status_is_partial ... ok
[INFO] [stdout] test models::status::tests::test_job_status_is_stuck ... ok
[INFO] [stdout] test models::status::tests::test_job_status_is_tdd_phase ... ok
[INFO] [stdout] test models::status::tests::test_job_status_next_status_standard ... ok
[INFO] [stdout] test models::status::tests::test_job_status_next_status_tdd ... ok
[INFO] [stdout] test models::status::tests::test_job_status_serialization ... ok
[INFO] [stdout] test models::status::tests::test_job_status_serialization_new_variants ... ok
[INFO] [stdout] test models::status::tests::test_partial_edit_state_serialization ... ok
[INFO] [stdout] test core::parser::extract::tests::test_extract_code_files_case_insensitive ... ok
[INFO] [stdout] test models::status::tests::test_successful_edit_serialization ... ok
[INFO] [stdout] test templates::tests::test_get_rust_templates ... ok
[INFO] [stdout] test templates::tests::test_get_solidity_templates ... ok
[INFO] [stdout] test core::parser::extract::tests::test_extract_path_as_heading_without_language ... ok
[INFO] [stdout] test core::parser::extract::tests::test_extract_path_as_heading_single ... ok
[INFO] [stdout] test core::parser::extract::tests::test_extract_path_as_heading_multiple ... ok
[INFO] [stdout] test core::parser::extract::tests::test_extract_code_no_fences ... ok
[INFO] [stdout] test core::parser::extract::tests::test_extract_code_files_with_path ... ok
[INFO] [stdout] test core::parser::extract::tests::test_extract_code_files_backward_compat_no_path ... ok
[INFO] [stdout] test core::parser::extract::tests::test_extract_code_files_with_path_and_language ... ok
[INFO] [stdout] test core::parser::extract::tests::test_extract_code_files_mixed_paths ... ok
[INFO] [stdout] test core::parser::extract::tests::test_extract_code_files_multiple_files ... ok
[INFO] [stdout] test core::parser::extract::tests::test_extract_code_multiple_worksplit_blocks ... ok
[INFO] [stdout] test core::parser::extract::tests::test_extract_code_files_fallback_to_backticks ... ok
[INFO] [stdout] test core::parser::extract::tests::test_extract_code_fallback_to_generic ... ok
[INFO] [stdout] test core::parser::extract::tests::test_extract_code_with_worksplit_fences_no_language ... ok
[INFO] [stdout] test core::parser::extract::tests::test_worksplit_preferred_over_path_heading ... ok
[INFO] [stdout] test templates::tests::test_get_typescript_templates ... FAILED
[INFO] [stdout] 
[INFO] [stdout] failures:
[INFO] [stdout] 
[INFO] [stdout] ---- templates::tests::test_get_typescript_templates stdout ----
[INFO] [stdout] 
[INFO] [stdout] thread 'templates::tests::test_get_typescript_templates' (2297) panicked at src/templates/mod.rs:81:9:
[INFO] [stdout] assertion failed: templates.edit_prompt.contains("FIND")
[INFO] [stdout] stack backtrace:
[INFO] [stdout]    0:     0x5d52834473e1 - std[73adb7dc35730857]::backtrace_rs::backtrace::libunwind::trace
[INFO] [stdout]                                at /rustc/6b3fa26749ab40e159b2dd5cf577acaaf5902772/library/std/src/../../backtrace/src/backtrace/libunwind.rs:117:9
[INFO] [stdout]    1:     0x5d52834473e1 - std[73adb7dc35730857]::backtrace_rs::backtrace::trace_unsynchronized::<std[73adb7dc35730857]::sys::backtrace::_print_fmt::{closure#1}>
[INFO] [stdout]                                at /rustc/6b3fa26749ab40e159b2dd5cf577acaaf5902772/library/std/src/../../backtrace/src/backtrace/mod.rs:66:14
[INFO] [stdout]    2:     0x5d52834473e1 - std[73adb7dc35730857]::sys::backtrace::_print_fmt
[INFO] [stdout]                                at /rustc/6b3fa26749ab40e159b2dd5cf577acaaf5902772/library/std/src/sys/backtrace.rs:74:9
[INFO] [stdout]    3:     0x5d52834473e1 - <<std[73adb7dc35730857]::sys::backtrace::BacktraceLock>::print::DisplayBacktrace as core[6883ba1bc0fe4ed1]::fmt::Display>::fmt
[INFO] [stdout]                                at /rustc/6b3fa26749ab40e159b2dd5cf577acaaf5902772/library/std/src/sys/backtrace.rs:44:26
[INFO] [stdout]    4:     0x5d528345e31a - <core[6883ba1bc0fe4ed1]::fmt::rt::Argument>::fmt
[INFO] [stdout]                                at /rustc/6b3fa26749ab40e159b2dd5cf577acaaf5902772/library/core/src/fmt/rt.rs:152:76
[INFO] [stdout]    5:     0x5d528345e31a - core[6883ba1bc0fe4ed1]::fmt::write
[INFO] [stdout]    6:     0x5d528344bb1c - std[73adb7dc35730857]::io::default_write_fmt::<alloc[55a36b64bcbf2c0d]::vec::Vec<u8>>
[INFO] [stdout]                                at /rustc/6b3fa26749ab40e159b2dd5cf577acaaf5902772/library/std/src/io/mod.rs:626:11
[INFO] [stdout]    7:     0x5d528344bb1c - <alloc[55a36b64bcbf2c0d]::vec::Vec<u8> as std[73adb7dc35730857]::io::Write>::write_fmt
[INFO] [stdout]                                at /rustc/6b3fa26749ab40e159b2dd5cf577acaaf5902772/library/std/src/io/mod.rs:1730:13
[INFO] [stdout]    8:     0x5d5283423b16 - <std[73adb7dc35730857]::sys::backtrace::BacktraceLock>::print
[INFO] [stdout]                                at /rustc/6b3fa26749ab40e159b2dd5cf577acaaf5902772/library/std/src/sys/backtrace.rs:47:9
[INFO] [stdout]    9:     0x5d5283423b16 - std[73adb7dc35730857]::panicking::default_hook::{closure#0}
[INFO] [stdout]                                at /rustc/6b3fa26749ab40e159b2dd5cf577acaaf5902772/library/std/src/panicking.rs:292:27
[INFO] [stdout]   10:     0x5d528343e639 - std[73adb7dc35730857]::panicking::default_hook
[INFO] [stdout]                                at /rustc/6b3fa26749ab40e159b2dd5cf577acaaf5902772/library/std/src/panicking.rs:316:9
[INFO] [stdout]   11:     0x5d5283085000 - <alloc[55a36b64bcbf2c0d]::boxed::Box<dyn for<'a, 'b> core[6883ba1bc0fe4ed1]::ops::function::Fn<(&'a std[73adb7dc35730857]::panic::PanicHookInfo<'b>,), Output = ()> + core[6883ba1bc0fe4ed1]::marker::Send + core[6883ba1bc0fe4ed1]::marker::Sync> as core[6883ba1bc0fe4ed1]::ops::function::Fn<(&std[73adb7dc35730857]::panic::PanicHookInfo,)>>::call
[INFO] [stdout]                                at /rustc/6b3fa26749ab40e159b2dd5cf577acaaf5902772/library/alloc/src/boxed.rs:2333:9
[INFO] [stdout]   12:     0x5d5283085000 - test[980ffaebd391d06d]::test_main_inner::<test[980ffaebd391d06d]::test_main_static::{closure#0}>::{closure#0}
[INFO] [stdout]                                at /rustc/6b3fa26749ab40e159b2dd5cf577acaaf5902772/library/test/src/lib.rs:155:21
[INFO] [stdout]   13:     0x5d528343e7f2 - <alloc[55a36b64bcbf2c0d]::boxed::Box<dyn for<'a, 'b> core[6883ba1bc0fe4ed1]::ops::function::Fn<(&'a std[73adb7dc35730857]::panic::PanicHookInfo<'b>,), Output = ()> + core[6883ba1bc0fe4ed1]::marker::Send + core[6883ba1bc0fe4ed1]::marker::Sync> as core[6883ba1bc0fe4ed1]::ops::function::Fn<(&std[73adb7dc35730857]::panic::PanicHookInfo,)>>::call
[INFO] [stdout]                                at /rustc/6b3fa26749ab40e159b2dd5cf577acaaf5902772/library/alloc/src/boxed.rs:2333:9
[INFO] [stdout]   14:     0x5d528343e7f2 - std[73adb7dc35730857]::panicking::panic_with_hook
[INFO] [stdout]                                at /rustc/6b3fa26749ab40e159b2dd5cf577acaaf5902772/library/std/src/panicking.rs:823:13
[INFO] [stdout]   15:     0x5d5283423bf4 - std[73adb7dc35730857]::panicking::panic_handler::{closure#0}
[INFO] [stdout]                                at /rustc/6b3fa26749ab40e159b2dd5cf577acaaf5902772/library/std/src/panicking.rs:681:13
[INFO] [stdout]   16:     0x5d528341b219 - std[73adb7dc35730857]::sys::backtrace::__rust_end_short_backtrace::<std[73adb7dc35730857]::panicking::panic_handler::{closure#0}, !>
[INFO] [stdout]                                at /rustc/6b3fa26749ab40e159b2dd5cf577acaaf5902772/library/std/src/sys/backtrace.rs:182:18
[INFO] [stdout]   17:     0x5d52834248ad - __rustc[a7b7b02e776dd976]::rust_begin_unwind
[INFO] [stdout]                                at /rustc/6b3fa26749ab40e159b2dd5cf577acaaf5902772/library/std/src/panicking.rs:679:5
[INFO] [stdout]   18:     0x5d528345eb9c - core[6883ba1bc0fe4ed1]::panicking::panic_fmt
[INFO] [stdout]                                at /rustc/6b3fa26749ab40e159b2dd5cf577acaaf5902772/library/core/src/panicking.rs:80:14
[INFO] [stdout]   19:     0x5d528345eb62 - core[6883ba1bc0fe4ed1]::panicking::panic
[INFO] [stdout]                                at /rustc/6b3fa26749ab40e159b2dd5cf577acaaf5902772/library/core/src/panicking.rs:150:5
[INFO] [stdout]   20:     0x5d5282ee7b71 - worksplit[a22b5b93c13440b1]::templates::tests::test_get_typescript_templates
[INFO] [stdout]                                at /opt/rustwide/workdir/src/templates/mod.rs:81:9
[INFO] [stdout]   21:     0x5d5282ee1be7 - worksplit[a22b5b93c13440b1]::templates::tests::test_get_typescript_templates::{closure#0}
[INFO] [stdout]                                at /opt/rustwide/workdir/src/templates/mod.rs:77:39
[INFO] [stdout]   22:     0x5d5282eb34b6 - <worksplit[a22b5b93c13440b1]::templates::tests::test_get_typescript_templates::{closure#0} as core[6883ba1bc0fe4ed1]::ops::function::FnOnce<()>>::call_once
[INFO] [stdout]                                at /rustc/6b3fa26749ab40e159b2dd5cf577acaaf5902772/library/core/src/ops/function.rs:250:5
[INFO] [stdout]   23:     0x5d528307833b - <fn() -> core[6883ba1bc0fe4ed1]::result::Result<(), alloc[55a36b64bcbf2c0d]::string::String> as core[6883ba1bc0fe4ed1]::ops::function::FnOnce<()>>::call_once
[INFO] [stdout]                                at /rustc/6b3fa26749ab40e159b2dd5cf577acaaf5902772/library/core/src/ops/function.rs:250:5
[INFO] [stdout]   24:     0x5d528307833b - test[980ffaebd391d06d]::__rust_begin_short_backtrace::<core[6883ba1bc0fe4ed1]::result::Result<(), alloc[55a36b64bcbf2c0d]::string::String>, fn() -> core[6883ba1bc0fe4ed1]::result::Result<(), alloc[55a36b64bcbf2c0d]::string::String>>
[INFO] [stdout]                                at /rustc/6b3fa26749ab40e159b2dd5cf577acaaf5902772/library/test/src/lib.rs:724:18
[INFO] [stdout]   25:     0x5d5283085985 - test[980ffaebd391d06d]::run_test_in_process::{closure#0}
[INFO] [stdout]                                at /rustc/6b3fa26749ab40e159b2dd5cf577acaaf5902772/library/test/src/lib.rs:747:74
[INFO] [stdout]   26:     0x5d5283085985 - <core[6883ba1bc0fe4ed1]::panic::unwind_safe::AssertUnwindSafe<test[980ffaebd391d06d]::run_test_in_process::{closure#0}> as core[6883ba1bc0fe4ed1]::ops::function::FnOnce<()>>::call_once
[INFO] [stdout]                                at /rustc/6b3fa26749ab40e159b2dd5cf577acaaf5902772/library/core/src/panic/unwind_safe.rs:275:9
[INFO] [stdout]   27:     0x5d5283085985 - std[73adb7dc35730857]::panicking::catch_unwind::do_call::<core[6883ba1bc0fe4ed1]::panic::unwind_safe::AssertUnwindSafe<test[980ffaebd391d06d]::run_test_in_process::{closure#0}>, core[6883ba1bc0fe4ed1]::result::Result<(), alloc[55a36b64bcbf2c0d]::string::String>>
[INFO] [stdout]                                at /rustc/6b3fa26749ab40e159b2dd5cf577acaaf5902772/library/std/src/panicking.rs:576:43
[INFO] [stdout]   28:     0x5d5283085985 - std[73adb7dc35730857]::panicking::catch_unwind::<core[6883ba1bc0fe4ed1]::result::Result<(), alloc[55a36b64bcbf2c0d]::string::String>, core[6883ba1bc0fe4ed1]::panic::unwind_safe::AssertUnwindSafe<test[980ffaebd391d06d]::run_test_in_process::{closure#0}>>
[INFO] [stdout]                                at /rustc/6b3fa26749ab40e159b2dd5cf577acaaf5902772/library/std/src/panicking.rs:544:19
[INFO] [stdout]   29:     0x5d5283085985 - std[73adb7dc35730857]::panic::catch_unwind::<core[6883ba1bc0fe4ed1]::panic::unwind_safe::AssertUnwindSafe<test[980ffaebd391d06d]::run_test_in_process::{closure#0}>, core[6883ba1bc0fe4ed1]::result::Result<(), alloc[55a36b64bcbf2c0d]::string::String>>
[INFO] [stdout]                                at /rustc/6b3fa26749ab40e159b2dd5cf577acaaf5902772/library/std/src/panic.rs:359:14
[INFO] [stdout]   30:     0x5d5283085985 - test[980ffaebd391d06d]::run_test_in_process
[INFO] [stdout]                                at /rustc/6b3fa26749ab40e159b2dd5cf577acaaf5902772/library/test/src/lib.rs:747:27
[INFO] [stdout]   31:     0x5d5283085985 - test[980ffaebd391d06d]::run_test::{closure#0}
[INFO] [stdout]                                at /rustc/6b3fa26749ab40e159b2dd5cf577acaaf5902772/library/test/src/lib.rs:668:43
[INFO] [stdout]   32:     0x5d5283080434 - test[980ffaebd391d06d]::run_test::{closure#1}
[INFO] [stdout]                                at /rustc/6b3fa26749ab40e159b2dd5cf577acaaf5902772/library/test/src/lib.rs:698:41
[INFO] [stdout]   33:     0x5d5283080434 - std[73adb7dc35730857]::sys::backtrace::__rust_begin_short_backtrace::<test[980ffaebd391d06d]::run_test::{closure#1}, ()>
[INFO] [stdout]                                at /rustc/6b3fa26749ab40e159b2dd5cf577acaaf5902772/library/std/src/sys/backtrace.rs:166:18
[INFO] [stdout]   34:     0x5d5283088ad2 - std[73adb7dc35730857]::thread::lifecycle::spawn_unchecked::<test[980ffaebd391d06d]::run_test::{closure#1}, ()>::{closure#1}::{closure#0}
[INFO] [stdout]                                at /rustc/6b3fa26749ab40e159b2dd5cf577acaaf5902772/library/std/src/thread/lifecycle.rs:70:13
[INFO] [stdout]   35:     0x5d5283088ad2 - <core[6883ba1bc0fe4ed1]::panic::unwind_safe::AssertUnwindSafe<std[73adb7dc35730857]::thread::lifecycle::spawn_unchecked<test[980ffaebd391d06d]::run_test::{closure#1}, ()>::{closure#1}::{closure#0}> as core[6883ba1bc0fe4ed1]::ops::function::FnOnce<()>>::call_once
[INFO] [stdout]                                at /rustc/6b3fa26749ab40e159b2dd5cf577acaaf5902772/library/core/src/panic/unwind_safe.rs:275:9
[INFO] [stdout]   36:     0x5d5283088ad2 - std[73adb7dc35730857]::panicking::catch_unwind::do_call::<core[6883ba1bc0fe4ed1]::panic::unwind_safe::AssertUnwindSafe<std[73adb7dc35730857]::thread::lifecycle::spawn_unchecked<test[980ffaebd391d06d]::run_test::{closure#1}, ()>::{closure#1}::{closure#0}>, ()>
[INFO] [stdout]                                at /rustc/6b3fa26749ab40e159b2dd5cf577acaaf5902772/library/std/src/panicking.rs:576:43
[INFO] [stdout]   37:     0x5d5283088ad2 - std[73adb7dc35730857]::panicking::catch_unwind::<(), core[6883ba1bc0fe4ed1]::panic::unwind_safe::AssertUnwindSafe<std[73adb7dc35730857]::thread::lifecycle::spawn_unchecked<test[980ffaebd391d06d]::run_test::{closure#1}, ()>::{closure#1}::{closure#0}>>
[INFO] [stdout]                                at /rustc/6b3fa26749ab40e159b2dd5cf577acaaf5902772/library/std/src/panicking.rs:544:19
[INFO] [stdout]   38:     0x5d5283088ad2 - std[73adb7dc35730857]::panic::catch_unwind::<core[6883ba1bc0fe4ed1]::panic::unwind_safe::AssertUnwindSafe<std[73adb7dc35730857]::thread::lifecycle::spawn_unchecked<test[980ffaebd391d06d]::run_test::{closure#1}, ()>::{closure#1}::{closure#0}>, ()>
[INFO] [stdout]                                at /rustc/6b3fa26749ab40e159b2dd5cf577acaaf5902772/library/std/src/panic.rs:359:14
[INFO] [stdout]   39:     0x5d5283088ad2 - std[73adb7dc35730857]::thread::lifecycle::spawn_unchecked::<test[980ffaebd391d06d]::run_test::{closure#1}, ()>::{closure#1}
[INFO] [stdout]                                at /rustc/6b3fa26749ab40e159b2dd5cf577acaaf5902772/library/std/src/thread/lifecycle.rs:68:26
[INFO] [stdout]   40:     0x5d5283088ad2 - <std[73adb7dc35730857]::thread::lifecycle::spawn_unchecked<test[980ffaebd391d06d]::run_test::{closure#1}, ()>::{closure#1} as core[6883ba1bc0fe4ed1]::ops::function::FnOnce<()>>::call_once::{shim:vtable#0}
[INFO] [stdout]                                at /rustc/6b3fa26749ab40e159b2dd5cf577acaaf5902772/library/core/src/ops/function.rs:250:5
[INFO] [stdout]   41:     0x5d52834466cf - <alloc[55a36b64bcbf2c0d]::boxed::Box<dyn core[6883ba1bc0fe4ed1]::ops::function::FnOnce<(), Output = ()> + core[6883ba1bc0fe4ed1]::marker::Send> as core[6883ba1bc0fe4ed1]::ops::function::FnOnce<()>>::call_once
[INFO] [stdout]                                at /rustc/6b3fa26749ab40e159b2dd5cf577acaaf5902772/library/alloc/src/boxed.rs:2319:9
[INFO] [stdout]   42:     0x5d52834466cf - <std[73adb7dc35730857]::sys::thread::unix::Thread>::new::thread_start
[INFO] [stdout]                                at /rustc/6b3fa26749ab40e159b2dd5cf577acaaf5902772/library/std/src/sys/thread/unix.rs:123:17
[INFO] [stdout]   43:     0x7c402c52caa4 - <unknown>
[INFO] [stdout]   44:     0x7c402c5b9a64 - clone
[INFO] [stdout]   45:                0x0 - <unknown>
[INFO] [stdout] 
[INFO] [stdout] 
[INFO] [stdout] failures:
[INFO] [stdout]     templates::tests::test_get_typescript_templates
[INFO] [stdout] 
[INFO] [stdout] test result: FAILED. 160 passed; 1 failed; 0 ignored; 0 measured; 0 filtered out; finished in 1.09s
[INFO] [stdout] 
[INFO] [stderr] error: test failed, to rerun pass `--lib`
[INFO] running `Command { std: "docker" "inspect" "b979f95e61d9aa452e6df52a1348255345c271a2625d44de83a61d1eb99e7aee", kill_on_drop: false }`
[INFO] running `Command { std: "docker" "rm" "-f" "b979f95e61d9aa452e6df52a1348255345c271a2625d44de83a61d1eb99e7aee", kill_on_drop: false }`
[INFO] [stdout] b979f95e61d9aa452e6df52a1348255345c271a2625d44de83a61d1eb99e7aee
