[INFO] cloning repository https://github.com/LaoLittle/Rxiv
[INFO] running `Command { std: "git" "-c" "credential.helper=" "-c" "credential.helper=/workspace/cargo-home/bin/git-credential-null" "clone" "--bare" "https://github.com/LaoLittle/Rxiv" "/workspace/cache/git-repos/https%3A%2F%2Fgithub.com%2FLaoLittle%2FRxiv", kill_on_drop: false }`
[INFO] [stderr] Cloning into bare repository '/workspace/cache/git-repos/https%3A%2F%2Fgithub.com%2FLaoLittle%2FRxiv'...
[INFO] running `Command { std: "git" "rev-parse" "HEAD", kill_on_drop: false }`
[INFO] [stdout] c8e1f8a94179833c0babcd545c5ed681e1027cc9
[INFO] testing LaoLittle/Rxiv against 1.98.0-beta.1 for beta-1.98-2
[INFO] running `Command { std: "git" "clone" "/workspace/cache/git-repos/https%3A%2F%2Fgithub.com%2FLaoLittle%2FRxiv" "/workspace/builds/worker-6-tc2/source", kill_on_drop: false }`
[INFO] [stderr] Cloning into '/workspace/builds/worker-6-tc2/source'...
[INFO] [stderr] done.
[INFO] started tweaking git repo https://github.com/LaoLittle/Rxiv
[INFO] finished tweaking git repo https://github.com/LaoLittle/Rxiv
[INFO] tweaked toml for git repo https://github.com/LaoLittle/Rxiv written to /workspace/builds/worker-6-tc2/source/Cargo.toml
[INFO] validating manifest of git repo https://github.com/LaoLittle/Rxiv on toolchain 1.98.0-beta.1
[INFO] running `Command { std: CARGO_HOME="/workspace/cargo-home" RUSTUP_HOME="/workspace/rustup-home" "/workspace/cargo-home/bin/cargo" "+1.98.0-beta.1" "metadata" "--manifest-path" "Cargo.toml" "--no-deps", kill_on_drop: false }`
[INFO] crate git repo https://github.com/LaoLittle/Rxiv already has a lockfile, it will not be regenerated
[INFO] running `Command { std: CARGO_HOME="/workspace/cargo-home" RUSTUP_HOME="/workspace/rustup-home" "/workspace/cargo-home/bin/cargo" "+1.98.0-beta.1" "fetch" "--manifest-path" "Cargo.toml", kill_on_drop: false }`
[INFO] running `Command { std: "docker" "create" "-v" "/var/lib/crater-agent-workspace/builds/worker-6-tc2/source:/opt/rustwide/workdir:ro,Z" "-v" "/var/lib/crater-agent-workspace/builds/worker-6-tc2/target:/opt/rustwide/target:rw,Z" "-v" "/var/lib/crater-agent-workspace/cargo-home:/opt/rustwide/cargo-home:ro,Z" "-v" "/var/lib/crater-agent-workspace/rustup-home:/opt/rustwide/rustup-home:ro,Z" "-m" "1610612736" "--network" "none" "ghcr.io/rust-lang/crates-build-env/linux@sha256:3d5ced03c013a94a2f102a4510f48a6e9184255caf5fd8244f58017bde7f5210" "sleep" "infinity", kill_on_drop: false }`
[INFO] [stdout] 2c2b6240f7656c72e378726e02ee8fa910a5129e9fe90075d1a64f96411725ae
[INFO] running `Command { std: "docker" "start" "2c2b6240f7656c72e378726e02ee8fa910a5129e9fe90075d1a64f96411725ae", kill_on_drop: false }`
[INFO] running `Command { std: "docker" "inspect" "2c2b6240f7656c72e378726e02ee8fa910a5129e9fe90075d1a64f96411725ae", kill_on_drop: false }`
[INFO] running `Command { std: "docker" "exec" "-e" "SOURCE_DIR=/opt/rustwide/workdir" "-e" "CARGO_HOME=/opt/rustwide/cargo-home" "-e" "RUSTUP_HOME=/opt/rustwide/rustup-home" "-e" "CARGO_TARGET_DIR=/opt/rustwide/target" "-w" "/opt/rustwide/workdir" "--user" "0:0" "2c2b6240f7656c72e378726e02ee8fa910a5129e9fe90075d1a64f96411725ae" "/opt/rustwide/cargo-home/bin/cargo" "+1.98.0-beta.1" "metadata" "--no-deps" "--format-version=1", kill_on_drop: false }`
[INFO] running `Command { std: "docker" "inspect" "2c2b6240f7656c72e378726e02ee8fa910a5129e9fe90075d1a64f96411725ae", kill_on_drop: false }`
[INFO] running `Command { std: "docker" "exec" "-e" "SOURCE_DIR=/opt/rustwide/workdir" "-e" "CARGO_HOME=/opt/rustwide/cargo-home" "-e" "RUSTUP_HOME=/opt/rustwide/rustup-home" "-e" "CARGO_TARGET_DIR=/opt/rustwide/target" "-e" "CARGO_INCREMENTAL=0" "-e" "RUST_BACKTRACE=full" "-e" "RUSTFLAGS=--cap-lints=warn" "-e" "RUSTDOCFLAGS=--cap-lints=warn" "-w" "/opt/rustwide/workdir" "--user" "0:0" "2c2b6240f7656c72e378726e02ee8fa910a5129e9fe90075d1a64f96411725ae" "/opt/rustwide/cargo-home/bin/cargo" "+1.98.0-beta.1" "build" "--frozen" "--message-format=json", kill_on_drop: false }`
[INFO] [stderr]    Compiling libc v0.2.126
[INFO] [stderr]    Compiling proc-macro2 v1.0.39
[INFO] [stderr]    Compiling unicode-ident v1.0.0
[INFO] [stderr]    Compiling syn v1.0.95
[INFO] [stderr]    Compiling once_cell v1.12.0
[INFO] [stderr]    Compiling bytes v1.1.0
[INFO] [stderr]    Compiling smallvec v1.8.0
[INFO] [stderr]    Compiling futures-core v0.3.21
[INFO] [stderr]    Compiling parking_lot_core v0.9.3
[INFO] [stderr]    Compiling lock_api v0.4.7
[INFO] [stderr]    Compiling itoa v1.0.2
[INFO] [stderr]    Compiling futures-task v0.3.21
[INFO] [stderr]    Compiling futures-util v0.3.21
[INFO] [stderr]    Compiling slab v0.4.6
[INFO] [stderr]    Compiling tracing-core v0.1.26
[INFO] [stderr]    Compiling pkg-config v0.3.25
[INFO] [stderr]    Compiling matches v0.1.9
[INFO] [stderr]    Compiling futures-sink v0.3.21
[INFO] [stderr]    Compiling tinyvec_macros v0.1.0
[INFO] [stderr]    Compiling tinyvec v1.6.0
[INFO] [stderr]    Compiling serde_derive v1.0.137
[INFO] [stderr]    Compiling hashbrown v0.11.2
[INFO] [stderr]    Compiling indexmap v1.8.2
[INFO] [stderr]    Compiling generic-array v0.14.5
[INFO] [stderr]    Compiling standback v0.2.17
[INFO] [stderr]    Compiling serde v1.0.137
[INFO] [stderr]    Compiling proc-macro-hack v0.5.19
[INFO] [stderr]    Compiling unicode-bidi v0.3.8
[INFO] [stderr]    Compiling form_urlencoded v1.0.1
[INFO] [stderr]    Compiling alloc-no-stdlib v2.0.3
[INFO] [stderr]    Compiling httparse v1.7.1
[INFO] [stderr]    Compiling futures-channel v0.3.21
[INFO] [stderr]    Compiling alloc-stdlib v0.2.1
[INFO] [stderr]    Compiling openssl v0.10.40
[INFO] [stderr]    Compiling const_fn v0.4.9
[INFO] [stderr]    Compiling http v0.2.7
[INFO] [stderr]    Compiling brotli-decompressor v2.3.2
[INFO] [stderr]    Compiling bytestring v1.0.0
[INFO] [stderr]    Compiling miniz_oxide v0.5.3
[INFO] [stderr]    Compiling time v0.2.27
[INFO] [stderr]    Compiling local-waker v0.1.3
[INFO] [stderr]    Compiling encoding_rs v0.8.31
[INFO] [stderr]    Compiling ryu v1.0.10
[INFO] [stderr]    Compiling async-trait v0.1.53
[INFO] [stderr]    Compiling quote v1.0.18
[INFO] [stderr]    Compiling regex-syntax v0.6.26
[INFO] [stderr]    Compiling serde_json v1.0.81
[INFO] [stderr]    Compiling jobserver v0.1.24
[INFO] [stderr]    Compiling num_cpus v1.13.1
[INFO] [stderr]    Compiling socket2 v0.4.4
[INFO] [stderr]    Compiling mio v0.8.3
[INFO] [stderr]    Compiling cc v1.0.73
[INFO] [stderr]    Compiling parking_lot v0.12.1
[INFO] [stderr]    Compiling signal-hook-registry v1.4.0
[INFO] [stderr]    Compiling getrandom v0.2.6
[INFO] [stderr]    Compiling unicode-normalization v0.1.19
[INFO] [stderr]    Compiling zstd-safe v4.1.6+zstd.1.5.2
[INFO] [stderr]    Compiling rand_core v0.6.3
[INFO] [stderr]    Compiling native-tls v0.2.10
[INFO] [stderr]    Compiling parking_lot_core v0.8.5
[INFO] [stderr]    Compiling tokio v1.18.2
[INFO] [stderr]    Compiling brotli v3.3.4
[INFO] [stderr]    Compiling flate2 v1.0.24
[INFO] [stderr]    Compiling crypto-common v0.1.3
[INFO] [stderr]    Compiling block-buffer v0.10.2
[INFO] [stderr]    Compiling rand_chacha v0.3.1
[INFO] [stderr]    Compiling cookie v0.15.1
[INFO] [stderr]    Compiling ahash v0.7.6
[INFO] [stderr]    Compiling instant v0.1.12
[INFO] [stderr]    Compiling paste v1.0.7
[INFO] [stderr]    Compiling firestorm v0.5.1
[INFO] [stderr]    Compiling try-lock v0.2.3
[INFO] [stderr]    Compiling rand v0.8.5
[INFO] [stderr]    Compiling match_cfg v0.1.0
[INFO] [stderr]    Compiling want v0.3.0
[INFO] [stderr]    Compiling hostname v0.3.1
[INFO] [stderr]    Compiling idna v0.2.3
[INFO] [stderr]    Compiling digest v0.10.3
[INFO] [stderr]    Compiling openssl-sys v0.9.73
[INFO] [stderr]    Compiling zstd-sys v1.6.3+zstd.1.5.2
[INFO] [stderr]    Compiling ring v0.16.20
[INFO] [stderr]    Compiling http-body v0.4.5
[INFO] [stderr]    Compiling actix-utils v3.0.0
[INFO] [stderr]    Compiling cookie v0.16.0
[INFO] [stderr]    Compiling cpufeatures v0.2.2
[INFO] [stderr]    Compiling actix-service v2.0.2
[INFO] [stderr]    Compiling futures-io v0.3.21
[INFO] [stderr]    Compiling time-macros v0.2.4
[INFO] [stderr]    Compiling psl-types v2.0.10
[INFO] [stderr]    Compiling tower-service v0.3.1
[INFO] [stderr]    Compiling base64 v0.13.0
[INFO] [stderr]    Compiling url v2.2.2
[INFO] [stderr]    Compiling quick-error v1.2.3
[INFO] [stderr]    Compiling linked-hash-map v0.5.4
[INFO] [stderr]    Compiling byteorder v1.4.3
[INFO] [stderr]    Compiling data-encoding v2.3.2
[INFO] [stderr]    Compiling num_threads v0.1.6
[INFO] [stderr]    Compiling mime v0.3.16
[INFO] [stderr]    Compiling ipnet v2.5.0
[INFO] [stderr]    Compiling publicsuffix v2.1.1
[INFO] [stderr]    Compiling lru-cache v0.1.2
[INFO] [stderr]    Compiling resolv-conf v0.7.0
[INFO] [stderr]    Compiling local-channel v0.1.3
[INFO] [stderr]    Compiling sha-1 v0.10.0
[INFO] [stderr]    Compiling parking_lot v0.11.2
[INFO] [stderr]    Compiling regex v1.5.6
[INFO] [stderr]    Compiling rustls v0.20.6
[INFO] [stderr]    Compiling language-tags v0.3.2
[INFO] [stderr]    Compiling time v0.3.9
[INFO] [stderr]    Compiling actix-router v0.5.0
[INFO] [stderr]    Compiling actix-rt v2.7.0
[INFO] [stderr]    Compiling async-compression v0.3.14
[INFO] [stderr]    Compiling webpki v0.22.0
[INFO] [stderr]    Compiling sct v0.7.0
[INFO] [stderr]    Compiling tokio-util v0.6.10
[INFO] [stderr]    Compiling tracing-attributes v0.1.21
[INFO] [stderr]    Compiling time-macros-impl v0.1.2
[INFO] [stderr]    Compiling openssl-macros v0.1.0
[INFO] [stderr]    Compiling thiserror-impl v1.0.31
[INFO] [stderr]    Compiling time-macros v0.1.1
[INFO] [stderr]    Compiling enum-as-inner v0.3.4
[INFO] [stderr]    Compiling derive_more v0.99.17
[INFO] [stderr]    Compiling tracing v0.1.34
[INFO] [stderr]    Compiling actix-macros v0.2.3
[INFO] [stderr]    Compiling actix-web-codegen v4.0.0
[INFO] [stderr]    Compiling thiserror v1.0.31
[INFO] [stderr]    Compiling tokio-util v0.7.2
[INFO] [stderr]    Compiling actix-server v2.1.1
[INFO] [stderr]    Compiling trust-dns-proto v0.20.4
[INFO] [stderr]    Compiling h2 v0.3.13
[INFO] [stderr]    Compiling actix-codec v0.5.0
[INFO] [stderr]    Compiling tokio-native-tls v0.3.0
[INFO] [stderr]    Compiling trust-dns-resolver v0.20.4
[INFO] [stderr]    Compiling hyper v0.14.19
[INFO] [stderr]    Compiling serde_urlencoded v0.7.1
[INFO] [stderr]    Compiling cookie_store v0.15.1
[INFO] [stderr]    Compiling hyper-tls v0.5.0
[INFO] [stderr]    Compiling reqwest v0.11.10
[INFO] [stderr]    Compiling zstd v0.10.2+zstd.1.5.2
[INFO] [stderr]    Compiling actix-http v3.0.4
[INFO] [stderr]    Compiling actix-web v4.0.1
[INFO] [stderr]    Compiling rxiv v0.1.0 (/opt/rustwide/workdir)
[INFO] [stdout] warning: multiple fields are never read
[INFO] [stdout]   --> src/api/illust_info.rs:16:5
[INFO] [stdout]    |
[INFO] [stdout]  7 | pub struct IllustInfo {
[INFO] [stdout]    |            ---------- fields in this struct
[INFO] [stdout] ...
[INFO] [stdout] 16 |     description: String,
[INFO] [stdout]    |     ^^^^^^^^^^^
[INFO] [stdout] 17 |     #[serde(rename = "illustType")]
[INFO] [stdout] 18 |     illust_type: u8,
[INFO] [stdout]    |     ^^^^^^^^^^^
[INFO] [stdout] 19 |     #[serde(rename = "createDate")]
[INFO] [stdout] 20 |     create_date: String,
[INFO] [stdout]    |     ^^^^^^^^^^^
[INFO] [stdout] 21 |     #[serde(rename = "uploadDate")]
[INFO] [stdout] 22 |     upload_date: String,
[INFO] [stdout]    |     ^^^^^^^^^^^
[INFO] [stdout] 23 |     restrict: u8,
[INFO] [stdout]    |     ^^^^^^^^
[INFO] [stdout] 24 |     #[serde(rename = "xRestrict")]
[INFO] [stdout] 25 |     x_restrict: u8,
[INFO] [stdout]    |     ^^^^^^^^^^
[INFO] [stdout] 26 |     urls: Value,
[INFO] [stdout]    |     ^^^^
[INFO] [stdout] 27 |     tags: Value,
[INFO] [stdout]    |     ^^^^
[INFO] [stdout] 28 |     alt: String,
[INFO] [stdout]    |     ^^^
[INFO] [stdout] 29 |     #[serde(rename = "storableTags")]
[INFO] [stdout] 30 |     storable_tags: Value,
[INFO] [stdout]    |     ^^^^^^^^^^^^^
[INFO] [stdout] 31 |     #[serde(rename = "userId")]
[INFO] [stdout] 32 |     user_id: String,
[INFO] [stdout]    |     ^^^^^^^
[INFO] [stdout] 33 |     #[serde(rename = "userName")]
[INFO] [stdout] 34 |     user_name: String,
[INFO] [stdout]    |     ^^^^^^^^^
[INFO] [stdout] 35 |     #[serde(rename = "userAccount")]
[INFO] [stdout] 36 |     user_account: String,
[INFO] [stdout]    |     ^^^^^^^^^^^^
[INFO] [stdout] 37 |     #[serde(rename = "userIllusts")]
[INFO] [stdout] 38 |     user_illusts: Value,
[INFO] [stdout]    |     ^^^^^^^^^^^^
[INFO] [stdout] 39 |     #[serde(rename = "likeData")]
[INFO] [stdout] 40 |     like_data: bool,
[INFO] [stdout]    |     ^^^^^^^^^
[INFO] [stdout] 41 |     width: u16,
[INFO] [stdout]    |     ^^^^^
[INFO] [stdout] 42 |     height: u16,
[INFO] [stdout]    |     ^^^^^^
[INFO] [stdout] 43 |     #[serde(rename = "pageCount")]
[INFO] [stdout] 44 |     page_count: u16,
[INFO] [stdout]    |     ^^^^^^^^^^
[INFO] [stdout] 45 |     #[serde(rename = "likeCount")]
[INFO] [stdout] 46 |     like_count: u32,
[INFO] [stdout]    |     ^^^^^^^^^^
[INFO] [stdout] 47 |     #[serde(rename = "responseCount")]
[INFO] [stdout] 48 |     response_count: u32,
[INFO] [stdout]    |     ^^^^^^^^^^^^^^
[INFO] [stdout] 49 |     #[serde(rename = "pollData")]
[INFO] [stdout] 50 |     poll_data: Value,
[INFO] [stdout]    |     ^^^^^^^^^
[INFO] [stdout] 51 |     #[serde(rename = "seriesNavData")]
[INFO] [stdout] 52 |     series_nav_data: Value,
[INFO] [stdout]    |     ^^^^^^^^^^^^^^^
[INFO] [stdout] 53 |     #[serde(rename = "descriptionBoothId")]
[INFO] [stdout] 54 |     description_booth_id: Value,
[INFO] [stdout]    |     ^^^^^^^^^^^^^^^^^^^^
[INFO] [stdout] 55 |     #[serde(rename = "descriptionYoutubeId")]
[INFO] [stdout] 56 |     description_youtube_id: Value,
[INFO] [stdout]    |     ^^^^^^^^^^^^^^^^^^^^^^
[INFO] [stdout] 57 |     #[serde(rename = "comicPromotion")]
[INFO] [stdout] 58 |     comic_promotion: Value,
[INFO] [stdout]    |     ^^^^^^^^^^^^^^^
[INFO] [stdout] 59 |     #[serde(rename = "fanboxPromotion")]
[INFO] [stdout] 60 |     fanbox_promotion: Value,
[INFO] [stdout]    |     ^^^^^^^^^^^^^^^^
[INFO] [stdout] 61 |     #[serde(rename = "contestBanners")]
[INFO] [stdout] 62 |     contest_banners: Vec<Value>,
[INFO] [stdout]    |     ^^^^^^^^^^^^^^^
[INFO] [stdout] 63 |     #[serde(rename = "isBookmarkable")]
[INFO] [stdout] 64 |     is_bookmarkable: bool,
[INFO] [stdout]    |     ^^^^^^^^^^^^^^^
[INFO] [stdout] 65 |     #[serde(rename = "bookmarkCount")]
[INFO] [stdout] 66 |     bookmark_count: u32,
[INFO] [stdout]    |     ^^^^^^^^^^^^^^
[INFO] [stdout] 67 |     #[serde(rename = "bookmarkData")]
[INFO] [stdout] 68 |     bookmark_data: Value,
[INFO] [stdout]    |     ^^^^^^^^^^^^^
[INFO] [stdout] 69 |     #[serde(rename = "contestData")]
[INFO] [stdout] 70 |     contest_data: Value,
[INFO] [stdout]    |     ^^^^^^^^^^^^
[INFO] [stdout] 71 |     #[serde(rename = "zoneConfig")]
[INFO] [stdout] 72 |     zone_config: Value,
[INFO] [stdout]    |     ^^^^^^^^^^^
[INFO] [stdout] 73 |     #[serde(rename = "extraData")]
[INFO] [stdout] 74 |     extra_data: Value,
[INFO] [stdout]    |     ^^^^^^^^^^
[INFO] [stdout] 75 |     #[serde(rename = "titleCaptionTranslation")]
[INFO] [stdout] 76 |     title_caption_translation: Value,
[INFO] [stdout]    |     ^^^^^^^^^^^^^^^^^^^^^^^^^
[INFO] [stdout] 77 |     #[serde(rename = "isUnlisted")]
[INFO] [stdout] 78 |     is_unlisted: bool,
[INFO] [stdout]    |     ^^^^^^^^^^^
[INFO] [stdout] 79 |     #[serde(rename = "isHowto")]
[INFO] [stdout] 80 |     is_howto: bool,
[INFO] [stdout]    |     ^^^^^^^^
[INFO] [stdout] 81 |     #[serde(rename = "isOriginal")]
[INFO] [stdout] 82 |     is_original: bool,
[INFO] [stdout]    |     ^^^^^^^^^^^
[INFO] [stdout] 83 |     request: Value,
[INFO] [stdout]    |     ^^^^^^^
[INFO] [stdout] 84 |     #[serde(rename = "commentCount")]
[INFO] [stdout] 85 |     comment_count: u32,
[INFO] [stdout]    |     ^^^^^^^^^^^^^
[INFO] [stdout] 86 |     #[serde(rename = "commentOff")]
[INFO] [stdout] 87 |     comment_off: u8,
[INFO] [stdout]    |     ^^^^^^^^^^^
[INFO] [stdout]    |
[INFO] [stdout]    = note: `IllustInfo` has a derived impl for the trait `Debug`, but this is intentionally ignored during dead code analysis
[INFO] [stdout]    = note: `#[warn(dead_code)]` (part of `#[warn(unused)]`) on by default
[INFO] [stdout] 
[INFO] [stdout] 
[INFO] [stdout] warning: multiple fields are never read
[INFO] [stdout]   --> src/api/rank.rs:6:5
[INFO] [stdout]    |
[INFO] [stdout]  5 | pub struct Rank {
[INFO] [stdout]    |            ---- fields in this struct
[INFO] [stdout]  6 |     contents: Vec<Content>,
[INFO] [stdout]    |     ^^^^^^^^
[INFO] [stdout]  7 |     mode: String,
[INFO] [stdout]    |     ^^^^
[INFO] [stdout]  8 |     content: String,
[INFO] [stdout]    |     ^^^^^^^
[INFO] [stdout]  9 |     page: u16,
[INFO] [stdout]    |     ^^^^
[INFO] [stdout] 10 |     prev: Value,
[INFO] [stdout]    |     ^^^^
[INFO] [stdout] 11 |     next: Value,
[INFO] [stdout]    |     ^^^^
[INFO] [stdout] 12 |     date: String,
[INFO] [stdout]    |     ^^^^
[INFO] [stdout] 13 |     prev_date: String,
[INFO] [stdout]    |     ^^^^^^^^^
[INFO] [stdout] 14 |     next_date: bool,
[INFO] [stdout]    |     ^^^^^^^^^
[INFO] [stdout] 15 |     rank_total: u16,
[INFO] [stdout]    |     ^^^^^^^^^^
[INFO] [stdout]    |
[INFO] [stdout]    = note: `Rank` has a derived impl for the trait `Debug`, but this is intentionally ignored during dead code analysis
[INFO] [stdout] 
[INFO] [stdout] 
[INFO] [stdout] warning: multiple fields are never read
[INFO] [stdout]   --> src/api/rank.rs:20:5
[INFO] [stdout]    |
[INFO] [stdout] 19 | pub struct Content {
[INFO] [stdout]    |            ------- fields in this struct
[INFO] [stdout] 20 |     title: String,
[INFO] [stdout]    |     ^^^^^
[INFO] [stdout] 21 |     date: String,
[INFO] [stdout]    |     ^^^^
[INFO] [stdout] 22 |     tags: Vec<String>,
[INFO] [stdout]    |     ^^^^
[INFO] [stdout] 23 |     url: String,
[INFO] [stdout]    |     ^^^
[INFO] [stdout] 24 |     illust_type: String,
[INFO] [stdout]    |     ^^^^^^^^^^^
[INFO] [stdout] 25 |     illust_book_style: String,
[INFO] [stdout]    |     ^^^^^^^^^^^^^^^^^
[INFO] [stdout] 26 |     illust_page_count: String,
[INFO] [stdout]    |     ^^^^^^^^^^^^^^^^^
[INFO] [stdout] 27 |     user_name: String,
[INFO] [stdout]    |     ^^^^^^^^^
[INFO] [stdout] 28 |     profile_img: String,
[INFO] [stdout]    |     ^^^^^^^^^^^
[INFO] [stdout] 29 |     illust_content_type: Value,
[INFO] [stdout]    |     ^^^^^^^^^^^^^^^^^^^
[INFO] [stdout] 30 |     illust_series: Value,
[INFO] [stdout]    |     ^^^^^^^^^^^^^
[INFO] [stdout] 31 |     illust_id: u32,
[INFO] [stdout]    |     ^^^^^^^^^
[INFO] [stdout] 32 |     width: u16,
[INFO] [stdout]    |     ^^^^^
[INFO] [stdout] 33 |     height: u16,
[INFO] [stdout]    |     ^^^^^^
[INFO] [stdout] 34 |     user_id: u32,
[INFO] [stdout]    |     ^^^^^^^
[INFO] [stdout] 35 |     rank: u16,
[INFO] [stdout]    |     ^^^^
[INFO] [stdout] 36 |     yes_rank: u16, // prev
[INFO] [stdout]    |     ^^^^^^^^
[INFO] [stdout] 37 |     rating_count: u16,
[INFO] [stdout]    |     ^^^^^^^^^^^^
[INFO] [stdout] 38 |     view_count: u32,
[INFO] [stdout]    |     ^^^^^^^^^^
[INFO] [stdout] 39 |     illust_upload_timestamp: u32, // seconds
[INFO] [stdout]    |     ^^^^^^^^^^^^^^^^^^^^^^^
[INFO] [stdout] 40 |     attr: String,
[INFO] [stdout]    |     ^^^^
[INFO] [stdout] 41 |     #[serde(default)]
[INFO] [stdout] 42 |     is_bookmarked: bool,
[INFO] [stdout]    |     ^^^^^^^^^^^^^
[INFO] [stdout] 43 |     #[serde(default)]
[INFO] [stdout] 44 |     bookmarkable: bool,
[INFO] [stdout]    |     ^^^^^^^^^^^^
[INFO] [stdout]    |
[INFO] [stdout]    = note: `Content` has a derived impl for the trait `Debug`, but this is intentionally ignored during dead code analysis
[INFO] [stdout] 
[INFO] [stdout] 
[INFO] [stderr]     Finished `dev` profile [unoptimized + debuginfo] target(s) in 1m 56s
[INFO] [stderr] warning: the following packages contain code that will be rejected by a future version of Rust: openssl v0.10.40
[INFO] [stderr] note: to see what the problems were, use the option `--future-incompat-report`, or run `cargo report future-incompatibilities --id 4`
[INFO] running `Command { std: "docker" "inspect" "2c2b6240f7656c72e378726e02ee8fa910a5129e9fe90075d1a64f96411725ae", kill_on_drop: false }`
[INFO] running `Command { std: "docker" "exec" "-e" "SOURCE_DIR=/opt/rustwide/workdir" "-e" "CARGO_HOME=/opt/rustwide/cargo-home" "-e" "RUSTUP_HOME=/opt/rustwide/rustup-home" "-e" "CARGO_TARGET_DIR=/opt/rustwide/target" "-e" "CARGO_INCREMENTAL=0" "-e" "RUST_BACKTRACE=full" "-e" "RUSTFLAGS=--cap-lints=warn" "-e" "RUSTDOCFLAGS=--cap-lints=warn" "-w" "/opt/rustwide/workdir" "--user" "0:0" "2c2b6240f7656c72e378726e02ee8fa910a5129e9fe90075d1a64f96411725ae" "/opt/rustwide/cargo-home/bin/cargo" "+1.98.0-beta.1" "test" "--frozen" "--no-run" "--message-format=json", kill_on_drop: false }`
[INFO] [stdout] warning: multiple fields are never read
[INFO] [stdout]   --> src/api/illust_info.rs:16:5
[INFO] [stdout]    |
[INFO] [stdout]  7 | pub struct IllustInfo {
[INFO] [stdout]    |            ---------- fields in this struct
[INFO] [stdout] ...
[INFO] [stdout] 16 |     description: String,
[INFO] [stdout]    |     ^^^^^^^^^^^
[INFO] [stdout] 17 |     #[serde(rename = "illustType")]
[INFO] [stdout] 18 |     illust_type: u8,
[INFO] [stdout]    |     ^^^^^^^^^^^
[INFO] [stdout] 19 |     #[serde(rename = "createDate")]
[INFO] [stdout] 20 |     create_date: String,
[INFO] [stdout]    |     ^^^^^^^^^^^
[INFO] [stdout] 21 |     #[serde(rename = "uploadDate")]
[INFO] [stdout] 22 |     upload_date: String,
[INFO] [stdout]    |     ^^^^^^^^^^^
[INFO] [stdout] 23 |     restrict: u8,
[INFO] [stdout]    |     ^^^^^^^^
[INFO] [stdout] 24 |     #[serde(rename = "xRestrict")]
[INFO] [stdout] 25 |     x_restrict: u8,
[INFO] [stdout]    |     ^^^^^^^^^^
[INFO] [stdout] 26 |     urls: Value,
[INFO] [stdout]    |     ^^^^
[INFO] [stdout] 27 |     tags: Value,
[INFO] [stdout]    |     ^^^^
[INFO] [stdout] 28 |     alt: String,
[INFO] [stdout]    |     ^^^
[INFO] [stdout] 29 |     #[serde(rename = "storableTags")]
[INFO] [stdout] 30 |     storable_tags: Value,
[INFO] [stdout]    |     ^^^^^^^^^^^^^
[INFO] [stdout] 31 |     #[serde(rename = "userId")]
[INFO] [stdout] 32 |     user_id: String,
[INFO] [stdout]    |     ^^^^^^^
[INFO] [stdout] 33 |     #[serde(rename = "userName")]
[INFO] [stdout] 34 |     user_name: String,
[INFO] [stdout]    |     ^^^^^^^^^
[INFO] [stdout] 35 |     #[serde(rename = "userAccount")]
[INFO] [stdout] 36 |     user_account: String,
[INFO] [stdout]    |     ^^^^^^^^^^^^
[INFO] [stdout] 37 |     #[serde(rename = "userIllusts")]
[INFO] [stdout] 38 |     user_illusts: Value,
[INFO] [stdout]    |     ^^^^^^^^^^^^
[INFO] [stdout] 39 |     #[serde(rename = "likeData")]
[INFO] [stdout] 40 |     like_data: bool,
[INFO] [stdout]    |     ^^^^^^^^^
[INFO] [stdout] 41 |     width: u16,
[INFO] [stdout]    |     ^^^^^
[INFO] [stdout] 42 |     height: u16,
[INFO] [stdout]    |     ^^^^^^
[INFO] [stdout] 43 |     #[serde(rename = "pageCount")]
[INFO] [stdout] 44 |     page_count: u16,
[INFO] [stdout]    |     ^^^^^^^^^^
[INFO] [stdout] 45 |     #[serde(rename = "likeCount")]
[INFO] [stdout] 46 |     like_count: u32,
[INFO] [stdout]    |     ^^^^^^^^^^
[INFO] [stdout] 47 |     #[serde(rename = "responseCount")]
[INFO] [stdout] 48 |     response_count: u32,
[INFO] [stdout]    |     ^^^^^^^^^^^^^^
[INFO] [stdout] 49 |     #[serde(rename = "pollData")]
[INFO] [stdout] 50 |     poll_data: Value,
[INFO] [stdout]    |     ^^^^^^^^^
[INFO] [stdout] 51 |     #[serde(rename = "seriesNavData")]
[INFO] [stdout] 52 |     series_nav_data: Value,
[INFO] [stdout]    |     ^^^^^^^^^^^^^^^
[INFO] [stdout] 53 |     #[serde(rename = "descriptionBoothId")]
[INFO] [stdout] 54 |     description_booth_id: Value,
[INFO] [stdout]    |     ^^^^^^^^^^^^^^^^^^^^
[INFO] [stdout] 55 |     #[serde(rename = "descriptionYoutubeId")]
[INFO] [stdout] 56 |     description_youtube_id: Value,
[INFO] [stdout]    |     ^^^^^^^^^^^^^^^^^^^^^^
[INFO] [stdout] 57 |     #[serde(rename = "comicPromotion")]
[INFO] [stdout] 58 |     comic_promotion: Value,
[INFO] [stdout]    |     ^^^^^^^^^^^^^^^
[INFO] [stdout] 59 |     #[serde(rename = "fanboxPromotion")]
[INFO] [stdout] 60 |     fanbox_promotion: Value,
[INFO] [stdout]    |     ^^^^^^^^^^^^^^^^
[INFO] [stdout] 61 |     #[serde(rename = "contestBanners")]
[INFO] [stdout] 62 |     contest_banners: Vec<Value>,
[INFO] [stdout]    |     ^^^^^^^^^^^^^^^
[INFO] [stdout] 63 |     #[serde(rename = "isBookmarkable")]
[INFO] [stdout] 64 |     is_bookmarkable: bool,
[INFO] [stdout]    |     ^^^^^^^^^^^^^^^
[INFO] [stdout] 65 |     #[serde(rename = "bookmarkCount")]
[INFO] [stdout] 66 |     bookmark_count: u32,
[INFO] [stdout]    |     ^^^^^^^^^^^^^^
[INFO] [stdout] 67 |     #[serde(rename = "bookmarkData")]
[INFO] [stdout] 68 |     bookmark_data: Value,
[INFO] [stdout]    |     ^^^^^^^^^^^^^
[INFO] [stdout] 69 |     #[serde(rename = "contestData")]
[INFO] [stdout] 70 |     contest_data: Value,
[INFO] [stdout]    |     ^^^^^^^^^^^^
[INFO] [stdout] 71 |     #[serde(rename = "zoneConfig")]
[INFO] [stdout] 72 |     zone_config: Value,
[INFO] [stdout]    |     ^^^^^^^^^^^
[INFO] [stdout] 73 |     #[serde(rename = "extraData")]
[INFO] [stdout] 74 |     extra_data: Value,
[INFO] [stdout]    |     ^^^^^^^^^^
[INFO] [stdout] 75 |     #[serde(rename = "titleCaptionTranslation")]
[INFO] [stdout] 76 |     title_caption_translation: Value,
[INFO] [stdout]    |     ^^^^^^^^^^^^^^^^^^^^^^^^^
[INFO] [stdout] 77 |     #[serde(rename = "isUnlisted")]
[INFO] [stdout] 78 |     is_unlisted: bool,
[INFO] [stdout]    |     ^^^^^^^^^^^
[INFO] [stdout] 79 |     #[serde(rename = "isHowto")]
[INFO] [stdout] 80 |     is_howto: bool,
[INFO] [stdout]    |     ^^^^^^^^
[INFO] [stdout] 81 |     #[serde(rename = "isOriginal")]
[INFO] [stdout] 82 |     is_original: bool,
[INFO] [stdout]    |     ^^^^^^^^^^^
[INFO] [stdout] 83 |     request: Value,
[INFO] [stdout]    |     ^^^^^^^
[INFO] [stdout] 84 |     #[serde(rename = "commentCount")]
[INFO] [stdout] 85 |     comment_count: u32,
[INFO] [stdout]    |     ^^^^^^^^^^^^^
[INFO] [stdout] 86 |     #[serde(rename = "commentOff")]
[INFO] [stdout] 87 |     comment_off: u8,
[INFO] [stdout]    |     ^^^^^^^^^^^
[INFO] [stdout]    |
[INFO] [stdout]    = note: `IllustInfo` has a derived impl for the trait `Debug`, but this is intentionally ignored during dead code analysis
[INFO] [stdout]    = note: `#[warn(dead_code)]` (part of `#[warn(unused)]`) on by default
[INFO] [stdout] 
[INFO] [stdout] 
[INFO] [stdout] warning: multiple fields are never read
[INFO] [stdout]   --> src/api/rank.rs:6:5
[INFO] [stdout]    |
[INFO] [stdout]  5 | pub struct Rank {
[INFO] [stdout]    |            ---- fields in this struct
[INFO] [stdout]  6 |     contents: Vec<Content>,
[INFO] [stdout]    |     ^^^^^^^^
[INFO] [stdout]  7 |     mode: String,
[INFO] [stdout]    |     ^^^^
[INFO] [stdout]  8 |     content: String,
[INFO] [stdout]    |     ^^^^^^^
[INFO] [stdout]  9 |     page: u16,
[INFO] [stdout]    |     ^^^^
[INFO] [stdout] 10 |     prev: Value,
[INFO] [stdout]    |     ^^^^
[INFO] [stdout] 11 |     next: Value,
[INFO] [stdout]    |     ^^^^
[INFO] [stdout] 12 |     date: String,
[INFO] [stdout]    |     ^^^^
[INFO] [stdout] 13 |     prev_date: String,
[INFO] [stdout]    |     ^^^^^^^^^
[INFO] [stdout] 14 |     next_date: bool,
[INFO] [stdout]    |     ^^^^^^^^^
[INFO] [stdout] 15 |     rank_total: u16,
[INFO] [stdout]    |     ^^^^^^^^^^
[INFO] [stdout]    |
[INFO] [stdout]    = note: `Rank` has a derived impl for the trait `Debug`, but this is intentionally ignored during dead code analysis
[INFO] [stdout] 
[INFO] [stdout] 
[INFO] [stdout] warning: multiple fields are never read
[INFO] [stdout]   --> src/api/rank.rs:20:5
[INFO] [stdout]    |
[INFO] [stdout] 19 | pub struct Content {
[INFO] [stdout]    |            ------- fields in this struct
[INFO] [stdout] 20 |     title: String,
[INFO] [stdout]    |     ^^^^^
[INFO] [stdout] 21 |     date: String,
[INFO] [stdout]    |     ^^^^
[INFO] [stdout] 22 |     tags: Vec<String>,
[INFO] [stdout]    |     ^^^^
[INFO] [stdout] 23 |     url: String,
[INFO] [stdout]    |     ^^^
[INFO] [stdout] 24 |     illust_type: String,
[INFO] [stdout]    |     ^^^^^^^^^^^
[INFO] [stdout] 25 |     illust_book_style: String,
[INFO] [stdout]    |     ^^^^^^^^^^^^^^^^^
[INFO] [stdout] 26 |     illust_page_count: String,
[INFO] [stdout]    |     ^^^^^^^^^^^^^^^^^
[INFO] [stdout] 27 |     user_name: String,
[INFO] [stdout]    |     ^^^^^^^^^
[INFO] [stdout] 28 |     profile_img: String,
[INFO] [stdout]    |     ^^^^^^^^^^^
[INFO] [stdout] 29 |     illust_content_type: Value,
[INFO] [stdout]    |     ^^^^^^^^^^^^^^^^^^^
[INFO] [stdout] 30 |     illust_series: Value,
[INFO] [stdout]    |     ^^^^^^^^^^^^^
[INFO] [stdout] 31 |     illust_id: u32,
[INFO] [stdout]    |     ^^^^^^^^^
[INFO] [stdout] 32 |     width: u16,
[INFO] [stdout]    |     ^^^^^
[INFO] [stdout] 33 |     height: u16,
[INFO] [stdout]    |     ^^^^^^
[INFO] [stdout] 34 |     user_id: u32,
[INFO] [stdout]    |     ^^^^^^^
[INFO] [stdout] 35 |     rank: u16,
[INFO] [stdout]    |     ^^^^
[INFO] [stdout] 36 |     yes_rank: u16, // prev
[INFO] [stdout]    |     ^^^^^^^^
[INFO] [stdout] 37 |     rating_count: u16,
[INFO] [stdout]    |     ^^^^^^^^^^^^
[INFO] [stdout] 38 |     view_count: u32,
[INFO] [stdout]    |     ^^^^^^^^^^
[INFO] [stdout] 39 |     illust_upload_timestamp: u32, // seconds
[INFO] [stdout]    |     ^^^^^^^^^^^^^^^^^^^^^^^
[INFO] [stdout] 40 |     attr: String,
[INFO] [stdout]    |     ^^^^
[INFO] [stdout] 41 |     #[serde(default)]
[INFO] [stdout] 42 |     is_bookmarked: bool,
[INFO] [stdout]    |     ^^^^^^^^^^^^^
[INFO] [stdout] 43 |     #[serde(default)]
[INFO] [stdout] 44 |     bookmarkable: bool,
[INFO] [stdout]    |     ^^^^^^^^^^^^
[INFO] [stdout]    |
[INFO] [stdout]    = note: `Content` has a derived impl for the trait `Debug`, but this is intentionally ignored during dead code analysis
[INFO] [stdout] 
[INFO] [stdout] 
[INFO] [stderr]    Compiling rxiv v0.1.0 (/opt/rustwide/workdir)
[INFO] [stdout] warning: multiple fields are never read
[INFO] [stdout]   --> src/api/illust_info.rs:16:5
[INFO] [stdout]    |
[INFO] [stdout]  7 | pub struct IllustInfo {
[INFO] [stdout]    |            ---------- fields in this struct
[INFO] [stdout] ...
[INFO] [stdout] 16 |     description: String,
[INFO] [stdout]    |     ^^^^^^^^^^^
[INFO] [stdout] 17 |     #[serde(rename = "illustType")]
[INFO] [stdout] 18 |     illust_type: u8,
[INFO] [stdout]    |     ^^^^^^^^^^^
[INFO] [stdout] 19 |     #[serde(rename = "createDate")]
[INFO] [stdout] 20 |     create_date: String,
[INFO] [stdout]    |     ^^^^^^^^^^^
[INFO] [stdout] 21 |     #[serde(rename = "uploadDate")]
[INFO] [stdout] 22 |     upload_date: String,
[INFO] [stdout]    |     ^^^^^^^^^^^
[INFO] [stdout] 23 |     restrict: u8,
[INFO] [stdout]    |     ^^^^^^^^
[INFO] [stdout] 24 |     #[serde(rename = "xRestrict")]
[INFO] [stdout] 25 |     x_restrict: u8,
[INFO] [stdout]    |     ^^^^^^^^^^
[INFO] [stdout] 26 |     urls: Value,
[INFO] [stdout]    |     ^^^^
[INFO] [stdout] 27 |     tags: Value,
[INFO] [stdout]    |     ^^^^
[INFO] [stdout] 28 |     alt: String,
[INFO] [stdout]    |     ^^^
[INFO] [stdout] 29 |     #[serde(rename = "storableTags")]
[INFO] [stdout] 30 |     storable_tags: Value,
[INFO] [stdout]    |     ^^^^^^^^^^^^^
[INFO] [stdout] 31 |     #[serde(rename = "userId")]
[INFO] [stdout] 32 |     user_id: String,
[INFO] [stdout]    |     ^^^^^^^
[INFO] [stdout] 33 |     #[serde(rename = "userName")]
[INFO] [stdout] 34 |     user_name: String,
[INFO] [stdout]    |     ^^^^^^^^^
[INFO] [stdout] 35 |     #[serde(rename = "userAccount")]
[INFO] [stdout] 36 |     user_account: String,
[INFO] [stdout]    |     ^^^^^^^^^^^^
[INFO] [stdout] 37 |     #[serde(rename = "userIllusts")]
[INFO] [stdout] 38 |     user_illusts: Value,
[INFO] [stdout]    |     ^^^^^^^^^^^^
[INFO] [stdout] 39 |     #[serde(rename = "likeData")]
[INFO] [stdout] 40 |     like_data: bool,
[INFO] [stdout]    |     ^^^^^^^^^
[INFO] [stdout] 41 |     width: u16,
[INFO] [stdout]    |     ^^^^^
[INFO] [stdout] 42 |     height: u16,
[INFO] [stdout]    |     ^^^^^^
[INFO] [stdout] 43 |     #[serde(rename = "pageCount")]
[INFO] [stdout] 44 |     page_count: u16,
[INFO] [stdout]    |     ^^^^^^^^^^
[INFO] [stdout] 45 |     #[serde(rename = "likeCount")]
[INFO] [stdout] 46 |     like_count: u32,
[INFO] [stdout]    |     ^^^^^^^^^^
[INFO] [stdout] 47 |     #[serde(rename = "responseCount")]
[INFO] [stdout] 48 |     response_count: u32,
[INFO] [stdout]    |     ^^^^^^^^^^^^^^
[INFO] [stdout] 49 |     #[serde(rename = "pollData")]
[INFO] [stdout] 50 |     poll_data: Value,
[INFO] [stdout]    |     ^^^^^^^^^
[INFO] [stdout] 51 |     #[serde(rename = "seriesNavData")]
[INFO] [stdout] 52 |     series_nav_data: Value,
[INFO] [stdout]    |     ^^^^^^^^^^^^^^^
[INFO] [stdout] 53 |     #[serde(rename = "descriptionBoothId")]
[INFO] [stdout] 54 |     description_booth_id: Value,
[INFO] [stdout]    |     ^^^^^^^^^^^^^^^^^^^^
[INFO] [stdout] 55 |     #[serde(rename = "descriptionYoutubeId")]
[INFO] [stdout] 56 |     description_youtube_id: Value,
[INFO] [stdout]    |     ^^^^^^^^^^^^^^^^^^^^^^
[INFO] [stdout] 57 |     #[serde(rename = "comicPromotion")]
[INFO] [stdout] 58 |     comic_promotion: Value,
[INFO] [stdout]    |     ^^^^^^^^^^^^^^^
[INFO] [stdout] 59 |     #[serde(rename = "fanboxPromotion")]
[INFO] [stdout] 60 |     fanbox_promotion: Value,
[INFO] [stdout]    |     ^^^^^^^^^^^^^^^^
[INFO] [stdout] 61 |     #[serde(rename = "contestBanners")]
[INFO] [stdout] 62 |     contest_banners: Vec<Value>,
[INFO] [stdout]    |     ^^^^^^^^^^^^^^^
[INFO] [stdout] 63 |     #[serde(rename = "isBookmarkable")]
[INFO] [stdout] 64 |     is_bookmarkable: bool,
[INFO] [stdout]    |     ^^^^^^^^^^^^^^^
[INFO] [stdout] 65 |     #[serde(rename = "bookmarkCount")]
[INFO] [stdout] 66 |     bookmark_count: u32,
[INFO] [stdout]    |     ^^^^^^^^^^^^^^
[INFO] [stdout] 67 |     #[serde(rename = "bookmarkData")]
[INFO] [stdout] 68 |     bookmark_data: Value,
[INFO] [stdout]    |     ^^^^^^^^^^^^^
[INFO] [stdout] 69 |     #[serde(rename = "contestData")]
[INFO] [stdout] 70 |     contest_data: Value,
[INFO] [stdout]    |     ^^^^^^^^^^^^
[INFO] [stdout] 71 |     #[serde(rename = "zoneConfig")]
[INFO] [stdout] 72 |     zone_config: Value,
[INFO] [stdout]    |     ^^^^^^^^^^^
[INFO] [stdout] 73 |     #[serde(rename = "extraData")]
[INFO] [stdout] 74 |     extra_data: Value,
[INFO] [stdout]    |     ^^^^^^^^^^
[INFO] [stdout] 75 |     #[serde(rename = "titleCaptionTranslation")]
[INFO] [stdout] 76 |     title_caption_translation: Value,
[INFO] [stdout]    |     ^^^^^^^^^^^^^^^^^^^^^^^^^
[INFO] [stdout] 77 |     #[serde(rename = "isUnlisted")]
[INFO] [stdout] 78 |     is_unlisted: bool,
[INFO] [stdout]    |     ^^^^^^^^^^^
[INFO] [stdout] 79 |     #[serde(rename = "isHowto")]
[INFO] [stdout] 80 |     is_howto: bool,
[INFO] [stdout]    |     ^^^^^^^^
[INFO] [stdout] 81 |     #[serde(rename = "isOriginal")]
[INFO] [stdout] 82 |     is_original: bool,
[INFO] [stdout]    |     ^^^^^^^^^^^
[INFO] [stdout] 83 |     request: Value,
[INFO] [stdout]    |     ^^^^^^^
[INFO] [stdout] 84 |     #[serde(rename = "commentCount")]
[INFO] [stdout] 85 |     comment_count: u32,
[INFO] [stdout]    |     ^^^^^^^^^^^^^
[INFO] [stdout] 86 |     #[serde(rename = "commentOff")]
[INFO] [stdout] 87 |     comment_off: u8,
[INFO] [stdout]    |     ^^^^^^^^^^^
[INFO] [stdout]    |
[INFO] [stdout]    = note: `IllustInfo` has a derived impl for the trait `Debug`, but this is intentionally ignored during dead code analysis
[INFO] [stdout]    = note: `#[warn(dead_code)]` (part of `#[warn(unused)]`) on by default
[INFO] [stdout] 
[INFO] [stdout] 
[INFO] [stdout] warning: multiple fields are never read
[INFO] [stdout]   --> src/api/rank.rs:6:5
[INFO] [stdout]    |
[INFO] [stdout]  5 | pub struct Rank {
[INFO] [stdout]    |            ---- fields in this struct
[INFO] [stdout]  6 |     contents: Vec<Content>,
[INFO] [stdout]    |     ^^^^^^^^
[INFO] [stdout]  7 |     mode: String,
[INFO] [stdout]    |     ^^^^
[INFO] [stdout]  8 |     content: String,
[INFO] [stdout]    |     ^^^^^^^
[INFO] [stdout]  9 |     page: u16,
[INFO] [stdout]    |     ^^^^
[INFO] [stdout] 10 |     prev: Value,
[INFO] [stdout]    |     ^^^^
[INFO] [stdout] 11 |     next: Value,
[INFO] [stdout]    |     ^^^^
[INFO] [stdout] 12 |     date: String,
[INFO] [stdout]    |     ^^^^
[INFO] [stdout] 13 |     prev_date: String,
[INFO] [stdout]    |     ^^^^^^^^^
[INFO] [stdout] 14 |     next_date: bool,
[INFO] [stdout]    |     ^^^^^^^^^
[INFO] [stdout] 15 |     rank_total: u16,
[INFO] [stdout]    |     ^^^^^^^^^^
[INFO] [stdout]    |
[INFO] [stdout]    = note: `Rank` has a derived impl for the trait `Debug`, but this is intentionally ignored during dead code analysis
[INFO] [stdout] 
[INFO] [stdout] 
[INFO] [stdout] warning: multiple fields are never read
[INFO] [stdout]   --> src/api/rank.rs:20:5
[INFO] [stdout]    |
[INFO] [stdout] 19 | pub struct Content {
[INFO] [stdout]    |            ------- fields in this struct
[INFO] [stdout] 20 |     title: String,
[INFO] [stdout]    |     ^^^^^
[INFO] [stdout] 21 |     date: String,
[INFO] [stdout]    |     ^^^^
[INFO] [stdout] 22 |     tags: Vec<String>,
[INFO] [stdout]    |     ^^^^
[INFO] [stdout] 23 |     url: String,
[INFO] [stdout]    |     ^^^
[INFO] [stdout] 24 |     illust_type: String,
[INFO] [stdout]    |     ^^^^^^^^^^^
[INFO] [stdout] 25 |     illust_book_style: String,
[INFO] [stdout]    |     ^^^^^^^^^^^^^^^^^
[INFO] [stdout] 26 |     illust_page_count: String,
[INFO] [stdout]    |     ^^^^^^^^^^^^^^^^^
[INFO] [stdout] 27 |     user_name: String,
[INFO] [stdout]    |     ^^^^^^^^^
[INFO] [stdout] 28 |     profile_img: String,
[INFO] [stdout]    |     ^^^^^^^^^^^
[INFO] [stdout] 29 |     illust_content_type: Value,
[INFO] [stdout]    |     ^^^^^^^^^^^^^^^^^^^
[INFO] [stdout] 30 |     illust_series: Value,
[INFO] [stdout]    |     ^^^^^^^^^^^^^
[INFO] [stdout] 31 |     illust_id: u32,
[INFO] [stdout]    |     ^^^^^^^^^
[INFO] [stdout] 32 |     width: u16,
[INFO] [stdout]    |     ^^^^^
[INFO] [stdout] 33 |     height: u16,
[INFO] [stdout]    |     ^^^^^^
[INFO] [stdout] 34 |     user_id: u32,
[INFO] [stdout]    |     ^^^^^^^
[INFO] [stdout] 35 |     rank: u16,
[INFO] [stdout]    |     ^^^^
[INFO] [stdout] 36 |     yes_rank: u16, // prev
[INFO] [stdout]    |     ^^^^^^^^
[INFO] [stdout] 37 |     rating_count: u16,
[INFO] [stdout]    |     ^^^^^^^^^^^^
[INFO] [stdout] 38 |     view_count: u32,
[INFO] [stdout]    |     ^^^^^^^^^^
[INFO] [stdout] 39 |     illust_upload_timestamp: u32, // seconds
[INFO] [stdout]    |     ^^^^^^^^^^^^^^^^^^^^^^^
[INFO] [stdout] 40 |     attr: String,
[INFO] [stdout]    |     ^^^^
[INFO] [stdout] 41 |     #[serde(default)]
[INFO] [stdout] 42 |     is_bookmarked: bool,
[INFO] [stdout]    |     ^^^^^^^^^^^^^
[INFO] [stdout] 43 |     #[serde(default)]
[INFO] [stdout] 44 |     bookmarkable: bool,
[INFO] [stdout]    |     ^^^^^^^^^^^^
[INFO] [stdout]    |
[INFO] [stdout]    = note: `Content` has a derived impl for the trait `Debug`, but this is intentionally ignored during dead code analysis
[INFO] [stdout] 
[INFO] [stdout] 
[INFO] [stdout] warning: struct `Res` is never constructed
[INFO] [stdout]    --> src/lib.rs:219:16
[INFO] [stdout]     |
[INFO] [stdout] 219 |         struct Res {
[INFO] [stdout]     |                ^^^
[INFO] [stdout] 
[INFO] [stdout] 
[INFO] [stdout] warning: field `id` is never read
[INFO] [stdout]    --> src/lib.rs:225:13
[INFO] [stdout]     |
[INFO] [stdout] 224 |         struct Id {
[INFO] [stdout]     |                -- field in this struct
[INFO] [stdout] 225 |             id: u8,
[INFO] [stdout]     |             ^^
[INFO] [stdout]     |
[INFO] [stdout]     = note: `Id` has a derived impl for the trait `Debug`, but this is intentionally ignored during dead code analysis
[INFO] [stdout] 
[INFO] [stdout] 
[INFO] [stderr]     Finished `test` profile [unoptimized + debuginfo] target(s) in 3.89s
[INFO] [stderr] warning: the following packages contain code that will be rejected by a future version of Rust: openssl v0.10.40
[INFO] [stderr] note: to see what the problems were, use the option `--future-incompat-report`, or run `cargo report future-incompatibilities --id 4`
[INFO] running `Command { std: "docker" "inspect" "2c2b6240f7656c72e378726e02ee8fa910a5129e9fe90075d1a64f96411725ae", kill_on_drop: false }`
[INFO] running `Command { std: "docker" "exec" "-e" "SOURCE_DIR=/opt/rustwide/workdir" "-e" "CARGO_HOME=/opt/rustwide/cargo-home" "-e" "RUSTUP_HOME=/opt/rustwide/rustup-home" "-e" "CARGO_TARGET_DIR=/opt/rustwide/target" "-e" "CARGO_INCREMENTAL=0" "-e" "RUST_BACKTRACE=full" "-e" "RUSTFLAGS=--cap-lints=warn" "-e" "RUSTDOCFLAGS=--cap-lints=warn" "-w" "/opt/rustwide/workdir" "--user" "0:0" "2c2b6240f7656c72e378726e02ee8fa910a5129e9fe90075d1a64f96411725ae" "/opt/rustwide/cargo-home/bin/cargo" "+1.98.0-beta.1" "test" "--frozen", kill_on_drop: false }`
[INFO] [stderr] warning: multiple fields are never read
[INFO] [stderr]   --> src/api/illust_info.rs:16:5
[INFO] [stderr]    |
[INFO] [stderr]  7 | pub struct IllustInfo {
[INFO] [stderr]    |            ---------- fields in this struct
[INFO] [stderr] ...
[INFO] [stderr] 16 |     description: String,
[INFO] [stderr]    |     ^^^^^^^^^^^
[INFO] [stderr] 17 |     #[serde(rename = "illustType")]
[INFO] [stderr] 18 |     illust_type: u8,
[INFO] [stderr]    |     ^^^^^^^^^^^
[INFO] [stderr] 19 |     #[serde(rename = "createDate")]
[INFO] [stderr] 20 |     create_date: String,
[INFO] [stderr]    |     ^^^^^^^^^^^
[INFO] [stderr] 21 |     #[serde(rename = "uploadDate")]
[INFO] [stderr] 22 |     upload_date: String,
[INFO] [stderr]    |     ^^^^^^^^^^^
[INFO] [stderr] 23 |     restrict: u8,
[INFO] [stderr]    |     ^^^^^^^^
[INFO] [stderr] 24 |     #[serde(rename = "xRestrict")]
[INFO] [stderr] 25 |     x_restrict: u8,
[INFO] [stderr]    |     ^^^^^^^^^^
[INFO] [stderr] 26 |     urls: Value,
[INFO] [stderr]    |     ^^^^
[INFO] [stderr] 27 |     tags: Value,
[INFO] [stderr]    |     ^^^^
[INFO] [stderr] 28 |     alt: String,
[INFO] [stderr]    |     ^^^
[INFO] [stderr] 29 |     #[serde(rename = "storableTags")]
[INFO] [stderr] 30 |     storable_tags: Value,
[INFO] [stderr]    |     ^^^^^^^^^^^^^
[INFO] [stderr] 31 |     #[serde(rename = "userId")]
[INFO] [stderr] 32 |     user_id: String,
[INFO] [stderr]    |     ^^^^^^^
[INFO] [stderr] 33 |     #[serde(rename = "userName")]
[INFO] [stderr] 34 |     user_name: String,
[INFO] [stderr]    |     ^^^^^^^^^
[INFO] [stderr] 35 |     #[serde(rename = "userAccount")]
[INFO] [stderr] 36 |     user_account: String,
[INFO] [stderr]    |     ^^^^^^^^^^^^
[INFO] [stderr] 37 |     #[serde(rename = "userIllusts")]
[INFO] [stderr] 38 |     user_illusts: Value,
[INFO] [stderr]    |     ^^^^^^^^^^^^
[INFO] [stderr] 39 |     #[serde(rename = "likeData")]
[INFO] [stderr] 40 |     like_data: bool,
[INFO] [stderr]    |     ^^^^^^^^^
[INFO] [stderr] 41 |     width: u16,
[INFO] [stderr]    |     ^^^^^
[INFO] [stderr] 42 |     height: u16,
[INFO] [stderr]    |     ^^^^^^
[INFO] [stderr] 43 |     #[serde(rename = "pageCount")]
[INFO] [stderr] 44 |     page_count: u16,
[INFO] [stderr]    |     ^^^^^^^^^^
[INFO] [stderr] 45 |     #[serde(rename = "likeCount")]
[INFO] [stderr] 46 |     like_count: u32,
[INFO] [stderr]    |     ^^^^^^^^^^
[INFO] [stderr] 47 |     #[serde(rename = "responseCount")]
[INFO] [stderr] 48 |     response_count: u32,
[INFO] [stderr]    |     ^^^^^^^^^^^^^^
[INFO] [stderr] 49 |     #[serde(rename = "pollData")]
[INFO] [stderr] 50 |     poll_data: Value,
[INFO] [stderr]    |     ^^^^^^^^^
[INFO] [stderr] 51 |     #[serde(rename = "seriesNavData")]
[INFO] [stderr] 52 |     series_nav_data: Value,
[INFO] [stderr]    |     ^^^^^^^^^^^^^^^
[INFO] [stderr] 53 |     #[serde(rename = "descriptionBoothId")]
[INFO] [stderr] 54 |     description_booth_id: Value,
[INFO] [stderr]    |     ^^^^^^^^^^^^^^^^^^^^
[INFO] [stderr] 55 |     #[serde(rename = "descriptionYoutubeId")]
[INFO] [stderr] 56 |     description_youtube_id: Value,
[INFO] [stderr]    |     ^^^^^^^^^^^^^^^^^^^^^^
[INFO] [stderr] 57 |     #[serde(rename = "comicPromotion")]
[INFO] [stderr] 58 |     comic_promotion: Value,
[INFO] [stderr]    |     ^^^^^^^^^^^^^^^
[INFO] [stderr] 59 |     #[serde(rename = "fanboxPromotion")]
[INFO] [stderr] 60 |     fanbox_promotion: Value,
[INFO] [stderr]    |     ^^^^^^^^^^^^^^^^
[INFO] [stderr] 61 |     #[serde(rename = "contestBanners")]
[INFO] [stderr] 62 |     contest_banners: Vec<Value>,
[INFO] [stderr]    |     ^^^^^^^^^^^^^^^
[INFO] [stderr] 63 |     #[serde(rename = "isBookmarkable")]
[INFO] [stderr] 64 |     is_bookmarkable: bool,
[INFO] [stderr]    |     ^^^^^^^^^^^^^^^
[INFO] [stderr] 65 |     #[serde(rename = "bookmarkCount")]
[INFO] [stderr] 66 |     bookmark_count: u32,
[INFO] [stderr]    |     ^^^^^^^^^^^^^^
[INFO] [stderr] 67 |     #[serde(rename = "bookmarkData")]
[INFO] [stderr] 68 |     bookmark_data: Value,
[INFO] [stderr]    |     ^^^^^^^^^^^^^
[INFO] [stderr] 69 |     #[serde(rename = "contestData")]
[INFO] [stderr] 70 |     contest_data: Value,
[INFO] [stderr]    |     ^^^^^^^^^^^^
[INFO] [stderr] 71 |     #[serde(rename = "zoneConfig")]
[INFO] [stderr] 72 |     zone_config: Value,
[INFO] [stderr]    |     ^^^^^^^^^^^
[INFO] [stderr] 73 |     #[serde(rename = "extraData")]
[INFO] [stderr] 74 |     extra_data: Value,
[INFO] [stderr]    |     ^^^^^^^^^^
[INFO] [stderr] 75 |     #[serde(rename = "titleCaptionTranslation")]
[INFO] [stderr] 76 |     title_caption_translation: Value,
[INFO] [stderr]    |     ^^^^^^^^^^^^^^^^^^^^^^^^^
[INFO] [stderr] 77 |     #[serde(rename = "isUnlisted")]
[INFO] [stderr] 78 |     is_unlisted: bool,
[INFO] [stderr]    |     ^^^^^^^^^^^
[INFO] [stderr] 79 |     #[serde(rename = "isHowto")]
[INFO] [stderr] 80 |     is_howto: bool,
[INFO] [stderr]    |     ^^^^^^^^
[INFO] [stderr] 81 |     #[serde(rename = "isOriginal")]
[INFO] [stderr] 82 |     is_original: bool,
[INFO] [stderr]    |     ^^^^^^^^^^^
[INFO] [stderr] 83 |     request: Value,
[INFO] [stderr]    |     ^^^^^^^
[INFO] [stderr] 84 |     #[serde(rename = "commentCount")]
[INFO] [stderr] 85 |     comment_count: u32,
[INFO] [stderr]    |     ^^^^^^^^^^^^^
[INFO] [stderr] 86 |     #[serde(rename = "commentOff")]
[INFO] [stderr] 87 |     comment_off: u8,
[INFO] [stderr]    |     ^^^^^^^^^^^
[INFO] [stderr]    |
[INFO] [stderr]    = note: `IllustInfo` has a derived impl for the trait `Debug`, but this is intentionally ignored during dead code analysis
[INFO] [stderr]    = note: `#[warn(dead_code)]` (part of `#[warn(unused)]`) on by default
[INFO] [stderr] 
[INFO] [stderr] warning: multiple fields are never read
[INFO] [stderr]   --> src/api/rank.rs:6:5
[INFO] [stderr]    |
[INFO] [stderr]  5 | pub struct Rank {
[INFO] [stderr]    |            ---- fields in this struct
[INFO] [stderr]  6 |     contents: Vec<Content>,
[INFO] [stderr]    |     ^^^^^^^^
[INFO] [stderr]  7 |     mode: String,
[INFO] [stderr]    |     ^^^^
[INFO] [stderr]  8 |     content: String,
[INFO] [stderr]    |     ^^^^^^^
[INFO] [stderr]  9 |     page: u16,
[INFO] [stderr]    |     ^^^^
[INFO] [stderr] 10 |     prev: Value,
[INFO] [stderr]    |     ^^^^
[INFO] [stderr] 11 |     next: Value,
[INFO] [stderr]    |     ^^^^
[INFO] [stderr] 12 |     date: String,
[INFO] [stderr]    |     ^^^^
[INFO] [stderr] 13 |     prev_date: String,
[INFO] [stderr]    |     ^^^^^^^^^
[INFO] [stderr] 14 |     next_date: bool,
[INFO] [stderr]    |     ^^^^^^^^^
[INFO] [stderr] 15 |     rank_total: u16,
[INFO] [stderr]    |     ^^^^^^^^^^
[INFO] [stderr]    |
[INFO] [stderr]    = note: `Rank` has a derived impl for the trait `Debug`, but this is intentionally ignored during dead code analysis
[INFO] [stderr] 
[INFO] [stderr] warning: multiple fields are never read
[INFO] [stderr]   --> src/api/rank.rs:20:5
[INFO] [stderr]    |
[INFO] [stderr] 19 | pub struct Content {
[INFO] [stderr]    |            ------- fields in this struct
[INFO] [stderr] 20 |     title: String,
[INFO] [stderr]    |     ^^^^^
[INFO] [stderr] 21 |     date: String,
[INFO] [stderr]    |     ^^^^
[INFO] [stderr] 22 |     tags: Vec<String>,
[INFO] [stderr]    |     ^^^^
[INFO] [stderr] 23 |     url: String,
[INFO] [stderr]    |     ^^^
[INFO] [stderr] 24 |     illust_type: String,
[INFO] [stderr]    |     ^^^^^^^^^^^
[INFO] [stderr] 25 |     illust_book_style: String,
[INFO] [stderr]    |     ^^^^^^^^^^^^^^^^^
[INFO] [stderr] 26 |     illust_page_count: String,
[INFO] [stderr]    |     ^^^^^^^^^^^^^^^^^
[INFO] [stderr] 27 |     user_name: String,
[INFO] [stderr]    |     ^^^^^^^^^
[INFO] [stderr] 28 |     profile_img: String,
[INFO] [stderr]    |     ^^^^^^^^^^^
[INFO] [stderr] 29 |     illust_content_type: Value,
[INFO] [stderr]    |     ^^^^^^^^^^^^^^^^^^^
[INFO] [stderr] 30 |     illust_series: Value,
[INFO] [stderr]    |     ^^^^^^^^^^^^^
[INFO] [stderr] 31 |     illust_id: u32,
[INFO] [stderr]    |     ^^^^^^^^^
[INFO] [stderr] 32 |     width: u16,
[INFO] [stderr]    |     ^^^^^
[INFO] [stderr] 33 |     height: u16,
[INFO] [stderr]    |     ^^^^^^
[INFO] [stderr] 34 |     user_id: u32,
[INFO] [stderr]    |     ^^^^^^^
[INFO] [stderr] 35 |     rank: u16,
[INFO] [stderr]    |     ^^^^
[INFO] [stderr] 36 |     yes_rank: u16, // prev
[INFO] [stderr]    |     ^^^^^^^^
[INFO] [stderr] 37 |     rating_count: u16,
[INFO] [stderr]    |     ^^^^^^^^^^^^
[INFO] [stderr] 38 |     view_count: u32,
[INFO] [stderr]    |     ^^^^^^^^^^
[INFO] [stderr] 39 |     illust_upload_timestamp: u32, // seconds
[INFO] [stderr]    |     ^^^^^^^^^^^^^^^^^^^^^^^
[INFO] [stderr] 40 |     attr: String,
[INFO] [stderr]    |     ^^^^
[INFO] [stderr] 41 |     #[serde(default)]
[INFO] [stderr] 42 |     is_bookmarked: bool,
[INFO] [stderr]    |     ^^^^^^^^^^^^^
[INFO] [stderr] 43 |     #[serde(default)]
[INFO] [stderr] 44 |     bookmarkable: bool,
[INFO] [stderr]    |     ^^^^^^^^^^^^
[INFO] [stderr]    |
[INFO] [stderr]    = note: `Content` has a derived impl for the trait `Debug`, but this is intentionally ignored during dead code analysis
[INFO] [stderr] 
[INFO] [stderr] warning: struct `Res` is never constructed
[INFO] [stderr]    --> src/lib.rs:219:16
[INFO] [stderr]     |
[INFO] [stderr] 219 |         struct Res {
[INFO] [stderr]     |                ^^^
[INFO] [stderr] 
[INFO] [stderr] warning: field `id` is never read
[INFO] [stderr]    --> src/lib.rs:225:13
[INFO] [stderr]     |
[INFO] [stderr] 224 |         struct Id {
[INFO] [stderr]     |                -- field in this struct
[INFO] [stderr] 225 |             id: u8,
[INFO] [stderr]     |             ^^
[INFO] [stderr]     |
[INFO] [stderr]     = note: `Id` has a derived impl for the trait `Debug`, but this is intentionally ignored during dead code analysis
[INFO] [stderr] 
[INFO] [stderr] warning: `rxiv` (lib) generated 3 warnings
[INFO] [stderr] warning: `rxiv` (lib test) generated 5 warnings (3 duplicates)
[INFO] [stderr]     Finished `test` profile [unoptimized + debuginfo] target(s) in 0.28s
[INFO] [stderr] warning: the following packages contain code that will be rejected by a future version of Rust: openssl v0.10.40
[INFO] [stderr] note: to see what the problems were, use the option `--future-incompat-report`, or run `cargo report future-incompatibilities --id 4`
[INFO] [stderr]      Running unittests src/lib.rs (/opt/rustwide/target/debug/deps/rxiv-56f53561818ffc61)
[INFO] [stdout] 
[INFO] [stdout] running 8 tests
[INFO] [stdout] test tests::entry ... ok
[INFO] [stdout] test tests::json ... ok
[INFO] [stdout] test tests::arc ... ok
[INFO] [stdout] test tests::connect ... ok
[INFO] [stdout] test tests::get_ill ... FAILED
[INFO] [stdout] test tests::oauth ... FAILED
[INFO] [stdout] test tests::pages ... ok
[INFO] [stdout] test tests::rank ... FAILED
[INFO] [stdout] 
[INFO] [stdout] failures:
[INFO] [stdout] 
[INFO] [stdout] ---- tests::get_ill stdout ----
[INFO] [stdout] 
[INFO] [stdout] thread 'tests::get_ill' (3400) panicked at src/lib.rs:169:27:
[INFO] [stdout] called `Result::unwrap()` on an `Err` value: reqwest::Error { kind: Request, url: Url { scheme: "https", cannot_be_a_base: false, username: "", password: None, host: Some(Ipv4(210.140.92.143)), port: None, path: "/img-original/img/2021/12/17/00/00/03/94819771_p0.png", query: None, fragment: None }, source: hyper::Error(Connect, ConnectError("tcp connect error", Os { code: 101, kind: NetworkUnreachable, message: "Network is unreachable" })) }
[INFO] [stdout] stack backtrace:
[INFO] [stdout]    0:     0x5f7051c84131 - std[73adb7dc35730857]::backtrace_rs::backtrace::libunwind::trace
[INFO] [stdout]                                at /rustc/6b3fa26749ab40e159b2dd5cf577acaaf5902772/library/std/src/../../backtrace/src/backtrace/libunwind.rs:117:9
[INFO] [stdout]    1:     0x5f7051c84131 - std[73adb7dc35730857]::backtrace_rs::backtrace::trace_unsynchronized::<std[73adb7dc35730857]::sys::backtrace::_print_fmt::{closure#1}>
[INFO] [stdout]                                at /rustc/6b3fa26749ab40e159b2dd5cf577acaaf5902772/library/std/src/../../backtrace/src/backtrace/mod.rs:66:14
[INFO] [stdout]    2:     0x5f7051c84131 - std[73adb7dc35730857]::sys::backtrace::_print_fmt
[INFO] [stdout]                                at /rustc/6b3fa26749ab40e159b2dd5cf577acaaf5902772/library/std/src/sys/backtrace.rs:74:9
[INFO] [stdout]    3:     0x5f7051c84131 - <<std[73adb7dc35730857]::sys::backtrace::BacktraceLock>::print::DisplayBacktrace as core[6883ba1bc0fe4ed1]::fmt::Display>::fmt
[INFO] [stdout]                                at /rustc/6b3fa26749ab40e159b2dd5cf577acaaf5902772/library/std/src/sys/backtrace.rs:44:26
[INFO] [stdout]    4:     0x5f7051c9b46a - <core[6883ba1bc0fe4ed1]::fmt::rt::Argument>::fmt
[INFO] [stdout]                                at /rustc/6b3fa26749ab40e159b2dd5cf577acaaf5902772/library/core/src/fmt/rt.rs:152:76
[INFO] [stdout]    5:     0x5f7051c9b46a - core[6883ba1bc0fe4ed1]::fmt::write
[INFO] [stdout]    6:     0x5f7051c88f4c - std[73adb7dc35730857]::io::default_write_fmt::<alloc[55a36b64bcbf2c0d]::vec::Vec<u8>>
[INFO] [stdout]                                at /rustc/6b3fa26749ab40e159b2dd5cf577acaaf5902772/library/std/src/io/mod.rs:626:11
[INFO] [stdout]    7:     0x5f7051c88f4c - <alloc[55a36b64bcbf2c0d]::vec::Vec<u8> as std[73adb7dc35730857]::io::Write>::write_fmt
[INFO] [stdout]                                at /rustc/6b3fa26749ab40e159b2dd5cf577acaaf5902772/library/std/src/io/mod.rs:1730:13
[INFO] [stdout]    8:     0x5f7051c61026 - <std[73adb7dc35730857]::sys::backtrace::BacktraceLock>::print
[INFO] [stdout]                                at /rustc/6b3fa26749ab40e159b2dd5cf577acaaf5902772/library/std/src/sys/backtrace.rs:47:9
[INFO] [stdout]    9:     0x5f7051c61026 - std[73adb7dc35730857]::panicking::default_hook::{closure#0}
[INFO] [stdout]                                at /rustc/6b3fa26749ab40e159b2dd5cf577acaaf5902772/library/std/src/panicking.rs:292:27
[INFO] [stdout]   10:     0x5f7051c7b909 - std[73adb7dc35730857]::panicking::default_hook
[INFO] [stdout]                                at /rustc/6b3fa26749ab40e159b2dd5cf577acaaf5902772/library/std/src/panicking.rs:316:9
[INFO] [stdout]   11:     0x5f7051633f90 - <alloc[55a36b64bcbf2c0d]::boxed::Box<dyn for<'a, 'b> core[6883ba1bc0fe4ed1]::ops::function::Fn<(&'a std[73adb7dc35730857]::panic::PanicHookInfo<'b>,), Output = ()> + core[6883ba1bc0fe4ed1]::marker::Send + core[6883ba1bc0fe4ed1]::marker::Sync> as core[6883ba1bc0fe4ed1]::ops::function::Fn<(&std[73adb7dc35730857]::panic::PanicHookInfo,)>>::call
[INFO] [stdout]                                at /rustc/6b3fa26749ab40e159b2dd5cf577acaaf5902772/library/alloc/src/boxed.rs:2333:9
[INFO] [stdout]   12:     0x5f7051633f90 - test[980ffaebd391d06d]::test_main_inner::<test[980ffaebd391d06d]::test_main_static::{closure#0}>::{closure#0}
[INFO] [stdout]                                at /rustc/6b3fa26749ab40e159b2dd5cf577acaaf5902772/library/test/src/lib.rs:155:21
[INFO] [stdout]   13:     0x5f7051c7bc32 - <alloc[55a36b64bcbf2c0d]::boxed::Box<dyn for<'a, 'b> core[6883ba1bc0fe4ed1]::ops::function::Fn<(&'a std[73adb7dc35730857]::panic::PanicHookInfo<'b>,), Output = ()> + core[6883ba1bc0fe4ed1]::marker::Send + core[6883ba1bc0fe4ed1]::marker::Sync> as core[6883ba1bc0fe4ed1]::ops::function::Fn<(&std[73adb7dc35730857]::panic::PanicHookInfo,)>>::call
[INFO] [stdout]                                at /rustc/6b3fa26749ab40e159b2dd5cf577acaaf5902772/library/alloc/src/boxed.rs:2333:9
[INFO] [stdout]   14:     0x5f7051c7bc32 - std[73adb7dc35730857]::panicking::panic_with_hook
[INFO] [stdout]                                at /rustc/6b3fa26749ab40e159b2dd5cf577acaaf5902772/library/std/src/panicking.rs:823:13
[INFO] [stdout]   15:     0x5f7051c610d2 - std[73adb7dc35730857]::panicking::panic_handler::{closure#0}
[INFO] [stdout]                                at /rustc/6b3fa26749ab40e159b2dd5cf577acaaf5902772/library/std/src/panicking.rs:688:13
[INFO] [stdout]   16:     0x5f7051c58679 - std[73adb7dc35730857]::sys::backtrace::__rust_end_short_backtrace::<std[73adb7dc35730857]::panicking::panic_handler::{closure#0}, !>
[INFO] [stdout]                                at /rustc/6b3fa26749ab40e159b2dd5cf577acaaf5902772/library/std/src/sys/backtrace.rs:182:18
[INFO] [stdout]   17:     0x5f7051c61f5d - __rustc[a7b7b02e776dd976]::rust_begin_unwind
[INFO] [stdout]                                at /rustc/6b3fa26749ab40e159b2dd5cf577acaaf5902772/library/std/src/panicking.rs:679:5
[INFO] [stdout]   18:     0x5f7051c9bc6c - core[6883ba1bc0fe4ed1]::panicking::panic_fmt
[INFO] [stdout]                                at /rustc/6b3fa26749ab40e159b2dd5cf577acaaf5902772/library/core/src/panicking.rs:80:14
[INFO] [stdout]   19:     0x5f7051c9b9e2 - core[6883ba1bc0fe4ed1]::result::unwrap_failed
[INFO] [stdout]                                at /rustc/6b3fa26749ab40e159b2dd5cf577acaaf5902772/library/core/src/result.rs:1870:5
[INFO] [stdout]   20:     0x5f7051600b7a - <core[6883ba1bc0fe4ed1]::result::Result<reqwest[265936060d58d7fa]::async_impl::response::Response, reqwest[265936060d58d7fa]::error::Error>>::unwrap
[INFO] [stdout]                                at /rustc/6b3fa26749ab40e159b2dd5cf577acaaf5902772/library/core/src/result.rs:1231:23
[INFO] [stdout]   21:     0x5f7051600b7a - rxiv[383bf78bf8107355]::tests::get_ill::{closure#0}
[INFO] [stdout]                                at /opt/rustwide/workdir/src/lib.rs:169:27
[INFO] [stdout]   22:     0x5f7051623c4d - <core[6883ba1bc0fe4ed1]::pin::Pin<&mut rxiv[383bf78bf8107355]::tests::get_ill::{closure#0}> as core[6883ba1bc0fe4ed1]::future::future::Future>::poll
[INFO] [stdout]                                at /rustc/6b3fa26749ab40e159b2dd5cf577acaaf5902772/library/core/src/future/future.rs:133:9
[INFO] [stdout]   23:     0x5f70515e077d - <tokio[d9c700a70614053c]::runtime::basic_scheduler::CoreGuard>::block_on::<core[6883ba1bc0fe4ed1]::pin::Pin<&mut rxiv[383bf78bf8107355]::tests::get_ill::{closure#0}>>::{closure#0}::{closure#0}::{closure#0}
[INFO] [stdout]                                at /opt/rustwide/cargo-home/registry/src/index.crates.io-1949cf8c6b5b557f/tokio-1.18.2/src/runtime/basic_scheduler.rs:507:64
[INFO] [stdout]   24:     0x5f7051622cc0 - tokio[d9c700a70614053c]::coop::with_budget::<core[6883ba1bc0fe4ed1]::task::poll::Poll<()>, <tokio[d9c700a70614053c]::runtime::basic_scheduler::CoreGuard>::block_on<core[6883ba1bc0fe4ed1]::pin::Pin<&mut rxiv[383bf78bf8107355]::tests::get_ill::{closure#0}>>::{closure#0}::{closure#0}::{closure#0}>::{closure#0}
[INFO] [stdout]                                at /opt/rustwide/cargo-home/registry/src/index.crates.io-1949cf8c6b5b557f/tokio-1.18.2/src/coop.rs:102:9
[INFO] [stdout]   25:     0x5f7051620c85 - <std[73adb7dc35730857]::thread::local::LocalKey<core[6883ba1bc0fe4ed1]::cell::Cell<tokio[d9c700a70614053c]::coop::Budget>>>::try_with::<tokio[d9c700a70614053c]::coop::with_budget<core[6883ba1bc0fe4ed1]::task::poll::Poll<()>, <tokio[d9c700a70614053c]::runtime::basic_scheduler::CoreGuard>::block_on<core[6883ba1bc0fe4ed1]::pin::Pin<&mut rxiv[383bf78bf8107355]::tests::get_ill::{closure#0}>>::{closure#0}::{closure#0}::{closure#0}>::{closure#0}, core[6883ba1bc0fe4ed1]::task::poll::Poll<()>>
[INFO] [stdout]                                at /rustc/6b3fa26749ab40e159b2dd5cf577acaaf5902772/library/std/src/thread/local.rs:463:12
[INFO] [stdout]   26:     0x5f705161fc2e - <std[73adb7dc35730857]::thread::local::LocalKey<core[6883ba1bc0fe4ed1]::cell::Cell<tokio[d9c700a70614053c]::coop::Budget>>>::with::<tokio[d9c700a70614053c]::coop::with_budget<core[6883ba1bc0fe4ed1]::task::poll::Poll<()>, <tokio[d9c700a70614053c]::runtime::basic_scheduler::CoreGuard>::block_on<core[6883ba1bc0fe4ed1]::pin::Pin<&mut rxiv[383bf78bf8107355]::tests::get_ill::{closure#0}>>::{closure#0}::{closure#0}::{closure#0}>::{closure#0}, core[6883ba1bc0fe4ed1]::task::poll::Poll<()>>
[INFO] [stdout]                                at /rustc/6b3fa26749ab40e159b2dd5cf577acaaf5902772/library/std/src/thread/local.rs:427:20
[INFO] [stdout]   27:     0x5f70515e053f - tokio[d9c700a70614053c]::coop::with_budget::<core[6883ba1bc0fe4ed1]::task::poll::Poll<()>, <tokio[d9c700a70614053c]::runtime::basic_scheduler::CoreGuard>::block_on<core[6883ba1bc0fe4ed1]::pin::Pin<&mut rxiv[383bf78bf8107355]::tests::get_ill::{closure#0}>>::{closure#0}::{closure#0}::{closure#0}>
[INFO] [stdout]                                at /opt/rustwide/cargo-home/registry/src/index.crates.io-1949cf8c6b5b557f/tokio-1.18.2/src/coop.rs:95:13
[INFO] [stdout]   28:     0x5f70515e053f - tokio[d9c700a70614053c]::coop::budget::<core[6883ba1bc0fe4ed1]::task::poll::Poll<()>, <tokio[d9c700a70614053c]::runtime::basic_scheduler::CoreGuard>::block_on<core[6883ba1bc0fe4ed1]::pin::Pin<&mut rxiv[383bf78bf8107355]::tests::get_ill::{closure#0}>>::{closure#0}::{closure#0}::{closure#0}>
[INFO] [stdout]                                at /opt/rustwide/cargo-home/registry/src/index.crates.io-1949cf8c6b5b557f/tokio-1.18.2/src/coop.rs:72:5
[INFO] [stdout]   29:     0x5f70515e053f - <tokio[d9c700a70614053c]::runtime::basic_scheduler::CoreGuard>::block_on::<core[6883ba1bc0fe4ed1]::pin::Pin<&mut rxiv[383bf78bf8107355]::tests::get_ill::{closure#0}>>::{closure#0}::{closure#0}
[INFO] [stdout]                                at /opt/rustwide/cargo-home/registry/src/index.crates.io-1949cf8c6b5b557f/tokio-1.18.2/src/runtime/basic_scheduler.rs:507:25
[INFO] [stdout]   30:     0x5f70515d9e90 - <tokio[d9c700a70614053c]::runtime::basic_scheduler::Context>::enter::<core[6883ba1bc0fe4ed1]::task::poll::Poll<()>, <tokio[d9c700a70614053c]::runtime::basic_scheduler::CoreGuard>::block_on<core[6883ba1bc0fe4ed1]::pin::Pin<&mut rxiv[383bf78bf8107355]::tests::get_ill::{closure#0}>>::{closure#0}::{closure#0}>
[INFO] [stdout]                                at /opt/rustwide/cargo-home/registry/src/index.crates.io-1949cf8c6b5b557f/tokio-1.18.2/src/runtime/basic_scheduler.rs:361:19
[INFO] [stdout]   31:     0x5f70515df7cc - <tokio[d9c700a70614053c]::runtime::basic_scheduler::CoreGuard>::block_on::<core[6883ba1bc0fe4ed1]::pin::Pin<&mut rxiv[383bf78bf8107355]::tests::get_ill::{closure#0}>>::{closure#0}
[INFO] [stdout]                                at /opt/rustwide/cargo-home/registry/src/index.crates.io-1949cf8c6b5b557f/tokio-1.18.2/src/runtime/basic_scheduler.rs:506:44
[INFO] [stdout]   32:     0x5f70515dd494 - <tokio[d9c700a70614053c]::runtime::basic_scheduler::CoreGuard>::enter::<<tokio[d9c700a70614053c]::runtime::basic_scheduler::CoreGuard>::block_on<core[6883ba1bc0fe4ed1]::pin::Pin<&mut rxiv[383bf78bf8107355]::tests::get_ill::{closure#0}>>::{closure#0}, ()>::{closure#0}
[INFO] [stdout]                                at /opt/rustwide/cargo-home/registry/src/index.crates.io-1949cf8c6b5b557f/tokio-1.18.2/src/runtime/basic_scheduler.rs:564:57
[INFO] [stdout]   33:     0x5f705161db0d - <tokio[d9c700a70614053c]::macros::scoped_tls::ScopedKey<tokio[d9c700a70614053c]::runtime::basic_scheduler::Context>>::set::<<tokio[d9c700a70614053c]::runtime::basic_scheduler::CoreGuard>::enter<<tokio[d9c700a70614053c]::runtime::basic_scheduler::CoreGuard>::block_on<core[6883ba1bc0fe4ed1]::pin::Pin<&mut rxiv[383bf78bf8107355]::tests::get_ill::{closure#0}>>::{closure#0}, ()>::{closure#0}, (alloc[55a36b64bcbf2c0d]::boxed::Box<tokio[d9c700a70614053c]::runtime::basic_scheduler::Core>, ())>
[INFO] [stdout]                                at /opt/rustwide/cargo-home/registry/src/index.crates.io-1949cf8c6b5b557f/tokio-1.18.2/src/macros/scoped_tls.rs:61:9
[INFO] [stdout]   34:     0x5f70515dc9cc - <tokio[d9c700a70614053c]::runtime::basic_scheduler::CoreGuard>::enter::<<tokio[d9c700a70614053c]::runtime::basic_scheduler::CoreGuard>::block_on<core[6883ba1bc0fe4ed1]::pin::Pin<&mut rxiv[383bf78bf8107355]::tests::get_ill::{closure#0}>>::{closure#0}, ()>
[INFO] [stdout]                                at /opt/rustwide/cargo-home/registry/src/index.crates.io-1949cf8c6b5b557f/tokio-1.18.2/src/runtime/basic_scheduler.rs:564:35
[INFO] [stdout]   35:     0x5f70515dcd15 - <tokio[d9c700a70614053c]::runtime::basic_scheduler::CoreGuard>::block_on::<core[6883ba1bc0fe4ed1]::pin::Pin<&mut rxiv[383bf78bf8107355]::tests::get_ill::{closure#0}>>
[INFO] [stdout]                                at /opt/rustwide/cargo-home/registry/src/index.crates.io-1949cf8c6b5b557f/tokio-1.18.2/src/runtime/basic_scheduler.rs:497:14
[INFO] [stdout]   36:     0x5f70515d8e7d - <tokio[d9c700a70614053c]::runtime::basic_scheduler::BasicScheduler>::block_on::<rxiv[383bf78bf8107355]::tests::get_ill::{closure#0}>
[INFO] [stdout]                                at /opt/rustwide/cargo-home/registry/src/index.crates.io-1949cf8c6b5b557f/tokio-1.18.2/src/runtime/basic_scheduler.rs:173:29
[INFO] [stdout]   37:     0x5f70515fad47 - <tokio[d9c700a70614053c]::runtime::Runtime>::block_on::<rxiv[383bf78bf8107355]::tests::get_ill::{closure#0}>
[INFO] [stdout]                                at /opt/rustwide/cargo-home/registry/src/index.crates.io-1949cf8c6b5b557f/tokio-1.18.2/src/runtime/mod.rs:475:51
[INFO] [stdout]   38:     0x5f705160375b - rxiv[383bf78bf8107355]::tests::get_ill
[INFO] [stdout]                                at /opt/rustwide/workdir/src/lib.rs:163:12
[INFO] [stdout]   39:     0x5f70515ff387 - rxiv[383bf78bf8107355]::tests::get_ill::{closure#0}
[INFO] [stdout]                                at /opt/rustwide/workdir/src/lib.rs:157:17
[INFO] [stdout]   40:     0x5f70516081b6 - <rxiv[383bf78bf8107355]::tests::get_ill::{closure#0} as core[6883ba1bc0fe4ed1]::ops::function::FnOnce<()>>::call_once
[INFO] [stdout]                                at /rustc/6b3fa26749ab40e159b2dd5cf577acaaf5902772/library/core/src/ops/function.rs:250:5
[INFO] [stdout]   41:     0x5f70516272cb - <fn() -> core[6883ba1bc0fe4ed1]::result::Result<(), alloc[55a36b64bcbf2c0d]::string::String> as core[6883ba1bc0fe4ed1]::ops::function::FnOnce<()>>::call_once
[INFO] [stdout]                                at /rustc/6b3fa26749ab40e159b2dd5cf577acaaf5902772/library/core/src/ops/function.rs:250:5
[INFO] [stdout]   42:     0x5f70516272cb - test[980ffaebd391d06d]::__rust_begin_short_backtrace::<core[6883ba1bc0fe4ed1]::result::Result<(), alloc[55a36b64bcbf2c0d]::string::String>, fn() -> core[6883ba1bc0fe4ed1]::result::Result<(), alloc[55a36b64bcbf2c0d]::string::String>>
[INFO] [stdout]                                at /rustc/6b3fa26749ab40e159b2dd5cf577acaaf5902772/library/test/src/lib.rs:724:18
[INFO] [stdout]   43:     0x5f7051634915 - test[980ffaebd391d06d]::run_test_in_process::{closure#0}
[INFO] [stdout]                                at /rustc/6b3fa26749ab40e159b2dd5cf577acaaf5902772/library/test/src/lib.rs:747:74
[INFO] [stdout]   44:     0x5f7051634915 - <core[6883ba1bc0fe4ed1]::panic::unwind_safe::AssertUnwindSafe<test[980ffaebd391d06d]::run_test_in_process::{closure#0}> as core[6883ba1bc0fe4ed1]::ops::function::FnOnce<()>>::call_once
[INFO] [stdout]                                at /rustc/6b3fa26749ab40e159b2dd5cf577acaaf5902772/library/core/src/panic/unwind_safe.rs:275:9
[INFO] [stdout]   45:     0x5f7051634915 - std[73adb7dc35730857]::panicking::catch_unwind::do_call::<core[6883ba1bc0fe4ed1]::panic::unwind_safe::AssertUnwindSafe<test[980ffaebd391d06d]::run_test_in_process::{closure#0}>, core[6883ba1bc0fe4ed1]::result::Result<(), alloc[55a36b64bcbf2c0d]::string::String>>
[INFO] [stdout]                                at /rustc/6b3fa26749ab40e159b2dd5cf577acaaf5902772/library/std/src/panicking.rs:576:43
[INFO] [stdout]   46:     0x5f7051634915 - std[73adb7dc35730857]::panicking::catch_unwind::<core[6883ba1bc0fe4ed1]::result::Result<(), alloc[55a36b64bcbf2c0d]::string::String>, core[6883ba1bc0fe4ed1]::panic::unwind_safe::AssertUnwindSafe<test[980ffaebd391d06d]::run_test_in_process::{closure#0}>>
[INFO] [stdout]                                at /rustc/6b3fa26749ab40e159b2dd5cf577acaaf5902772/library/std/src/panicking.rs:544:19
[INFO] [stdout]   47:     0x5f7051634915 - std[73adb7dc35730857]::panic::catch_unwind::<core[6883ba1bc0fe4ed1]::panic::unwind_safe::AssertUnwindSafe<test[980ffaebd391d06d]::run_test_in_process::{closure#0}>, core[6883ba1bc0fe4ed1]::result::Result<(), alloc[55a36b64bcbf2c0d]::string::String>>
[INFO] [stdout]                                at /rustc/6b3fa26749ab40e159b2dd5cf577acaaf5902772/library/std/src/panic.rs:359:14
[INFO] [stdout]   48:     0x5f7051634915 - test[980ffaebd391d06d]::run_test_in_process
[INFO] [stdout]                                at /rustc/6b3fa26749ab40e159b2dd5cf577acaaf5902772/library/test/src/lib.rs:747:27
[INFO] [stdout]   49:     0x5f7051634915 - test[980ffaebd391d06d]::run_test::{closure#0}
[INFO] [stdout]                                at /rustc/6b3fa26749ab40e159b2dd5cf577acaaf5902772/library/test/src/lib.rs:668:43
[INFO] [stdout]   50:     0x5f705162f3c4 - test[980ffaebd391d06d]::run_test::{closure#1}
[INFO] [stdout]                                at /rustc/6b3fa26749ab40e159b2dd5cf577acaaf5902772/library/test/src/lib.rs:698:41
[INFO] [stdout]   51:     0x5f705162f3c4 - std[73adb7dc35730857]::sys::backtrace::__rust_begin_short_backtrace::<test[980ffaebd391d06d]::run_test::{closure#1}, ()>
[INFO] [stdout]                                at /rustc/6b3fa26749ab40e159b2dd5cf577acaaf5902772/library/std/src/sys/backtrace.rs:166:18
[INFO] [stdout]   52:     0x5f7051637a62 - std[73adb7dc35730857]::thread::lifecycle::spawn_unchecked::<test[980ffaebd391d06d]::run_test::{closure#1}, ()>::{closure#1}::{closure#0}
[INFO] [stdout]                                at /rustc/6b3fa26749ab40e159b2dd5cf577acaaf5902772/library/std/src/thread/lifecycle.rs:70:13
[INFO] [stdout]   53:     0x5f7051637a62 - <core[6883ba1bc0fe4ed1]::panic::unwind_safe::AssertUnwindSafe<std[73adb7dc35730857]::thread::lifecycle::spawn_unchecked<test[980ffaebd391d06d]::run_test::{closure#1}, ()>::{closure#1}::{closure#0}> as core[6883ba1bc0fe4ed1]::ops::function::FnOnce<()>>::call_once
[INFO] [stdout]                                at /rustc/6b3fa26749ab40e159b2dd5cf577acaaf5902772/library/core/src/panic/unwind_safe.rs:275:9
[INFO] [stdout]   54:     0x5f7051637a62 - std[73adb7dc35730857]::panicking::catch_unwind::do_call::<core[6883ba1bc0fe4ed1]::panic::unwind_safe::AssertUnwindSafe<std[73adb7dc35730857]::thread::lifecycle::spawn_unchecked<test[980ffaebd391d06d]::run_test::{closure#1}, ()>::{closure#1}::{closure#0}>, ()>
[INFO] [stdout]                                at /rustc/6b3fa26749ab40e159b2dd5cf577acaaf5902772/library/std/src/panicking.rs:576:43
[INFO] [stdout]   55:     0x5f7051637a62 - std[73adb7dc35730857]::panicking::catch_unwind::<(), core[6883ba1bc0fe4ed1]::panic::unwind_safe::AssertUnwindSafe<std[73adb7dc35730857]::thread::lifecycle::spawn_unchecked<test[980ffaebd391d06d]::run_test::{closure#1}, ()>::{closure#1}::{closure#0}>>
[INFO] [stdout]                                at /rustc/6b3fa26749ab40e159b2dd5cf577acaaf5902772/library/std/src/panicking.rs:544:19
[INFO] [stdout]   56:     0x5f7051637a62 - std[73adb7dc35730857]::panic::catch_unwind::<core[6883ba1bc0fe4ed1]::panic::unwind_safe::AssertUnwindSafe<std[73adb7dc35730857]::thread::lifecycle::spawn_unchecked<test[980ffaebd391d06d]::run_test::{closure#1}, ()>::{closure#1}::{closure#0}>, ()>
[INFO] [stdout]                                at /rustc/6b3fa26749ab40e159b2dd5cf577acaaf5902772/library/std/src/panic.rs:359:14
[INFO] [stdout]   57:     0x5f7051637a62 - std[73adb7dc35730857]::thread::lifecycle::spawn_unchecked::<test[980ffaebd391d06d]::run_test::{closure#1}, ()>::{closure#1}
[INFO] [stdout]                                at /rustc/6b3fa26749ab40e159b2dd5cf577acaaf5902772/library/std/src/thread/lifecycle.rs:68:26
[INFO] [stdout]   58:     0x5f7051637a62 - <std[73adb7dc35730857]::thread::lifecycle::spawn_unchecked<test[980ffaebd391d06d]::run_test::{closure#1}, ()>::{closure#1} as core[6883ba1bc0fe4ed1]::ops::function::FnOnce<()>>::call_once::{shim:vtable#0}
[INFO] [stdout]                                at /rustc/6b3fa26749ab40e159b2dd5cf577acaaf5902772/library/core/src/ops/function.rs:250:5
[INFO] [stdout]   59:     0x5f7051c8360f - <alloc[55a36b64bcbf2c0d]::boxed::Box<dyn core[6883ba1bc0fe4ed1]::ops::function::FnOnce<(), Output = ()> + core[6883ba1bc0fe4ed1]::marker::Send> as core[6883ba1bc0fe4ed1]::ops::function::FnOnce<()>>::call_once
[INFO] [stdout]                                at /rustc/6b3fa26749ab40e159b2dd5cf577acaaf5902772/library/alloc/src/boxed.rs:2319:9
[INFO] [stdout]   60:     0x5f7051c8360f - <std[73adb7dc35730857]::sys::thread::unix::Thread>::new::thread_start
[INFO] [stdout]                                at /rustc/6b3fa26749ab40e159b2dd5cf577acaaf5902772/library/std/src/sys/thread/unix.rs:123:17
[INFO] [stdout]   61:     0x798016eaeaa4 - <unknown>
[INFO] [stdout]   62:     0x798016f3ba64 - clone
[INFO] [stdout]   63:                0x0 - <unknown>
[INFO] [stdout] 
[INFO] [stdout] ---- tests::oauth stdout ----
[INFO] [stdout] 
[INFO] [stdout] thread 'tests::oauth' (3403) panicked at src/lib.rs:191:27:
[INFO] [stdout] called `Result::unwrap()` on an `Err` value: reqwest::Error { kind: Request, url: Url { scheme: "https", cannot_be_a_base: false, username: "", password: None, host: Some(Domain("oauth.secure.pixiv.net")), port: None, path: "/auth/token", query: None, fragment: None }, source: hyper::Error(Connect, ConnectError("tcp connect error", Os { code: 101, kind: NetworkUnreachable, message: "Network is unreachable" })) }
[INFO] [stdout] stack backtrace:
[INFO] [stdout]    0:     0x5f7051c84131 - std[73adb7dc35730857]::backtrace_rs::backtrace::libunwind::trace
[INFO] [stdout]                                at /rustc/6b3fa26749ab40e159b2dd5cf577acaaf5902772/library/std/src/../../backtrace/src/backtrace/libunwind.rs:117:9
[INFO] [stdout]    1:     0x5f7051c84131 - std[73adb7dc35730857]::backtrace_rs::backtrace::trace_unsynchronized::<std[73adb7dc35730857]::sys::backtrace::_print_fmt::{closure#1}>
[INFO] [stdout]                                at /rustc/6b3fa26749ab40e159b2dd5cf577acaaf5902772/library/std/src/../../backtrace/src/backtrace/mod.rs:66:14
[INFO] [stdout]    2:     0x5f7051c84131 - std[73adb7dc35730857]::sys::backtrace::_print_fmt
[INFO] [stdout]                                at /rustc/6b3fa26749ab40e159b2dd5cf577acaaf5902772/library/std/src/sys/backtrace.rs:74:9
[INFO] [stdout]    3:     0x5f7051c84131 - <<std[73adb7dc35730857]::sys::backtrace::BacktraceLock>::print::DisplayBacktrace as core[6883ba1bc0fe4ed1]::fmt::Display>::fmt
[INFO] [stdout]                                at /rustc/6b3fa26749ab40e159b2dd5cf577acaaf5902772/library/std/src/sys/backtrace.rs:44:26
[INFO] [stdout]    4:     0x5f7051c9b46a - <core[6883ba1bc0fe4ed1]::fmt::rt::Argument>::fmt
[INFO] [stdout]                                at /rustc/6b3fa26749ab40e159b2dd5cf577acaaf5902772/library/core/src/fmt/rt.rs:152:76
[INFO] [stdout]    5:     0x5f7051c9b46a - core[6883ba1bc0fe4ed1]::fmt::write
[INFO] [stdout]    6:     0x5f7051c88f4c - std[73adb7dc35730857]::io::default_write_fmt::<alloc[55a36b64bcbf2c0d]::vec::Vec<u8>>
[INFO] [stdout]                                at /rustc/6b3fa26749ab40e159b2dd5cf577acaaf5902772/library/std/src/io/mod.rs:626:11
[INFO] [stdout]    7:     0x5f7051c88f4c - <alloc[55a36b64bcbf2c0d]::vec::Vec<u8> as std[73adb7dc35730857]::io::Write>::write_fmt
[INFO] [stdout]                                at /rustc/6b3fa26749ab40e159b2dd5cf577acaaf5902772/library/std/src/io/mod.rs:1730:13
[INFO] [stdout]    8:     0x5f7051c61026 - <std[73adb7dc35730857]::sys::backtrace::BacktraceLock>::print
[INFO] [stdout]                                at /rustc/6b3fa26749ab40e159b2dd5cf577acaaf5902772/library/std/src/sys/backtrace.rs:47:9
[INFO] [stdout]    9:     0x5f7051c61026 - std[73adb7dc35730857]::panicking::default_hook::{closure#0}
[INFO] [stdout]                                at /rustc/6b3fa26749ab40e159b2dd5cf577acaaf5902772/library/std/src/panicking.rs:292:27
[INFO] [stdout]   10:     0x5f7051c7b909 - std[73adb7dc35730857]::panicking::default_hook
[INFO] [stdout]                                at /rustc/6b3fa26749ab40e159b2dd5cf577acaaf5902772/library/std/src/panicking.rs:316:9
[INFO] [stdout]   11:     0x5f7051633f90 - <alloc[55a36b64bcbf2c0d]::boxed::Box<dyn for<'a, 'b> core[6883ba1bc0fe4ed1]::ops::function::Fn<(&'a std[73adb7dc35730857]::panic::PanicHookInfo<'b>,), Output = ()> + core[6883ba1bc0fe4ed1]::marker::Send + core[6883ba1bc0fe4ed1]::marker::Sync> as core[6883ba1bc0fe4ed1]::ops::function::Fn<(&std[73adb7dc35730857]::panic::PanicHookInfo,)>>::call
[INFO] [stdout]                                at /rustc/6b3fa26749ab40e159b2dd5cf577acaaf5902772/library/alloc/src/boxed.rs:2333:9
[INFO] [stdout]   12:     0x5f7051633f90 - test[980ffaebd391d06d]::test_main_inner::<test[980ffaebd391d06d]::test_main_static::{closure#0}>::{closure#0}
[INFO] [stdout]                                at /rustc/6b3fa26749ab40e159b2dd5cf577acaaf5902772/library/test/src/lib.rs:155:21
[INFO] [stdout]   13:     0x5f7051c7bc32 - <alloc[55a36b64bcbf2c0d]::boxed::Box<dyn for<'a, 'b> core[6883ba1bc0fe4ed1]::ops::function::Fn<(&'a std[73adb7dc35730857]::panic::PanicHookInfo<'b>,), Output = ()> + core[6883ba1bc0fe4ed1]::marker::Send + core[6883ba1bc0fe4ed1]::marker::Sync> as core[6883ba1bc0fe4ed1]::ops::function::Fn<(&std[73adb7dc35730857]::panic::PanicHookInfo,)>>::call
[INFO] [stdout]                                at /rustc/6b3fa26749ab40e159b2dd5cf577acaaf5902772/library/alloc/src/boxed.rs:2333:9
[INFO] [stdout]   14:     0x5f7051c7bc32 - std[73adb7dc35730857]::panicking::panic_with_hook
[INFO] [stdout]                                at /rustc/6b3fa26749ab40e159b2dd5cf577acaaf5902772/library/std/src/panicking.rs:823:13
[INFO] [stdout]   15:     0x5f7051c610d2 - std[73adb7dc35730857]::panicking::panic_handler::{closure#0}
[INFO] [stdout]                                at /rustc/6b3fa26749ab40e159b2dd5cf577acaaf5902772/library/std/src/panicking.rs:688:13
[INFO] [stdout]   16:     0x5f7051c58679 - std[73adb7dc35730857]::sys::backtrace::__rust_end_short_backtrace::<std[73adb7dc35730857]::panicking::panic_handler::{closure#0}, !>
[INFO] [stdout]                                at /rustc/6b3fa26749ab40e159b2dd5cf577acaaf5902772/library/std/src/sys/backtrace.rs:182:18
[INFO] [stdout]   17:     0x5f7051c61f5d - __rustc[a7b7b02e776dd976]::rust_begin_unwind
[INFO] [stdout]                                at /rustc/6b3fa26749ab40e159b2dd5cf577acaaf5902772/library/std/src/panicking.rs:679:5
[INFO] [stdout]   18:     0x5f7051c9bc6c - core[6883ba1bc0fe4ed1]::panicking::panic_fmt
[INFO] [stdout]                                at /rustc/6b3fa26749ab40e159b2dd5cf577acaaf5902772/library/core/src/panicking.rs:80:14
[INFO] [stdout]   19:     0x5f7051c9b9e2 - core[6883ba1bc0fe4ed1]::result::unwrap_failed
[INFO] [stdout]                                at /rustc/6b3fa26749ab40e159b2dd5cf577acaaf5902772/library/core/src/result.rs:1870:5
[INFO] [stdout]   20:     0x5f70515ffd9d - <core[6883ba1bc0fe4ed1]::result::Result<reqwest[265936060d58d7fa]::async_impl::response::Response, reqwest[265936060d58d7fa]::error::Error>>::unwrap
[INFO] [stdout]                                at /rustc/6b3fa26749ab40e159b2dd5cf577acaaf5902772/library/core/src/result.rs:1231:23
[INFO] [stdout]   21:     0x5f70515ffd9d - rxiv[383bf78bf8107355]::tests::oauth::{closure#0}
[INFO] [stdout]                                at /opt/rustwide/workdir/src/lib.rs:191:27
[INFO] [stdout]   22:     0x5f7051623b8d - <core[6883ba1bc0fe4ed1]::pin::Pin<&mut rxiv[383bf78bf8107355]::tests::oauth::{closure#0}> as core[6883ba1bc0fe4ed1]::future::future::Future>::poll
[INFO] [stdout]                                at /rustc/6b3fa26749ab40e159b2dd5cf577acaaf5902772/library/core/src/future/future.rs:133:9
[INFO] [stdout]   23:     0x5f70515e06bd - <tokio[d9c700a70614053c]::runtime::basic_scheduler::CoreGuard>::block_on::<core[6883ba1bc0fe4ed1]::pin::Pin<&mut rxiv[383bf78bf8107355]::tests::oauth::{closure#0}>>::{closure#0}::{closure#0}::{closure#0}
[INFO] [stdout]                                at /opt/rustwide/cargo-home/registry/src/index.crates.io-1949cf8c6b5b557f/tokio-1.18.2/src/runtime/basic_scheduler.rs:507:64
[INFO] [stdout]   24:     0x5f7051622930 - tokio[d9c700a70614053c]::coop::with_budget::<core[6883ba1bc0fe4ed1]::task::poll::Poll<()>, <tokio[d9c700a70614053c]::runtime::basic_scheduler::CoreGuard>::block_on<core[6883ba1bc0fe4ed1]::pin::Pin<&mut rxiv[383bf78bf8107355]::tests::oauth::{closure#0}>>::{closure#0}::{closure#0}::{closure#0}>::{closure#0}
[INFO] [stdout]                                at /opt/rustwide/cargo-home/registry/src/index.crates.io-1949cf8c6b5b557f/tokio-1.18.2/src/coop.rs:102:9
[INFO] [stdout]   25:     0x5f7051620985 - <std[73adb7dc35730857]::thread::local::LocalKey<core[6883ba1bc0fe4ed1]::cell::Cell<tokio[d9c700a70614053c]::coop::Budget>>>::try_with::<tokio[d9c700a70614053c]::coop::with_budget<core[6883ba1bc0fe4ed1]::task::poll::Poll<()>, <tokio[d9c700a70614053c]::runtime::basic_scheduler::CoreGuard>::block_on<core[6883ba1bc0fe4ed1]::pin::Pin<&mut rxiv[383bf78bf8107355]::tests::oauth::{closure#0}>>::{closure#0}::{closure#0}::{closure#0}>::{closure#0}, core[6883ba1bc0fe4ed1]::task::poll::Poll<()>>
[INFO] [stdout]                                at /rustc/6b3fa26749ab40e159b2dd5cf577acaaf5902772/library/std/src/thread/local.rs:463:12
[INFO] [stdout]   26:     0x5f705161fb3e - <std[73adb7dc35730857]::thread::local::LocalKey<core[6883ba1bc0fe4ed1]::cell::Cell<tokio[d9c700a70614053c]::coop::Budget>>>::with::<tokio[d9c700a70614053c]::coop::with_budget<core[6883ba1bc0fe4ed1]::task::poll::Poll<()>, <tokio[d9c700a70614053c]::runtime::basic_scheduler::CoreGuard>::block_on<core[6883ba1bc0fe4ed1]::pin::Pin<&mut rxiv[383bf78bf8107355]::tests::oauth::{closure#0}>>::{closure#0}::{closure#0}::{closure#0}>::{closure#0}, core[6883ba1bc0fe4ed1]::task::poll::Poll<()>>
[INFO] [stdout]                                at /rustc/6b3fa26749ab40e159b2dd5cf577acaaf5902772/library/std/src/thread/local.rs:427:20
[INFO] [stdout]   27:     0x5f70515dffff - tokio[d9c700a70614053c]::coop::with_budget::<core[6883ba1bc0fe4ed1]::task::poll::Poll<()>, <tokio[d9c700a70614053c]::runtime::basic_scheduler::CoreGuard>::block_on<core[6883ba1bc0fe4ed1]::pin::Pin<&mut rxiv[383bf78bf8107355]::tests::oauth::{closure#0}>>::{closure#0}::{closure#0}::{closure#0}>
[INFO] [stdout]                                at /opt/rustwide/cargo-home/registry/src/index.crates.io-1949cf8c6b5b557f/tokio-1.18.2/src/coop.rs:95:13
[INFO] [stdout]   28:     0x5f70515dffff - tokio[d9c700a70614053c]::coop::budget::<core[6883ba1bc0fe4ed1]::task::poll::Poll<()>, <tokio[d9c700a70614053c]::runtime::basic_scheduler::CoreGuard>::block_on<core[6883ba1bc0fe4ed1]::pin::Pin<&mut rxiv[383bf78bf8107355]::tests::oauth::{closure#0}>>::{closure#0}::{closure#0}::{closure#0}>
[INFO] [stdout]                                at /opt/rustwide/cargo-home/registry/src/index.crates.io-1949cf8c6b5b557f/tokio-1.18.2/src/coop.rs:72:5
[INFO] [stdout]   29:     0x5f70515dffff - <tokio[d9c700a70614053c]::runtime::basic_scheduler::CoreGuard>::block_on::<core[6883ba1bc0fe4ed1]::pin::Pin<&mut rxiv[383bf78bf8107355]::tests::oauth::{closure#0}>>::{closure#0}::{closure#0}
[INFO] [stdout]                                at /opt/rustwide/cargo-home/registry/src/index.crates.io-1949cf8c6b5b557f/tokio-1.18.2/src/runtime/basic_scheduler.rs:507:25
[INFO] [stdout]   30:     0x5f70515d9530 - <tokio[d9c700a70614053c]::runtime::basic_scheduler::Context>::enter::<core[6883ba1bc0fe4ed1]::task::poll::Poll<()>, <tokio[d9c700a70614053c]::runtime::basic_scheduler::CoreGuard>::block_on<core[6883ba1bc0fe4ed1]::pin::Pin<&mut rxiv[383bf78bf8107355]::tests::oauth::{closure#0}>>::{closure#0}::{closure#0}>
[INFO] [stdout]                                at /opt/rustwide/cargo-home/registry/src/index.crates.io-1949cf8c6b5b557f/tokio-1.18.2/src/runtime/basic_scheduler.rs:361:19
[INFO] [stdout]   31:     0x5f70515ddf3c - <tokio[d9c700a70614053c]::runtime::basic_scheduler::CoreGuard>::block_on::<core[6883ba1bc0fe4ed1]::pin::Pin<&mut rxiv[383bf78bf8107355]::tests::oauth::{closure#0}>>::{closure#0}
[INFO] [stdout]                                at /opt/rustwide/cargo-home/registry/src/index.crates.io-1949cf8c6b5b557f/tokio-1.18.2/src/runtime/basic_scheduler.rs:506:44
[INFO] [stdout]   32:     0x5f70515dd434 - <tokio[d9c700a70614053c]::runtime::basic_scheduler::CoreGuard>::enter::<<tokio[d9c700a70614053c]::runtime::basic_scheduler::CoreGuard>::block_on<core[6883ba1bc0fe4ed1]::pin::Pin<&mut rxiv[383bf78bf8107355]::tests::oauth::{closure#0}>>::{closure#0}, ()>::{closure#0}
[INFO] [stdout]                                at /opt/rustwide/cargo-home/registry/src/index.crates.io-1949cf8c6b5b557f/tokio-1.18.2/src/runtime/basic_scheduler.rs:564:57
[INFO] [stdout]   33:     0x5f705161d80d - <tokio[d9c700a70614053c]::macros::scoped_tls::ScopedKey<tokio[d9c700a70614053c]::runtime::basic_scheduler::Context>>::set::<<tokio[d9c700a70614053c]::runtime::basic_scheduler::CoreGuard>::enter<<tokio[d9c700a70614053c]::runtime::basic_scheduler::CoreGuard>::block_on<core[6883ba1bc0fe4ed1]::pin::Pin<&mut rxiv[383bf78bf8107355]::tests::oauth::{closure#0}>>::{closure#0}, ()>::{closure#0}, (alloc[55a36b64bcbf2c0d]::boxed::Box<tokio[d9c700a70614053c]::runtime::basic_scheduler::Core>, ())>
[INFO] [stdout]                                at /opt/rustwide/cargo-home/registry/src/index.crates.io-1949cf8c6b5b557f/tokio-1.18.2/src/macros/scoped_tls.rs:61:9
[INFO] [stdout]   34:     0x5f70515dbe8c - <tokio[d9c700a70614053c]::runtime::basic_scheduler::CoreGuard>::enter::<<tokio[d9c700a70614053c]::runtime::basic_scheduler::CoreGuard>::block_on<core[6883ba1bc0fe4ed1]::pin::Pin<&mut rxiv[383bf78bf8107355]::tests::oauth::{closure#0}>>::{closure#0}, ()>
[INFO] [stdout]                                at /opt/rustwide/cargo-home/registry/src/index.crates.io-1949cf8c6b5b557f/tokio-1.18.2/src/runtime/basic_scheduler.rs:564:35
[INFO] [stdout]   35:     0x5f70515dcc55 - <tokio[d9c700a70614053c]::runtime::basic_scheduler::CoreGuard>::block_on::<core[6883ba1bc0fe4ed1]::pin::Pin<&mut rxiv[383bf78bf8107355]::tests::oauth::{closure#0}>>
[INFO] [stdout]                                at /opt/rustwide/cargo-home/registry/src/index.crates.io-1949cf8c6b5b557f/tokio-1.18.2/src/runtime/basic_scheduler.rs:497:14
[INFO] [stdout]   36:     0x5f70515d85ce - <tokio[d9c700a70614053c]::runtime::basic_scheduler::BasicScheduler>::block_on::<rxiv[383bf78bf8107355]::tests::oauth::{closure#0}>
[INFO] [stdout]                                at /opt/rustwide/cargo-home/registry/src/index.crates.io-1949cf8c6b5b557f/tokio-1.18.2/src/runtime/basic_scheduler.rs:173:29
[INFO] [stdout]   37:     0x5f70515fa7ff - <tokio[d9c700a70614053c]::runtime::Runtime>::block_on::<rxiv[383bf78bf8107355]::tests::oauth::{closure#0}>
[INFO] [stdout]                                at /opt/rustwide/cargo-home/registry/src/index.crates.io-1949cf8c6b5b557f/tokio-1.18.2/src/runtime/mod.rs:475:51
[INFO] [stdout]   38:     0x5f7051602dc4 - rxiv[383bf78bf8107355]::tests::oauth
[INFO] [stdout]                                at /opt/rustwide/workdir/src/lib.rs:186:12
[INFO] [stdout]   39:     0x5f70515ff2f7 - rxiv[383bf78bf8107355]::tests::oauth::{closure#0}
[INFO] [stdout]                                at /opt/rustwide/workdir/src/lib.rs:182:15
[INFO] [stdout]   40:     0x5f70516080f6 - <rxiv[383bf78bf8107355]::tests::oauth::{closure#0} as core[6883ba1bc0fe4ed1]::ops::function::FnOnce<()>>::call_once
[INFO] [stdout]                                at /rustc/6b3fa26749ab40e159b2dd5cf577acaaf5902772/library/core/src/ops/function.rs:250:5
[INFO] [stdout]   41:     0x5f70516272cb - <fn() -> core[6883ba1bc0fe4ed1]::result::Result<(), alloc[55a36b64bcbf2c0d]::string::String> as core[6883ba1bc0fe4ed1]::ops::function::FnOnce<()>>::call_once
[INFO] [stdout]                                at /rustc/6b3fa26749ab40e159b2dd5cf577acaaf5902772/library/core/src/ops/function.rs:250:5
[INFO] [stdout]   42:     0x5f70516272cb - test[980ffaebd391d06d]::__rust_begin_short_backtrace::<core[6883ba1bc0fe4ed1]::result::Result<(), alloc[55a36b64bcbf2c0d]::string::String>, fn() -> core[6883ba1bc0fe4ed1]::result::Result<(), alloc[55a36b64bcbf2c0d]::string::String>>
[INFO] [stdout]                                at /rustc/6b3fa26749ab40e159b2dd5cf577acaaf5902772/library/test/src/lib.rs:724:18
[INFO] [stdout]   43:     0x5f7051634915 - test[980ffaebd391d06d]::run_test_in_process::{closure#0}
[INFO] [stdout]                                at /rustc/6b3fa26749ab40e159b2dd5cf577acaaf5902772/library/test/src/lib.rs:747:74
[INFO] [stdout]   44:     0x5f7051634915 - <core[6883ba1bc0fe4ed1]::panic::unwind_safe::AssertUnwindSafe<test[980ffaebd391d06d]::run_test_in_process::{closure#0}> as core[6883ba1bc0fe4ed1]::ops::function::FnOnce<()>>::call_once
[INFO] [stdout]                                at /rustc/6b3fa26749ab40e159b2dd5cf577acaaf5902772/library/core/src/panic/unwind_safe.rs:275:9
[INFO] [stdout]   45:     0x5f7051634915 - std[73adb7dc35730857]::panicking::catch_unwind::do_call::<core[6883ba1bc0fe4ed1]::panic::unwind_safe::AssertUnwindSafe<test[980ffaebd391d06d]::run_test_in_process::{closure#0}>, core[6883ba1bc0fe4ed1]::result::Result<(), alloc[55a36b64bcbf2c0d]::string::String>>
[INFO] [stdout]                                at /rustc/6b3fa26749ab40e159b2dd5cf577acaaf5902772/library/std/src/panicking.rs:576:43
[INFO] [stdout]   46:     0x5f7051634915 - std[73adb7dc35730857]::panicking::catch_unwind::<core[6883ba1bc0fe4ed1]::result::Result<(), alloc[55a36b64bcbf2c0d]::string::String>, core[6883ba1bc0fe4ed1]::panic::unwind_safe::AssertUnwindSafe<test[980ffaebd391d06d]::run_test_in_process::{closure#0}>>
[INFO] [stdout]                                at /rustc/6b3fa26749ab40e159b2dd5cf577acaaf5902772/library/std/src/panicking.rs:544:19
[INFO] [stdout]   47:     0x5f7051634915 - std[73adb7dc35730857]::panic::catch_unwind::<core[6883ba1bc0fe4ed1]::panic::unwind_safe::AssertUnwindSafe<test[980ffaebd391d06d]::run_test_in_process::{closure#0}>, core[6883ba1bc0fe4ed1]::result::Result<(), alloc[55a36b64bcbf2c0d]::string::String>>
[INFO] [stdout]                                at /rustc/6b3fa26749ab40e159b2dd5cf577acaaf5902772/library/std/src/panic.rs:359:14
[INFO] [stdout]   48:     0x5f7051634915 - test[980ffaebd391d06d]::run_test_in_process
[INFO] [stdout]                                at /rustc/6b3fa26749ab40e159b2dd5cf577acaaf5902772/library/test/src/lib.rs:747:27
[INFO] [stdout]   49:     0x5f7051634915 - test[980ffaebd391d06d]::run_test::{closure#0}
[INFO] [stdout]                                at /rustc/6b3fa26749ab40e159b2dd5cf577acaaf5902772/library/test/src/lib.rs:668:43
[INFO] [stdout]   50:     0x5f705162f3c4 - test[980ffaebd391d06d]::run_test::{closure#1}
[INFO] [stdout]                                at /rustc/6b3fa26749ab40e159b2dd5cf577acaaf5902772/library/test/src/lib.rs:698:41
[INFO] [stdout]   51:     0x5f705162f3c4 - std[73adb7dc35730857]::sys::backtrace::__rust_begin_short_backtrace::<test[980ffaebd391d06d]::run_test::{closure#1}, ()>
[INFO] [stdout]                                at /rustc/6b3fa26749ab40e159b2dd5cf577acaaf5902772/library/std/src/sys/backtrace.rs:166:18
[INFO] [stdout]   52:     0x5f7051637a62 - std[73adb7dc35730857]::thread::lifecycle::spawn_unchecked::<test[980ffaebd391d06d]::run_test::{closure#1}, ()>::{closure#1}::{closure#0}
[INFO] [stdout]                                at /rustc/6b3fa26749ab40e159b2dd5cf577acaaf5902772/library/std/src/thread/lifecycle.rs:70:13
[INFO] [stdout]   53:     0x5f7051637a62 - <core[6883ba1bc0fe4ed1]::panic::unwind_safe::AssertUnwindSafe<std[73adb7dc35730857]::thread::lifecycle::spawn_unchecked<test[980ffaebd391d06d]::run_test::{closure#1}, ()>::{closure#1}::{closure#0}> as core[6883ba1bc0fe4ed1]::ops::function::FnOnce<()>>::call_once
[INFO] [stdout]                                at /rustc/6b3fa26749ab40e159b2dd5cf577acaaf5902772/library/core/src/panic/unwind_safe.rs:275:9
[INFO] [stdout]   54:     0x5f7051637a62 - std[73adb7dc35730857]::panicking::catch_unwind::do_call::<core[6883ba1bc0fe4ed1]::panic::unwind_safe::AssertUnwindSafe<std[73adb7dc35730857]::thread::lifecycle::spawn_unchecked<test[980ffaebd391d06d]::run_test::{closure#1}, ()>::{closure#1}::{closure#0}>, ()>
[INFO] [stdout]                                at /rustc/6b3fa26749ab40e159b2dd5cf577acaaf5902772/library/std/src/panicking.rs:576:43
[INFO] [stdout]   55:     0x5f7051637a62 - std[73adb7dc35730857]::panicking::catch_unwind::<(), core[6883ba1bc0fe4ed1]::panic::unwind_safe::AssertUnwindSafe<std[73adb7dc35730857]::thread::lifecycle::spawn_unchecked<test[980ffaebd391d06d]::run_test::{closure#1}, ()>::{closure#1}::{closure#0}>>
[INFO] [stdout]                                at /rustc/6b3fa26749ab40e159b2dd5cf577acaaf5902772/library/std/src/panicking.rs:544:19
[INFO] [stdout]   56:     0x5f7051637a62 - std[73adb7dc35730857]::panic::catch_unwind::<core[6883ba1bc0fe4ed1]::panic::unwind_safe::AssertUnwindSafe<std[73adb7dc35730857]::thread::lifecycle::spawn_unchecked<test[980ffaebd391d06d]::run_test::{closure#1}, ()>::{closure#1}::{closure#0}>, ()>
[INFO] [stdout]                                at /rustc/6b3fa26749ab40e159b2dd5cf577acaaf5902772/library/std/src/panic.rs:359:14
[INFO] [stdout]   57:     0x5f7051637a62 - std[73adb7dc35730857]::thread::lifecycle::spawn_unchecked::<test[980ffaebd391d06d]::run_test::{closure#1}, ()>::{closure#1}
[INFO] [stdout]                                at /rustc/6b3fa26749ab40e159b2dd5cf577acaaf5902772/library/std/src/thread/lifecycle.rs:68:26
[INFO] [stdout]   58:     0x5f7051637a62 - <std[73adb7dc35730857]::thread::lifecycle::spawn_unchecked<test[980ffaebd391d06d]::run_test::{closure#1}, ()>::{closure#1} as core[6883ba1bc0fe4ed1]::ops::function::FnOnce<()>>::call_once::{shim:vtable#0}
[INFO] [stdout]                                at /rustc/6b3fa26749ab40e159b2dd5cf577acaaf5902772/library/core/src/ops/function.rs:250:5
[INFO] [stdout]   59:     0x5f7051c8360f - <alloc[55a36b64bcbf2c0d]::boxed::Box<dyn core[6883ba1bc0fe4ed1]::ops::function::FnOnce<(), Output = ()> + core[6883ba1bc0fe4ed1]::marker::Send> as core[6883ba1bc0fe4ed1]::ops::function::FnOnce<()>>::call_once
[INFO] [stdout]                                at /rustc/6b3fa26749ab40e159b2dd5cf577acaaf5902772/library/alloc/src/boxed.rs:2319:9
[INFO] [stdout]   60:     0x5f7051c8360f - <std[73adb7dc35730857]::sys::thread::unix::Thread>::new::thread_start
[INFO] [stdout]                                at /rustc/6b3fa26749ab40e159b2dd5cf577acaaf5902772/library/std/src/sys/thread/unix.rs:123:17
[INFO] [stdout]   61:     0x798016eaeaa4 - <unknown>
[INFO] [stdout]   62:     0x798016f3ba64 - clone
[INFO] [stdout]   63:                0x0 - <unknown>
[INFO] [stdout] 
[INFO] [stdout] ---- tests::rank stdout ----
[INFO] [stdout] 
[INFO] [stdout] thread 'tests::rank' (3405) panicked at src/lib.rs:208:40:
[INFO] [stdout] called `Result::unwrap()` on an `Err` value: reqwest::Error { kind: Request, url: Url { scheme: "https", cannot_be_a_base: false, username: "", password: None, host: Some(Domain("www.pixiv.net")), port: None, path: "/ranking.php", query: Some("format=json&p=2"), fragment: None }, source: hyper::Error(Connect, ConnectError("tcp connect error", Os { code: 101, kind: NetworkUnreachable, message: "Network is unreachable" })) }
[INFO] [stdout] stack backtrace:
[INFO] [stdout]    0:     0x5f7051c84131 - std[73adb7dc35730857]::backtrace_rs::backtrace::libunwind::trace
[INFO] [stdout]                                at /rustc/6b3fa26749ab40e159b2dd5cf577acaaf5902772/library/std/src/../../backtrace/src/backtrace/libunwind.rs:117:9
[INFO] [stdout]    1:     0x5f7051c84131 - std[73adb7dc35730857]::backtrace_rs::backtrace::trace_unsynchronized::<std[73adb7dc35730857]::sys::backtrace::_print_fmt::{closure#1}>
[INFO] [stdout]                                at /rustc/6b3fa26749ab40e159b2dd5cf577acaaf5902772/library/std/src/../../backtrace/src/backtrace/mod.rs:66:14
[INFO] [stdout]    2:     0x5f7051c84131 - std[73adb7dc35730857]::sys::backtrace::_print_fmt
[INFO] [stdout]                                at /rustc/6b3fa26749ab40e159b2dd5cf577acaaf5902772/library/std/src/sys/backtrace.rs:74:9
[INFO] [stdout]    3:     0x5f7051c84131 - <<std[73adb7dc35730857]::sys::backtrace::BacktraceLock>::print::DisplayBacktrace as core[6883ba1bc0fe4ed1]::fmt::Display>::fmt
[INFO] [stdout]                                at /rustc/6b3fa26749ab40e159b2dd5cf577acaaf5902772/library/std/src/sys/backtrace.rs:44:26
[INFO] [stdout]    4:     0x5f7051c9b46a - <core[6883ba1bc0fe4ed1]::fmt::rt::Argument>::fmt
[INFO] [stdout]                                at /rustc/6b3fa26749ab40e159b2dd5cf577acaaf5902772/library/core/src/fmt/rt.rs:152:76
[INFO] [stdout]    5:     0x5f7051c9b46a - core[6883ba1bc0fe4ed1]::fmt::write
[INFO] [stdout]    6:     0x5f7051c88f4c - std[73adb7dc35730857]::io::default_write_fmt::<alloc[55a36b64bcbf2c0d]::vec::Vec<u8>>
[INFO] [stdout]                                at /rustc/6b3fa26749ab40e159b2dd5cf577acaaf5902772/library/std/src/io/mod.rs:626:11
[INFO] [stdout]    7:     0x5f7051c88f4c - <alloc[55a36b64bcbf2c0d]::vec::Vec<u8> as std[73adb7dc35730857]::io::Write>::write_fmt
[INFO] [stdout]                                at /rustc/6b3fa26749ab40e159b2dd5cf577acaaf5902772/library/std/src/io/mod.rs:1730:13
[INFO] [stdout]    8:     0x5f7051c61026 - <std[73adb7dc35730857]::sys::backtrace::BacktraceLock>::print
[INFO] [stdout]                                at /rustc/6b3fa26749ab40e159b2dd5cf577acaaf5902772/library/std/src/sys/backtrace.rs:47:9
[INFO] [stdout]    9:     0x5f7051c61026 - std[73adb7dc35730857]::panicking::default_hook::{closure#0}
[INFO] [stdout]                                at /rustc/6b3fa26749ab40e159b2dd5cf577acaaf5902772/library/std/src/panicking.rs:292:27
[INFO] [stdout]   10:     0x5f7051c7b909 - std[73adb7dc35730857]::panicking::default_hook
[INFO] [stdout]                                at /rustc/6b3fa26749ab40e159b2dd5cf577acaaf5902772/library/std/src/panicking.rs:316:9
[INFO] [stdout]   11:     0x5f7051633f90 - <alloc[55a36b64bcbf2c0d]::boxed::Box<dyn for<'a, 'b> core[6883ba1bc0fe4ed1]::ops::function::Fn<(&'a std[73adb7dc35730857]::panic::PanicHookInfo<'b>,), Output = ()> + core[6883ba1bc0fe4ed1]::marker::Send + core[6883ba1bc0fe4ed1]::marker::Sync> as core[6883ba1bc0fe4ed1]::ops::function::Fn<(&std[73adb7dc35730857]::panic::PanicHookInfo,)>>::call
[INFO] [stdout]                                at /rustc/6b3fa26749ab40e159b2dd5cf577acaaf5902772/library/alloc/src/boxed.rs:2333:9
[INFO] [stdout]   12:     0x5f7051633f90 - test[980ffaebd391d06d]::test_main_inner::<test[980ffaebd391d06d]::test_main_static::{closure#0}>::{closure#0}
[INFO] [stdout]                                at /rustc/6b3fa26749ab40e159b2dd5cf577acaaf5902772/library/test/src/lib.rs:155:21
[INFO] [stdout]   13:     0x5f7051c7bc32 - <alloc[55a36b64bcbf2c0d]::boxed::Box<dyn for<'a, 'b> core[6883ba1bc0fe4ed1]::ops::function::Fn<(&'a std[73adb7dc35730857]::panic::PanicHookInfo<'b>,), Output = ()> + core[6883ba1bc0fe4ed1]::marker::Send + core[6883ba1bc0fe4ed1]::marker::Sync> as core[6883ba1bc0fe4ed1]::ops::function::Fn<(&std[73adb7dc35730857]::panic::PanicHookInfo,)>>::call
[INFO] [stdout]                                at /rustc/6b3fa26749ab40e159b2dd5cf577acaaf5902772/library/alloc/src/boxed.rs:2333:9
[INFO] [stdout]   14:     0x5f7051c7bc32 - std[73adb7dc35730857]::panicking::panic_with_hook
[INFO] [stdout]                                at /rustc/6b3fa26749ab40e159b2dd5cf577acaaf5902772/library/std/src/panicking.rs:823:13
[INFO] [stdout]   15:     0x5f7051c610d2 - std[73adb7dc35730857]::panicking::panic_handler::{closure#0}
[INFO] [stdout]                                at /rustc/6b3fa26749ab40e159b2dd5cf577acaaf5902772/library/std/src/panicking.rs:688:13
[INFO] [stdout]   16:     0x5f7051c58679 - std[73adb7dc35730857]::sys::backtrace::__rust_end_short_backtrace::<std[73adb7dc35730857]::panicking::panic_handler::{closure#0}, !>
[INFO] [stdout]                                at /rustc/6b3fa26749ab40e159b2dd5cf577acaaf5902772/library/std/src/sys/backtrace.rs:182:18
[INFO] [stdout]   17:     0x5f7051c61f5d - __rustc[a7b7b02e776dd976]::rust_begin_unwind
[INFO] [stdout]                                at /rustc/6b3fa26749ab40e159b2dd5cf577acaaf5902772/library/std/src/panicking.rs:679:5
[INFO] [stdout]   18:     0x5f7051c9bc6c - core[6883ba1bc0fe4ed1]::panicking::panic_fmt
[INFO] [stdout]                                at /rustc/6b3fa26749ab40e159b2dd5cf577acaaf5902772/library/core/src/panicking.rs:80:14
[INFO] [stdout]   19:     0x5f7051c9b9e2 - core[6883ba1bc0fe4ed1]::result::unwrap_failed
[INFO] [stdout]                                at /rustc/6b3fa26749ab40e159b2dd5cf577acaaf5902772/library/core/src/result.rs:1870:5
[INFO] [stdout]   20:     0x5f70515ff78e - <core[6883ba1bc0fe4ed1]::result::Result<rxiv[383bf78bf8107355]::api::rank::Rank, reqwest[265936060d58d7fa]::error::Error>>::unwrap
[INFO] [stdout]                                at /rustc/6b3fa26749ab40e159b2dd5cf577acaaf5902772/library/core/src/result.rs:1231:23
[INFO] [stdout]   21:     0x5f70515ff78e - rxiv[383bf78bf8107355]::tests::rank::{closure#0}
[INFO] [stdout]                                at /opt/rustwide/workdir/src/lib.rs:208:40
[INFO] [stdout]   22:     0x5f7051623b4d - <core[6883ba1bc0fe4ed1]::pin::Pin<&mut rxiv[383bf78bf8107355]::tests::rank::{closure#0}> as core[6883ba1bc0fe4ed1]::future::future::Future>::poll
[INFO] [stdout]                                at /rustc/6b3fa26749ab40e159b2dd5cf577acaaf5902772/library/core/src/future/future.rs:133:9
[INFO] [stdout]   23:     0x5f70515e067d - <tokio[d9c700a70614053c]::runtime::basic_scheduler::CoreGuard>::block_on::<core[6883ba1bc0fe4ed1]::pin::Pin<&mut rxiv[383bf78bf8107355]::tests::rank::{closure#0}>>::{closure#0}::{closure#0}::{closure#0}
[INFO] [stdout]                                at /opt/rustwide/cargo-home/registry/src/index.crates.io-1949cf8c6b5b557f/tokio-1.18.2/src/runtime/basic_scheduler.rs:507:64
[INFO] [stdout]   24:     0x5f7051622800 - tokio[d9c700a70614053c]::coop::with_budget::<core[6883ba1bc0fe4ed1]::task::poll::Poll<()>, <tokio[d9c700a70614053c]::runtime::basic_scheduler::CoreGuard>::block_on<core[6883ba1bc0fe4ed1]::pin::Pin<&mut rxiv[383bf78bf8107355]::tests::rank::{closure#0}>>::{closure#0}::{closure#0}::{closure#0}>::{closure#0}
[INFO] [stdout]                                at /opt/rustwide/cargo-home/registry/src/index.crates.io-1949cf8c6b5b557f/tokio-1.18.2/src/coop.rs:102:9
[INFO] [stdout]   25:     0x5f7051620885 - <std[73adb7dc35730857]::thread::local::LocalKey<core[6883ba1bc0fe4ed1]::cell::Cell<tokio[d9c700a70614053c]::coop::Budget>>>::try_with::<tokio[d9c700a70614053c]::coop::with_budget<core[6883ba1bc0fe4ed1]::task::poll::Poll<()>, <tokio[d9c700a70614053c]::runtime::basic_scheduler::CoreGuard>::block_on<core[6883ba1bc0fe4ed1]::pin::Pin<&mut rxiv[383bf78bf8107355]::tests::rank::{closure#0}>>::{closure#0}::{closure#0}::{closure#0}>::{closure#0}, core[6883ba1bc0fe4ed1]::task::poll::Poll<()>>
[INFO] [stdout]                                at /rustc/6b3fa26749ab40e159b2dd5cf577acaaf5902772/library/std/src/thread/local.rs:463:12
[INFO] [stdout]   26:     0x5f705161faee - <std[73adb7dc35730857]::thread::local::LocalKey<core[6883ba1bc0fe4ed1]::cell::Cell<tokio[d9c700a70614053c]::coop::Budget>>>::with::<tokio[d9c700a70614053c]::coop::with_budget<core[6883ba1bc0fe4ed1]::task::poll::Poll<()>, <tokio[d9c700a70614053c]::runtime::basic_scheduler::CoreGuard>::block_on<core[6883ba1bc0fe4ed1]::pin::Pin<&mut rxiv[383bf78bf8107355]::tests::rank::{closure#0}>>::{closure#0}::{closure#0}::{closure#0}>::{closure#0}, core[6883ba1bc0fe4ed1]::task::poll::Poll<()>>
[INFO] [stdout]                                at /rustc/6b3fa26749ab40e159b2dd5cf577acaaf5902772/library/std/src/thread/local.rs:427:20
[INFO] [stdout]   27:     0x5f70515dfe3f - tokio[d9c700a70614053c]::coop::with_budget::<core[6883ba1bc0fe4ed1]::task::poll::Poll<()>, <tokio[d9c700a70614053c]::runtime::basic_scheduler::CoreGuard>::block_on<core[6883ba1bc0fe4ed1]::pin::Pin<&mut rxiv[383bf78bf8107355]::tests::rank::{closure#0}>>::{closure#0}::{closure#0}::{closure#0}>
[INFO] [stdout]                                at /opt/rustwide/cargo-home/registry/src/index.crates.io-1949cf8c6b5b557f/tokio-1.18.2/src/coop.rs:95:13
[INFO] [stdout]   28:     0x5f70515dfe3f - tokio[d9c700a70614053c]::coop::budget::<core[6883ba1bc0fe4ed1]::task::poll::Poll<()>, <tokio[d9c700a70614053c]::runtime::basic_scheduler::CoreGuard>::block_on<core[6883ba1bc0fe4ed1]::pin::Pin<&mut rxiv[383bf78bf8107355]::tests::rank::{closure#0}>>::{closure#0}::{closure#0}::{closure#0}>
[INFO] [stdout]                                at /opt/rustwide/cargo-home/registry/src/index.crates.io-1949cf8c6b5b557f/tokio-1.18.2/src/coop.rs:72:5
[INFO] [stdout]   29:     0x5f70515dfe3f - <tokio[d9c700a70614053c]::runtime::basic_scheduler::CoreGuard>::block_on::<core[6883ba1bc0fe4ed1]::pin::Pin<&mut rxiv[383bf78bf8107355]::tests::rank::{closure#0}>>::{closure#0}::{closure#0}
[INFO] [stdout]                                at /opt/rustwide/cargo-home/registry/src/index.crates.io-1949cf8c6b5b557f/tokio-1.18.2/src/runtime/basic_scheduler.rs:507:25
[INFO] [stdout]   30:     0x5f70515d9210 - <tokio[d9c700a70614053c]::runtime::basic_scheduler::Context>::enter::<core[6883ba1bc0fe4ed1]::task::poll::Poll<()>, <tokio[d9c700a70614053c]::runtime::basic_scheduler::CoreGuard>::block_on<core[6883ba1bc0fe4ed1]::pin::Pin<&mut rxiv[383bf78bf8107355]::tests::rank::{closure#0}>>::{closure#0}::{closure#0}>
[INFO] [stdout]                                at /opt/rustwide/cargo-home/registry/src/index.crates.io-1949cf8c6b5b557f/tokio-1.18.2/src/runtime/basic_scheduler.rs:361:19
[INFO] [stdout]   31:     0x5f70515dd70c - <tokio[d9c700a70614053c]::runtime::basic_scheduler::CoreGuard>::block_on::<core[6883ba1bc0fe4ed1]::pin::Pin<&mut rxiv[383bf78bf8107355]::tests::rank::{closure#0}>>::{closure#0}
[INFO] [stdout]                                at /opt/rustwide/cargo-home/registry/src/index.crates.io-1949cf8c6b5b557f/tokio-1.18.2/src/runtime/basic_scheduler.rs:506:44
[INFO] [stdout]   32:     0x5f70515dd414 - <tokio[d9c700a70614053c]::runtime::basic_scheduler::CoreGuard>::enter::<<tokio[d9c700a70614053c]::runtime::basic_scheduler::CoreGuard>::block_on<core[6883ba1bc0fe4ed1]::pin::Pin<&mut rxiv[383bf78bf8107355]::tests::rank::{closure#0}>>::{closure#0}, ()>::{closure#0}
[INFO] [stdout]                                at /opt/rustwide/cargo-home/registry/src/index.crates.io-1949cf8c6b5b557f/tokio-1.18.2/src/runtime/basic_scheduler.rs:564:57
[INFO] [stdout]   33:     0x5f705161d70d - <tokio[d9c700a70614053c]::macros::scoped_tls::ScopedKey<tokio[d9c700a70614053c]::runtime::basic_scheduler::Context>>::set::<<tokio[d9c700a70614053c]::runtime::basic_scheduler::CoreGuard>::enter<<tokio[d9c700a70614053c]::runtime::basic_scheduler::CoreGuard>::block_on<core[6883ba1bc0fe4ed1]::pin::Pin<&mut rxiv[383bf78bf8107355]::tests::rank::{closure#0}>>::{closure#0}, ()>::{closure#0}, (alloc[55a36b64bcbf2c0d]::boxed::Box<tokio[d9c700a70614053c]::runtime::basic_scheduler::Core>, ())>
[INFO] [stdout]                                at /opt/rustwide/cargo-home/registry/src/index.crates.io-1949cf8c6b5b557f/tokio-1.18.2/src/macros/scoped_tls.rs:61:9
[INFO] [stdout]   34:     0x5f70515dbacc - <tokio[d9c700a70614053c]::runtime::basic_scheduler::CoreGuard>::enter::<<tokio[d9c700a70614053c]::runtime::basic_scheduler::CoreGuard>::block_on<core[6883ba1bc0fe4ed1]::pin::Pin<&mut rxiv[383bf78bf8107355]::tests::rank::{closure#0}>>::{closure#0}, ()>
[INFO] [stdout]                                at /opt/rustwide/cargo-home/registry/src/index.crates.io-1949cf8c6b5b557f/tokio-1.18.2/src/runtime/basic_scheduler.rs:564:35
[INFO] [stdout]   35:     0x5f70515dcc15 - <tokio[d9c700a70614053c]::runtime::basic_scheduler::CoreGuard>::block_on::<core[6883ba1bc0fe4ed1]::pin::Pin<&mut rxiv[383bf78bf8107355]::tests::rank::{closure#0}>>
[INFO] [stdout]                                at /opt/rustwide/cargo-home/registry/src/index.crates.io-1949cf8c6b5b557f/tokio-1.18.2/src/runtime/basic_scheduler.rs:497:14
[INFO] [stdout]   36:     0x5f70515d82cd - <tokio[d9c700a70614053c]::runtime::basic_scheduler::BasicScheduler>::block_on::<rxiv[383bf78bf8107355]::tests::rank::{closure#0}>
[INFO] [stdout]                                at /opt/rustwide/cargo-home/registry/src/index.crates.io-1949cf8c6b5b557f/tokio-1.18.2/src/runtime/basic_scheduler.rs:173:29
[INFO] [stdout]   37:     0x5f70515fa61a - <tokio[d9c700a70614053c]::runtime::Runtime>::block_on::<rxiv[383bf78bf8107355]::tests::rank::{closure#0}>
[INFO] [stdout]                                at /opt/rustwide/cargo-home/registry/src/index.crates.io-1949cf8c6b5b557f/tokio-1.18.2/src/runtime/mod.rs:475:51
[INFO] [stdout]   38:     0x5f705160285b - rxiv[383bf78bf8107355]::tests::rank
[INFO] [stdout]                                at /opt/rustwide/workdir/src/lib.rs:206:12
[INFO] [stdout]   39:     0x5f70515ff297 - rxiv[383bf78bf8107355]::tests::rank::{closure#0}
[INFO] [stdout]                                at /opt/rustwide/workdir/src/lib.rs:199:14
[INFO] [stdout]   40:     0x5f7051608076 - <rxiv[383bf78bf8107355]::tests::rank::{closure#0} as core[6883ba1bc0fe4ed1]::ops::function::FnOnce<()>>::call_once
[INFO] [stdout]                                at /rustc/6b3fa26749ab40e159b2dd5cf577acaaf5902772/library/core/src/ops/function.rs:250:5
[INFO] [stdout]   41:     0x5f70516272cb - <fn() -> core[6883ba1bc0fe4ed1]::result::Result<(), alloc[55a36b64bcbf2c0d]::string::String> as core[6883ba1bc0fe4ed1]::ops::function::FnOnce<()>>::call_once
[INFO] [stdout]                                at /rustc/6b3fa26749ab40e159b2dd5cf577acaaf5902772/library/core/src/ops/function.rs:250:5
[INFO] [stdout]   42:     0x5f70516272cb - test[980ffaebd391d06d]::__rust_begin_short_backtrace::<core[6883ba1bc0fe4ed1]::result::Result<(), alloc[55a36b64bcbf2c0d]::string::String>, fn() -> core[6883ba1bc0fe4ed1]::result::Result<(), alloc[55a36b64bcbf2c0d]::string::String>>
[INFO] [stdout]                                at /rustc/6b3fa26749ab40e159b2dd5cf577acaaf5902772/library/test/src/lib.rs:724:18
[INFO] [stdout]   43:     0x5f7051634915 - test[980ffaebd391d06d]::run_test_in_process::{closure#0}
[INFO] [stdout]                                at /rustc/6b3fa26749ab40e159b2dd5cf577acaaf5902772/library/test/src/lib.rs:747:74
[INFO] [stdout]   44:     0x5f7051634915 - <core[6883ba1bc0fe4ed1]::panic::unwind_safe::AssertUnwindSafe<test[980ffaebd391d06d]::run_test_in_process::{closure#0}> as core[6883ba1bc0fe4ed1]::ops::function::FnOnce<()>>::call_once
[INFO] [stdout]                                at /rustc/6b3fa26749ab40e159b2dd5cf577acaaf5902772/library/core/src/panic/unwind_safe.rs:275:9
[INFO] [stdout]   45:     0x5f7051634915 - std[73adb7dc35730857]::panicking::catch_unwind::do_call::<core[6883ba1bc0fe4ed1]::panic::unwind_safe::AssertUnwindSafe<test[980ffaebd391d06d]::run_test_in_process::{closure#0}>, core[6883ba1bc0fe4ed1]::result::Result<(), alloc[55a36b64bcbf2c0d]::string::String>>
[INFO] [stdout]                                at /rustc/6b3fa26749ab40e159b2dd5cf577acaaf5902772/library/std/src/panicking.rs:576:43
[INFO] [stdout]   46:     0x5f7051634915 - std[73adb7dc35730857]::panicking::catch_unwind::<core[6883ba1bc0fe4ed1]::result::Result<(), alloc[55a36b64bcbf2c0d]::string::String>, core[6883ba1bc0fe4ed1]::panic::unwind_safe::AssertUnwindSafe<test[980ffaebd391d06d]::run_test_in_process::{closure#0}>>
[INFO] [stdout]                                at /rustc/6b3fa26749ab40e159b2dd5cf577acaaf5902772/library/std/src/panicking.rs:544:19
[INFO] [stdout]   47:     0x5f7051634915 - std[73adb7dc35730857]::panic::catch_unwind::<core[6883ba1bc0fe4ed1]::panic::unwind_safe::AssertUnwindSafe<test[980ffaebd391d06d]::run_test_in_process::{closure#0}>, core[6883ba1bc0fe4ed1]::result::Result<(), alloc[55a36b64bcbf2c0d]::string::String>>
[INFO] [stdout]                                at /rustc/6b3fa26749ab40e159b2dd5cf577acaaf5902772/library/std/src/panic.rs:359:14
[INFO] [stdout]   48:     0x5f7051634915 - test[980ffaebd391d06d]::run_test_in_process
[INFO] [stdout]                                at /rustc/6b3fa26749ab40e159b2dd5cf577acaaf5902772/library/test/src/lib.rs:747:27
[INFO] [stdout]   49:     0x5f7051634915 - test[980ffaebd391d06d]::run_test::{closure#0}
[INFO] [stdout]                                at /rustc/6b3fa26749ab40e159b2dd5cf577acaaf5902772/library/test/src/lib.rs:668:43
[INFO] [stdout]   50:     0x5f705162f3c4 - test[980ffaebd391d06d]::run_test::{closure#1}
[INFO] [stdout]                                at /rustc/6b3fa26749ab40e159b2dd5cf577acaaf5902772/library/test/src/lib.rs:698:41
[INFO] [stdout]   51:     0x5f705162f3c4 - std[73adb7dc35730857]::sys::backtrace::__rust_begin_short_backtrace::<test[980ffaebd391d06d]::run_test::{closure#1}, ()>
[INFO] [stdout]                                at /rustc/6b3fa26749ab40e159b2dd5cf577acaaf5902772/library/std/src/sys/backtrace.rs:166:18
[INFO] [stdout]   52:     0x5f7051637a62 - std[73adb7dc35730857]::thread::lifecycle::spawn_unchecked::<test[980ffaebd391d06d]::run_test::{closure#1}, ()>::{closure#1}::{closure#0}
[INFO] [stdout]                                at /rustc/6b3fa26749ab40e159b2dd5cf577acaaf5902772/library/std/src/thread/lifecycle.rs:70:13
[INFO] [stdout]   53:     0x5f7051637a62 - <core[6883ba1bc0fe4ed1]::panic::unwind_safe::AssertUnwindSafe<std[73adb7dc35730857]::thread::lifecycle::spawn_unchecked<test[980ffaebd391d06d]::run_test::{closure#1}, ()>::{closure#1}::{closure#0}> as core[6883ba1bc0fe4ed1]::ops::function::FnOnce<()>>::call_once
[INFO] [stdout]                                at /rustc/6b3fa26749ab40e159b2dd5cf577acaaf5902772/library/core/src/panic/unwind_safe.rs:275:9
[INFO] [stdout]   54:     0x5f7051637a62 - std[73adb7dc35730857]::panicking::catch_unwind::do_call::<core[6883ba1bc0fe4ed1]::panic::unwind_safe::AssertUnwindSafe<std[73adb7dc35730857]::thread::lifecycle::spawn_unchecked<test[980ffaebd391d06d]::run_test::{closure#1}, ()>::{closure#1}::{closure#0}>, ()>
[INFO] [stdout]                                at /rustc/6b3fa26749ab40e159b2dd5cf577acaaf5902772/library/std/src/panicking.rs:576:43
[INFO] [stdout]   55:     0x5f7051637a62 - std[73adb7dc35730857]::panicking::catch_unwind::<(), core[6883ba1bc0fe4ed1]::panic::unwind_safe::AssertUnwindSafe<std[73adb7dc35730857]::thread::lifecycle::spawn_unchecked<test[980ffaebd391d06d]::run_test::{closure#1}, ()>::{closure#1}::{closure#0}>>
[INFO] [stdout]                                at /rustc/6b3fa26749ab40e159b2dd5cf577acaaf5902772/library/std/src/panicking.rs:544:19
[INFO] [stdout]   56:     0x5f7051637a62 - std[73adb7dc35730857]::panic::catch_unwind::<core[6883ba1bc0fe4ed1]::panic::unwind_safe::AssertUnwindSafe<std[73adb7dc35730857]::thread::lifecycle::spawn_unchecked<test[980ffaebd391d06d]::run_test::{closure#1}, ()>::{closure#1}::{closure#0}>, ()>
[INFO] [stdout]                                at /rustc/6b3fa26749ab40e159b2dd5cf577acaaf5902772/library/std/src/panic.rs:359:14
[INFO] [stdout]   57:     0x5f7051637a62 - std[73adb7dc35730857]::thread::lifecycle::spawn_unchecked::<test[980ffaebd391d06d]::run_test::{closure#1}, ()>::{closure#1}
[INFO] [stdout]                                at /rustc/6b3fa26749ab40e159b2dd5cf577acaaf5902772/library/std/src/thread/lifecycle.rs:68:26
[INFO] [stdout]   58:     0x5f7051637a62 - <std[73adb7dc35730857]::thread::lifecycle::spawn_unchecked<test[980ffaebd391d06d]::run_test::{closure#1}, ()>::{closure#1} as core[6883ba1bc0fe4ed1]::ops::function::FnOnce<()>>::call_once::{shim:vtable#0}
[INFO] [stdout]                                at /rustc/6b3fa26749ab40e159b2dd5cf577acaaf5902772/library/core/src/ops/function.rs:250:5
[INFO] [stdout]   59:     0x5f7051c8360f - <alloc[55a36b64bcbf2c0d]::boxed::Box<dyn core[6883ba1bc0fe4ed1]::ops::function::FnOnce<(), Output = ()> + core[6883ba1bc0fe4ed1]::marker::Send> as core[6883ba1bc0fe4ed1]::ops::function::FnOnce<()>>::call_once
[INFO] [stdout]                                at /rustc/6b3fa26749ab40e159b2dd5cf577acaaf5902772/library/alloc/src/boxed.rs:2319:9
[INFO] [stdout]   60:     0x5f7051c8360f - <std[73adb7dc35730857]::sys::thread::unix::Thread>::new::thread_start
[INFO] [stdout]                                at /rustc/6b3fa26749ab40e159b2dd5cf577acaaf5902772/library/std/src/sys/thread/unix.rs:123:17
[INFO] [stdout]   61:     0x798016eaeaa4 - <unknown>
[INFO] [stdout]   62:     0x798016f3ba64 - clone
[INFO] [stdout]   63:                0x0 - <unknown>
[INFO] [stdout] 
[INFO] [stdout] 
[INFO] [stdout] failures:
[INFO] [stdout]     tests::get_ill
[INFO] [stdout]     tests::oauth
[INFO] [stdout]     tests::rank
[INFO] [stdout] 
[INFO] [stdout] test result: FAILED. 5 passed; 3 failed; 0 ignored; 0 measured; 0 filtered out; finished in 0.34s
[INFO] [stdout] 
[INFO] [stderr] error: test failed, to rerun pass `--lib`
[INFO] running `Command { std: "docker" "inspect" "2c2b6240f7656c72e378726e02ee8fa910a5129e9fe90075d1a64f96411725ae", kill_on_drop: false }`
[INFO] running `Command { std: "docker" "rm" "-f" "2c2b6240f7656c72e378726e02ee8fa910a5129e9fe90075d1a64f96411725ae", kill_on_drop: false }`
[INFO] [stdout] 2c2b6240f7656c72e378726e02ee8fa910a5129e9fe90075d1a64f96411725ae
