[INFO] cloning repository https://github.com/EFZR/guitarla_backend
[INFO] running `Command { std: "git" "-c" "credential.helper=" "-c" "credential.helper=/workspace/cargo-home/bin/git-credential-null" "clone" "--bare" "https://github.com/EFZR/guitarla_backend" "/workspace/cache/git-repos/https%3A%2F%2Fgithub.com%2FEFZR%2Fguitarla_backend", kill_on_drop: false }`
[INFO] [stderr] Cloning into bare repository '/workspace/cache/git-repos/https%3A%2F%2Fgithub.com%2FEFZR%2Fguitarla_backend'...
[INFO] running `Command { std: "git" "rev-parse" "HEAD", kill_on_drop: false }`
[INFO] [stdout] b82dd6d8b5461b8694a10953823aae39e865da5b
[INFO] testing EFZR/guitarla_backend against 1.98.0-beta.1 for beta-1.98-2
[INFO] running `Command { std: "git" "clone" "/workspace/cache/git-repos/https%3A%2F%2Fgithub.com%2FEFZR%2Fguitarla_backend" "/workspace/builds/worker-1-tc2/source", kill_on_drop: false }`
[INFO] [stderr] Cloning into '/workspace/builds/worker-1-tc2/source'...
[INFO] [stderr] done.
[INFO] removed /workspace/builds/worker-1-tc2/source/.cargo/config.toml
[INFO] started tweaking git repo https://github.com/EFZR/guitarla_backend
[INFO] finished tweaking git repo https://github.com/EFZR/guitarla_backend
[INFO] tweaked toml for git repo https://github.com/EFZR/guitarla_backend written to /workspace/builds/worker-1-tc2/source/Cargo.toml
[INFO] validating manifest of git repo https://github.com/EFZR/guitarla_backend on toolchain 1.98.0-beta.1
[INFO] running `Command { std: CARGO_HOME="/workspace/cargo-home" RUSTUP_HOME="/workspace/rustup-home" "/workspace/cargo-home/bin/cargo" "+1.98.0-beta.1" "metadata" "--manifest-path" "Cargo.toml" "--no-deps", kill_on_drop: false }`
[INFO] crate git repo https://github.com/EFZR/guitarla_backend already has a lockfile, it will not be regenerated
[INFO] running `Command { std: CARGO_HOME="/workspace/cargo-home" RUSTUP_HOME="/workspace/rustup-home" "/workspace/cargo-home/bin/cargo" "+1.98.0-beta.1" "fetch" "--manifest-path" "Cargo.toml", kill_on_drop: false }`
[INFO] [stderr]     Blocking waiting for file lock on package cache
[INFO] [stderr]     Blocking waiting for file lock on package cache
[INFO] running `Command { std: "docker" "create" "-v" "/var/lib/crater-agent-workspace/builds/worker-1-tc2/source:/opt/rustwide/workdir:ro,Z" "-v" "/var/lib/crater-agent-workspace/builds/worker-1-tc2/target:/opt/rustwide/target:rw,Z" "-v" "/var/lib/crater-agent-workspace/cargo-home:/opt/rustwide/cargo-home:ro,Z" "-v" "/var/lib/crater-agent-workspace/rustup-home:/opt/rustwide/rustup-home:ro,Z" "-m" "1610612736" "--network" "none" "ghcr.io/rust-lang/crates-build-env/linux@sha256:3d5ced03c013a94a2f102a4510f48a6e9184255caf5fd8244f58017bde7f5210" "sleep" "infinity", kill_on_drop: false }`
[INFO] [stdout] 483418ced8b155fea3ed14d622f430028a9d4e94e4e573c53e18d5cde59f1d44
[INFO] running `Command { std: "docker" "start" "483418ced8b155fea3ed14d622f430028a9d4e94e4e573c53e18d5cde59f1d44", kill_on_drop: false }`
[INFO] running `Command { std: "docker" "inspect" "483418ced8b155fea3ed14d622f430028a9d4e94e4e573c53e18d5cde59f1d44", kill_on_drop: false }`
[INFO] running `Command { std: "docker" "exec" "-e" "SOURCE_DIR=/opt/rustwide/workdir" "-e" "CARGO_HOME=/opt/rustwide/cargo-home" "-e" "RUSTUP_HOME=/opt/rustwide/rustup-home" "-e" "CARGO_TARGET_DIR=/opt/rustwide/target" "-w" "/opt/rustwide/workdir" "--user" "0:0" "483418ced8b155fea3ed14d622f430028a9d4e94e4e573c53e18d5cde59f1d44" "/opt/rustwide/cargo-home/bin/cargo" "+1.98.0-beta.1" "metadata" "--no-deps" "--format-version=1", kill_on_drop: false }`
[INFO] running `Command { std: "docker" "inspect" "483418ced8b155fea3ed14d622f430028a9d4e94e4e573c53e18d5cde59f1d44", kill_on_drop: false }`
[INFO] running `Command { std: "docker" "exec" "-e" "SOURCE_DIR=/opt/rustwide/workdir" "-e" "CARGO_HOME=/opt/rustwide/cargo-home" "-e" "RUSTUP_HOME=/opt/rustwide/rustup-home" "-e" "CARGO_TARGET_DIR=/opt/rustwide/target" "-e" "CARGO_INCREMENTAL=0" "-e" "RUST_BACKTRACE=full" "-e" "RUSTFLAGS=--cap-lints=warn" "-e" "RUSTDOCFLAGS=--cap-lints=warn" "-w" "/opt/rustwide/workdir" "--user" "0:0" "483418ced8b155fea3ed14d622f430028a9d4e94e4e573c53e18d5cde59f1d44" "/opt/rustwide/cargo-home/bin/cargo" "+1.98.0-beta.1" "build" "--frozen" "--message-format=json", kill_on_drop: false }`
[INFO] [stderr]    Compiling proc-macro2 v1.0.81
[INFO] [stderr]    Compiling subtle v2.5.0
[INFO] [stderr]    Compiling pin-project-lite v0.2.14
[INFO] [stderr]    Compiling ppv-lite86 v0.2.17
[INFO] [stderr]    Compiling zeroize v1.7.0
[INFO] [stderr]    Compiling generic-array v0.14.7
[INFO] [stderr]    Compiling serde v1.0.198
[INFO] [stderr]    Compiling num-traits v0.2.18
[INFO] [stderr]    Compiling time-core v0.1.2
[INFO] [stderr]    Compiling cc v1.0.95
[INFO] [stderr]    Compiling thiserror v1.0.59
[INFO] [stderr]    Compiling getrandom v0.2.14
[INFO] [stderr]    Compiling slab v0.4.9
[INFO] [stderr]    Compiling parking_lot_core v0.9.9
[INFO] [stderr]    Compiling ahash v0.8.11
[INFO] [stderr]    Compiling spin v0.5.2
[INFO] [stderr]    Compiling time-macros v0.2.18
[INFO] [stderr]    Compiling tinyvec v1.6.0
[INFO] [stderr]    Compiling parking_lot v0.12.1
[INFO] [stderr]    Compiling lazy_static v1.4.0
[INFO] [stderr]    Compiling rand_core v0.6.4
[INFO] [stderr]    Compiling futures-io v0.3.30
[INFO] [stderr]    Compiling byteorder v1.5.0
[INFO] [stderr]    Compiling zerocopy v0.7.32
[INFO] [stderr]    Compiling base64ct v1.6.0
[INFO] [stderr]    Compiling futures-task v0.3.30
[INFO] [stderr]    Compiling serde_json v1.0.116
[INFO] [stderr]    Compiling rand_chacha v0.3.1
[INFO] [stderr]    Compiling cpufeatures v0.2.12
[INFO] [stderr]    Compiling unicode-bidi v0.3.15
[INFO] [stderr]    Compiling crossbeam-utils v0.8.19
[INFO] [stderr]    Compiling allocator-api2 v0.2.18
[INFO] [stderr]    Compiling nom v7.1.3
[INFO] [stderr]    Compiling unicode-segmentation v1.11.0
[INFO] [stderr]    Compiling quote v1.0.36
[INFO] [stderr]    Compiling rand v0.8.5
[INFO] [stderr]    Compiling pem-rfc7468 v0.7.0
[INFO] [stderr]    Compiling syn v2.0.60
[INFO] [stderr]    Compiling unicode_categories v0.1.1
[INFO] [stderr]    Compiling rustls v0.21.11
[INFO] [stderr]    Compiling crypto-common v0.1.6
[INFO] [stderr]    Compiling block-buffer v0.10.4
[INFO] [stderr]    Compiling hashbrown v0.14.3
[INFO] [stderr]    Compiling heck v0.4.1
[INFO] [stderr]    Compiling der v0.7.9
[INFO] [stderr]    Compiling crc-catalog v2.4.0
[INFO] [stderr]    Compiling rustls-pemfile v1.0.4
[INFO] [stderr]    Compiling digest v0.10.7
[INFO] [stderr]    Compiling unicode-normalization v0.1.23
[INFO] [stderr]    Compiling crc v3.2.1
[INFO] [stderr]    Compiling futures-intrusive v0.5.0
[INFO] [stderr]    Compiling futures-sink v0.3.30
[INFO] [stderr]    Compiling sha2 v0.10.8
[INFO] [stderr]    Compiling signature v2.2.0
[INFO] [stderr]    Compiling hmac v0.12.1
[INFO] [stderr]    Compiling crossbeam-queue v0.3.11
[INFO] [stderr]    Compiling syn v1.0.109
[INFO] [stderr]    Compiling webpki-roots v0.25.4
[INFO] [stderr]    Compiling idna v0.5.0
[INFO] [stderr]    Compiling num-integer v0.1.46
[INFO] [stderr]    Compiling ring v0.17.8
[INFO] [stderr]    Compiling atoi v2.0.0
[INFO] [stderr]    Compiling event-listener v2.5.3
[INFO] [stderr]    Compiling futures-channel v0.3.30
[INFO] [stderr]    Compiling uuid v1.8.0
[INFO] [stderr]    Compiling hashlink v0.8.4
[INFO] [stderr]    Compiling indexmap v2.2.6
[INFO] [stderr]    Compiling tokio v1.37.0
[INFO] [stderr]    Compiling signal-hook-registry v1.4.2
[INFO] [stderr]    Compiling deranged v0.3.11
[INFO] [stderr]    Compiling tracing-core v0.1.32
[INFO] [stderr]    Compiling num-iter v0.1.44
[INFO] [stderr]    Compiling rustix v0.38.33
[INFO] [stderr]    Compiling finl_unicode v1.2.0
[INFO] [stderr]    Compiling url v2.5.0
[INFO] [stderr]    Compiling log v0.4.21
[INFO] [stderr]    Compiling stringprep v0.1.4
[INFO] [stderr]    Compiling futures-util v0.3.30
[INFO] [stderr]    Compiling hkdf v0.12.4
[INFO] [stderr]    Compiling spki v0.7.3
[INFO] [stderr]    Compiling num-bigint-dig v0.8.4
[INFO] [stderr]    Compiling md-5 v0.10.6
[INFO] [stderr]    Compiling sha1 v0.10.6
[INFO] [stderr]    Compiling aho-corasick v1.1.3
[INFO] [stderr]    Compiling pkcs8 v0.10.2
[INFO] [stderr]    Compiling regex-syntax v0.8.3
[INFO] [stderr]    Compiling linux-raw-sys v0.4.13
[INFO] [stderr]    Compiling time v0.3.36
[INFO] [stderr]    Compiling whoami v1.5.1
[INFO] [stderr]    Compiling pkcs1 v0.7.5
[INFO] [stderr]    Compiling fastrand v2.0.2
[INFO] [stderr]    Compiling strsim v0.10.0
[INFO] [stderr]    Compiling fnv v1.0.7
[INFO] [stderr]    Compiling blake2 v0.10.6
[INFO] [stderr]    Compiling password-hash v0.5.0
[INFO] [stderr]    Compiling base64 v0.22.0
[INFO] [stderr]    Compiling sharded-slab v0.1.7
[INFO] [stderr]    Compiling gen-key v0.1.0 (/opt/rustwide/workdir/crates/tools/gen-key)
[INFO] [stderr]    Compiling argon2 v0.5.3
[INFO] [stderr]    Compiling web-server v0.1.0 (/opt/rustwide/workdir/crates/services/web-server)
[INFO] [stderr]    Compiling rsa v0.9.6
[INFO] [stderr]    Compiling regex-automata v0.4.6
[INFO] [stderr]    Compiling darling_core v0.20.8
[INFO] [stderr]    Compiling serde_derive v1.0.198
[INFO] [stderr]    Compiling thiserror-impl v1.0.59
[INFO] [stderr]    Compiling tracing-attributes v0.1.27
[INFO] [stderr]    Compiling futures-macro v0.3.30
[INFO] [stderr]    Compiling tokio-macros v2.2.0
[INFO] [stderr]    Compiling inherent v1.0.11
[INFO] [stderr]    Compiling sct v0.7.1
[INFO] [stderr]    Compiling rustls-webpki v0.101.7
[INFO] [stderr]    Compiling tokio-stream v0.1.15
[INFO] [stderr]    Compiling derive_more v0.99.17
[INFO] [stderr]    Compiling sea-query-derive v0.4.1
[INFO] [stderr]    Compiling tracing v0.1.40
[INFO] [stderr]    Compiling sea-query v0.30.7
[INFO] [stderr]    Compiling darling_macro v0.20.8
[INFO] [stderr]    Compiling darling v0.20.8
[INFO] [stderr]    Compiling serde_with_macros v3.7.0
[INFO] [stderr]    Compiling regex v1.10.4
[INFO] [stderr]    Compiling tracing-subscriber v0.3.18
[INFO] [stderr]    Compiling lazy-regex-proc_macros v3.1.0
[INFO] [stderr]    Compiling lazy-regex v3.1.0
[INFO] [stderr]    Compiling modql-macros v0.3.10
[INFO] [stderr]    Compiling futures-executor v0.3.30
[INFO] [stderr]    Compiling futures v0.3.30
[INFO] [stderr]    Compiling either v1.11.0
[INFO] [stderr]    Compiling bitflags v2.5.0
[INFO] [stderr]    Compiling itertools v0.12.1
[INFO] [stderr]    Compiling sqlformat v0.2.3
[INFO] [stderr]    Compiling tempfile v3.10.1
[INFO] [stderr]    Compiling lib-utils v0.1.0 (/opt/rustwide/workdir/crates/libs/lib-utils)
[INFO] [stderr]    Compiling serde_with v3.7.0
[INFO] [stderr]    Compiling lib-auth v0.1.0 (/opt/rustwide/workdir/crates/libs/lib-auth)
[INFO] [stderr]    Compiling sqlx-core v0.7.4
[INFO] [stderr]    Compiling modql v0.3.10
[INFO] [stderr]    Compiling sqlx-mysql v0.7.4
[INFO] [stderr]    Compiling sqlx-macros-core v0.7.4
[INFO] [stderr]    Compiling sqlx-macros v0.7.4
[INFO] [stderr]    Compiling sqlx v0.7.4
[INFO] [stderr]    Compiling sea-query-binder v0.5.0
[INFO] [stderr]    Compiling lib-core v0.1.0 (/opt/rustwide/workdir/crates/libs/lib-core)
[INFO] [stderr]    Compiling lib-rpc v0.1.0 (/opt/rustwide/workdir/crates/libs/lib-rpc)
[INFO] [stderr]     Finished `dev` profile [unoptimized + debuginfo] target(s) in 1m 59s
[INFO] [stderr] warning: the following packages contain code that will be rejected by a future version of Rust: num-bigint-dig v0.8.4
[INFO] [stderr] note: to see what the problems were, use the option `--future-incompat-report`, or run `cargo report future-incompatibilities --id 3`
[INFO] running `Command { std: "docker" "inspect" "483418ced8b155fea3ed14d622f430028a9d4e94e4e573c53e18d5cde59f1d44", kill_on_drop: false }`
[INFO] running `Command { std: "docker" "exec" "-e" "SOURCE_DIR=/opt/rustwide/workdir" "-e" "CARGO_HOME=/opt/rustwide/cargo-home" "-e" "RUSTUP_HOME=/opt/rustwide/rustup-home" "-e" "CARGO_TARGET_DIR=/opt/rustwide/target" "-e" "CARGO_INCREMENTAL=0" "-e" "RUST_BACKTRACE=full" "-e" "RUSTFLAGS=--cap-lints=warn" "-e" "RUSTDOCFLAGS=--cap-lints=warn" "-w" "/opt/rustwide/workdir" "--user" "0:0" "483418ced8b155fea3ed14d622f430028a9d4e94e4e573c53e18d5cde59f1d44" "/opt/rustwide/cargo-home/bin/cargo" "+1.98.0-beta.1" "test" "--frozen" "--no-run" "--message-format=json", kill_on_drop: false }`
[INFO] [stderr]    Compiling futures-channel v0.3.30
[INFO] [stderr]    Compiling openssl-sys v0.9.102
[INFO] [stderr]    Compiling url v2.5.0
[INFO] [stderr]    Compiling openssl v0.10.64
[INFO] [stderr]    Compiling http v0.2.12
[INFO] [stderr]    Compiling openssl-macros v0.1.1
[INFO] [stderr]    Compiling native-tls v0.2.11
[INFO] [stderr]    Compiling tokio-util v0.7.10
[INFO] [stderr]    Compiling darling_core v0.20.8
[INFO] [stderr]    Compiling cookie v0.17.0
[INFO] [stderr]    Compiling openssl-probe v0.1.5
[INFO] [stderr]    Compiling idna v0.3.0
[INFO] [stderr]    Compiling serde_urlencoded v0.7.1
[INFO] [stderr]    Compiling encoding_rs v0.8.34
[INFO] [stderr]    Compiling anyhow v1.0.82
[INFO] [stderr]    Compiling ipnet v2.9.0
[INFO] [stderr]    Compiling futures-util v0.3.30
[INFO] [stderr]    Compiling sdd v0.2.0
[INFO] [stderr]    Compiling serial_test_derive v3.1.0
[INFO] [stderr]    Compiling publicsuffix v2.2.3
[INFO] [stderr]    Compiling sqlx-core v0.7.4
[INFO] [stderr]    Compiling lib-utils v0.1.0 (/opt/rustwide/workdir/crates/libs/lib-utils)
[INFO] [stderr]    Compiling cookie_store v0.20.0
[INFO] [stderr]    Compiling scc v2.1.0
[INFO] [stderr]    Compiling web-server v0.1.0 (/opt/rustwide/workdir/crates/services/web-server)
[INFO] [stderr]    Compiling gen-key v0.1.0 (/opt/rustwide/workdir/crates/tools/gen-key)
[INFO] [stderr]    Compiling lib-auth v0.1.0 (/opt/rustwide/workdir/crates/libs/lib-auth)
[INFO] [stderr]    Compiling http-body v0.4.6
[INFO] [stderr]    Compiling darling_macro v0.20.8
[INFO] [stderr]    Compiling darling v0.20.8
[INFO] [stderr]    Compiling serde_with_macros v3.7.0
[INFO] [stderr]    Compiling serde_with v3.7.0
[INFO] [stderr]    Compiling h2 v0.3.26
[INFO] [stderr]    Compiling futures-executor v0.3.30
[INFO] [stderr]    Compiling futures v0.3.30
[INFO] [stderr]    Compiling serial_test v3.1.0
[INFO] [stderr]    Compiling sqlx-mysql v0.7.4
[INFO] [stderr]    Compiling sqlx-macros-core v0.7.4
[INFO] [stderr]    Compiling tokio-native-tls v0.3.1
[INFO] [stderr]    Compiling sqlx-macros v0.7.4
[INFO] [stderr]    Compiling sqlx v0.7.4
[INFO] [stderr]    Compiling sea-query-binder v0.5.0
[INFO] [stderr]    Compiling lib-core v0.1.0 (/opt/rustwide/workdir/crates/libs/lib-core)
[INFO] [stderr]    Compiling hyper v0.14.28
[INFO] [stderr]    Compiling lib-rpc v0.1.0 (/opt/rustwide/workdir/crates/libs/lib-rpc)
[INFO] [stderr]    Compiling hyper-tls v0.5.0
[INFO] [stderr]    Compiling reqwest v0.11.27
[INFO] [stderr]    Compiling reqwest_cookie_store v0.6.0
[INFO] [stderr]    Compiling httpc-test v0.1.9
[INFO] [stderr]     Finished `test` profile [unoptimized + debuginfo] target(s) in 44.80s
[INFO] [stderr] warning: the following packages contain code that will be rejected by a future version of Rust: num-bigint-dig v0.8.4
[INFO] [stderr] note: to see what the problems were, use the option `--future-incompat-report`, or run `cargo report future-incompatibilities --id 3`
[INFO] running `Command { std: "docker" "inspect" "483418ced8b155fea3ed14d622f430028a9d4e94e4e573c53e18d5cde59f1d44", kill_on_drop: false }`
[INFO] running `Command { std: "docker" "exec" "-e" "SOURCE_DIR=/opt/rustwide/workdir" "-e" "CARGO_HOME=/opt/rustwide/cargo-home" "-e" "RUSTUP_HOME=/opt/rustwide/rustup-home" "-e" "CARGO_TARGET_DIR=/opt/rustwide/target" "-e" "CARGO_INCREMENTAL=0" "-e" "RUST_BACKTRACE=full" "-e" "RUSTFLAGS=--cap-lints=warn" "-e" "RUSTDOCFLAGS=--cap-lints=warn" "-w" "/opt/rustwide/workdir" "--user" "0:0" "483418ced8b155fea3ed14d622f430028a9d4e94e4e573c53e18d5cde59f1d44" "/opt/rustwide/cargo-home/bin/cargo" "+1.98.0-beta.1" "test" "--frozen", kill_on_drop: false }`
[INFO] [stderr]     Finished `test` profile [unoptimized + debuginfo] target(s) in 0.48s
[INFO] [stderr] warning: the following packages contain code that will be rejected by a future version of Rust: num-bigint-dig v0.8.4
[INFO] [stderr] note: to see what the problems were, use the option `--future-incompat-report`, or run `cargo report future-incompatibilities --id 3`
[INFO] [stderr]      Running unittests src/lib.rs (/opt/rustwide/target/debug/deps/gen_key-7b7122840618263c)
[INFO] [stdout] 
[INFO] [stdout] running 1 test
[INFO] [stderr]      Running unittests src/lib.rs (/opt/rustwide/target/debug/deps/lib_auth-342534b1cffeb9a4)
[INFO] [stdout] test tests::it_works ... ok
[INFO] [stdout] 
[INFO] [stdout] test result: ok. 1 passed; 0 failed; 0 ignored; 0 measured; 0 filtered out; finished in 0.00s
[INFO] [stdout] 
[INFO] [stdout] 
[INFO] [stdout] running 6 tests
[INFO] [stdout] test token::tests::test_token_from_str_ok ... ok
[INFO] [stdout] test token::tests::test_token_display_ok ... ok
[INFO] [stdout] test pwd::scheme::scheme_01::tests::test_scheme_hmac_into_b64u_ok ... FAILED
[INFO] [stdout] test pwd::tests::test_multi_scheme_ok ... FAILED
[INFO] [stdout] test token::tests::test_validate_web_token_ok ... FAILED
[INFO] [stdout] test token::tests::test_validate_web_token_err_expired ... FAILED
[INFO] [stdout] 
[INFO] [stdout] failures:
[INFO] [stdout] 
[INFO] [stdout] ---- pwd::scheme::scheme_01::tests::test_scheme_hmac_into_b64u_ok stdout ----
[INFO] [stdout] 
[INFO] [stdout] thread 'pwd::scheme::scheme_01::tests::test_scheme_hmac_into_b64u_ok' (3841) panicked at crates/libs/lib-auth/src/config.rs:9:13:
[INFO] [stdout] FATAL - WHILE LOADING CONF - Cause: MissingEnv("SERVICE_PWD_KEY")
[INFO] [stdout] stack backtrace:
[INFO] [stdout]    0:     0x5727ec8f4bd1 - std[73adb7dc35730857]::backtrace_rs::backtrace::libunwind::trace
[INFO] [stdout]                                at /rustc/6b3fa26749ab40e159b2dd5cf577acaaf5902772/library/std/src/../../backtrace/src/backtrace/libunwind.rs:117:9
[INFO] [stdout]    1:     0x5727ec8f4bd1 - std[73adb7dc35730857]::backtrace_rs::backtrace::trace_unsynchronized::<std[73adb7dc35730857]::sys::backtrace::_print_fmt::{closure#1}>
[INFO] [stdout]                                at /rustc/6b3fa26749ab40e159b2dd5cf577acaaf5902772/library/std/src/../../backtrace/src/backtrace/mod.rs:66:14
[INFO] [stdout]    2:     0x5727ec8f4bd1 - std[73adb7dc35730857]::sys::backtrace::_print_fmt
[INFO] [stdout]                                at /rustc/6b3fa26749ab40e159b2dd5cf577acaaf5902772/library/std/src/sys/backtrace.rs:74:9
[INFO] [stdout]    3:     0x5727ec8f4bd1 - <<std[73adb7dc35730857]::sys::backtrace::BacktraceLock>::print::DisplayBacktrace as core[6883ba1bc0fe4ed1]::fmt::Display>::fmt
[INFO] [stdout]                                at /rustc/6b3fa26749ab40e159b2dd5cf577acaaf5902772/library/std/src/sys/backtrace.rs:44:26
[INFO] [stdout]    4:     0x5727ec90adda - <core[6883ba1bc0fe4ed1]::fmt::rt::Argument>::fmt
[INFO] [stdout]                                at /rustc/6b3fa26749ab40e159b2dd5cf577acaaf5902772/library/core/src/fmt/rt.rs:152:76
[INFO] [stdout]    5:     0x5727ec90adda - core[6883ba1bc0fe4ed1]::fmt::write
[INFO] [stdout]    6:     0x5727ec8f97fc - std[73adb7dc35730857]::io::default_write_fmt::<alloc[55a36b64bcbf2c0d]::vec::Vec<u8>>
[INFO] [stdout]                                at /rustc/6b3fa26749ab40e159b2dd5cf577acaaf5902772/library/std/src/io/mod.rs:626:11
[INFO] [stdout]    7:     0x5727ec8f97fc - <alloc[55a36b64bcbf2c0d]::vec::Vec<u8> as std[73adb7dc35730857]::io::Write>::write_fmt
[INFO] [stdout]                                at /rustc/6b3fa26749ab40e159b2dd5cf577acaaf5902772/library/std/src/io/mod.rs:1730:13
[INFO] [stdout]    8:     0x5727ec8d24b6 - <std[73adb7dc35730857]::sys::backtrace::BacktraceLock>::print
[INFO] [stdout]                                at /rustc/6b3fa26749ab40e159b2dd5cf577acaaf5902772/library/std/src/sys/backtrace.rs:47:9
[INFO] [stdout]    9:     0x5727ec8d24b6 - std[73adb7dc35730857]::panicking::default_hook::{closure#0}
[INFO] [stdout]                                at /rustc/6b3fa26749ab40e159b2dd5cf577acaaf5902772/library/std/src/panicking.rs:292:27
[INFO] [stdout]   10:     0x5727ec8ec8d9 - std[73adb7dc35730857]::panicking::default_hook
[INFO] [stdout]                                at /rustc/6b3fa26749ab40e159b2dd5cf577acaaf5902772/library/std/src/panicking.rs:316:9
[INFO] [stdout]   11:     0x5727ec5d9c20 - <alloc[55a36b64bcbf2c0d]::boxed::Box<dyn for<'a, 'b> core[6883ba1bc0fe4ed1]::ops::function::Fn<(&'a std[73adb7dc35730857]::panic::PanicHookInfo<'b>,), Output = ()> + core[6883ba1bc0fe4ed1]::marker::Send + core[6883ba1bc0fe4ed1]::marker::Sync> as core[6883ba1bc0fe4ed1]::ops::function::Fn<(&std[73adb7dc35730857]::panic::PanicHookInfo,)>>::call
[INFO] [stdout]                                at /rustc/6b3fa26749ab40e159b2dd5cf577acaaf5902772/library/alloc/src/boxed.rs:2333:9
[INFO] [stdout]   12:     0x5727ec5d9c20 - test[980ffaebd391d06d]::test_main_inner::<test[980ffaebd391d06d]::test_main_static::{closure#0}>::{closure#0}
[INFO] [stdout]                                at /rustc/6b3fa26749ab40e159b2dd5cf577acaaf5902772/library/test/src/lib.rs:155:21
[INFO] [stdout]   13:     0x5727ec8ecc02 - <alloc[55a36b64bcbf2c0d]::boxed::Box<dyn for<'a, 'b> core[6883ba1bc0fe4ed1]::ops::function::Fn<(&'a std[73adb7dc35730857]::panic::PanicHookInfo<'b>,), Output = ()> + core[6883ba1bc0fe4ed1]::marker::Send + core[6883ba1bc0fe4ed1]::marker::Sync> as core[6883ba1bc0fe4ed1]::ops::function::Fn<(&std[73adb7dc35730857]::panic::PanicHookInfo,)>>::call
[INFO] [stdout]                                at /rustc/6b3fa26749ab40e159b2dd5cf577acaaf5902772/library/alloc/src/boxed.rs:2333:9
[INFO] [stdout]   14:     0x5727ec8ecc02 - std[73adb7dc35730857]::panicking::panic_with_hook
[INFO] [stdout]                                at /rustc/6b3fa26749ab40e159b2dd5cf577acaaf5902772/library/std/src/panicking.rs:823:13
[INFO] [stdout]   15:     0x5727ec8d2562 - std[73adb7dc35730857]::panicking::panic_handler::{closure#0}
[INFO] [stdout]                                at /rustc/6b3fa26749ab40e159b2dd5cf577acaaf5902772/library/std/src/panicking.rs:688:13
[INFO] [stdout]   16:     0x5727ec8c98f9 - std[73adb7dc35730857]::sys::backtrace::__rust_end_short_backtrace::<std[73adb7dc35730857]::panicking::panic_handler::{closure#0}, !>
[INFO] [stdout]                                at /rustc/6b3fa26749ab40e159b2dd5cf577acaaf5902772/library/std/src/sys/backtrace.rs:182:18
[INFO] [stdout]   17:     0x5727ec8d326d - __rustc[a7b7b02e776dd976]::rust_begin_unwind
[INFO] [stdout]                                at /rustc/6b3fa26749ab40e159b2dd5cf577acaaf5902772/library/std/src/panicking.rs:679:5
[INFO] [stdout]   18:     0x5727ec90b65c - core[6883ba1bc0fe4ed1]::panicking::panic_fmt
[INFO] [stdout]                                at /rustc/6b3fa26749ab40e159b2dd5cf577acaaf5902772/library/core/src/panicking.rs:80:14
[INFO] [stdout]   19:     0x5727ec52591c - lib_auth[18644dcc080f08e]::config::auth_config::{closure#0}::{closure#0}
[INFO] [stdout]                                at /opt/rustwide/workdir/crates/libs/lib-auth/src/config.rs:9:13
[INFO] [stdout]   20:     0x5727ec522737 - <core[6883ba1bc0fe4ed1]::result::Result<lib_auth[18644dcc080f08e]::config::AuthConfig, lib_utils[d0156ef3e657fcb5]::envs::Error>>::unwrap_or_else::<lib_auth[18644dcc080f08e]::config::auth_config::{closure#0}::{closure#0}>
[INFO] [stdout]                                at /rustc/6b3fa26749ab40e159b2dd5cf577acaaf5902772/library/core/src/result.rs:1620:23
[INFO] [stdout]   21:     0x5727ec52608e - lib_auth[18644dcc080f08e]::config::auth_config::{closure#0}
[INFO] [stdout]                                at /opt/rustwide/workdir/crates/libs/lib-auth/src/config.rs:8:37
[INFO] [stdout]   22:     0x5727ec51e328 - <std[73adb7dc35730857]::sync::once_lock::OnceLock<lib_auth[18644dcc080f08e]::config::AuthConfig>>::get_or_init::<lib_auth[18644dcc080f08e]::config::auth_config::{closure#0}>::{closure#0}
[INFO] [stdout]                                at /rustc/6b3fa26749ab40e159b2dd5cf577acaaf5902772/library/std/src/sync/once_lock.rs:321:50
[INFO] [stdout]   23:     0x5727ec51e26e - <std[73adb7dc35730857]::sync::once_lock::OnceLock<lib_auth[18644dcc080f08e]::config::AuthConfig>>::initialize::<<std[73adb7dc35730857]::sync::once_lock::OnceLock<lib_auth[18644dcc080f08e]::config::AuthConfig>>::get_or_init<lib_auth[18644dcc080f08e]::config::auth_config::{closure#0}>::{closure#0}, !>::{closure#0}
[INFO] [stdout]                                at /rustc/6b3fa26749ab40e159b2dd5cf577acaaf5902772/library/std/src/sync/once_lock.rs:543:19
[INFO] [stdout]   24:     0x5727ec530571 - <std[73adb7dc35730857]::sync::once::Once>::call_once_force::<<std[73adb7dc35730857]::sync::once_lock::OnceLock<lib_auth[18644dcc080f08e]::config::AuthConfig>>::initialize<<std[73adb7dc35730857]::sync::once_lock::OnceLock<lib_auth[18644dcc080f08e]::config::AuthConfig>>::get_or_init<lib_auth[18644dcc080f08e]::config::auth_config::{closure#0}>::{closure#0}, !>::{closure#0}>::{closure#0}
[INFO] [stdout]                                at /rustc/6b3fa26749ab40e159b2dd5cf577acaaf5902772/library/std/src/sync/once.rs:226:40
[INFO] [stdout]   25:     0x5727ec8d7f09 - <std[73adb7dc35730857]::sys::sync::once::futex::Once>::call
[INFO] [stdout]                                at /rustc/6b3fa26749ab40e159b2dd5cf577acaaf5902772/library/std/src/sys/sync/once/futex.rs:183:21
[INFO] [stdout]   26:     0x5727ec52c0f4 - <std[73adb7dc35730857]::sync::once::Once>::call_once_force::<<std[73adb7dc35730857]::sync::once_lock::OnceLock<lib_auth[18644dcc080f08e]::config::AuthConfig>>::initialize<<std[73adb7dc35730857]::sync::once_lock::OnceLock<lib_auth[18644dcc080f08e]::config::AuthConfig>>::get_or_init<lib_auth[18644dcc080f08e]::config::auth_config::{closure#0}>::{closure#0}, !>::{closure#0}>
[INFO] [stdout]                                at /rustc/6b3fa26749ab40e159b2dd5cf577acaaf5902772/library/std/src/sync/once.rs:226:20
[INFO] [stdout]   27:     0x5727ec51b016 - <std[73adb7dc35730857]::sync::once_lock::OnceLock<lib_auth[18644dcc080f08e]::config::AuthConfig>>::initialize::<<std[73adb7dc35730857]::sync::once_lock::OnceLock<lib_auth[18644dcc080f08e]::config::AuthConfig>>::get_or_init<lib_auth[18644dcc080f08e]::config::auth_config::{closure#0}>::{closure#0}, !>
[INFO] [stdout]                                at /rustc/6b3fa26749ab40e159b2dd5cf577acaaf5902772/library/std/src/sync/once_lock.rs:542:19
[INFO] [stdout]   28:     0x5727ec51b0eb - <std[73adb7dc35730857]::sync::once_lock::OnceLock<lib_auth[18644dcc080f08e]::config::AuthConfig>>::get_or_try_init::<<std[73adb7dc35730857]::sync::once_lock::OnceLock<lib_auth[18644dcc080f08e]::config::AuthConfig>>::get_or_init<lib_auth[18644dcc080f08e]::config::auth_config::{closure#0}>::{closure#0}, !>
[INFO] [stdout]                                at /rustc/6b3fa26749ab40e159b2dd5cf577acaaf5902772/library/std/src/sync/once_lock.rs:410:14
[INFO] [stdout]   29:     0x5727ec51b04d - <std[73adb7dc35730857]::sync::once_lock::OnceLock<lib_auth[18644dcc080f08e]::config::AuthConfig>>::get_or_init::<lib_auth[18644dcc080f08e]::config::auth_config::{closure#0}>
[INFO] [stdout]                                at /rustc/6b3fa26749ab40e159b2dd5cf577acaaf5902772/library/std/src/sync/once_lock.rs:321:20
[INFO] [stdout]   30:     0x5727ec528a7d - lib_auth[18644dcc080f08e]::config::auth_config
[INFO] [stdout]                                at /opt/rustwide/workdir/crates/libs/lib-auth/src/config.rs:7:14
[INFO] [stdout]   31:     0x5727ec5202e2 - lib_auth[18644dcc080f08e]::pwd::scheme::scheme_01::tests::test_scheme_hmac_into_b64u_ok
[INFO] [stdout]                                at /opt/rustwide/workdir/crates/libs/lib-auth/src/pwd/scheme/scheme_01.rs:61:23
[INFO] [stdout]   32:     0x5727ec51f0d7 - lib_auth[18644dcc080f08e]::pwd::scheme::scheme_01::tests::test_scheme_hmac_into_b64u_ok::{closure#0}
[INFO] [stdout]                                at /opt/rustwide/workdir/crates/libs/lib-auth/src/pwd/scheme/scheme_01.rs:58:43
[INFO] [stdout]   33:     0x5727ec521fa6 - <lib_auth[18644dcc080f08e]::pwd::scheme::scheme_01::tests::test_scheme_hmac_into_b64u_ok::{closure#0} as core[6883ba1bc0fe4ed1]::ops::function::FnOnce<()>>::call_once
[INFO] [stdout]                                at /rustc/6b3fa26749ab40e159b2dd5cf577acaaf5902772/library/core/src/ops/function.rs:250:5
[INFO] [stdout]   34:     0x5727ec5ccf5b - <fn() -> core[6883ba1bc0fe4ed1]::result::Result<(), alloc[55a36b64bcbf2c0d]::string::String> as core[6883ba1bc0fe4ed1]::ops::function::FnOnce<()>>::call_once
[INFO] [stdout]                                at /rustc/6b3fa26749ab40e159b2dd5cf577acaaf5902772/library/core/src/ops/function.rs:250:5
[INFO] [stdout]   35:     0x5727ec5ccf5b - test[980ffaebd391d06d]::__rust_begin_short_backtrace::<core[6883ba1bc0fe4ed1]::result::Result<(), alloc[55a36b64bcbf2c0d]::string::String>, fn() -> core[6883ba1bc0fe4ed1]::result::Result<(), alloc[55a36b64bcbf2c0d]::string::String>>
[INFO] [stdout]                                at /rustc/6b3fa26749ab40e159b2dd5cf577acaaf5902772/library/test/src/lib.rs:724:18
[INFO] [stdout]   36:     0x5727ec5da5a5 - test[980ffaebd391d06d]::run_test_in_process::{closure#0}
[INFO] [stdout]                                at /rustc/6b3fa26749ab40e159b2dd5cf577acaaf5902772/library/test/src/lib.rs:747:74
[INFO] [stdout]   37:     0x5727ec5da5a5 - <core[6883ba1bc0fe4ed1]::panic::unwind_safe::AssertUnwindSafe<test[980ffaebd391d06d]::run_test_in_process::{closure#0}> as core[6883ba1bc0fe4ed1]::ops::function::FnOnce<()>>::call_once
[INFO] [stdout]                                at /rustc/6b3fa26749ab40e159b2dd5cf577acaaf5902772/library/core/src/panic/unwind_safe.rs:275:9
[INFO] [stdout]   38:     0x5727ec5da5a5 - std[73adb7dc35730857]::panicking::catch_unwind::do_call::<core[6883ba1bc0fe4ed1]::panic::unwind_safe::AssertUnwindSafe<test[980ffaebd391d06d]::run_test_in_process::{closure#0}>, core[6883ba1bc0fe4ed1]::result::Result<(), alloc[55a36b64bcbf2c0d]::string::String>>
[INFO] [stdout]                                at /rustc/6b3fa26749ab40e159b2dd5cf577acaaf5902772/library/std/src/panicking.rs:576:43
[INFO] [stdout]   39:     0x5727ec5da5a5 - std[73adb7dc35730857]::panicking::catch_unwind::<core[6883ba1bc0fe4ed1]::result::Result<(), alloc[55a36b64bcbf2c0d]::string::String>, core[6883ba1bc0fe4ed1]::panic::unwind_safe::AssertUnwindSafe<test[980ffaebd391d06d]::run_test_in_process::{closure#0}>>
[INFO] [stdout]                                at /rustc/6b3fa26749ab40e159b2dd5cf577acaaf5902772/library/std/src/panicking.rs:544:19
[INFO] [stdout]   40:     0x5727ec5da5a5 - std[73adb7dc35730857]::panic::catch_unwind::<core[6883ba1bc0fe4ed1]::panic::unwind_safe::AssertUnwindSafe<test[980ffaebd391d06d]::run_test_in_process::{closure#0}>, core[6883ba1bc0fe4ed1]::result::Result<(), alloc[55a36b64bcbf2c0d]::string::String>>
[INFO] [stdout]                                at /rustc/6b3fa26749ab40e159b2dd5cf577acaaf5902772/library/std/src/panic.rs:359:14
[INFO] [stdout]   41:     0x5727ec5da5a5 - test[980ffaebd391d06d]::run_test_in_process
[INFO] [stdout]                                at /rustc/6b3fa26749ab40e159b2dd5cf577acaaf5902772/library/test/src/lib.rs:747:27
[INFO] [stdout]   42:     0x5727ec5da5a5 - test[980ffaebd391d06d]::run_test::{closure#0}
[INFO] [stdout]                                at /rustc/6b3fa26749ab40e159b2dd5cf577acaaf5902772/library/test/src/lib.rs:668:43
[INFO] [stdout]   43:     0x5727ec5d5054 - test[980ffaebd391d06d]::run_test::{closure#1}
[INFO] [stdout]                                at /rustc/6b3fa26749ab40e159b2dd5cf577acaaf5902772/library/test/src/lib.rs:698:41
[INFO] [stdout]   44:     0x5727ec5d5054 - std[73adb7dc35730857]::sys::backtrace::__rust_begin_short_backtrace::<test[980ffaebd391d06d]::run_test::{closure#1}, ()>
[INFO] [stdout]                                at /rustc/6b3fa26749ab40e159b2dd5cf577acaaf5902772/library/std/src/sys/backtrace.rs:166:18
[INFO] [stdout]   45:     0x5727ec5dd6f2 - std[73adb7dc35730857]::thread::lifecycle::spawn_unchecked::<test[980ffaebd391d06d]::run_test::{closure#1}, ()>::{closure#1}::{closure#0}
[INFO] [stdout]                                at /rustc/6b3fa26749ab40e159b2dd5cf577acaaf5902772/library/std/src/thread/lifecycle.rs:70:13
[INFO] [stdout]   46:     0x5727ec5dd6f2 - <core[6883ba1bc0fe4ed1]::panic::unwind_safe::AssertUnwindSafe<std[73adb7dc35730857]::thread::lifecycle::spawn_unchecked<test[980ffaebd391d06d]::run_test::{closure#1}, ()>::{closure#1}::{closure#0}> as core[6883ba1bc0fe4ed1]::ops::function::FnOnce<()>>::call_once
[INFO] [stdout]                                at /rustc/6b3fa26749ab40e159b2dd5cf577acaaf5902772/library/core/src/panic/unwind_safe.rs:275:9
[INFO] [stdout]   47:     0x5727ec5dd6f2 - std[73adb7dc35730857]::panicking::catch_unwind::do_call::<core[6883ba1bc0fe4ed1]::panic::unwind_safe::AssertUnwindSafe<std[73adb7dc35730857]::thread::lifecycle::spawn_unchecked<test[980ffaebd391d06d]::run_test::{closure#1}, ()>::{closure#1}::{closure#0}>, ()>
[INFO] [stdout]                                at /rustc/6b3fa26749ab40e159b2dd5cf577acaaf5902772/library/std/src/panicking.rs:576:43
[INFO] [stdout]   48:     0x5727ec5dd6f2 - std[73adb7dc35730857]::panicking::catch_unwind::<(), core[6883ba1bc0fe4ed1]::panic::unwind_safe::AssertUnwindSafe<std[73adb7dc35730857]::thread::lifecycle::spawn_unchecked<test[980ffaebd391d06d]::run_test::{closure#1}, ()>::{closure#1}::{closure#0}>>
[INFO] [stdout]                                at /rustc/6b3fa26749ab40e159b2dd5cf577acaaf5902772/library/std/src/panicking.rs:544:19
[INFO] [stdout]   49:     0x5727ec5dd6f2 - std[73adb7dc35730857]::panic::catch_unwind::<core[6883ba1bc0fe4ed1]::panic::unwind_safe::AssertUnwindSafe<std[73adb7dc35730857]::thread::lifecycle::spawn_unchecked<test[980ffaebd391d06d]::run_test::{closure#1}, ()>::{closure#1}::{closure#0}>, ()>
[INFO] [stdout]                                at /rustc/6b3fa26749ab40e159b2dd5cf577acaaf5902772/library/std/src/panic.rs:359:14
[INFO] [stdout]   50:     0x5727ec5dd6f2 - std[73adb7dc35730857]::thread::lifecycle::spawn_unchecked::<test[980ffaebd391d06d]::run_test::{closure#1}, ()>::{closure#1}
[INFO] [stdout]                                at /rustc/6b3fa26749ab40e159b2dd5cf577acaaf5902772/library/std/src/thread/lifecycle.rs:68:26
[INFO] [stdout]   51:     0x5727ec5dd6f2 - <std[73adb7dc35730857]::thread::lifecycle::spawn_unchecked<test[980ffaebd391d06d]::run_test::{closure#1}, ()>::{closure#1} as core[6883ba1bc0fe4ed1]::ops::function::FnOnce<()>>::call_once::{shim:vtable#0}
[INFO] [stdout]                                at /rustc/6b3fa26749ab40e159b2dd5cf577acaaf5902772/library/core/src/ops/function.rs:250:5
[INFO] [stdout]   52:     0x5727ec8f441f - <alloc[55a36b64bcbf2c0d]::boxed::Box<dyn core[6883ba1bc0fe4ed1]::ops::function::FnOnce<(), Output = ()> + core[6883ba1bc0fe4ed1]::marker::Send> as core[6883ba1bc0fe4ed1]::ops::function::FnOnce<()>>::call_once
[INFO] [stdout]                                at /rustc/6b3fa26749ab40e159b2dd5cf577acaaf5902772/library/alloc/src/boxed.rs:2319:9
[INFO] [stdout]   53:     0x5727ec8f441f - <std[73adb7dc35730857]::sys::thread::unix::Thread>::new::thread_start
[INFO] [stdout]                                at /rustc/6b3fa26749ab40e159b2dd5cf577acaaf5902772/library/std/src/sys/thread/unix.rs:123:17
[INFO] [stdout]   54:     0x7f55aaa1caa4 - <unknown>
[INFO] [stdout]   55:     0x7f55aaaa9a64 - clone
[INFO] [stdout]   56:                0x0 - <unknown>
[INFO] [stdout] 
[INFO] [stdout] ---- pwd::tests::test_multi_scheme_ok stdout ----
[INFO] [stdout] 
[INFO] [stdout] thread 'pwd::tests::test_multi_scheme_ok' (3842) panicked at crates/libs/lib-auth/src/config.rs:9:13:
[INFO] [stdout] FATAL - WHILE LOADING CONF - Cause: MissingEnv("SERVICE_PWD_KEY")
[INFO] [stdout] stack backtrace:
[INFO] [stdout]    0:     0x5727ec8f4bd1 - std[73adb7dc35730857]::backtrace_rs::backtrace::libunwind::trace
[INFO] [stdout]                                at /rustc/6b3fa26749ab40e159b2dd5cf577acaaf5902772/library/std/src/../../backtrace/src/backtrace/libunwind.rs:117:9
[INFO] [stdout]    1:     0x5727ec8f4bd1 - std[73adb7dc35730857]::backtrace_rs::backtrace::trace_unsynchronized::<std[73adb7dc35730857]::sys::backtrace::_print_fmt::{closure#1}>
[INFO] [stdout]                                at /rustc/6b3fa26749ab40e159b2dd5cf577acaaf5902772/library/std/src/../../backtrace/src/backtrace/mod.rs:66:14
[INFO] [stdout]    2:     0x5727ec8f4bd1 - std[73adb7dc35730857]::sys::backtrace::_print_fmt
[INFO] [stdout]                                at /rustc/6b3fa26749ab40e159b2dd5cf577acaaf5902772/library/std/src/sys/backtrace.rs:74:9
[INFO] [stdout]    3:     0x5727ec8f4bd1 - <<std[73adb7dc35730857]::sys::backtrace::BacktraceLock>::print::DisplayBacktrace as core[6883ba1bc0fe4ed1]::fmt::Display>::fmt
[INFO] [stdout]                                at /rustc/6b3fa26749ab40e159b2dd5cf577acaaf5902772/library/std/src/sys/backtrace.rs:44:26
[INFO] [stdout]    4:     0x5727ec90adda - <core[6883ba1bc0fe4ed1]::fmt::rt::Argument>::fmt
[INFO] [stdout]                                at /rustc/6b3fa26749ab40e159b2dd5cf577acaaf5902772/library/core/src/fmt/rt.rs:152:76
[INFO] [stdout]    5:     0x5727ec90adda - core[6883ba1bc0fe4ed1]::fmt::write
[INFO] [stdout]    6:     0x5727ec8f97fc - std[73adb7dc35730857]::io::default_write_fmt::<alloc[55a36b64bcbf2c0d]::vec::Vec<u8>>
[INFO] [stdout]                                at /rustc/6b3fa26749ab40e159b2dd5cf577acaaf5902772/library/std/src/io/mod.rs:626:11
[INFO] [stdout]    7:     0x5727ec8f97fc - <alloc[55a36b64bcbf2c0d]::vec::Vec<u8> as std[73adb7dc35730857]::io::Write>::write_fmt
[INFO] [stdout]                                at /rustc/6b3fa26749ab40e159b2dd5cf577acaaf5902772/library/std/src/io/mod.rs:1730:13
[INFO] [stdout]    8:     0x5727ec8d24b6 - <std[73adb7dc35730857]::sys::backtrace::BacktraceLock>::print
[INFO] [stdout]                                at /rustc/6b3fa26749ab40e159b2dd5cf577acaaf5902772/library/std/src/sys/backtrace.rs:47:9
[INFO] [stdout]    9:     0x5727ec8d24b6 - std[73adb7dc35730857]::panicking::default_hook::{closure#0}
[INFO] [stdout]                                at /rustc/6b3fa26749ab40e159b2dd5cf577acaaf5902772/library/std/src/panicking.rs:292:27
[INFO] [stdout]   10:     0x5727ec8ec8d9 - std[73adb7dc35730857]::panicking::default_hook
[INFO] [stdout]                                at /rustc/6b3fa26749ab40e159b2dd5cf577acaaf5902772/library/std/src/panicking.rs:316:9
[INFO] [stdout]   11:     0x5727ec5d9c20 - <alloc[55a36b64bcbf2c0d]::boxed::Box<dyn for<'a, 'b> core[6883ba1bc0fe4ed1]::ops::function::Fn<(&'a std[73adb7dc35730857]::panic::PanicHookInfo<'b>,), Output = ()> + core[6883ba1bc0fe4ed1]::marker::Send + core[6883ba1bc0fe4ed1]::marker::Sync> as core[6883ba1bc0fe4ed1]::ops::function::Fn<(&std[73adb7dc35730857]::panic::PanicHookInfo,)>>::call
[INFO] [stdout]                                at /rustc/6b3fa26749ab40e159b2dd5cf577acaaf5902772/library/alloc/src/boxed.rs:2333:9
[INFO] [stdout]   12:     0x5727ec5d9c20 - test[980ffaebd391d06d]::test_main_inner::<test[980ffaebd391d06d]::test_main_static::{closure#0}>::{closure#0}
[INFO] [stdout]                                at /rustc/6b3fa26749ab40e159b2dd5cf577acaaf5902772/library/test/src/lib.rs:155:21
[INFO] [stdout]   13:     0x5727ec8ecc02 - <alloc[55a36b64bcbf2c0d]::boxed::Box<dyn for<'a, 'b> core[6883ba1bc0fe4ed1]::ops::function::Fn<(&'a std[73adb7dc35730857]::panic::PanicHookInfo<'b>,), Output = ()> + core[6883ba1bc0fe4ed1]::marker::Send + core[6883ba1bc0fe4ed1]::marker::Sync> as core[6883ba1bc0fe4ed1]::ops::function::Fn<(&std[73adb7dc35730857]::panic::PanicHookInfo,)>>::call
[INFO] [stdout]                                at /rustc/6b3fa26749ab40e159b2dd5cf577acaaf5902772/library/alloc/src/boxed.rs:2333:9
[INFO] [stdout]   14:     0x5727ec8ecc02 - std[73adb7dc35730857]::panicking::panic_with_hook
[INFO] [stdout]                                at /rustc/6b3fa26749ab40e159b2dd5cf577acaaf5902772/library/std/src/panicking.rs:823:13
[INFO] [stdout]   15:     0x5727ec8d2562 - std[73adb7dc35730857]::panicking::panic_handler::{closure#0}
[INFO] [stdout]                                at /rustc/6b3fa26749ab40e159b2dd5cf577acaaf5902772/library/std/src/panicking.rs:688:13
[INFO] [stdout]   16:     0x5727ec8c98f9 - std[73adb7dc35730857]::sys::backtrace::__rust_end_short_backtrace::<std[73adb7dc35730857]::panicking::panic_handler::{closure#0}, !>
[INFO] [stdout]                                at /rustc/6b3fa26749ab40e159b2dd5cf577acaaf5902772/library/std/src/sys/backtrace.rs:182:18
[INFO] [stdout]   17:     0x5727ec8d326d - __rustc[a7b7b02e776dd976]::rust_begin_unwind
[INFO] [stdout]                                at /rustc/6b3fa26749ab40e159b2dd5cf577acaaf5902772/library/std/src/panicking.rs:679:5
[INFO] [stdout]   18:     0x5727ec90b65c - core[6883ba1bc0fe4ed1]::panicking::panic_fmt
[INFO] [stdout]                                at /rustc/6b3fa26749ab40e159b2dd5cf577acaaf5902772/library/core/src/panicking.rs:80:14
[INFO] [stdout]   19:     0x5727ec52591c - lib_auth[18644dcc080f08e]::config::auth_config::{closure#0}::{closure#0}
[INFO] [stdout]                                at /opt/rustwide/workdir/crates/libs/lib-auth/src/config.rs:9:13
[INFO] [stdout]   20:     0x5727ec522737 - <core[6883ba1bc0fe4ed1]::result::Result<lib_auth[18644dcc080f08e]::config::AuthConfig, lib_utils[d0156ef3e657fcb5]::envs::Error>>::unwrap_or_else::<lib_auth[18644dcc080f08e]::config::auth_config::{closure#0}::{closure#0}>
[INFO] [stdout]                                at /rustc/6b3fa26749ab40e159b2dd5cf577acaaf5902772/library/core/src/result.rs:1620:23
[INFO] [stdout]   21:     0x5727ec52608e - lib_auth[18644dcc080f08e]::config::auth_config::{closure#0}
[INFO] [stdout]                                at /opt/rustwide/workdir/crates/libs/lib-auth/src/config.rs:8:37
[INFO] [stdout]   22:     0x5727ec51e328 - <std[73adb7dc35730857]::sync::once_lock::OnceLock<lib_auth[18644dcc080f08e]::config::AuthConfig>>::get_or_init::<lib_auth[18644dcc080f08e]::config::auth_config::{closure#0}>::{closure#0}
[INFO] [stdout]                                at /rustc/6b3fa26749ab40e159b2dd5cf577acaaf5902772/library/std/src/sync/once_lock.rs:321:50
[INFO] [stdout]   23:     0x5727ec51e26e - <std[73adb7dc35730857]::sync::once_lock::OnceLock<lib_auth[18644dcc080f08e]::config::AuthConfig>>::initialize::<<std[73adb7dc35730857]::sync::once_lock::OnceLock<lib_auth[18644dcc080f08e]::config::AuthConfig>>::get_or_init<lib_auth[18644dcc080f08e]::config::auth_config::{closure#0}>::{closure#0}, !>::{closure#0}
[INFO] [stdout]                                at /rustc/6b3fa26749ab40e159b2dd5cf577acaaf5902772/library/std/src/sync/once_lock.rs:543:19
[INFO] [stdout]   24:     0x5727ec530571 - <std[73adb7dc35730857]::sync::once::Once>::call_once_force::<<std[73adb7dc35730857]::sync::once_lock::OnceLock<lib_auth[18644dcc080f08e]::config::AuthConfig>>::initialize<<std[73adb7dc35730857]::sync::once_lock::OnceLock<lib_auth[18644dcc080f08e]::config::AuthConfig>>::get_or_init<lib_auth[18644dcc080f08e]::config::auth_config::{closure#0}>::{closure#0}, !>::{closure#0}>::{closure#0}
[INFO] [stdout]                                at /rustc/6b3fa26749ab40e159b2dd5cf577acaaf5902772/library/std/src/sync/once.rs:226:40
[INFO] [stdout]   25:     0x5727ec8d7f09 - <std[73adb7dc35730857]::sys::sync::once::futex::Once>::call
[INFO] [stdout]                                at /rustc/6b3fa26749ab40e159b2dd5cf577acaaf5902772/library/std/src/sys/sync/once/futex.rs:183:21
[INFO] [stdout]   26:     0x5727ec52c0f4 - <std[73adb7dc35730857]::sync::once::Once>::call_once_force::<<std[73adb7dc35730857]::sync::once_lock::OnceLock<lib_auth[18644dcc080f08e]::config::AuthConfig>>::initialize<<std[73adb7dc35730857]::sync::once_lock::OnceLock<lib_auth[18644dcc080f08e]::config::AuthConfig>>::get_or_init<lib_auth[18644dcc080f08e]::config::auth_config::{closure#0}>::{closure#0}, !>::{closure#0}>
[INFO] [stdout]                                at /rustc/6b3fa26749ab40e159b2dd5cf577acaaf5902772/library/std/src/sync/once.rs:226:20
[INFO] [stdout]   27:     0x5727ec51b016 - <std[73adb7dc35730857]::sync::once_lock::OnceLock<lib_auth[18644dcc080f08e]::config::AuthConfig>>::initialize::<<std[73adb7dc35730857]::sync::once_lock::OnceLock<lib_auth[18644dcc080f08e]::config::AuthConfig>>::get_or_init<lib_auth[18644dcc080f08e]::config::auth_config::{closure#0}>::{closure#0}, !>
[INFO] [stdout]                                at /rustc/6b3fa26749ab40e159b2dd5cf577acaaf5902772/library/std/src/sync/once_lock.rs:542:19
[INFO] [stdout]   28:     0x5727ec51b0eb - <std[73adb7dc35730857]::sync::once_lock::OnceLock<lib_auth[18644dcc080f08e]::config::AuthConfig>>::get_or_try_init::<<std[73adb7dc35730857]::sync::once_lock::OnceLock<lib_auth[18644dcc080f08e]::config::AuthConfig>>::get_or_init<lib_auth[18644dcc080f08e]::config::auth_config::{closure#0}>::{closure#0}, !>
[INFO] [stdout]                                at /rustc/6b3fa26749ab40e159b2dd5cf577acaaf5902772/library/std/src/sync/once_lock.rs:410:14
[INFO] [stdout]   29:     0x5727ec51b04d - <std[73adb7dc35730857]::sync::once_lock::OnceLock<lib_auth[18644dcc080f08e]::config::AuthConfig>>::get_or_init::<lib_auth[18644dcc080f08e]::config::auth_config::{closure#0}>
[INFO] [stdout]                                at /rustc/6b3fa26749ab40e159b2dd5cf577acaaf5902772/library/std/src/sync/once_lock.rs:321:20
[INFO] [stdout]   30:     0x5727ec528a7d - lib_auth[18644dcc080f08e]::config::auth_config
[INFO] [stdout]                                at /opt/rustwide/workdir/crates/libs/lib-auth/src/config.rs:7:14
[INFO] [stdout]   31:     0x5727ec5294b2 - <lib_auth[18644dcc080f08e]::pwd::scheme::scheme_01::Scheme01 as lib_auth[18644dcc080f08e]::pwd::scheme::Scheme>::hash
[INFO] [stdout]                                at /opt/rustwide/workdir/crates/libs/lib-auth/src/pwd/scheme/scheme_01.rs:17:20
[INFO] [stdout]   32:     0x5727ec520900 - <lib_auth[18644dcc080f08e]::pwd::scheme::SchemeDispatcher as lib_auth[18644dcc080f08e]::pwd::scheme::Scheme>::hash
[INFO] [stdout]                                at /opt/rustwide/workdir/crates/libs/lib-auth/src/pwd/scheme/mod.rs:34:58
[INFO] [stdout]   33:     0x5727ec527b0e - lib_auth[18644dcc080f08e]::pwd::hash_for_scheme
[INFO] [stdout]                                at /opt/rustwide/workdir/crates/libs/lib-auth/src/pwd/mod.rs:81:29
[INFO] [stdout]   34:     0x5727ec51eb20 - lib_auth[18644dcc080f08e]::pwd::tests::test_multi_scheme_ok::{closure#0}
[INFO] [stdout]                                at /opt/rustwide/workdir/crates/libs/lib-auth/src/pwd/mod.rs:131:26
[INFO] [stdout]   35:     0x5727ec51a6b5 - <core[6883ba1bc0fe4ed1]::pin::Pin<&mut dyn core[6883ba1bc0fe4ed1]::future::future::Future<Output = core[6883ba1bc0fe4ed1]::result::Result<(), anyhow[a4adf6f0f77e707e]::Error>>> as core[6883ba1bc0fe4ed1]::future::future::Future>::poll
[INFO] [stdout]                                at /rustc/6b3fa26749ab40e159b2dd5cf577acaaf5902772/library/core/src/future/future.rs:133:9
[INFO] [stdout]   36:     0x5727ec51a6ed - <core[6883ba1bc0fe4ed1]::pin::Pin<&mut core[6883ba1bc0fe4ed1]::pin::Pin<&mut dyn core[6883ba1bc0fe4ed1]::future::future::Future<Output = core[6883ba1bc0fe4ed1]::result::Result<(), anyhow[a4adf6f0f77e707e]::Error>>>> as core[6883ba1bc0fe4ed1]::future::future::Future>::poll
[INFO] [stdout]                                at /rustc/6b3fa26749ab40e159b2dd5cf577acaaf5902772/library/core/src/future/future.rs:133:9
[INFO] [stdout]   37:     0x5727ec5256ad - <tokio[228cd9906805caa2]::runtime::scheduler::current_thread::CoreGuard>::block_on::<core[6883ba1bc0fe4ed1]::pin::Pin<&mut core[6883ba1bc0fe4ed1]::pin::Pin<&mut dyn core[6883ba1bc0fe4ed1]::future::future::Future<Output = core[6883ba1bc0fe4ed1]::result::Result<(), anyhow[a4adf6f0f77e707e]::Error>>>>>::{closure#0}::{closure#0}::{closure#0}
[INFO] [stdout]                                at /opt/rustwide/cargo-home/registry/src/index.crates.io-1949cf8c6b5b557f/tokio-1.37.0/src/runtime/scheduler/current_thread/mod.rs:659:73
[INFO] [stdout]   38:     0x5727ec5255dc - tokio[228cd9906805caa2]::runtime::coop::with_budget::<core[6883ba1bc0fe4ed1]::task::poll::Poll<core[6883ba1bc0fe4ed1]::result::Result<(), anyhow[a4adf6f0f77e707e]::Error>>, <tokio[228cd9906805caa2]::runtime::scheduler::current_thread::CoreGuard>::block_on<core[6883ba1bc0fe4ed1]::pin::Pin<&mut core[6883ba1bc0fe4ed1]::pin::Pin<&mut dyn core[6883ba1bc0fe4ed1]::future::future::Future<Output = core[6883ba1bc0fe4ed1]::result::Result<(), anyhow[a4adf6f0f77e707e]::Error>>>>>::{closure#0}::{closure#0}::{closure#0}>
[INFO] [stdout]                                at /opt/rustwide/cargo-home/registry/src/index.crates.io-1949cf8c6b5b557f/tokio-1.37.0/src/runtime/coop.rs:107:5
[INFO] [stdout]   39:     0x5727ec5255dc - tokio[228cd9906805caa2]::runtime::coop::budget::<core[6883ba1bc0fe4ed1]::task::poll::Poll<core[6883ba1bc0fe4ed1]::result::Result<(), anyhow[a4adf6f0f77e707e]::Error>>, <tokio[228cd9906805caa2]::runtime::scheduler::current_thread::CoreGuard>::block_on<core[6883ba1bc0fe4ed1]::pin::Pin<&mut core[6883ba1bc0fe4ed1]::pin::Pin<&mut dyn core[6883ba1bc0fe4ed1]::future::future::Future<Output = core[6883ba1bc0fe4ed1]::result::Result<(), anyhow[a4adf6f0f77e707e]::Error>>>>>::{closure#0}::{closure#0}::{closure#0}>
[INFO] [stdout]                                at /opt/rustwide/cargo-home/registry/src/index.crates.io-1949cf8c6b5b557f/tokio-1.37.0/src/runtime/coop.rs:73:5
[INFO] [stdout]   40:     0x5727ec5255dc - <tokio[228cd9906805caa2]::runtime::scheduler::current_thread::CoreGuard>::block_on::<core[6883ba1bc0fe4ed1]::pin::Pin<&mut core[6883ba1bc0fe4ed1]::pin::Pin<&mut dyn core[6883ba1bc0fe4ed1]::future::future::Future<Output = core[6883ba1bc0fe4ed1]::result::Result<(), anyhow[a4adf6f0f77e707e]::Error>>>>>::{closure#0}::{closure#0}
[INFO] [stdout]                                at /opt/rustwide/cargo-home/registry/src/index.crates.io-1949cf8c6b5b557f/tokio-1.37.0/src/runtime/scheduler/current_thread/mod.rs:659:25
[INFO] [stdout]   41:     0x5727ec522e3a - <tokio[228cd9906805caa2]::runtime::scheduler::current_thread::Context>::enter::<core[6883ba1bc0fe4ed1]::task::poll::Poll<core[6883ba1bc0fe4ed1]::result::Result<(), anyhow[a4adf6f0f77e707e]::Error>>, <tokio[228cd9906805caa2]::runtime::scheduler::current_thread::CoreGuard>::block_on<core[6883ba1bc0fe4ed1]::pin::Pin<&mut core[6883ba1bc0fe4ed1]::pin::Pin<&mut dyn core[6883ba1bc0fe4ed1]::future::future::Future<Output = core[6883ba1bc0fe4ed1]::result::Result<(), anyhow[a4adf6f0f77e707e]::Error>>>>>::{closure#0}::{closure#0}>
[INFO] [stdout]                                at /opt/rustwide/cargo-home/registry/src/index.crates.io-1949cf8c6b5b557f/tokio-1.37.0/src/runtime/scheduler/current_thread/mod.rs:404:19
[INFO] [stdout]   42:     0x5727ec524a70 - <tokio[228cd9906805caa2]::runtime::scheduler::current_thread::CoreGuard>::block_on::<core[6883ba1bc0fe4ed1]::pin::Pin<&mut core[6883ba1bc0fe4ed1]::pin::Pin<&mut dyn core[6883ba1bc0fe4ed1]::future::future::Future<Output = core[6883ba1bc0fe4ed1]::result::Result<(), anyhow[a4adf6f0f77e707e]::Error>>>>>::{closure#0}
[INFO] [stdout]                                at /opt/rustwide/cargo-home/registry/src/index.crates.io-1949cf8c6b5b557f/tokio-1.37.0/src/runtime/scheduler/current_thread/mod.rs:658:44
[INFO] [stdout]   43:     0x5727ec5247db - <tokio[228cd9906805caa2]::runtime::scheduler::current_thread::CoreGuard>::enter::<<tokio[228cd9906805caa2]::runtime::scheduler::current_thread::CoreGuard>::block_on<core[6883ba1bc0fe4ed1]::pin::Pin<&mut core[6883ba1bc0fe4ed1]::pin::Pin<&mut dyn core[6883ba1bc0fe4ed1]::future::future::Future<Output = core[6883ba1bc0fe4ed1]::result::Result<(), anyhow[a4adf6f0f77e707e]::Error>>>>>::{closure#0}, core[6883ba1bc0fe4ed1]::option::Option<core[6883ba1bc0fe4ed1]::result::Result<(), anyhow[a4adf6f0f77e707e]::Error>>>::{closure#0}
[INFO] [stdout]                                at /opt/rustwide/cargo-home/registry/src/index.crates.io-1949cf8c6b5b557f/tokio-1.37.0/src/runtime/scheduler/current_thread/mod.rs:737:68
[INFO] [stdout]   44:     0x5727ec52bfda - <tokio[228cd9906805caa2]::runtime::context::scoped::Scoped<tokio[228cd9906805caa2]::runtime::scheduler::Context>>::set::<<tokio[228cd9906805caa2]::runtime::scheduler::current_thread::CoreGuard>::enter<<tokio[228cd9906805caa2]::runtime::scheduler::current_thread::CoreGuard>::block_on<core[6883ba1bc0fe4ed1]::pin::Pin<&mut core[6883ba1bc0fe4ed1]::pin::Pin<&mut dyn core[6883ba1bc0fe4ed1]::future::future::Future<Output = core[6883ba1bc0fe4ed1]::result::Result<(), anyhow[a4adf6f0f77e707e]::Error>>>>>::{closure#0}, core[6883ba1bc0fe4ed1]::option::Option<core[6883ba1bc0fe4ed1]::result::Result<(), anyhow[a4adf6f0f77e707e]::Error>>>::{closure#0}, (alloc[55a36b64bcbf2c0d]::boxed::Box<tokio[228cd9906805caa2]::runtime::scheduler::current_thread::Core>, core[6883ba1bc0fe4ed1]::option::Option<core[6883ba1bc0fe4ed1]::result::Result<(), anyhow[a4adf6f0f77e707e]::Error>>)>
[INFO] [stdout]                                at /opt/rustwide/cargo-home/registry/src/index.crates.io-1949cf8c6b5b557f/tokio-1.37.0/src/runtime/context/scoped.rs:40:9
[INFO] [stdout]   45:     0x5727ec51e43a - tokio[228cd9906805caa2]::runtime::context::set_scheduler::<(alloc[55a36b64bcbf2c0d]::boxed::Box<tokio[228cd9906805caa2]::runtime::scheduler::current_thread::Core>, core[6883ba1bc0fe4ed1]::option::Option<core[6883ba1bc0fe4ed1]::result::Result<(), anyhow[a4adf6f0f77e707e]::Error>>), <tokio[228cd9906805caa2]::runtime::scheduler::current_thread::CoreGuard>::enter<<tokio[228cd9906805caa2]::runtime::scheduler::current_thread::CoreGuard>::block_on<core[6883ba1bc0fe4ed1]::pin::Pin<&mut core[6883ba1bc0fe4ed1]::pin::Pin<&mut dyn core[6883ba1bc0fe4ed1]::future::future::Future<Output = core[6883ba1bc0fe4ed1]::result::Result<(), anyhow[a4adf6f0f77e707e]::Error>>>>>::{closure#0}, core[6883ba1bc0fe4ed1]::option::Option<core[6883ba1bc0fe4ed1]::result::Result<(), anyhow[a4adf6f0f77e707e]::Error>>>::{closure#0}>::{closure#0}
[INFO] [stdout]                                at /opt/rustwide/cargo-home/registry/src/index.crates.io-1949cf8c6b5b557f/tokio-1.37.0/src/runtime/context.rs:176:38
[INFO] [stdout]   46:     0x5727ec52cd76 - <std[73adb7dc35730857]::thread::local::LocalKey<tokio[228cd9906805caa2]::runtime::context::Context>>::try_with::<tokio[228cd9906805caa2]::runtime::context::set_scheduler<(alloc[55a36b64bcbf2c0d]::boxed::Box<tokio[228cd9906805caa2]::runtime::scheduler::current_thread::Core>, core[6883ba1bc0fe4ed1]::option::Option<core[6883ba1bc0fe4ed1]::result::Result<(), anyhow[a4adf6f0f77e707e]::Error>>), <tokio[228cd9906805caa2]::runtime::scheduler::current_thread::CoreGuard>::enter<<tokio[228cd9906805caa2]::runtime::scheduler::current_thread::CoreGuard>::block_on<core[6883ba1bc0fe4ed1]::pin::Pin<&mut core[6883ba1bc0fe4ed1]::pin::Pin<&mut dyn core[6883ba1bc0fe4ed1]::future::future::Future<Output = core[6883ba1bc0fe4ed1]::result::Result<(), anyhow[a4adf6f0f77e707e]::Error>>>>>::{closure#0}, core[6883ba1bc0fe4ed1]::option::Option<core[6883ba1bc0fe4ed1]::result::Result<(), anyhow[a4adf6f0f77e707e]::Error>>>::{closure#0}>::{closure#0}, (alloc[55a36b64bcbf2c0d]::boxed::Box<tokio[228cd9906805caa2]::runtime::scheduler::current_thread::Core>, core[6883ba1bc0fe4ed1]::option::Option<core[6883ba1bc0fe4ed1]::result::Result<(), anyhow[a4adf6f0f77e707e]::Error>>)>
[INFO] [stdout]                                at /rustc/6b3fa26749ab40e159b2dd5cf577acaaf5902772/library/std/src/thread/local.rs:463:12
[INFO] [stdout]   47:     0x5727ec52cb2c - <std[73adb7dc35730857]::thread::local::LocalKey<tokio[228cd9906805caa2]::runtime::context::Context>>::with::<tokio[228cd9906805caa2]::runtime::context::set_scheduler<(alloc[55a36b64bcbf2c0d]::boxed::Box<tokio[228cd9906805caa2]::runtime::scheduler::current_thread::Core>, core[6883ba1bc0fe4ed1]::option::Option<core[6883ba1bc0fe4ed1]::result::Result<(), anyhow[a4adf6f0f77e707e]::Error>>), <tokio[228cd9906805caa2]::runtime::scheduler::current_thread::CoreGuard>::enter<<tokio[228cd9906805caa2]::runtime::scheduler::current_thread::CoreGuard>::block_on<core[6883ba1bc0fe4ed1]::pin::Pin<&mut core[6883ba1bc0fe4ed1]::pin::Pin<&mut dyn core[6883ba1bc0fe4ed1]::future::future::Future<Output = core[6883ba1bc0fe4ed1]::result::Result<(), anyhow[a4adf6f0f77e707e]::Error>>>>>::{closure#0}, core[6883ba1bc0fe4ed1]::option::Option<core[6883ba1bc0fe4ed1]::result::Result<(), anyhow[a4adf6f0f77e707e]::Error>>>::{closure#0}>::{closure#0}, (alloc[55a36b64bcbf2c0d]::boxed::Box<tokio[228cd9906805caa2]::runtime::scheduler::current_thread::Core>, core[6883ba1bc0fe4ed1]::option::Option<core[6883ba1bc0fe4ed1]::result::Result<(), anyhow[a4adf6f0f77e707e]::Error>>)>
[INFO] [stdout]                                at /rustc/6b3fa26749ab40e159b2dd5cf577acaaf5902772/library/std/src/thread/local.rs:427:20
[INFO] [stdout]   48:     0x5727ec51d431 - tokio[228cd9906805caa2]::runtime::context::set_scheduler::<(alloc[55a36b64bcbf2c0d]::boxed::Box<tokio[228cd9906805caa2]::runtime::scheduler::current_thread::Core>, core[6883ba1bc0fe4ed1]::option::Option<core[6883ba1bc0fe4ed1]::result::Result<(), anyhow[a4adf6f0f77e707e]::Error>>), <tokio[228cd9906805caa2]::runtime::scheduler::current_thread::CoreGuard>::enter<<tokio[228cd9906805caa2]::runtime::scheduler::current_thread::CoreGuard>::block_on<core[6883ba1bc0fe4ed1]::pin::Pin<&mut core[6883ba1bc0fe4ed1]::pin::Pin<&mut dyn core[6883ba1bc0fe4ed1]::future::future::Future<Output = core[6883ba1bc0fe4ed1]::result::Result<(), anyhow[a4adf6f0f77e707e]::Error>>>>>::{closure#0}, core[6883ba1bc0fe4ed1]::option::Option<core[6883ba1bc0fe4ed1]::result::Result<(), anyhow[a4adf6f0f77e707e]::Error>>>::{closure#0}>
[INFO] [stdout]                                at /opt/rustwide/cargo-home/registry/src/index.crates.io-1949cf8c6b5b557f/tokio-1.37.0/src/runtime/context.rs:176:17
[INFO] [stdout]   49:     0x5727ec523709 - <tokio[228cd9906805caa2]::runtime::scheduler::current_thread::CoreGuard>::enter::<<tokio[228cd9906805caa2]::runtime::scheduler::current_thread::CoreGuard>::block_on<core[6883ba1bc0fe4ed1]::pin::Pin<&mut core[6883ba1bc0fe4ed1]::pin::Pin<&mut dyn core[6883ba1bc0fe4ed1]::future::future::Future<Output = core[6883ba1bc0fe4ed1]::result::Result<(), anyhow[a4adf6f0f77e707e]::Error>>>>>::{closure#0}, core[6883ba1bc0fe4ed1]::option::Option<core[6883ba1bc0fe4ed1]::result::Result<(), anyhow[a4adf6f0f77e707e]::Error>>>
[INFO] [stdout]                                at /opt/rustwide/cargo-home/registry/src/index.crates.io-1949cf8c6b5b557f/tokio-1.37.0/src/runtime/scheduler/current_thread/mod.rs:737:27
[INFO] [stdout]   50:     0x5727ec5239b6 - <tokio[228cd9906805caa2]::runtime::scheduler::current_thread::CoreGuard>::block_on::<core[6883ba1bc0fe4ed1]::pin::Pin<&mut core[6883ba1bc0fe4ed1]::pin::Pin<&mut dyn core[6883ba1bc0fe4ed1]::future::future::Future<Output = core[6883ba1bc0fe4ed1]::result::Result<(), anyhow[a4adf6f0f77e707e]::Error>>>>>
[INFO] [stdout]                                at /opt/rustwide/cargo-home/registry/src/index.crates.io-1949cf8c6b5b557f/tokio-1.37.0/src/runtime/scheduler/current_thread/mod.rs:646:24
[INFO] [stdout]   51:     0x5727ec524339 - <tokio[228cd9906805caa2]::runtime::scheduler::current_thread::CurrentThread>::block_on::<core[6883ba1bc0fe4ed1]::pin::Pin<&mut dyn core[6883ba1bc0fe4ed1]::future::future::Future<Output = core[6883ba1bc0fe4ed1]::result::Result<(), anyhow[a4adf6f0f77e707e]::Error>>>>::{closure#0}
[INFO] [stdout]                                at /opt/rustwide/cargo-home/registry/src/index.crates.io-1949cf8c6b5b557f/tokio-1.37.0/src/runtime/scheduler/current_thread/mod.rs:175:33
[INFO] [stdout]   52:     0x5727ec51d843 - tokio[228cd9906805caa2]::runtime::context::runtime::enter_runtime::<<tokio[228cd9906805caa2]::runtime::scheduler::current_thread::CurrentThread>::block_on<core[6883ba1bc0fe4ed1]::pin::Pin<&mut dyn core[6883ba1bc0fe4ed1]::future::future::Future<Output = core[6883ba1bc0fe4ed1]::result::Result<(), anyhow[a4adf6f0f77e707e]::Error>>>>::{closure#0}, core[6883ba1bc0fe4ed1]::result::Result<(), anyhow[a4adf6f0f77e707e]::Error>>
[INFO] [stdout]                                at /opt/rustwide/cargo-home/registry/src/index.crates.io-1949cf8c6b5b557f/tokio-1.37.0/src/runtime/context/runtime.rs:65:16
[INFO] [stdout]   53:     0x5727ec522b11 - <tokio[228cd9906805caa2]::runtime::scheduler::current_thread::CurrentThread>::block_on::<core[6883ba1bc0fe4ed1]::pin::Pin<&mut dyn core[6883ba1bc0fe4ed1]::future::future::Future<Output = core[6883ba1bc0fe4ed1]::result::Result<(), anyhow[a4adf6f0f77e707e]::Error>>>>
[INFO] [stderr] error: test failed, to rerun pass `-p lib-auth --lib`
[INFO] [stdout]                                at /opt/rustwide/cargo-home/registry/src/index.crates.io-1949cf8c6b5b557f/tokio-1.37.0/src/runtime/scheduler/current_thread/mod.rs:167:9
[INFO] [stdout]   54:     0x5727ec5228df - <tokio[228cd9906805caa2]::runtime::runtime::Runtime>::block_on::<core[6883ba1bc0fe4ed1]::pin::Pin<&mut dyn core[6883ba1bc0fe4ed1]::future::future::Future<Output = core[6883ba1bc0fe4ed1]::result::Result<(), anyhow[a4adf6f0f77e707e]::Error>>>>
[INFO] [stdout]                                at /opt/rustwide/cargo-home/registry/src/index.crates.io-1949cf8c6b5b557f/tokio-1.37.0/src/runtime/runtime.rs:349:52
[INFO] [stdout]   55:     0x5727ec5200b3 - lib_auth[18644dcc080f08e]::pwd::tests::test_multi_scheme_ok
[INFO] [stdout]                                at /opt/rustwide/workdir/crates/libs/lib-auth/src/pwd/mod.rs:142:11
[INFO] [stdout]   56:     0x5727ec51e8f7 - lib_auth[18644dcc080f08e]::pwd::tests::test_multi_scheme_ok::{closure#0}
[INFO] [stdout]                                at /opt/rustwide/workdir/crates/libs/lib-auth/src/pwd/mod.rs:122:40
[INFO] [stdout]   57:     0x5727ec521e66 - <lib_auth[18644dcc080f08e]::pwd::tests::test_multi_scheme_ok::{closure#0} as core[6883ba1bc0fe4ed1]::ops::function::FnOnce<()>>::call_once
[INFO] [stdout]                                at /rustc/6b3fa26749ab40e159b2dd5cf577acaaf5902772/library/core/src/ops/function.rs:250:5
[INFO] [stdout]   58:     0x5727ec5ccf5b - <fn() -> core[6883ba1bc0fe4ed1]::result::Result<(), alloc[55a36b64bcbf2c0d]::string::String> as core[6883ba1bc0fe4ed1]::ops::function::FnOnce<()>>::call_once
[INFO] [stdout]                                at /rustc/6b3fa26749ab40e159b2dd5cf577acaaf5902772/library/core/src/ops/function.rs:250:5
[INFO] [stdout]   59:     0x5727ec5ccf5b - test[980ffaebd391d06d]::__rust_begin_short_backtrace::<core[6883ba1bc0fe4ed1]::result::Result<(), alloc[55a36b64bcbf2c0d]::string::String>, fn() -> core[6883ba1bc0fe4ed1]::result::Result<(), alloc[55a36b64bcbf2c0d]::string::String>>
[INFO] [stdout]                                at /rustc/6b3fa26749ab40e159b2dd5cf577acaaf5902772/library/test/src/lib.rs:724:18
[INFO] [stdout]   60:     0x5727ec5da5a5 - test[980ffaebd391d06d]::run_test_in_process::{closure#0}
[INFO] [stdout]                                at /rustc/6b3fa26749ab40e159b2dd5cf577acaaf5902772/library/test/src/lib.rs:747:74
[INFO] [stdout]   61:     0x5727ec5da5a5 - <core[6883ba1bc0fe4ed1]::panic::unwind_safe::AssertUnwindSafe<test[980ffaebd391d06d]::run_test_in_process::{closure#0}> as core[6883ba1bc0fe4ed1]::ops::function::FnOnce<()>>::call_once
[INFO] [stdout]                                at /rustc/6b3fa26749ab40e159b2dd5cf577acaaf5902772/library/core/src/panic/unwind_safe.rs:275:9
[INFO] [stdout]   62:     0x5727ec5da5a5 - std[73adb7dc35730857]::panicking::catch_unwind::do_call::<core[6883ba1bc0fe4ed1]::panic::unwind_safe::AssertUnwindSafe<test[980ffaebd391d06d]::run_test_in_process::{closure#0}>, core[6883ba1bc0fe4ed1]::result::Result<(), alloc[55a36b64bcbf2c0d]::string::String>>
[INFO] [stdout]                                at /rustc/6b3fa26749ab40e159b2dd5cf577acaaf5902772/library/std/src/panicking.rs:576:43
[INFO] [stdout]   63:     0x5727ec5da5a5 - std[73adb7dc35730857]::panicking::catch_unwind::<core[6883ba1bc0fe4ed1]::result::Result<(), alloc[55a36b64bcbf2c0d]::string::String>, core[6883ba1bc0fe4ed1]::panic::unwind_safe::AssertUnwindSafe<test[980ffaebd391d06d]::run_test_in_process::{closure#0}>>
[INFO] [stdout]                                at /rustc/6b3fa26749ab40e159b2dd5cf577acaaf5902772/library/std/src/panicking.rs:544:19
[INFO] [stdout]   64:     0x5727ec5da5a5 - std[73adb7dc35730857]::panic::catch_unwind::<core[6883ba1bc0fe4ed1]::panic::unwind_safe::AssertUnwindSafe<test[980ffaebd391d06d]::run_test_in_process::{closure#0}>, core[6883ba1bc0fe4ed1]::result::Result<(), alloc[55a36b64bcbf2c0d]::string::String>>
[INFO] [stdout]                                at /rustc/6b3fa26749ab40e159b2dd5cf577acaaf5902772/library/std/src/panic.rs:359:14
[INFO] [stdout]   65:     0x5727ec5da5a5 - test[980ffaebd391d06d]::run_test_in_process
[INFO] [stdout]                                at /rustc/6b3fa26749ab40e159b2dd5cf577acaaf5902772/library/test/src/lib.rs:747:27
[INFO] [stdout]   66:     0x5727ec5da5a5 - test[980ffaebd391d06d]::run_test::{closure#0}
[INFO] [stdout]                                at /rustc/6b3fa26749ab40e159b2dd5cf577acaaf5902772/library/test/src/lib.rs:668:43
[INFO] [stdout]   67:     0x5727ec5d5054 - test[980ffaebd391d06d]::run_test::{closure#1}
[INFO] [stdout]                                at /rustc/6b3fa26749ab40e159b2dd5cf577acaaf5902772/library/test/src/lib.rs:698:41
[INFO] [stdout]   68:     0x5727ec5d5054 - std[73adb7dc35730857]::sys::backtrace::__rust_begin_short_backtrace::<test[980ffaebd391d06d]::run_test::{closure#1}, ()>
[INFO] [stdout]                                at /rustc/6b3fa26749ab40e159b2dd5cf577acaaf5902772/library/std/src/sys/backtrace.rs:166:18
[INFO] [stdout]   69:     0x5727ec5dd6f2 - std[73adb7dc35730857]::thread::lifecycle::spawn_unchecked::<test[980ffaebd391d06d]::run_test::{closure#1}, ()>::{closure#1}::{closure#0}
[INFO] [stdout]                                at /rustc/6b3fa26749ab40e159b2dd5cf577acaaf5902772/library/std/src/thread/lifecycle.rs:70:13
[INFO] [stdout]   70:     0x5727ec5dd6f2 - <core[6883ba1bc0fe4ed1]::panic::unwind_safe::AssertUnwindSafe<std[73adb7dc35730857]::thread::lifecycle::spawn_unchecked<test[980ffaebd391d06d]::run_test::{closure#1}, ()>::{closure#1}::{closure#0}> as core[6883ba1bc0fe4ed1]::ops::function::FnOnce<()>>::call_once
[INFO] [stdout]                                at /rustc/6b3fa26749ab40e159b2dd5cf577acaaf5902772/library/core/src/panic/unwind_safe.rs:275:9
[INFO] [stdout]   71:     0x5727ec5dd6f2 - std[73adb7dc35730857]::panicking::catch_unwind::do_call::<core[6883ba1bc0fe4ed1]::panic::unwind_safe::AssertUnwindSafe<std[73adb7dc35730857]::thread::lifecycle::spawn_unchecked<test[980ffaebd391d06d]::run_test::{closure#1}, ()>::{closure#1}::{closure#0}>, ()>
[INFO] [stdout]                                at /rustc/6b3fa26749ab40e159b2dd5cf577acaaf5902772/library/std/src/panicking.rs:576:43
[INFO] [stdout]   72:     0x5727ec5dd6f2 - std[73adb7dc35730857]::panicking::catch_unwind::<(), core[6883ba1bc0fe4ed1]::panic::unwind_safe::AssertUnwindSafe<std[73adb7dc35730857]::thread::lifecycle::spawn_unchecked<test[980ffaebd391d06d]::run_test::{closure#1}, ()>::{closure#1}::{closure#0}>>
[INFO] [stdout]                                at /rustc/6b3fa26749ab40e159b2dd5cf577acaaf5902772/library/std/src/panicking.rs:544:19
[INFO] [stdout]   73:     0x5727ec5dd6f2 - std[73adb7dc35730857]::panic::catch_unwind::<core[6883ba1bc0fe4ed1]::panic::unwind_safe::AssertUnwindSafe<std[73adb7dc35730857]::thread::lifecycle::spawn_unchecked<test[980ffaebd391d06d]::run_test::{closure#1}, ()>::{closure#1}::{closure#0}>, ()>
[INFO] [stdout]                                at /rustc/6b3fa26749ab40e159b2dd5cf577acaaf5902772/library/std/src/panic.rs:359:14
[INFO] [stdout]   74:     0x5727ec5dd6f2 - std[73adb7dc35730857]::thread::lifecycle::spawn_unchecked::<test[980ffaebd391d06d]::run_test::{closure#1}, ()>::{closure#1}
[INFO] [stdout]                                at /rustc/6b3fa26749ab40e159b2dd5cf577acaaf5902772/library/std/src/thread/lifecycle.rs:68:26
[INFO] [stdout]   75:     0x5727ec5dd6f2 - <std[73adb7dc35730857]::thread::lifecycle::spawn_unchecked<test[980ffaebd391d06d]::run_test::{closure#1}, ()>::{closure#1} as core[6883ba1bc0fe4ed1]::ops::function::FnOnce<()>>::call_once::{shim:vtable#0}
[INFO] [stdout]                                at /rustc/6b3fa26749ab40e159b2dd5cf577acaaf5902772/library/core/src/ops/function.rs:250:5
[INFO] [stdout]   76:     0x5727ec8f441f - <alloc[55a36b64bcbf2c0d]::boxed::Box<dyn core[6883ba1bc0fe4ed1]::ops::function::FnOnce<(), Output = ()> + core[6883ba1bc0fe4ed1]::marker::Send> as core[6883ba1bc0fe4ed1]::ops::function::FnOnce<()>>::call_once
[INFO] [stdout]                                at /rustc/6b3fa26749ab40e159b2dd5cf577acaaf5902772/library/alloc/src/boxed.rs:2319:9
[INFO] [stdout]   77:     0x5727ec8f441f - <std[73adb7dc35730857]::sys::thread::unix::Thread>::new::thread_start
[INFO] [stdout]                                at /rustc/6b3fa26749ab40e159b2dd5cf577acaaf5902772/library/std/src/sys/thread/unix.rs:123:17
[INFO] [stdout]   78:     0x7f55aaa1caa4 - <unknown>
[INFO] [stdout]   79:     0x7f55aaaa9a64 - clone
[INFO] [stdout]   80:                0x0 - <unknown>
[INFO] [stdout] 
[INFO] [stdout] ---- token::tests::test_validate_web_token_ok stdout ----
[INFO] [stdout] 
[INFO] [stdout] thread 'token::tests::test_validate_web_token_ok' (3846) panicked at crates/libs/lib-auth/src/config.rs:9:13:
[INFO] [stdout] FATAL - WHILE LOADING CONF - Cause: MissingEnv("SERVICE_PWD_KEY")
[INFO] [stdout] stack backtrace:
[INFO] [stdout]    0:     0x5727ec8f4bd1 - std[73adb7dc35730857]::backtrace_rs::backtrace::libunwind::trace
[INFO] [stdout]                                at /rustc/6b3fa26749ab40e159b2dd5cf577acaaf5902772/library/std/src/../../backtrace/src/backtrace/libunwind.rs:117:9
[INFO] [stdout]    1:     0x5727ec8f4bd1 - std[73adb7dc35730857]::backtrace_rs::backtrace::trace_unsynchronized::<std[73adb7dc35730857]::sys::backtrace::_print_fmt::{closure#1}>
[INFO] [stdout]                                at /rustc/6b3fa26749ab40e159b2dd5cf577acaaf5902772/library/std/src/../../backtrace/src/backtrace/mod.rs:66:14
[INFO] [stdout]    2:     0x5727ec8f4bd1 - std[73adb7dc35730857]::sys::backtrace::_print_fmt
[INFO] [stdout]                                at /rustc/6b3fa26749ab40e159b2dd5cf577acaaf5902772/library/std/src/sys/backtrace.rs:74:9
[INFO] [stdout]    3:     0x5727ec8f4bd1 - <<std[73adb7dc35730857]::sys::backtrace::BacktraceLock>::print::DisplayBacktrace as core[6883ba1bc0fe4ed1]::fmt::Display>::fmt
[INFO] [stdout]                                at /rustc/6b3fa26749ab40e159b2dd5cf577acaaf5902772/library/std/src/sys/backtrace.rs:44:26
[INFO] [stdout]    4:     0x5727ec90adda - <core[6883ba1bc0fe4ed1]::fmt::rt::Argument>::fmt
[INFO] [stdout]                                at /rustc/6b3fa26749ab40e159b2dd5cf577acaaf5902772/library/core/src/fmt/rt.rs:152:76
[INFO] [stdout]    5:     0x5727ec90adda - core[6883ba1bc0fe4ed1]::fmt::write
[INFO] [stdout]    6:     0x5727ec8f97fc - std[73adb7dc35730857]::io::default_write_fmt::<alloc[55a36b64bcbf2c0d]::vec::Vec<u8>>
[INFO] [stdout]                                at /rustc/6b3fa26749ab40e159b2dd5cf577acaaf5902772/library/std/src/io/mod.rs:626:11
[INFO] [stdout]    7:     0x5727ec8f97fc - <alloc[55a36b64bcbf2c0d]::vec::Vec<u8> as std[73adb7dc35730857]::io::Write>::write_fmt
[INFO] [stdout]                                at /rustc/6b3fa26749ab40e159b2dd5cf577acaaf5902772/library/std/src/io/mod.rs:1730:13
[INFO] [stdout]    8:     0x5727ec8d24b6 - <std[73adb7dc35730857]::sys::backtrace::BacktraceLock>::print
[INFO] [stdout]                                at /rustc/6b3fa26749ab40e159b2dd5cf577acaaf5902772/library/std/src/sys/backtrace.rs:47:9
[INFO] [stdout]    9:     0x5727ec8d24b6 - std[73adb7dc35730857]::panicking::default_hook::{closure#0}
[INFO] [stdout]                                at /rustc/6b3fa26749ab40e159b2dd5cf577acaaf5902772/library/std/src/panicking.rs:292:27
[INFO] [stdout]   10:     0x5727ec8ec8d9 - std[73adb7dc35730857]::panicking::default_hook
[INFO] [stdout]                                at /rustc/6b3fa26749ab40e159b2dd5cf577acaaf5902772/library/std/src/panicking.rs:316:9
[INFO] [stdout]   11:     0x5727ec5d9c20 - <alloc[55a36b64bcbf2c0d]::boxed::Box<dyn for<'a, 'b> core[6883ba1bc0fe4ed1]::ops::function::Fn<(&'a std[73adb7dc35730857]::panic::PanicHookInfo<'b>,), Output = ()> + core[6883ba1bc0fe4ed1]::marker::Send + core[6883ba1bc0fe4ed1]::marker::Sync> as core[6883ba1bc0fe4ed1]::ops::function::Fn<(&std[73adb7dc35730857]::panic::PanicHookInfo,)>>::call
[INFO] [stdout]                                at /rustc/6b3fa26749ab40e159b2dd5cf577acaaf5902772/library/alloc/src/boxed.rs:2333:9
[INFO] [stdout]   12:     0x5727ec5d9c20 - test[980ffaebd391d06d]::test_main_inner::<test[980ffaebd391d06d]::test_main_static::{closure#0}>::{closure#0}
[INFO] [stdout]                                at /rustc/6b3fa26749ab40e159b2dd5cf577acaaf5902772/library/test/src/lib.rs:155:21
[INFO] [stdout]   13:     0x5727ec8ecc02 - <alloc[55a36b64bcbf2c0d]::boxed::Box<dyn for<'a, 'b> core[6883ba1bc0fe4ed1]::ops::function::Fn<(&'a std[73adb7dc35730857]::panic::PanicHookInfo<'b>,), Output = ()> + core[6883ba1bc0fe4ed1]::marker::Send + core[6883ba1bc0fe4ed1]::marker::Sync> as core[6883ba1bc0fe4ed1]::ops::function::Fn<(&std[73adb7dc35730857]::panic::PanicHookInfo,)>>::call
[INFO] [stdout]                                at /rustc/6b3fa26749ab40e159b2dd5cf577acaaf5902772/library/alloc/src/boxed.rs:2333:9
[INFO] [stdout]   14:     0x5727ec8ecc02 - std[73adb7dc35730857]::panicking::panic_with_hook
[INFO] [stdout]                                at /rustc/6b3fa26749ab40e159b2dd5cf577acaaf5902772/library/std/src/panicking.rs:823:13
[INFO] [stdout]   15:     0x5727ec8d2562 - std[73adb7dc35730857]::panicking::panic_handler::{closure#0}
[INFO] [stdout]                                at /rustc/6b3fa26749ab40e159b2dd5cf577acaaf5902772/library/std/src/panicking.rs:688:13
[INFO] [stdout]   16:     0x5727ec8c98f9 - std[73adb7dc35730857]::sys::backtrace::__rust_end_short_backtrace::<std[73adb7dc35730857]::panicking::panic_handler::{closure#0}, !>
[INFO] [stdout]                                at /rustc/6b3fa26749ab40e159b2dd5cf577acaaf5902772/library/std/src/sys/backtrace.rs:182:18
[INFO] [stdout]   17:     0x5727ec8d326d - __rustc[a7b7b02e776dd976]::rust_begin_unwind
[INFO] [stdout]                                at /rustc/6b3fa26749ab40e159b2dd5cf577acaaf5902772/library/std/src/panicking.rs:679:5
[INFO] [stdout]   18:     0x5727ec90b65c - core[6883ba1bc0fe4ed1]::panicking::panic_fmt
[INFO] [stdout]                                at /rustc/6b3fa26749ab40e159b2dd5cf577acaaf5902772/library/core/src/panicking.rs:80:14
[INFO] [stdout]   19:     0x5727ec52591c - lib_auth[18644dcc080f08e]::config::auth_config::{closure#0}::{closure#0}
[INFO] [stdout]                                at /opt/rustwide/workdir/crates/libs/lib-auth/src/config.rs:9:13
[INFO] [stdout]   20:     0x5727ec522737 - <core[6883ba1bc0fe4ed1]::result::Result<lib_auth[18644dcc080f08e]::config::AuthConfig, lib_utils[d0156ef3e657fcb5]::envs::Error>>::unwrap_or_else::<lib_auth[18644dcc080f08e]::config::auth_config::{closure#0}::{closure#0}>
[INFO] [stdout]                                at /rustc/6b3fa26749ab40e159b2dd5cf577acaaf5902772/library/core/src/result.rs:1620:23
[INFO] [stdout]   21:     0x5727ec52608e - lib_auth[18644dcc080f08e]::config::auth_config::{closure#0}
[INFO] [stdout]                                at /opt/rustwide/workdir/crates/libs/lib-auth/src/config.rs:8:37
[INFO] [stdout]   22:     0x5727ec51e328 - <std[73adb7dc35730857]::sync::once_lock::OnceLock<lib_auth[18644dcc080f08e]::config::AuthConfig>>::get_or_init::<lib_auth[18644dcc080f08e]::config::auth_config::{closure#0}>::{closure#0}
[INFO] [stdout]                                at /rustc/6b3fa26749ab40e159b2dd5cf577acaaf5902772/library/std/src/sync/once_lock.rs:321:50
[INFO] [stdout]   23:     0x5727ec51e26e - <std[73adb7dc35730857]::sync::once_lock::OnceLock<lib_auth[18644dcc080f08e]::config::AuthConfig>>::initialize::<<std[73adb7dc35730857]::sync::once_lock::OnceLock<lib_auth[18644dcc080f08e]::config::AuthConfig>>::get_or_init<lib_auth[18644dcc080f08e]::config::auth_config::{closure#0}>::{closure#0}, !>::{closure#0}
[INFO] [stdout]                                at /rustc/6b3fa26749ab40e159b2dd5cf577acaaf5902772/library/std/src/sync/once_lock.rs:543:19
[INFO] [stdout]   24:     0x5727ec530571 - <std[73adb7dc35730857]::sync::once::Once>::call_once_force::<<std[73adb7dc35730857]::sync::once_lock::OnceLock<lib_auth[18644dcc080f08e]::config::AuthConfig>>::initialize<<std[73adb7dc35730857]::sync::once_lock::OnceLock<lib_auth[18644dcc080f08e]::config::AuthConfig>>::get_or_init<lib_auth[18644dcc080f08e]::config::auth_config::{closure#0}>::{closure#0}, !>::{closure#0}>::{closure#0}
[INFO] [stdout]                                at /rustc/6b3fa26749ab40e159b2dd5cf577acaaf5902772/library/std/src/sync/once.rs:226:40
[INFO] [stdout]   25:     0x5727ec8d7f09 - <std[73adb7dc35730857]::sys::sync::once::futex::Once>::call
[INFO] [stdout]                                at /rustc/6b3fa26749ab40e159b2dd5cf577acaaf5902772/library/std/src/sys/sync/once/futex.rs:183:21
[INFO] [stdout]   26:     0x5727ec52c0f4 - <std[73adb7dc35730857]::sync::once::Once>::call_once_force::<<std[73adb7dc35730857]::sync::once_lock::OnceLock<lib_auth[18644dcc080f08e]::config::AuthConfig>>::initialize<<std[73adb7dc35730857]::sync::once_lock::OnceLock<lib_auth[18644dcc080f08e]::config::AuthConfig>>::get_or_init<lib_auth[18644dcc080f08e]::config::auth_config::{closure#0}>::{closure#0}, !>::{closure#0}>
[INFO] [stdout]                                at /rustc/6b3fa26749ab40e159b2dd5cf577acaaf5902772/library/std/src/sync/once.rs:226:20
[INFO] [stdout]   27:     0x5727ec51b016 - <std[73adb7dc35730857]::sync::once_lock::OnceLock<lib_auth[18644dcc080f08e]::config::AuthConfig>>::initialize::<<std[73adb7dc35730857]::sync::once_lock::OnceLock<lib_auth[18644dcc080f08e]::config::AuthConfig>>::get_or_init<lib_auth[18644dcc080f08e]::config::auth_config::{closure#0}>::{closure#0}, !>
[INFO] [stdout]                                at /rustc/6b3fa26749ab40e159b2dd5cf577acaaf5902772/library/std/src/sync/once_lock.rs:542:19
[INFO] [stdout]   28:     0x5727ec51b0eb - <std[73adb7dc35730857]::sync::once_lock::OnceLock<lib_auth[18644dcc080f08e]::config::AuthConfig>>::get_or_try_init::<<std[73adb7dc35730857]::sync::once_lock::OnceLock<lib_auth[18644dcc080f08e]::config::AuthConfig>>::get_or_init<lib_auth[18644dcc080f08e]::config::auth_config::{closure#0}>::{closure#0}, !>
[INFO] [stdout]                                at /rustc/6b3fa26749ab40e159b2dd5cf577acaaf5902772/library/std/src/sync/once_lock.rs:410:14
[INFO] [stdout]   29:     0x5727ec51b04d - <std[73adb7dc35730857]::sync::once_lock::OnceLock<lib_auth[18644dcc080f08e]::config::AuthConfig>>::get_or_init::<lib_auth[18644dcc080f08e]::config::auth_config::{closure#0}>
[INFO] [stdout]                                at /rustc/6b3fa26749ab40e159b2dd5cf577acaaf5902772/library/std/src/sync/once_lock.rs:321:20
[INFO] [stdout]   30:     0x5727ec528a7d - lib_auth[18644dcc080f08e]::config::auth_config
[INFO] [stdout]                                at /opt/rustwide/workdir/crates/libs/lib-auth/src/config.rs:7:14
[INFO] [stdout]   31:     0x5727ec5190f4 - lib_auth[18644dcc080f08e]::token::tests::test_validate_web_token_ok
[INFO] [stdout]                                at /opt/rustwide/workdir/crates/libs/lib-auth/src/token/mod.rs:188:26
[INFO] [stdout]   32:     0x5727ec516827 - lib_auth[18644dcc080f08e]::token::tests::test_validate_web_token_ok::{closure#0}
[INFO] [stdout]                                at /opt/rustwide/workdir/crates/libs/lib-auth/src/token/mod.rs:183:40
[INFO] [stdout]   33:     0x5727ec521f26 - <lib_auth[18644dcc080f08e]::token::tests::test_validate_web_token_ok::{closure#0} as core[6883ba1bc0fe4ed1]::ops::function::FnOnce<()>>::call_once
[INFO] [stdout]                                at /rustc/6b3fa26749ab40e159b2dd5cf577acaaf5902772/library/core/src/ops/function.rs:250:5
[INFO] [stdout]   34:     0x5727ec5ccf5b - <fn() -> core[6883ba1bc0fe4ed1]::result::Result<(), alloc[55a36b64bcbf2c0d]::string::String> as core[6883ba1bc0fe4ed1]::ops::function::FnOnce<()>>::call_once
[INFO] [stdout]                                at /rustc/6b3fa26749ab40e159b2dd5cf577acaaf5902772/library/core/src/ops/function.rs:250:5
[INFO] [stdout]   35:     0x5727ec5ccf5b - test[980ffaebd391d06d]::__rust_begin_short_backtrace::<core[6883ba1bc0fe4ed1]::result::Result<(), alloc[55a36b64bcbf2c0d]::string::String>, fn() -> core[6883ba1bc0fe4ed1]::result::Result<(), alloc[55a36b64bcbf2c0d]::string::String>>
[INFO] [stdout]                                at /rustc/6b3fa26749ab40e159b2dd5cf577acaaf5902772/library/test/src/lib.rs:724:18
[INFO] [stdout]   36:     0x5727ec5da5a5 - test[980ffaebd391d06d]::run_test_in_process::{closure#0}
[INFO] [stdout]                                at /rustc/6b3fa26749ab40e159b2dd5cf577acaaf5902772/library/test/src/lib.rs:747:74
[INFO] [stdout]   37:     0x5727ec5da5a5 - <core[6883ba1bc0fe4ed1]::panic::unwind_safe::AssertUnwindSafe<test[980ffaebd391d06d]::run_test_in_process::{closure#0}> as core[6883ba1bc0fe4ed1]::ops::function::FnOnce<()>>::call_once
[INFO] [stdout]                                at /rustc/6b3fa26749ab40e159b2dd5cf577acaaf5902772/library/core/src/panic/unwind_safe.rs:275:9
[INFO] [stdout]   38:     0x5727ec5da5a5 - std[73adb7dc35730857]::panicking::catch_unwind::do_call::<core[6883ba1bc0fe4ed1]::panic::unwind_safe::AssertUnwindSafe<test[980ffaebd391d06d]::run_test_in_process::{closure#0}>, core[6883ba1bc0fe4ed1]::result::Result<(), alloc[55a36b64bcbf2c0d]::string::String>>
[INFO] [stdout]                                at /rustc/6b3fa26749ab40e159b2dd5cf577acaaf5902772/library/std/src/panicking.rs:576:43
[INFO] [stdout]   39:     0x5727ec5da5a5 - std[73adb7dc35730857]::panicking::catch_unwind::<core[6883ba1bc0fe4ed1]::result::Result<(), alloc[55a36b64bcbf2c0d]::string::String>, core[6883ba1bc0fe4ed1]::panic::unwind_safe::AssertUnwindSafe<test[980ffaebd391d06d]::run_test_in_process::{closure#0}>>
[INFO] [stdout]                                at /rustc/6b3fa26749ab40e159b2dd5cf577acaaf5902772/library/std/src/panicking.rs:544:19
[INFO] [stdout]   40:     0x5727ec5da5a5 - std[73adb7dc35730857]::panic::catch_unwind::<core[6883ba1bc0fe4ed1]::panic::unwind_safe::AssertUnwindSafe<test[980ffaebd391d06d]::run_test_in_process::{closure#0}>, core[6883ba1bc0fe4ed1]::result::Result<(), alloc[55a36b64bcbf2c0d]::string::String>>
[INFO] [stdout]                                at /rustc/6b3fa26749ab40e159b2dd5cf577acaaf5902772/library/std/src/panic.rs:359:14
[INFO] [stdout]   41:     0x5727ec5da5a5 - test[980ffaebd391d06d]::run_test_in_process
[INFO] [stdout]                                at /rustc/6b3fa26749ab40e159b2dd5cf577acaaf5902772/library/test/src/lib.rs:747:27
[INFO] [stdout]   42:     0x5727ec5da5a5 - test[980ffaebd391d06d]::run_test::{closure#0}
[INFO] [stdout]                                at /rustc/6b3fa26749ab40e159b2dd5cf577acaaf5902772/library/test/src/lib.rs:668:43
[INFO] [stdout]   43:     0x5727ec5d5054 - test[980ffaebd391d06d]::run_test::{closure#1}
[INFO] [stdout]                                at /rustc/6b3fa26749ab40e159b2dd5cf577acaaf5902772/library/test/src/lib.rs:698:41
[INFO] [stdout]   44:     0x5727ec5d5054 - std[73adb7dc35730857]::sys::backtrace::__rust_begin_short_backtrace::<test[980ffaebd391d06d]::run_test::{closure#1}, ()>
[INFO] [stdout]                                at /rustc/6b3fa26749ab40e159b2dd5cf577acaaf5902772/library/std/src/sys/backtrace.rs:166:18
[INFO] [stdout]   45:     0x5727ec5dd6f2 - std[73adb7dc35730857]::thread::lifecycle::spawn_unchecked::<test[980ffaebd391d06d]::run_test::{closure#1}, ()>::{closure#1}::{closure#0}
[INFO] [stdout]                                at /rustc/6b3fa26749ab40e159b2dd5cf577acaaf5902772/library/std/src/thread/lifecycle.rs:70:13
[INFO] [stdout]   46:     0x5727ec5dd6f2 - <core[6883ba1bc0fe4ed1]::panic::unwind_safe::AssertUnwindSafe<std[73adb7dc35730857]::thread::lifecycle::spawn_unchecked<test[980ffaebd391d06d]::run_test::{closure#1}, ()>::{closure#1}::{closure#0}> as core[6883ba1bc0fe4ed1]::ops::function::FnOnce<()>>::call_once
[INFO] [stdout]                                at /rustc/6b3fa26749ab40e159b2dd5cf577acaaf5902772/library/core/src/panic/unwind_safe.rs:275:9
[INFO] [stdout]   47:     0x5727ec5dd6f2 - std[73adb7dc35730857]::panicking::catch_unwind::do_call::<core[6883ba1bc0fe4ed1]::panic::unwind_safe::AssertUnwindSafe<std[73adb7dc35730857]::thread::lifecycle::spawn_unchecked<test[980ffaebd391d06d]::run_test::{closure#1}, ()>::{closure#1}::{closure#0}>, ()>
[INFO] [stdout]                                at /rustc/6b3fa26749ab40e159b2dd5cf577acaaf5902772/library/std/src/panicking.rs:576:43
[INFO] [stdout]   48:     0x5727ec5dd6f2 - std[73adb7dc35730857]::panicking::catch_unwind::<(), core[6883ba1bc0fe4ed1]::panic::unwind_safe::AssertUnwindSafe<std[73adb7dc35730857]::thread::lifecycle::spawn_unchecked<test[980ffaebd391d06d]::run_test::{closure#1}, ()>::{closure#1}::{closure#0}>>
[INFO] [stdout]                                at /rustc/6b3fa26749ab40e159b2dd5cf577acaaf5902772/library/std/src/panicking.rs:544:19
[INFO] [stdout]   49:     0x5727ec5dd6f2 - std[73adb7dc35730857]::panic::catch_unwind::<core[6883ba1bc0fe4ed1]::panic::unwind_safe::AssertUnwindSafe<std[73adb7dc35730857]::thread::lifecycle::spawn_unchecked<test[980ffaebd391d06d]::run_test::{closure#1}, ()>::{closure#1}::{closure#0}>, ()>
[INFO] [stdout]                                at /rustc/6b3fa26749ab40e159b2dd5cf577acaaf5902772/library/std/src/panic.rs:359:14
[INFO] [stdout]   50:     0x5727ec5dd6f2 - std[73adb7dc35730857]::thread::lifecycle::spawn_unchecked::<test[980ffaebd391d06d]::run_test::{closure#1}, ()>::{closure#1}
[INFO] [stdout]                                at /rustc/6b3fa26749ab40e159b2dd5cf577acaaf5902772/library/std/src/thread/lifecycle.rs:68:26
[INFO] [stdout]   51:     0x5727ec5dd6f2 - <std[73adb7dc35730857]::thread::lifecycle::spawn_unchecked<test[980ffaebd391d06d]::run_test::{closure#1}, ()>::{closure#1} as core[6883ba1bc0fe4ed1]::ops::function::FnOnce<()>>::call_once::{shim:vtable#0}
[INFO] [stdout]                                at /rustc/6b3fa26749ab40e159b2dd5cf577acaaf5902772/library/core/src/ops/function.rs:250:5
[INFO] [stdout]   52:     0x5727ec8f441f - <alloc[55a36b64bcbf2c0d]::boxed::Box<dyn core[6883ba1bc0fe4ed1]::ops::function::FnOnce<(), Output = ()> + core[6883ba1bc0fe4ed1]::marker::Send> as core[6883ba1bc0fe4ed1]::ops::function::FnOnce<()>>::call_once
[INFO] [stdout]                                at /rustc/6b3fa26749ab40e159b2dd5cf577acaaf5902772/library/alloc/src/boxed.rs:2319:9
[INFO] [stdout]   53:     0x5727ec8f441f - <std[73adb7dc35730857]::sys::thread::unix::Thread>::new::thread_start
[INFO] [stdout]                                at /rustc/6b3fa26749ab40e159b2dd5cf577acaaf5902772/library/std/src/sys/thread/unix.rs:123:17
[INFO] [stdout]   54:     0x7f55aaa1caa4 - <unknown>
[INFO] [stdout]   55:     0x7f55aaaa9a64 - clone
[INFO] [stdout]   56:                0x0 - <unknown>
[INFO] [stdout] 
[INFO] [stdout] ---- token::tests::test_validate_web_token_err_expired stdout ----
[INFO] [stdout] 
[INFO] [stdout] thread 'token::tests::test_validate_web_token_err_expired' (3845) panicked at crates/libs/lib-auth/src/config.rs:9:13:
[INFO] [stdout] FATAL - WHILE LOADING CONF - Cause: MissingEnv("SERVICE_PWD_KEY")
[INFO] [stdout] stack backtrace:
[INFO] [stdout]    0:     0x5727ec8f4bd1 - std[73adb7dc35730857]::backtrace_rs::backtrace::libunwind::trace
[INFO] [stdout]                                at /rustc/6b3fa26749ab40e159b2dd5cf577acaaf5902772/library/std/src/../../backtrace/src/backtrace/libunwind.rs:117:9
[INFO] [stdout]    1:     0x5727ec8f4bd1 - std[73adb7dc35730857]::backtrace_rs::backtrace::trace_unsynchronized::<std[73adb7dc35730857]::sys::backtrace::_print_fmt::{closure#1}>
[INFO] [stdout]                                at /rustc/6b3fa26749ab40e159b2dd5cf577acaaf5902772/library/std/src/../../backtrace/src/backtrace/mod.rs:66:14
[INFO] [stdout]    2:     0x5727ec8f4bd1 - std[73adb7dc35730857]::sys::backtrace::_print_fmt
[INFO] [stdout]                                at /rustc/6b3fa26749ab40e159b2dd5cf577acaaf5902772/library/std/src/sys/backtrace.rs:74:9
[INFO] [stdout]    3:     0x5727ec8f4bd1 - <<std[73adb7dc35730857]::sys::backtrace::BacktraceLock>::print::DisplayBacktrace as core[6883ba1bc0fe4ed1]::fmt::Display>::fmt
[INFO] [stdout]                                at /rustc/6b3fa26749ab40e159b2dd5cf577acaaf5902772/library/std/src/sys/backtrace.rs:44:26
[INFO] [stdout]    4:     0x5727ec90adda - <core[6883ba1bc0fe4ed1]::fmt::rt::Argument>::fmt
[INFO] [stdout]                                at /rustc/6b3fa26749ab40e159b2dd5cf577acaaf5902772/library/core/src/fmt/rt.rs:152:76
[INFO] [stdout]    5:     0x5727ec90adda - core[6883ba1bc0fe4ed1]::fmt::write
[INFO] [stdout]    6:     0x5727ec8f97fc - std[73adb7dc35730857]::io::default_write_fmt::<alloc[55a36b64bcbf2c0d]::vec::Vec<u8>>
[INFO] [stdout]                                at /rustc/6b3fa26749ab40e159b2dd5cf577acaaf5902772/library/std/src/io/mod.rs:626:11
[INFO] [stdout]    7:     0x5727ec8f97fc - <alloc[55a36b64bcbf2c0d]::vec::Vec<u8> as std[73adb7dc35730857]::io::Write>::write_fmt
[INFO] [stdout]                                at /rustc/6b3fa26749ab40e159b2dd5cf577acaaf5902772/library/std/src/io/mod.rs:1730:13
[INFO] [stdout]    8:     0x5727ec8d24b6 - <std[73adb7dc35730857]::sys::backtrace::BacktraceLock>::print
[INFO] [stdout]                                at /rustc/6b3fa26749ab40e159b2dd5cf577acaaf5902772/library/std/src/sys/backtrace.rs:47:9
[INFO] [stdout]    9:     0x5727ec8d24b6 - std[73adb7dc35730857]::panicking::default_hook::{closure#0}
[INFO] [stdout]                                at /rustc/6b3fa26749ab40e159b2dd5cf577acaaf5902772/library/std/src/panicking.rs:292:27
[INFO] [stdout]   10:     0x5727ec8ec8d9 - std[73adb7dc35730857]::panicking::default_hook
[INFO] [stdout]                                at /rustc/6b3fa26749ab40e159b2dd5cf577acaaf5902772/library/std/src/panicking.rs:316:9
[INFO] [stdout]   11:     0x5727ec5d9c20 - <alloc[55a36b64bcbf2c0d]::boxed::Box<dyn for<'a, 'b> core[6883ba1bc0fe4ed1]::ops::function::Fn<(&'a std[73adb7dc35730857]::panic::PanicHookInfo<'b>,), Output = ()> + core[6883ba1bc0fe4ed1]::marker::Send + core[6883ba1bc0fe4ed1]::marker::Sync> as core[6883ba1bc0fe4ed1]::ops::function::Fn<(&std[73adb7dc35730857]::panic::PanicHookInfo,)>>::call
[INFO] [stdout]                                at /rustc/6b3fa26749ab40e159b2dd5cf577acaaf5902772/library/alloc/src/boxed.rs:2333:9
[INFO] [stdout]   12:     0x5727ec5d9c20 - test[980ffaebd391d06d]::test_main_inner::<test[980ffaebd391d06d]::test_main_static::{closure#0}>::{closure#0}
[INFO] [stdout]                                at /rustc/6b3fa26749ab40e159b2dd5cf577acaaf5902772/library/test/src/lib.rs:155:21
[INFO] [stdout]   13:     0x5727ec8ecc02 - <alloc[55a36b64bcbf2c0d]::boxed::Box<dyn for<'a, 'b> core[6883ba1bc0fe4ed1]::ops::function::Fn<(&'a std[73adb7dc35730857]::panic::PanicHookInfo<'b>,), Output = ()> + core[6883ba1bc0fe4ed1]::marker::Send + core[6883ba1bc0fe4ed1]::marker::Sync> as core[6883ba1bc0fe4ed1]::ops::function::Fn<(&std[73adb7dc35730857]::panic::PanicHookInfo,)>>::call
[INFO] [stdout]                                at /rustc/6b3fa26749ab40e159b2dd5cf577acaaf5902772/library/alloc/src/boxed.rs:2333:9
[INFO] [stdout]   14:     0x5727ec8ecc02 - std[73adb7dc35730857]::panicking::panic_with_hook
[INFO] [stdout]                                at /rustc/6b3fa26749ab40e159b2dd5cf577acaaf5902772/library/std/src/panicking.rs:823:13
[INFO] [stdout]   15:     0x5727ec8d2562 - std[73adb7dc35730857]::panicking::panic_handler::{closure#0}
[INFO] [stdout]                                at /rustc/6b3fa26749ab40e159b2dd5cf577acaaf5902772/library/std/src/panicking.rs:688:13
[INFO] [stdout]   16:     0x5727ec8c98f9 - std[73adb7dc35730857]::sys::backtrace::__rust_end_short_backtrace::<std[73adb7dc35730857]::panicking::panic_handler::{closure#0}, !>
[INFO] [stdout]                                at /rustc/6b3fa26749ab40e159b2dd5cf577acaaf5902772/library/std/src/sys/backtrace.rs:182:18
[INFO] [stdout]   17:     0x5727ec8d326d - __rustc[a7b7b02e776dd976]::rust_begin_unwind
[INFO] [stdout]                                at /rustc/6b3fa26749ab40e159b2dd5cf577acaaf5902772/library/std/src/panicking.rs:679:5
[INFO] [stdout]   18:     0x5727ec90b65c - core[6883ba1bc0fe4ed1]::panicking::panic_fmt
[INFO] [stdout]                                at /rustc/6b3fa26749ab40e159b2dd5cf577acaaf5902772/library/core/src/panicking.rs:80:14
[INFO] [stdout]   19:     0x5727ec52591c - lib_auth[18644dcc080f08e]::config::auth_config::{closure#0}::{closure#0}
[INFO] [stdout]                                at /opt/rustwide/workdir/crates/libs/lib-auth/src/config.rs:9:13
[INFO] [stdout]   20:     0x5727ec522737 - <core[6883ba1bc0fe4ed1]::result::Result<lib_auth[18644dcc080f08e]::config::AuthConfig, lib_utils[d0156ef3e657fcb5]::envs::Error>>::unwrap_or_else::<lib_auth[18644dcc080f08e]::config::auth_config::{closure#0}::{closure#0}>
[INFO] [stdout]                                at /rustc/6b3fa26749ab40e159b2dd5cf577acaaf5902772/library/core/src/result.rs:1620:23
[INFO] [stdout]   21:     0x5727ec52608e - lib_auth[18644dcc080f08e]::config::auth_config::{closure#0}
[INFO] [stdout]                                at /opt/rustwide/workdir/crates/libs/lib-auth/src/config.rs:8:37
[INFO] [stdout]   22:     0x5727ec51e328 - <std[73adb7dc35730857]::sync::once_lock::OnceLock<lib_auth[18644dcc080f08e]::config::AuthConfig>>::get_or_init::<lib_auth[18644dcc080f08e]::config::auth_config::{closure#0}>::{closure#0}
[INFO] [stdout]                                at /rustc/6b3fa26749ab40e159b2dd5cf577acaaf5902772/library/std/src/sync/once_lock.rs:321:50
[INFO] [stdout]   23:     0x5727ec51e26e - <std[73adb7dc35730857]::sync::once_lock::OnceLock<lib_auth[18644dcc080f08e]::config::AuthConfig>>::initialize::<<std[73adb7dc35730857]::sync::once_lock::OnceLock<lib_auth[18644dcc080f08e]::config::AuthConfig>>::get_or_init<lib_auth[18644dcc080f08e]::config::auth_config::{closure#0}>::{closure#0}, !>::{closure#0}
[INFO] [stdout]                                at /rustc/6b3fa26749ab40e159b2dd5cf577acaaf5902772/library/std/src/sync/once_lock.rs:543:19
[INFO] [stdout]   24:     0x5727ec530571 - <std[73adb7dc35730857]::sync::once::Once>::call_once_force::<<std[73adb7dc35730857]::sync::once_lock::OnceLock<lib_auth[18644dcc080f08e]::config::AuthConfig>>::initialize<<std[73adb7dc35730857]::sync::once_lock::OnceLock<lib_auth[18644dcc080f08e]::config::AuthConfig>>::get_or_init<lib_auth[18644dcc080f08e]::config::auth_config::{closure#0}>::{closure#0}, !>::{closure#0}>::{closure#0}
[INFO] [stdout]                                at /rustc/6b3fa26749ab40e159b2dd5cf577acaaf5902772/library/std/src/sync/once.rs:226:40
[INFO] [stdout]   25:     0x5727ec8d7f09 - <std[73adb7dc35730857]::sys::sync::once::futex::Once>::call
[INFO] [stdout]                                at /rustc/6b3fa26749ab40e159b2dd5cf577acaaf5902772/library/std/src/sys/sync/once/futex.rs:183:21
[INFO] [stdout]   26:     0x5727ec52c0f4 - <std[73adb7dc35730857]::sync::once::Once>::call_once_force::<<std[73adb7dc35730857]::sync::once_lock::OnceLock<lib_auth[18644dcc080f08e]::config::AuthConfig>>::initialize<<std[73adb7dc35730857]::sync::once_lock::OnceLock<lib_auth[18644dcc080f08e]::config::AuthConfig>>::get_or_init<lib_auth[18644dcc080f08e]::config::auth_config::{closure#0}>::{closure#0}, !>::{closure#0}>
[INFO] [stdout]                                at /rustc/6b3fa26749ab40e159b2dd5cf577acaaf5902772/library/std/src/sync/once.rs:226:20
[INFO] [stdout]   27:     0x5727ec51b016 - <std[73adb7dc35730857]::sync::once_lock::OnceLock<lib_auth[18644dcc080f08e]::config::AuthConfig>>::initialize::<<std[73adb7dc35730857]::sync::once_lock::OnceLock<lib_auth[18644dcc080f08e]::config::AuthConfig>>::get_or_init<lib_auth[18644dcc080f08e]::config::auth_config::{closure#0}>::{closure#0}, !>
[INFO] [stdout]                                at /rustc/6b3fa26749ab40e159b2dd5cf577acaaf5902772/library/std/src/sync/once_lock.rs:542:19
[INFO] [stdout]   28:     0x5727ec51b0eb - <std[73adb7dc35730857]::sync::once_lock::OnceLock<lib_auth[18644dcc080f08e]::config::AuthConfig>>::get_or_try_init::<<std[73adb7dc35730857]::sync::once_lock::OnceLock<lib_auth[18644dcc080f08e]::config::AuthConfig>>::get_or_init<lib_auth[18644dcc080f08e]::config::auth_config::{closure#0}>::{closure#0}, !>
[INFO] [stdout]                                at /rustc/6b3fa26749ab40e159b2dd5cf577acaaf5902772/library/std/src/sync/once_lock.rs:410:14
[INFO] [stdout]   29:     0x5727ec51b04d - <std[73adb7dc35730857]::sync::once_lock::OnceLock<lib_auth[18644dcc080f08e]::config::AuthConfig>>::get_or_init::<lib_auth[18644dcc080f08e]::config::auth_config::{closure#0}>
[INFO] [stdout]                                at /rustc/6b3fa26749ab40e159b2dd5cf577acaaf5902772/library/std/src/sync/once_lock.rs:321:20
[INFO] [stdout]   30:     0x5727ec528a7d - lib_auth[18644dcc080f08e]::config::auth_config
[INFO] [stdout]                                at /opt/rustwide/workdir/crates/libs/lib-auth/src/config.rs:7:14
[INFO] [stdout]   31:     0x5727ec519484 - lib_auth[18644dcc080f08e]::token::tests::test_validate_web_token_err_expired
[INFO] [stdout]                                at /opt/rustwide/workdir/crates/libs/lib-auth/src/token/mod.rs:207:26
[INFO] [stdout]   32:     0x5727ec516857 - lib_auth[18644dcc080f08e]::token::tests::test_validate_web_token_err_expired::{closure#0}
[INFO] [stdout]                                at /opt/rustwide/workdir/crates/libs/lib-auth/src/token/mod.rs:202:49
[INFO] [stdout]   33:     0x5727ec521f66 - <lib_auth[18644dcc080f08e]::token::tests::test_validate_web_token_err_expired::{closure#0} as core[6883ba1bc0fe4ed1]::ops::function::FnOnce<()>>::call_once
[INFO] [stdout]                                at /rustc/6b3fa26749ab40e159b2dd5cf577acaaf5902772/library/core/src/ops/function.rs:250:5
[INFO] [stdout]   34:     0x5727ec5ccf5b - <fn() -> core[6883ba1bc0fe4ed1]::result::Result<(), alloc[55a36b64bcbf2c0d]::string::String> as core[6883ba1bc0fe4ed1]::ops::function::FnOnce<()>>::call_once
[INFO] [stdout]                                at /rustc/6b3fa26749ab40e159b2dd5cf577acaaf5902772/library/core/src/ops/function.rs:250:5
[INFO] [stdout]   35:     0x5727ec5ccf5b - test[980ffaebd391d06d]::__rust_begin_short_backtrace::<core[6883ba1bc0fe4ed1]::result::Result<(), alloc[55a36b64bcbf2c0d]::string::String>, fn() -> core[6883ba1bc0fe4ed1]::result::Result<(), alloc[55a36b64bcbf2c0d]::string::String>>
[INFO] [stdout]                                at /rustc/6b3fa26749ab40e159b2dd5cf577acaaf5902772/library/test/src/lib.rs:724:18
[INFO] [stdout]   36:     0x5727ec5da5a5 - test[980ffaebd391d06d]::run_test_in_process::{closure#0}
[INFO] [stdout]                                at /rustc/6b3fa26749ab40e159b2dd5cf577acaaf5902772/library/test/src/lib.rs:747:74
[INFO] [stdout]   37:     0x5727ec5da5a5 - <core[6883ba1bc0fe4ed1]::panic::unwind_safe::AssertUnwindSafe<test[980ffaebd391d06d]::run_test_in_process::{closure#0}> as core[6883ba1bc0fe4ed1]::ops::function::FnOnce<()>>::call_once
[INFO] [stdout]                                at /rustc/6b3fa26749ab40e159b2dd5cf577acaaf5902772/library/core/src/panic/unwind_safe.rs:275:9
[INFO] [stdout]   38:     0x5727ec5da5a5 - std[73adb7dc35730857]::panicking::catch_unwind::do_call::<core[6883ba1bc0fe4ed1]::panic::unwind_safe::AssertUnwindSafe<test[980ffaebd391d06d]::run_test_in_process::{closure#0}>, core[6883ba1bc0fe4ed1]::result::Result<(), alloc[55a36b64bcbf2c0d]::string::String>>
[INFO] [stdout]                                at /rustc/6b3fa26749ab40e159b2dd5cf577acaaf5902772/library/std/src/panicking.rs:576:43
[INFO] [stdout]   39:     0x5727ec5da5a5 - std[73adb7dc35730857]::panicking::catch_unwind::<core[6883ba1bc0fe4ed1]::result::Result<(), alloc[55a36b64bcbf2c0d]::string::String>, core[6883ba1bc0fe4ed1]::panic::unwind_safe::AssertUnwindSafe<test[980ffaebd391d06d]::run_test_in_process::{closure#0}>>
[INFO] [stdout]                                at /rustc/6b3fa26749ab40e159b2dd5cf577acaaf5902772/library/std/src/panicking.rs:544:19
[INFO] [stdout]   40:     0x5727ec5da5a5 - std[73adb7dc35730857]::panic::catch_unwind::<core[6883ba1bc0fe4ed1]::panic::unwind_safe::AssertUnwindSafe<test[980ffaebd391d06d]::run_test_in_process::{closure#0}>, core[6883ba1bc0fe4ed1]::result::Result<(), alloc[55a36b64bcbf2c0d]::string::String>>
[INFO] [stdout]                                at /rustc/6b3fa26749ab40e159b2dd5cf577acaaf5902772/library/std/src/panic.rs:359:14
[INFO] [stdout]   41:     0x5727ec5da5a5 - test[980ffaebd391d06d]::run_test_in_process
[INFO] [stdout]                                at /rustc/6b3fa26749ab40e159b2dd5cf577acaaf5902772/library/test/src/lib.rs:747:27
[INFO] [stdout]   42:     0x5727ec5da5a5 - test[980ffaebd391d06d]::run_test::{closure#0}
[INFO] [stdout]                                at /rustc/6b3fa26749ab40e159b2dd5cf577acaaf5902772/library/test/src/lib.rs:668:43
[INFO] [stdout]   43:     0x5727ec5d5054 - test[980ffaebd391d06d]::run_test::{closure#1}
[INFO] [stdout]                                at /rustc/6b3fa26749ab40e159b2dd5cf577acaaf5902772/library/test/src/lib.rs:698:41
[INFO] [stdout]   44:     0x5727ec5d5054 - std[73adb7dc35730857]::sys::backtrace::__rust_begin_short_backtrace::<test[980ffaebd391d06d]::run_test::{closure#1}, ()>
[INFO] [stdout]                                at /rustc/6b3fa26749ab40e159b2dd5cf577acaaf5902772/library/std/src/sys/backtrace.rs:166:18
[INFO] [stdout]   45:     0x5727ec5dd6f2 - std[73adb7dc35730857]::thread::lifecycle::spawn_unchecked::<test[980ffaebd391d06d]::run_test::{closure#1}, ()>::{closure#1}::{closure#0}
[INFO] [stdout]                                at /rustc/6b3fa26749ab40e159b2dd5cf577acaaf5902772/library/std/src/thread/lifecycle.rs:70:13
[INFO] [stdout]   46:     0x5727ec5dd6f2 - <core[6883ba1bc0fe4ed1]::panic::unwind_safe::AssertUnwindSafe<std[73adb7dc35730857]::thread::lifecycle::spawn_unchecked<test[980ffaebd391d06d]::run_test::{closure#1}, ()>::{closure#1}::{closure#0}> as core[6883ba1bc0fe4ed1]::ops::function::FnOnce<()>>::call_once
[INFO] [stdout]                                at /rustc/6b3fa26749ab40e159b2dd5cf577acaaf5902772/library/core/src/panic/unwind_safe.rs:275:9
[INFO] [stdout]   47:     0x5727ec5dd6f2 - std[73adb7dc35730857]::panicking::catch_unwind::do_call::<core[6883ba1bc0fe4ed1]::panic::unwind_safe::AssertUnwindSafe<std[73adb7dc35730857]::thread::lifecycle::spawn_unchecked<test[980ffaebd391d06d]::run_test::{closure#1}, ()>::{closure#1}::{closure#0}>, ()>
[INFO] [stdout]                                at /rustc/6b3fa26749ab40e159b2dd5cf577acaaf5902772/library/std/src/panicking.rs:576:43
[INFO] [stdout]   48:     0x5727ec5dd6f2 - std[73adb7dc35730857]::panicking::catch_unwind::<(), core[6883ba1bc0fe4ed1]::panic::unwind_safe::AssertUnwindSafe<std[73adb7dc35730857]::thread::lifecycle::spawn_unchecked<test[980ffaebd391d06d]::run_test::{closure#1}, ()>::{closure#1}::{closure#0}>>
[INFO] [stdout]                                at /rustc/6b3fa26749ab40e159b2dd5cf577acaaf5902772/library/std/src/panicking.rs:544:19
[INFO] [stdout]   49:     0x5727ec5dd6f2 - std[73adb7dc35730857]::panic::catch_unwind::<core[6883ba1bc0fe4ed1]::panic::unwind_safe::AssertUnwindSafe<std[73adb7dc35730857]::thread::lifecycle::spawn_unchecked<test[980ffaebd391d06d]::run_test::{closure#1}, ()>::{closure#1}::{closure#0}>, ()>
[INFO] [stdout]                                at /rustc/6b3fa26749ab40e159b2dd5cf577acaaf5902772/library/std/src/panic.rs:359:14
[INFO] [stdout]   50:     0x5727ec5dd6f2 - std[73adb7dc35730857]::thread::lifecycle::spawn_unchecked::<test[980ffaebd391d06d]::run_test::{closure#1}, ()>::{closure#1}
[INFO] [stdout]                                at /rustc/6b3fa26749ab40e159b2dd5cf577acaaf5902772/library/std/src/thread/lifecycle.rs:68:26
[INFO] [stdout]   51:     0x5727ec5dd6f2 - <std[73adb7dc35730857]::thread::lifecycle::spawn_unchecked<test[980ffaebd391d06d]::run_test::{closure#1}, ()>::{closure#1} as core[6883ba1bc0fe4ed1]::ops::function::FnOnce<()>>::call_once::{shim:vtable#0}
[INFO] [stdout]                                at /rustc/6b3fa26749ab40e159b2dd5cf577acaaf5902772/library/core/src/ops/function.rs:250:5
[INFO] [stdout]   52:     0x5727ec8f441f - <alloc[55a36b64bcbf2c0d]::boxed::Box<dyn core[6883ba1bc0fe4ed1]::ops::function::FnOnce<(), Output = ()> + core[6883ba1bc0fe4ed1]::marker::Send> as core[6883ba1bc0fe4ed1]::ops::function::FnOnce<()>>::call_once
[INFO] [stdout]                                at /rustc/6b3fa26749ab40e159b2dd5cf577acaaf5902772/library/alloc/src/boxed.rs:2319:9
[INFO] [stdout]   53:     0x5727ec8f441f - <std[73adb7dc35730857]::sys::thread::unix::Thread>::new::thread_start
[INFO] [stdout]                                at /rustc/6b3fa26749ab40e159b2dd5cf577acaaf5902772/library/std/src/sys/thread/unix.rs:123:17
[INFO] [stdout]   54:     0x7f55aaa1caa4 - <unknown>
[INFO] [stdout]   55:     0x7f55aaaa9a64 - clone
[INFO] [stdout]   56:                0x0 - <unknown>
[INFO] [stdout] 
[INFO] [stdout] 
[INFO] [stdout] failures:
[INFO] [stdout]     pwd::scheme::scheme_01::tests::test_scheme_hmac_into_b64u_ok
[INFO] [stdout]     pwd::tests::test_multi_scheme_ok
[INFO] [stdout]     token::tests::test_validate_web_token_err_expired
[INFO] [stdout]     token::tests::test_validate_web_token_ok
[INFO] [stdout] 
[INFO] [stdout] test result: FAILED. 2 passed; 4 failed; 0 ignored; 0 measured; 0 filtered out; finished in 0.05s
[INFO] [stdout] 
[INFO] running `Command { std: "docker" "inspect" "483418ced8b155fea3ed14d622f430028a9d4e94e4e573c53e18d5cde59f1d44", kill_on_drop: false }`
[INFO] running `Command { std: "docker" "rm" "-f" "483418ced8b155fea3ed14d622f430028a9d4e94e4e573c53e18d5cde59f1d44", kill_on_drop: false }`
[INFO] [stdout] 483418ced8b155fea3ed14d622f430028a9d4e94e4e573c53e18d5cde59f1d44
