[INFO] cloning repository https://github.com/ARoese/texswizzle-rs
[INFO] running `Command { std: "git" "-c" "credential.helper=" "-c" "credential.helper=/workspace/cargo-home/bin/git-credential-null" "clone" "--bare" "https://github.com/ARoese/texswizzle-rs" "/workspace/cache/git-repos/https%3A%2F%2Fgithub.com%2FARoese%2Ftexswizzle-rs", kill_on_drop: false }`
[INFO] [stderr] Cloning into bare repository '/workspace/cache/git-repos/https%3A%2F%2Fgithub.com%2FARoese%2Ftexswizzle-rs'...
[INFO] running `Command { std: "git" "rev-parse" "HEAD", kill_on_drop: false }`
[INFO] [stdout] 0e7b005a0ad88d2fb21f9e73a21f42f059631642
[INFO] testing ARoese/texswizzle-rs against 1.97.0-beta.6 for beta-1.98-2
[INFO] running `Command { std: "git" "clone" "/workspace/cache/git-repos/https%3A%2F%2Fgithub.com%2FARoese%2Ftexswizzle-rs" "/workspace/builds/worker-2-tc1/source", kill_on_drop: false }`
[INFO] [stderr] Cloning into '/workspace/builds/worker-2-tc1/source'...
[INFO] [stderr] done.
[INFO] started tweaking git repo https://github.com/ARoese/texswizzle-rs
[INFO] finished tweaking git repo https://github.com/ARoese/texswizzle-rs
[INFO] tweaked toml for git repo https://github.com/ARoese/texswizzle-rs written to /workspace/builds/worker-2-tc1/source/Cargo.toml
[INFO] validating manifest of git repo https://github.com/ARoese/texswizzle-rs on toolchain 1.97.0-beta.6
[INFO] running `Command { std: CARGO_HOME="/workspace/cargo-home" RUSTUP_HOME="/workspace/rustup-home" "/workspace/cargo-home/bin/cargo" "+1.97.0-beta.6" "metadata" "--manifest-path" "Cargo.toml" "--no-deps", kill_on_drop: false }`
[INFO] crate git repo https://github.com/ARoese/texswizzle-rs already has a lockfile, it will not be regenerated
[INFO] running `Command { std: CARGO_HOME="/workspace/cargo-home" RUSTUP_HOME="/workspace/rustup-home" "/workspace/cargo-home/bin/cargo" "+1.97.0-beta.6" "fetch" "--manifest-path" "Cargo.toml", kill_on_drop: false }`
[INFO] [stderr]     Blocking waiting for file lock on package cache
[INFO] [stderr]     Updating crates.io index
[INFO] [stderr]     Blocking waiting for file lock on package cache
[INFO] [stderr]  Downloading crates ...
[INFO] [stderr]   Downloaded strum v0.28.0
[INFO] [stderr]   Downloaded strum_macros v0.28.0
[INFO] [stderr]   Downloaded newtype v0.2.1
[INFO] [stderr]   Downloaded derive-newtype v0.2.3
[INFO] [stderr]   Downloaded pastey v0.1.1
[INFO] [stderr]   Downloaded maybe-rayon v0.1.1
[INFO] [stderr]   Downloaded byteorder-lite v0.1.0
[INFO] [stderr]   Downloaded bit_field v0.10.3
[INFO] [stderr]   Downloaded quick-error v2.0.1
[INFO] [stderr]   Downloaded unicode-xid v0.1.0
[INFO] [stderr]   Downloaded y4m v0.8.0
[INFO] [stderr]   Downloaded arg_enum_proc_macro v0.3.4
[INFO] [stderr]   Downloaded enum-display-macro v0.2.1
[INFO] [stderr]   Downloaded as-slice v0.2.1
[INFO] [stderr]   Downloaded new_debug_unreachable v1.0.6
[INFO] [stderr]   Downloaded lebe v0.5.3
[INFO] [stderr]   Downloaded aligned v0.4.3
[INFO] [stderr]   Downloaded equator v0.4.2
[INFO] [stderr]   Downloaded equator-macro v0.4.2
[INFO] [stderr]   Downloaded quote v0.6.13
[INFO] [stderr]   Downloaded rgb v0.8.53
[INFO] [stderr]   Downloaded ravif v0.13.0
[INFO] [stderr]   Downloaded aligned-vec v0.6.4
[INFO] [stderr]   Downloaded simd_helpers v0.1.0
[INFO] [stderr]   Downloaded enum-display v0.2.1
[INFO] [stderr]   Downloaded interpolate_name v0.2.4
[INFO] [stderr]   Downloaded crossbeam-deque v0.8.6
[INFO] [stderr]   Downloaded either v1.16.0
[INFO] [stderr]   Downloaded wasm-bindgen-shared v0.2.125
[INFO] [stderr]   Downloaded wasm-bindgen-macro v0.2.125
[INFO] [stderr]   Downloaded profiling v1.0.18
[INFO] [stderr]   Downloaded profiling-procmacros v1.0.18
[INFO] [stderr]   Downloaded noop_proc_macro v0.3.0
[INFO] [stderr]   Downloaded loop9 v0.1.5
[INFO] [stderr]   Downloaded syn v0.15.44
[INFO] [stderr]   Downloaded fuzzy-matcher v0.3.7
[INFO] [stderr]   Downloaded zune-core v0.5.1
[INFO] [stderr]   Downloaded v_frame v0.3.9
[INFO] [stderr]   Downloaded imgref v1.12.2
[INFO] [stderr]   Downloaded fax v0.2.7
[INFO] [stderr]   Downloaded autocfg v1.5.1
[INFO] [stderr]   Downloaded arbitrary v1.4.2
[INFO] [stderr]   Downloaded fdeflate v0.3.7
[INFO] [stderr]   Downloaded proc-macro2 v0.4.30
[INFO] [stderr]   Downloaded avif-serialize v0.8.9
[INFO] [stderr]   Downloaded built v0.8.1
[INFO] [stderr]   Downloaded no_std_io2 v0.9.4
[INFO] [stderr]   Downloaded av1-grain v0.2.5
[INFO] [stderr]   Downloaded num-rational v0.4.2
[INFO] [stderr]   Downloaded gif v0.14.2
[INFO] [stderr]   Downloaded weezl v0.1.12
[INFO] [stderr]   Downloaded half v2.7.1
[INFO] [stderr]   Downloaded crossbeam-epoch v0.9.18
[INFO] [stderr]   Downloaded bitstream-io v4.10.0
[INFO] [stderr]   Downloaded arrayvec v0.7.7
[INFO] [stderr]   Downloaded zune-inflate v0.2.54
[INFO] [stderr]   Downloaded rayon-core v1.13.0
[INFO] [stderr]   Downloaded wasm-bindgen v0.2.125
[INFO] [stderr]   Downloaded wit-bindgen v0.57.1
[INFO] [stderr]   Downloaded image-webp v0.2.4
[INFO] [stderr]   Downloaded zerocopy-derive v0.8.52
[INFO] [stderr]   Downloaded wasm-bindgen-macro-support v0.2.125
[INFO] [stderr]   Downloaded bumpalo v3.20.3
[INFO] [stderr]   Downloaded cc v1.2.65
[INFO] [stderr]   Downloaded qoi v0.4.1
[INFO] [stderr]   Downloaded unicode-segmentation v1.13.3
[INFO] [stderr]   Downloaded mio v1.2.1
[INFO] [stderr]   Downloaded zune-jpeg v0.5.15
[INFO] [stderr]   Downloaded tiff v0.11.3
[INFO] [stderr]   Downloaded rand v0.9.4
[INFO] [stderr]   Downloaded memchr v2.8.2
[INFO] [stderr]   Downloaded inquire v0.9.4
[INFO] [stderr]   Downloaded wasip2 v1.0.4+wasi-0.2.12
[INFO] [stderr]   Downloaded libfuzzer-sys v0.4.13
[INFO] [stderr]   Downloaded nom v8.0.0
[INFO] [stderr]   Downloaded png v0.18.1
[INFO] [stderr]   Downloaded rayon v1.12.0
[INFO] [stderr]   Downloaded regex v1.12.4
[INFO] [stderr]   Downloaded moxcms v0.8.1
[INFO] [stderr]   Downloaded zerocopy v0.8.52
[INFO] [stderr]   Downloaded exr v1.74.0
[INFO] [stderr]   Downloaded image v0.25.10
[INFO] [stderr]   Downloaded regex-syntax v0.8.11
[INFO] [stderr]   Downloaded av-scenechange v0.14.1
[INFO] [stderr]   Downloaded pxfm v0.1.29
[INFO] [stderr]   Downloaded rav1e v0.8.1
[INFO] running `Command { std: "docker" "create" "-v" "/var/lib/crater-agent-workspace/builds/worker-2-tc1/source:/opt/rustwide/workdir:ro,Z" "-v" "/var/lib/crater-agent-workspace/builds/worker-2-tc1/target:/opt/rustwide/target:rw,Z" "-v" "/var/lib/crater-agent-workspace/cargo-home:/opt/rustwide/cargo-home:ro,Z" "-v" "/var/lib/crater-agent-workspace/rustup-home:/opt/rustwide/rustup-home:ro,Z" "-m" "1610612736" "--network" "none" "ghcr.io/rust-lang/crates-build-env/linux@sha256:3d5ced03c013a94a2f102a4510f48a6e9184255caf5fd8244f58017bde7f5210" "sleep" "infinity", kill_on_drop: false }`
[INFO] [stdout] 40141a472f9ecfcc3a9470a6a85d468a094c413bee2f52e176f3529649a96dc4
[INFO] running `Command { std: "docker" "start" "40141a472f9ecfcc3a9470a6a85d468a094c413bee2f52e176f3529649a96dc4", kill_on_drop: false }`
[INFO] running `Command { std: "docker" "inspect" "40141a472f9ecfcc3a9470a6a85d468a094c413bee2f52e176f3529649a96dc4", kill_on_drop: false }`
[INFO] running `Command { std: "docker" "exec" "-e" "SOURCE_DIR=/opt/rustwide/workdir" "-e" "CARGO_HOME=/opt/rustwide/cargo-home" "-e" "RUSTUP_HOME=/opt/rustwide/rustup-home" "-e" "CARGO_TARGET_DIR=/opt/rustwide/target" "-w" "/opt/rustwide/workdir" "--user" "0:0" "40141a472f9ecfcc3a9470a6a85d468a094c413bee2f52e176f3529649a96dc4" "/opt/rustwide/cargo-home/bin/cargo" "+1.97.0-beta.6" "metadata" "--no-deps" "--format-version=1", kill_on_drop: false }`
[INFO] running `Command { std: "docker" "inspect" "40141a472f9ecfcc3a9470a6a85d468a094c413bee2f52e176f3529649a96dc4", kill_on_drop: false }`
[INFO] running `Command { std: "docker" "exec" "-e" "SOURCE_DIR=/opt/rustwide/workdir" "-e" "CARGO_HOME=/opt/rustwide/cargo-home" "-e" "RUSTUP_HOME=/opt/rustwide/rustup-home" "-e" "CARGO_TARGET_DIR=/opt/rustwide/target" "-e" "CARGO_INCREMENTAL=0" "-e" "RUST_BACKTRACE=full" "-e" "RUSTFLAGS=--cap-lints=warn" "-e" "RUSTDOCFLAGS=--cap-lints=warn" "-w" "/opt/rustwide/workdir" "--user" "0:0" "40141a472f9ecfcc3a9470a6a85d468a094c413bee2f52e176f3529649a96dc4" "/opt/rustwide/cargo-home/bin/cargo" "+1.97.0-beta.6" "build" "--frozen" "--message-format=json", kill_on_drop: false }`
[INFO] [stderr]    Compiling proc-macro2 v1.0.106
[INFO] [stderr]    Compiling quote v1.0.45
[INFO] [stderr]    Compiling unicode-ident v1.0.24
[INFO] [stderr]    Compiling cfg-if v1.0.4
[INFO] [stderr]    Compiling libc v0.2.186
[INFO] [stderr]    Compiling autocfg v1.5.1
[INFO] [stderr]    Compiling memchr v2.8.2
[INFO] [stderr]    Compiling crossbeam-utils v0.8.21
[INFO] [stderr]    Compiling log v0.4.33
[INFO] [stderr]    Compiling rayon-core v1.13.0
[INFO] [stderr]    Compiling simd-adler32 v0.3.9
[INFO] [stderr]    Compiling unicode-segmentation v1.13.3
[INFO] [stderr]    Compiling anyhow v1.0.102
[INFO] [stderr]    Compiling either v1.16.0
[INFO] [stderr]    Compiling zerocopy v0.8.52
[INFO] [stderr]    Compiling arrayvec v0.7.7
[INFO] [stderr]    Compiling smallvec v1.15.2
[INFO] [stderr]    Compiling adler2 v2.0.1
[INFO] [stderr]    Compiling proc-macro2 v0.4.30
[INFO] [stderr]    Compiling thiserror v2.0.18
[INFO] [stderr]    Compiling crc32fast v1.5.0
[INFO] [stderr]    Compiling stable_deref_trait v1.2.1
[INFO] [stderr]    Compiling as-slice v0.2.1
[INFO] [stderr]    Compiling miniz_oxide v0.8.9
[INFO] [stderr]    Compiling paste v1.0.15
[INFO] [stderr]    Compiling av-scenechange v0.14.1
[INFO] [stderr]    Compiling built v0.8.1
[INFO] [stderr]    Compiling unicode-xid v0.1.0
[INFO] [stderr]    Compiling parking_lot_core v0.9.12
[INFO] [stderr]    Compiling bitflags v2.13.0
[INFO] [stderr]    Compiling signal-hook v0.3.18
[INFO] [stderr]    Compiling convert_case v0.10.0
[INFO] [stderr]    Compiling num-traits v0.2.19
[INFO] [stderr]    Compiling aligned v0.4.3
[INFO] [stderr]    Compiling syn v0.15.44
[INFO] [stderr]    Compiling syn v1.0.109
[INFO] [stderr]    Compiling heck v0.5.0
[INFO] [stderr]    Compiling utf8parse v0.2.2
[INFO] [stderr]    Compiling rustix v1.1.4
[INFO] [stderr]    Compiling regex-syntax v0.8.11
[INFO] [stderr]    Compiling pastey v0.1.1
[INFO] [stderr]    Compiling scopeguard v1.2.0
[INFO] [stderr]    Compiling y4m v0.8.0
[INFO] [stderr]    Compiling quick-error v2.0.1
[INFO] [stderr]    Compiling lock_api v0.4.14
[INFO] [stderr]    Compiling anstyle-parse v1.0.0
[INFO] [stderr]    Compiling itertools v0.14.0
[INFO] [stderr]    Compiling crossbeam-epoch v0.9.18
[INFO] [stderr]    Compiling no_std_io2 v0.9.4
[INFO] [stderr]    Compiling aho-corasick v1.1.4
[INFO] [stderr]    Compiling nom v8.0.0
[INFO] [stderr]    Compiling rav1e v0.8.1
[INFO] [stderr]    Compiling flate2 v1.1.9
[INFO] [stderr]    Compiling bitstream-io v4.10.0
[INFO] [stderr]    Compiling crossbeam-deque v0.8.6
[INFO] [stderr]    Compiling syn v2.0.118
[INFO] [stderr]    Compiling quote v0.6.13
[INFO] [stderr]    Compiling linux-raw-sys v0.12.1
[INFO] [stderr]    Compiling errno v0.3.14
[INFO] [stderr]    Compiling mio v1.2.1
[INFO] [stderr]    Compiling zune-core v0.5.1
[INFO] [stderr]    Compiling simd_helpers v0.1.0
[INFO] [stderr]    Compiling signal-hook-registry v1.4.8
[INFO] [stderr]    Compiling colorchoice v1.0.5
[INFO] [stderr]    Compiling num-integer v0.1.46
[INFO] [stderr]    Compiling weezl v0.1.12
[INFO] [stderr]    Compiling noop_proc_macro v0.3.0
[INFO] [stderr]    Compiling anstyle-query v1.1.5
[INFO] [stderr]    Compiling anstyle v1.0.14
[INFO] [stderr]    Compiling litrs v1.0.0
[INFO] [stderr]    Compiling new_debug_unreachable v1.0.6
[INFO] [stderr]    Compiling is_terminal_polyfill v1.70.2
[INFO] [stderr]    Compiling imgref v1.12.2
[INFO] [stderr]    Compiling num-bigint v0.4.6
[INFO] [stderr]    Compiling zune-jpeg v0.5.15
[INFO] [stderr]    Compiling parking_lot v0.12.5
[INFO] [stderr]    Compiling anstream v1.0.0
[INFO] [stderr]    Compiling loop9 v0.1.5
[INFO] [stderr]    Compiling signal-hook-mio v0.2.5
[INFO] [stderr]    Compiling rayon v1.12.0
[INFO] [stderr]    Compiling avif-serialize v0.8.9
[INFO] [stderr]    Compiling convert_case v0.6.0
[INFO] [stderr]    Compiling document-features v0.2.12
[INFO] [stderr]    Compiling zune-inflate v0.2.54
[INFO] [stderr]    Compiling fdeflate v0.3.7
[INFO] [stderr]    Compiling thread_local v1.1.9
[INFO] [stderr]    Compiling bit_field v0.10.3
[INFO] [stderr]    Compiling strsim v0.11.1
[INFO] [stderr]    Compiling lebe v0.5.3
[INFO] [stderr]    Compiling clap_lex v1.1.0
[INFO] [stderr]    Compiling bytemuck v1.25.0
[INFO] [stderr]    Compiling rgb v0.8.53
[INFO] [stderr]    Compiling color_quant v1.1.0
[INFO] [stderr]    Compiling pxfm v0.1.29
[INFO] [stderr]    Compiling byteorder-lite v0.1.0
[INFO] [stderr]    Compiling fax v0.2.7
[INFO] [stderr]    Compiling gif v0.14.2
[INFO] [stderr]    Compiling qoi v0.4.1
[INFO] [stderr]    Compiling image-webp v0.2.4
[INFO] [stderr]    Compiling clap_builder v4.6.0
[INFO] [stderr]    Compiling png v0.18.1
[INFO] [stderr]    Compiling regex-automata v0.4.14
[INFO] [stderr]    Compiling fuzzy-matcher v0.3.7
[INFO] [stderr]    Compiling unicode-width v0.2.2
[INFO] [stderr]    Compiling num-rational v0.4.2
[INFO] [stderr]    Compiling dyn-clone v1.0.20
[INFO] [stderr]    Compiling colored v3.1.1
[INFO] [stderr]    Compiling derive-newtype v0.2.3
[INFO] [stderr]    Compiling newtype v0.2.1
[INFO] [stderr]    Compiling maybe-rayon v0.1.1
[INFO] [stderr]    Compiling moxcms v0.8.1
[INFO] [stderr]    Compiling regex v1.12.4
[INFO] [stderr]    Compiling equator-macro v0.4.2
[INFO] [stderr]    Compiling thiserror-impl v2.0.18
[INFO] [stderr]    Compiling zerocopy-derive v0.8.52
[INFO] [stderr]    Compiling profiling-procmacros v1.0.18
[INFO] [stderr]    Compiling arg_enum_proc_macro v0.3.4
[INFO] [stderr]    Compiling num-derive v0.4.2
[INFO] [stderr]    Compiling derive_more-impl v2.1.1
[INFO] [stderr]    Compiling strum_macros v0.28.0
[INFO] [stderr]    Compiling clap_derive v4.6.1
[INFO] [stderr]    Compiling enum-display-macro v0.2.1
[INFO] [stderr]    Compiling profiling v1.0.18
[INFO] [stderr]    Compiling derive_more v2.1.1
[INFO] [stderr]    Compiling crossterm v0.29.0
[INFO] [stderr]    Compiling enum-display v0.2.1
[INFO] [stderr]    Compiling equator v0.4.2
[INFO] [stderr]    Compiling aligned-vec v0.6.4
[INFO] [stderr]    Compiling v_frame v0.3.9
[INFO] [stderr]    Compiling av1-grain v0.2.5
[INFO] [stderr]    Compiling strum v0.28.0
[INFO] [stderr]    Compiling clap v4.6.1
[INFO] [stderr]    Compiling inquire v0.9.4
[INFO] [stderr]    Compiling half v2.7.1
[INFO] [stderr]    Compiling tiff v0.11.3
[INFO] [stderr]    Compiling exr v1.74.0
[INFO] [stderr]    Compiling ravif v0.13.0
[INFO] [stderr]    Compiling image v0.25.10
[INFO] [stderr]    Compiling texswizzle v1.0.0 (/opt/rustwide/workdir)
[INFO] [stderr]     Finished `dev` profile [unoptimized + debuginfo] target(s) in 1m 28s
[INFO] running `Command { std: "docker" "inspect" "40141a472f9ecfcc3a9470a6a85d468a094c413bee2f52e176f3529649a96dc4", kill_on_drop: false }`
[INFO] running `Command { std: "docker" "exec" "-e" "SOURCE_DIR=/opt/rustwide/workdir" "-e" "CARGO_HOME=/opt/rustwide/cargo-home" "-e" "RUSTUP_HOME=/opt/rustwide/rustup-home" "-e" "CARGO_TARGET_DIR=/opt/rustwide/target" "-e" "CARGO_INCREMENTAL=0" "-e" "RUST_BACKTRACE=full" "-e" "RUSTFLAGS=--cap-lints=warn" "-e" "RUSTDOCFLAGS=--cap-lints=warn" "-w" "/opt/rustwide/workdir" "--user" "0:0" "40141a472f9ecfcc3a9470a6a85d468a094c413bee2f52e176f3529649a96dc4" "/opt/rustwide/cargo-home/bin/cargo" "+1.97.0-beta.6" "test" "--frozen" "--no-run" "--message-format=json", kill_on_drop: false }`
[INFO] [stderr]    Compiling texswizzle v1.0.0 (/opt/rustwide/workdir)
[INFO] [stderr]     Finished `test` profile [unoptimized + debuginfo] target(s) in 3.12s
[INFO] running `Command { std: "docker" "inspect" "40141a472f9ecfcc3a9470a6a85d468a094c413bee2f52e176f3529649a96dc4", kill_on_drop: false }`
[INFO] running `Command { std: "docker" "exec" "-e" "SOURCE_DIR=/opt/rustwide/workdir" "-e" "CARGO_HOME=/opt/rustwide/cargo-home" "-e" "RUSTUP_HOME=/opt/rustwide/rustup-home" "-e" "CARGO_TARGET_DIR=/opt/rustwide/target" "-e" "CARGO_INCREMENTAL=0" "-e" "RUST_BACKTRACE=full" "-e" "RUSTFLAGS=--cap-lints=warn" "-e" "RUSTDOCFLAGS=--cap-lints=warn" "-w" "/opt/rustwide/workdir" "--user" "0:0" "40141a472f9ecfcc3a9470a6a85d468a094c413bee2f52e176f3529649a96dc4" "/opt/rustwide/cargo-home/bin/cargo" "+1.97.0-beta.6" "test" "--frozen", kill_on_drop: false }`
[INFO] [stderr]     Finished `test` profile [unoptimized + debuginfo] target(s) in 0.18s
[INFO] [stderr]      Running unittests src/main.rs (/opt/rustwide/target/debug/deps/texswizzle-67e8e806f07995bf)
[INFO] [stdout] 
[INFO] [stdout] running 2 tests
[INFO] [stdout] test hd2_pbr::test::test_advanced ... FAILED
[INFO] [stdout] test hd2_pbr::test::test_basic_pbr ... FAILED
[INFO] [stdout] 
[INFO] [stdout] failures:
[INFO] [stdout] 
[INFO] [stdout] ---- hd2_pbr::test::test_advanced stdout ----
[INFO] [stdout] Error: Os { code: 30, kind: ReadOnlyFilesystem, message: "Read-only file system" }
[INFO] [stdout] 
[INFO] [stdout] ---- hd2_pbr::test::test_basic_pbr stdout ----
[INFO] [stdout] Error: Os { code: 30, kind: ReadOnlyFilesystem, message: "Read-only file system" }
[INFO] [stdout] 
[INFO] [stdout] 
[INFO] [stdout] failures:
[INFO] [stdout]     hd2_pbr::test::test_advanced
[INFO] [stdout]     hd2_pbr::test::test_basic_pbr
[INFO] [stdout] 
[INFO] [stdout] test result: FAILED. 0 passed; 2 failed; 0 ignored; 0 measured; 0 filtered out; finished in 0.00s
[INFO] [stdout] 
[INFO] [stderr] error: test failed, to rerun pass `--bin texswizzle`
[INFO] running `Command { std: "docker" "inspect" "40141a472f9ecfcc3a9470a6a85d468a094c413bee2f52e176f3529649a96dc4", kill_on_drop: false }`
[INFO] running `Command { std: "docker" "rm" "-f" "40141a472f9ecfcc3a9470a6a85d468a094c413bee2f52e176f3529649a96dc4", kill_on_drop: false }`
[INFO] [stdout] 40141a472f9ecfcc3a9470a6a85d468a094c413bee2f52e176f3529649a96dc4
