[INFO] cloning repository https://github.com/0xferrous/ethx
[INFO] running `Command { std: "git" "-c" "credential.helper=" "-c" "credential.helper=/workspace/cargo-home/bin/git-credential-null" "clone" "--bare" "https://github.com/0xferrous/ethx" "/workspace/cache/git-repos/https%3A%2F%2Fgithub.com%2F0xferrous%2Fethx", kill_on_drop: false }`
[INFO] [stderr] Cloning into bare repository '/workspace/cache/git-repos/https%3A%2F%2Fgithub.com%2F0xferrous%2Fethx'...
[INFO] running `Command { std: "git" "rev-parse" "HEAD", kill_on_drop: false }`
[INFO] [stdout] 328f4a4ab41d193967d4d615a5f847524b854b69
[INFO] testing 0xferrous/ethx against 1.97.0-beta.6 for beta-1.98-2
[INFO] running `Command { std: "git" "clone" "/workspace/cache/git-repos/https%3A%2F%2Fgithub.com%2F0xferrous%2Fethx" "/workspace/builds/worker-2-tc1/source", kill_on_drop: false }`
[INFO] [stderr] Cloning into '/workspace/builds/worker-2-tc1/source'...
[INFO] [stderr] done.
[INFO] started tweaking git repo https://github.com/0xferrous/ethx
[INFO] finished tweaking git repo https://github.com/0xferrous/ethx
[INFO] tweaked toml for git repo https://github.com/0xferrous/ethx written to /workspace/builds/worker-2-tc1/source/Cargo.toml
[INFO] validating manifest of git repo https://github.com/0xferrous/ethx on toolchain 1.97.0-beta.6
[INFO] running `Command { std: CARGO_HOME="/workspace/cargo-home" RUSTUP_HOME="/workspace/rustup-home" "/workspace/cargo-home/bin/cargo" "+1.97.0-beta.6" "metadata" "--manifest-path" "Cargo.toml" "--no-deps", kill_on_drop: false }`
[INFO] crate git repo https://github.com/0xferrous/ethx already has a lockfile, it will not be regenerated
[INFO] running `Command { std: CARGO_HOME="/workspace/cargo-home" RUSTUP_HOME="/workspace/rustup-home" "/workspace/cargo-home/bin/cargo" "+1.97.0-beta.6" "fetch" "--manifest-path" "Cargo.toml", kill_on_drop: false }`
[INFO] [stderr]     Blocking waiting for file lock on package cache
[INFO] [stderr]     Updating crates.io index
[INFO] [stderr]     Blocking waiting for file lock on package cache
[INFO] [stderr]  Downloading crates ...
[INFO] [stderr]   Downloaded lru-slab v0.1.2
[INFO] [stderr]   Downloaded fs_extra v1.3.0
[INFO] [stderr]   Downloaded wit-bindgen-rust-macro v0.51.0
[INFO] [stderr]   Downloaded cmake v0.1.58
[INFO] [stderr]   Downloaded ipnet v2.12.0
[INFO] [stderr]   Downloaded openssl-probe v0.2.1
[INFO] [stderr]   Downloaded windows-targets v0.42.2
[INFO] [stderr]   Downloaded strum v0.27.2
[INFO] [stderr]   Downloaded try-lock v0.2.5
[INFO] [stderr]   Downloaded atomic-waker v1.1.2
[INFO] [stderr]   Downloaded http-body-util v0.1.3
[INFO] [stderr]   Downloaded quinn-udp v0.5.14
[INFO] [stderr]   Downloaded rustls-platform-verifier-android v0.1.1
[INFO] [stderr]   Downloaded redox_syscall v0.5.18
[INFO] [stderr]   Downloaded num_enum_derive v0.7.6
[INFO] [stderr]   Downloaded security-framework-sys v2.17.0
[INFO] [stderr]   Downloaded num_enum v0.7.6
[INFO] [stderr]   Downloaded rustls-native-certs v0.8.3
[INFO] [stderr]   Downloaded strum_macros v0.27.2
[INFO] [stderr]   Downloaded lock_api v0.4.14
[INFO] [stderr]   Downloaded ryu v1.0.23
[INFO] [stderr]   Downloaded httparse v1.10.1
[INFO] [stderr]   Downloaded core-foundation v0.10.1
[INFO] [stderr]   Downloaded schannel v0.1.29
[INFO] [stderr]   Downloaded parking_lot_core v0.9.12
[INFO] [stderr]   Downloaded socket2 v0.6.3
[INFO] [stderr]   Downloaded wasmtimer v0.4.3
[INFO] [stderr]   Downloaded getrandom v0.4.2
[INFO] [stderr]   Downloaded parking_lot v0.12.5
[INFO] [stderr]   Downloaded quinn v0.11.9
[INFO] [stderr]   Downloaded alloy-chains v0.2.33
[INFO] [stderr]   Downloaded windows-link v0.2.1
[INFO] [stderr]   Downloaded utf-8 v0.7.6
[INFO] [stderr]   Downloaded hyper-rustls v0.27.7
[INFO] [stderr]   Downloaded wasm-metadata v0.244.0
[INFO] [stderr]   Downloaded async_io_stream v0.3.3
[INFO] [stderr]   Downloaded cesu8 v1.1.0
[INFO] [stderr]   Downloaded winapi-util v0.1.11
[INFO] [stderr]   Downloaded same-file v1.0.6
[INFO] [stderr]   Downloaded async-stream-impl v0.3.6
[INFO] [stderr]   Downloaded async-stream v0.3.6
[INFO] [stderr]   Downloaded jni-sys v0.3.1
[INFO] [stderr]   Downloaded jni-sys-macros v0.4.1
[INFO] [stderr]   Downloaded doctest-file v1.1.1
[INFO] [stderr]   Downloaded tokio-macros v2.6.1
[INFO] [stderr]   Downloaded bimap v0.6.3
[INFO] [stderr]   Downloaded tokio-stream v0.1.18
[INFO] [stderr]   Downloaded alloy-node-bindings v2.0.4
[INFO] [stderr]   Downloaded alloy-ens v2.0.4
[INFO] [stderr]   Downloaded alloy-hardforks v0.2.13
[INFO] [stderr]   Downloaded quick-error v1.2.3
[INFO] [stderr]   Downloaded fastrand v2.3.0
[INFO] [stderr]   Downloaded potential_utf v0.1.4
[INFO] [stderr]   Downloaded tower-service v0.3.3
[INFO] [stderr]   Downloaded idna_adapter v1.2.1
[INFO] [stderr]   Downloaded pin-project-internal v1.1.11
[INFO] [stderr]   Downloaded jni-sys v0.4.1
[INFO] [stderr]   Downloaded pin-project-lite v0.2.17
[INFO] [stderr]   Downloaded wait-timeout v0.2.1
[INFO] [stderr]   Downloaded data-encoding v2.10.0
[INFO] [stderr]   Downloaded alloy-transport v2.0.4
[INFO] [stderr]   Downloaded quote v1.0.45
[INFO] [stderr]   Downloaded ws_stream_wasm v0.7.5
[INFO] [stderr]   Downloaded tokio-tungstenite v0.28.0
[INFO] [stderr]   Downloaded alloy-pubsub v2.0.4
[INFO] [stderr]   Downloaded tracing-attributes v0.1.31
[INFO] [stderr]   Downloaded pharos v0.5.3
[INFO] [stderr]   Downloaded alloy-transport-ipc v2.0.4
[INFO] [stderr]   Downloaded security-framework v3.7.0
[INFO] [stderr]   Downloaded id-arena v2.3.0
[INFO] [stderr]   Downloaded rustls-platform-verifier v0.6.2
[INFO] [stderr]   Downloaded proc-macro2 v1.0.106
[INFO] [stderr]   Downloaded send_wrapper v0.6.0
[INFO] [stderr]   Downloaded walkdir v2.5.0
[INFO] [stderr]   Downloaded lru v0.16.3
[INFO] [stderr]   Downloaded ark-ff-asm v0.5.0
[INFO] [stderr]   Downloaded synstructure v0.13.2
[INFO] [stderr]   Downloaded recvmsg v1.0.0
[INFO] [stderr]   Downloaded enum-ordinalize-derive v4.3.2
[INFO] [stderr]   Downloaded leb128fmt v0.1.0
[INFO] [stderr]   Downloaded ark-ff-asm v0.4.2
[INFO] [stderr]   Downloaded ark-ff-macros v0.3.0
[INFO] [stderr]   Downloaded dashmap v6.1.0
[INFO] [stderr]   Downloaded alloy-transport-http v2.0.4
[INFO] [stderr]   Downloaded ark-ff-macros v0.4.2
[INFO] [stderr]   Downloaded ark-serialize v0.3.0
[INFO] [stderr]   Downloaded alloy-rlp-derive v0.3.13
[INFO] [stderr]   Downloaded futures-sink v0.3.32
[INFO] [stderr]   Downloaded digest v0.9.0
[INFO] [stderr]   Downloaded cfg-if v1.0.4
[INFO] [stderr]   Downloaded inout v0.1.4
[INFO] [stderr]   Downloaded eth-keystore v0.5.0
[INFO] [stderr]   Downloaded libredox v0.1.17
[INFO] [stderr]   Downloaded once_cell v1.21.4
[INFO] [stderr]   Downloaded ark-ff-asm v0.3.0
[INFO] [stderr]   Downloaded alloy-transport-ws v2.0.4
[INFO] [stderr]   Downloaded strsim v0.11.1
[INFO] [stderr]   Downloaded hyper-util v0.1.20
[INFO] [stderr]   Downloaded tracing-core v0.1.36
[INFO] [stderr]   Downloaded colorchoice v1.0.5
[INFO] [stderr]   Downloaded unicode-ident v1.0.24
[INFO] [stderr]   Downloaded alloy-rlp v0.3.13
[INFO] [stderr]   Downloaded futures-executor v0.3.32
[INFO] [stderr]   Downloaded rustversion v1.0.22
[INFO] [stderr]   Downloaded rustc_version v0.3.3
[INFO] [stderr]   Downloaded impl-codec v0.6.0
[INFO] [stderr]   Downloaded jni v0.21.1
[INFO] [stderr]   Downloaded alloy-rpc-client v2.0.4
[INFO] [stderr]   Downloaded fastrlp v0.3.1
[INFO] [stderr]   Downloaded unarray v0.1.4
[INFO] [stderr]   Downloaded enum-ordinalize v4.3.2
[INFO] [stderr]   Downloaded tungstenite v0.28.0
[INFO] [stderr]   Downloaded icu_provider v2.1.1
[INFO] [stderr]   Downloaded anstyle v1.0.14
[INFO] [stderr]   Downloaded anstyle-parse v1.0.0
[INFO] [stderr]   Downloaded uuid v0.8.2
[INFO] [stderr]   Downloaded zeroize v1.8.2
[INFO] [stderr]   Downloaded macro-string v0.1.4
[INFO] [stderr]   Downloaded ark-ff-macros v0.5.0
[INFO] [stderr]   Downloaded jobserver v0.1.34
[INFO] [stderr]   Downloaded time-core v0.1.8
[INFO] [stderr]   Downloaded num-conv v0.2.1
[INFO] [stderr]   Downloaded pin-project v1.1.11
[INFO] [stderr]   Downloaded base64ct v1.8.3
[INFO] [stderr]   Downloaded zerotrie v0.2.3
[INFO] [stderr]   Downloaded bytes v1.11.1
[INFO] [stderr]   Downloaded rustc-hex v2.1.0
[INFO] [stderr]   Downloaded crunchy v0.2.4
[INFO] [stderr]   Downloaded alloy-contract v2.0.4
[INFO] [stderr]   Downloaded tap v1.0.1
[INFO] [stderr]   Downloaded time-macros v0.2.27
[INFO] [stderr]   Downloaded hyper v1.8.1
[INFO] [stderr]   Downloaded convert_case v0.10.0
[INFO] [stderr]   Downloaded typenum v1.19.0
[INFO] [stderr]   Downloaded futures-io v0.3.32
[INFO] [stderr]   Downloaded widestring v1.2.1
[INFO] [stderr]   Downloaded webpki-root-certs v1.0.6
[INFO] [stderr]   Downloaded derive_builder_macro v0.20.2
[INFO] [stderr]   Downloaded alloy-serde v2.0.4
[INFO] [stderr]   Downloaded crc v3.4.0
[INFO] [stderr]   Downloaded alloy-tx-macros v2.1.0
[INFO] [stderr]   Downloaded yoke-derive v0.8.1
[INFO] [stderr]   Downloaded tower-layer v0.3.3
[INFO] [stderr]   Downloaded reqwest v0.13.2
[INFO] [stderr]   Downloaded rlp v0.5.2
[INFO] [stderr]   Downloaded radium v0.7.0
[INFO] [stderr]   Downloaded glob v0.3.3
[INFO] [stderr]   Downloaded rtoolbox v0.0.3
[INFO] [stderr]   Downloaded alloy-eip7928 v0.3.3
[INFO] [stderr]   Downloaded bit-set v0.8.0
[INFO] [stderr]   Downloaded primitive-types v0.12.2
[INFO] [stderr]   Downloaded rustc-hash v2.1.2
[INFO] [stderr]   Downloaded fixed-hash v0.8.0
[INFO] [stderr]   Downloaded combine v4.6.7
[INFO] [stderr]   Downloaded futures-macro v0.3.32
[INFO] [stderr]   Downloaded proc-macro-crate v3.5.0
[INFO] [stderr]   Downloaded funty v2.0.0
[INFO] [stderr]   Downloaded web-time v1.1.0
[INFO] [stderr]   Downloaded alloy-provider v2.0.4
[INFO] [stderr]   Downloaded ruint-macro v1.2.1
[INFO] [stderr]   Downloaded schemars v0.9.0
[INFO] [stderr]   Downloaded wit-bindgen v0.51.0
[INFO] [stderr]   Downloaded cc v1.2.58
[INFO] [stderr]   Downloaded rusty-fork v0.3.1
[INFO] [stderr]   Downloaded base16ct v0.2.0
[INFO] [stderr]   Downloaded ref-cast v1.0.25
[INFO] [stderr]   Downloaded fastrlp v0.4.0
[INFO] [stderr]   Downloaded alloy-signer-local v2.0.4
[INFO] [stderr]   Downloaded tokio-util v0.7.18
[INFO] [stderr]   Downloaded ark-serialize v0.5.0
[INFO] [stderr]   Downloaded darling v0.20.11
[INFO] [stderr]   Downloaded alloy-signer-ledger v2.0.4
[INFO] [stderr]   Downloaded rustls-pki-types v1.14.0
[INFO] [stderr]   Downloaded windows-strings v0.5.1
[INFO] [stderr]   Downloaded windows-interface v0.59.3
[INFO] [stderr]   Downloaded scrypt v0.10.0
[INFO] [stderr]   Downloaded derive_more-impl v2.1.1
[INFO] [stderr]   Downloaded sync_wrapper v1.0.2
[INFO] [stderr]   Downloaded salsa20 v0.10.2
[INFO] [stderr]   Downloaded dirs-sys v0.5.0
[INFO] [stderr]   Downloaded writeable v0.6.2
[INFO] [stderr]   Downloaded keccak v0.1.6
[INFO] [stderr]   Downloaded bs58 v0.5.1
[INFO] [stderr]   Downloaded hashbrown v0.14.5
[INFO] [stderr]   Downloaded terminal_size v0.4.4
[INFO] [stderr]   Downloaded alloy-sol-type-parser v1.5.7
[INFO] [stderr]   Downloaded coins-bip32 v0.12.0
[INFO] [stderr]   Downloaded option-ext v0.2.0
[INFO] [stderr]   Downloaded dunce v1.0.5
[INFO] [stderr]   Downloaded wasm-bindgen-futures v0.4.65
[INFO] [stderr]   Downloaded threadpool v1.8.1
[INFO] [stderr]   Downloaded tower-http v0.6.8
[INFO] [stderr]   Downloaded rand_xorshift v0.4.0
[INFO] [stderr]   Downloaded ark-std v0.3.0
[INFO] [stderr]   Downloaded slab v0.4.12
[INFO] [stderr]   Downloaded thiserror-impl v1.0.69
[INFO] [stderr]   Downloaded tempfile v3.27.0
[INFO] [stderr]   Downloaded auto_impl v1.3.0
[INFO] [stderr]   Downloaded reqwest v0.12.28
[INFO] [stderr]   Downloaded rand_core v0.9.5
[INFO] [stderr]   Downloaded ark-std v0.4.0
[INFO] [stderr]   Downloaded ark-serialize v0.4.2
[INFO] [stderr]   Downloaded rfc6979 v0.4.0
[INFO] [stderr]   Downloaded alloy-sol-types v1.5.7
[INFO] [stderr]   Downloaded foldhash v0.2.0
[INFO] [stderr]   Downloaded ark-std v0.5.0
[INFO] [stderr]   Downloaded semver-parser v0.10.3
[INFO] [stderr]   Downloaded unicode-segmentation v1.13.2
[INFO] [stderr]   Downloaded alloy-eip2930 v0.2.3
[INFO] [stderr]   Downloaded wyz v0.5.1
[INFO] [stderr]   Downloaded semver v0.11.0
[INFO] [stderr]   Downloaded bit-vec v0.8.0
[INFO] [stderr]   Downloaded group v0.13.0
[INFO] [stderr]   Downloaded serde_with_macros v3.18.0
[INFO] [stderr]   Downloaded darling_macro v0.23.0
[INFO] [stderr]   Downloaded dyn-clone v1.0.20
[INFO] [stderr]   Downloaded num_cpus v1.17.0
[INFO] [stderr]   Downloaded quinn-proto v0.11.14
[INFO] [stderr]   Downloaded bitcoin-io v0.1.4
[INFO] [stderr]   Downloaded interprocess v2.4.0
[INFO] [stderr]   Downloaded memoffset v0.7.1
[INFO] [stderr]   Downloaded const_format_proc_macros v0.2.34
[INFO] [stderr]   Downloaded byte-slice-cast v1.2.3
[INFO] [stderr]   Downloaded alloy-signer v2.0.4
[INFO] [stderr]   Downloaded memchr v2.8.0
[INFO] [stderr]   Downloaded icu_collections v2.1.1
[INFO] [stderr]   Downloaded rapidhash v4.4.1
[INFO] [stderr]   Downloaded semver v1.0.27
[INFO] [stderr]   Downloaded alloy-eip2124 v0.2.0
[INFO] [stderr]   Downloaded autocfg v1.5.0
[INFO] [stderr]   Downloaded impl-trait-for-tuples v0.2.3
[INFO] [stderr]   Downloaded foundry-block-explorers v0.22.0
[INFO] [stderr]   Downloaded futures v0.3.32
[INFO] [stderr]   Downloaded alloy-network-primitives v2.0.4
[INFO] [stderr]   Downloaded serde_derive v1.0.228
[INFO] [stderr]   Downloaded wasm-bindgen-macro v0.2.115
[INFO] [stderr]   Downloaded dirs v6.0.0
[INFO] [stderr]   Downloaded utf8parse v0.2.2
[INFO] [stderr]   Downloaded parity-scale-codec-derive v3.7.5
[INFO] [stderr]   Downloaded arrayvec v0.7.6
[INFO] [stderr]   Downloaded alloy-json-abi v1.5.7
[INFO] [stderr]   Downloaded wasm-bindgen-macro-support v0.2.115
[INFO] [stderr]   Downloaded bitflags v2.11.0
[INFO] [stderr]   Downloaded toml_datetime v1.1.0+spec-1.1.0
[INFO] [stderr]   Downloaded http v1.4.0
[INFO] [stderr]   Downloaded elliptic-curve v0.13.8
[INFO] [stderr]   Downloaded alloy-dyn-abi v1.5.7
[INFO] [stderr]   Downloaded serde_json v1.0.149
[INFO] [stderr]   Downloaded is_terminal_polyfill v1.70.2
[INFO] [stderr]   Downloaded coins-bip39 v0.12.0
[INFO] [stderr]   Downloaded mio v1.2.0
[INFO] [stderr]   Downloaded anstyle-wincon v3.0.11
[INFO] [stderr]   Downloaded clap v4.6.0
[INFO] [stderr]   Downloaded ecdsa v0.16.9
[INFO] [stderr]   Downloaded nybbles v0.4.8
[INFO] [stderr]   Downloaded clap_builder v4.6.0
[INFO] [stderr]   Downloaded borsh v1.6.1
[INFO] [stderr]   Downloaded alloy-rpc-types-any v2.0.4
[INFO] [stderr]   Downloaded derive_builder_core v0.20.2
[INFO] [stderr]   Downloaded proc-macro-error2 v2.0.1
[INFO] [stderr]   Downloaded tokio-rustls v0.26.4
[INFO] [stderr]   Downloaded anstream v1.0.0
[INFO] [stderr]   Downloaded smallvec v1.15.1
[INFO] [stderr]   Downloaded icu_locale_core v2.1.1
[INFO] [stderr]   Downloaded wasm-bindgen-shared v0.2.115
[INFO] [stderr]   Downloaded proc-macro-error-attr2 v2.0.0
[INFO] [stderr]   Downloaded deranged v0.5.8
[INFO] [stderr]   Downloaded unicase v2.9.0
[INFO] [stderr]   Downloaded alloy-sol-macro-input v1.5.7
[INFO] [stderr]   Downloaded pbkdf2 v0.12.2
[INFO] [stderr]   Downloaded http-body v1.0.1
[INFO] [stderr]   Downloaded futures-util v0.3.32
[INFO] [stderr]   Downloaded hex-conservative v0.2.2
[INFO] [stderr]   Downloaded alloy-consensus-any v2.0.4
[INFO] [stderr]   Downloaded stable_deref_trait v1.2.1
[INFO] [stderr]   Downloaded tinystr v0.8.2
[INFO] [stderr]   Downloaded tower v0.5.3
[INFO] [stderr]   Downloaded futures-task v0.3.32
[INFO] [stderr]   Downloaded futures-core v0.3.32
[INFO] [stderr]   Downloaded thiserror v1.0.69
[INFO] [stderr]   Downloaded zerocopy-derive v0.8.48
[INFO] [stderr]   Downloaded alloy-signer-trezor v2.0.4
[INFO] [stderr]   Downloaded alloy-rpc-types-eth v2.0.4
[INFO] [stderr]   Downloaded bitcoin_hashes v0.14.1
[INFO] [stderr]   Downloaded once_cell_polyfill v1.70.2
[INFO] [stderr]   Downloaded hermit-abi v0.5.2
[INFO] [stderr]   Downloaded errno v0.3.14
[INFO] [stderr]   Downloaded bech32 v0.9.1
[INFO] [stderr]   Downloaded litemap v0.8.1
[INFO] [stderr]   Downloaded ppv-lite86 v0.2.21
[INFO] [stderr]   Downloaded ctr v0.9.2
[INFO] [stderr]   Downloaded thiserror v2.0.18
[INFO] [stderr]   Downloaded alloy-network v2.0.4
[INFO] [stderr]   Downloaded iana-time-zone v0.1.65
[INFO] [stderr]   Downloaded cfg_aliases v0.2.1
[INFO] [stderr]   Downloaded rpassword v7.4.0
[INFO] [stderr]   Downloaded alloy-json-rpc v2.0.4
[INFO] [stderr]   Downloaded anyhow v1.0.102
[INFO] [stderr]   Downloaded rustls-webpki v0.103.10
[INFO] [stderr]   Downloaded pbkdf2 v0.11.0
[INFO] [stderr]   Downloaded wit-bindgen-core v0.51.0
[INFO] [stderr]   Downloaded icu_properties v2.1.2
[INFO] [stderr]   Downloaded windows-result v0.4.1
[INFO] [stderr]   Downloaded thiserror-impl v2.0.18
[INFO] [stderr]   Downloaded windows-implement v0.60.2
[INFO] [stderr]   Downloaded derivative v2.2.0
[INFO] [stderr]   Downloaded crypto-bigint v0.5.5
[INFO] [stderr]   Downloaded nix v0.26.4
[INFO] [stderr]   Downloaded ff v0.13.1
[INFO] [stderr]   Downloaded futures-channel v0.3.32
[INFO] [stderr]   Downloaded async-trait v0.1.89
[INFO] [stderr]   Downloaded alloy-sol-macro-expander v1.5.7
[INFO] [stderr]   Downloaded windows-core v0.62.2
[INFO] [stderr]   Downloaded protobuf-support v3.7.2
[INFO] [stderr]   Downloaded crypto-common v0.1.7
[INFO] [stderr]   Downloaded zeroize_derive v1.4.3
[INFO] [stderr]   Downloaded ref-cast-impl v1.0.25
[INFO] [stderr]   Downloaded percent-encoding v2.3.2
[INFO] [stderr]   Downloaded darling_macro v0.20.11
[INFO] [stderr]   Downloaded clap_derive v4.6.0
[INFO] [stderr]   Downloaded syn v2.0.117
[INFO] [stderr]   Downloaded derive_builder v0.20.2
[INFO] [stderr]   Downloaded toml_parser v1.1.0+spec-1.1.0
[INFO] [stderr]   Downloaded zmij v1.0.21
[INFO] [stderr]   Downloaded alloy-sol-macro v1.5.7
[INFO] [stderr]   Downloaded find-msvc-tools v0.1.9
[INFO] [stderr]   Downloaded redox_users v0.5.2
[INFO] [stderr]   Downloaded clap_lex v1.1.0
[INFO] [stderr]   Downloaded futures-utils-wasm v0.1.0
[INFO] [stderr]   Downloaded darling_core v0.23.0
[INFO] [stderr]   Downloaded yoke v0.8.1
[INFO] [stderr]   Downloaded itoa v1.0.18
[INFO] [stderr]   Downloaded keccak-asm v0.1.6
[INFO] [stderr]   Downloaded anstyle-query v1.1.5
[INFO] [stderr]   Downloaded windows_x86_64_gnullvm v0.42.2
[INFO] [stderr]   Downloaded serdect v0.2.0
[INFO] [stderr]   Downloaded tinyvec v1.11.0
[INFO] [stderr]   Downloaded icu_properties_data v2.1.2
[INFO] [stderr]   Downloaded alloy-genesis v2.0.4
[INFO] [stderr]   Downloaded uint v0.9.5
[INFO] [stderr]   Downloaded schemars v1.2.1
[INFO] [stderr]   Downloaded libusb1-sys v0.7.0
[INFO] [stderr]   Downloaded url v2.5.8
[INFO] [stderr]   Downloaded eyre v0.6.12
[INFO] [stderr]   Downloaded webpki-roots v1.0.6
[INFO] [stderr]   Downloaded tracing v0.1.44
[INFO] [stderr]   Downloaded serde v1.0.228
[INFO] [stderr]   Downloaded chrono v0.4.44
[INFO] [stderr]   Downloaded serde_with v3.18.0
[INFO] [stderr]   Downloaded rustls v0.23.37
[INFO] [stderr]   Downloaded form_urlencoded v1.2.2
[INFO] [stderr]   Downloaded windows_aarch64_gnullvm v0.42.2
[INFO] [stderr]   Downloaded coins-core v0.12.0
[INFO] [stderr]   Downloaded educe v0.6.0
[INFO] [stderr]   Downloaded ucd-trie v0.1.7
[INFO] [stderr]   Downloaded alloy-consensus v2.0.4
[INFO] [stderr]   Downloaded log v0.4.29
[INFO] [stderr]   Downloaded ark-ff v0.3.0
[INFO] [stderr]   Downloaded getrandom v0.3.4
[INFO] [stderr]   Downloaded getrandom v0.2.17
[INFO] [stderr]   Downloaded cipher v0.4.4
[INFO] [stderr]   Downloaded indenter v0.3.4
[INFO] [stderr]   Downloaded sha3-asm v0.1.6
[INFO] [stderr]   Downloaded sec1 v0.7.3
[INFO] [stderr]   Downloaded protobuf v3.7.2
[INFO] [stderr]   Downloaded wit-bindgen-rust v0.51.0
[INFO] [stderr]   Downloaded blst v0.3.16
[INFO] [stderr]   Downloaded aws-lc-rs v1.16.2
[INFO] [stderr]   Downloaded time v0.3.47
[INFO] [stderr]   Downloaded darling v0.23.0
[INFO] [stderr]   Downloaded borsh-derive v1.6.1
[INFO] [stderr]   Downloaded alloy-eip7702 v0.6.3
[INFO] [stderr]   Downloaded r-efi v6.0.0
[INFO] [stderr]   Downloaded ripemd v0.1.3
[INFO] [stderr]   Downloaded zerovec-derive v0.11.2
[INFO] [stderr]   Downloaded ark-ff v0.5.0
[INFO] [stderr]   Downloaded ark-ff v0.4.2
[INFO] [stderr]   Downloaded r-efi v5.3.0
[INFO] [stderr]   Downloaded parity-scale-codec v3.7.5
[INFO] [stderr]   Downloaded trezor-client v0.1.5
[INFO] [stderr]   Downloaded toml_edit v0.25.8+spec-1.1.0
[INFO] [stderr]   Downloaded windows_x86_64_msvc v0.42.2
[INFO] [stderr]   Downloaded rustix v1.1.4
[INFO] [stderr]   Downloaded wasip3 v0.4.0+wasi-0.3.0-rc-2026-01-06
[INFO] [stderr]   Downloaded windows_aarch64_msvc v0.42.2
[INFO] [stderr]   Downloaded const-hex v1.18.1
[INFO] [stderr]   Downloaded rusb v0.9.4
[INFO] [stderr]   Downloaded windows_x86_64_gnu v0.42.2
[INFO] [stderr]   Downloaded windows_i686_msvc v0.42.2
[INFO] [stderr]   Downloaded windows_i686_gnu v0.42.2
[INFO] [stderr]   Downloaded alloy-trie v0.9.5
[INFO] [stderr]   Downloaded wasi v0.11.1+wasi-snapshot-preview1
[INFO] [stderr]   Downloaded prettyplease v0.2.37
[INFO] [stderr]   Downloaded libc v0.2.183
[INFO] [stderr]   Downloaded tokio v1.50.0
[INFO] [stderr]   Downloaded const_format v0.2.35
[INFO] [stderr]   Downloaded serde_core v1.0.228
[INFO] [stderr]   Downloaded syn-solidity v1.5.7
[INFO] [stderr]   Downloaded wasm-bindgen v0.2.115
[INFO] [stderr]   Downloaded wasm-encoder v0.244.0
[INFO] [stderr]   Downloaded sha3 v0.10.8
[INFO] [stderr]   Downloaded darling_core v0.20.11
[INFO] [stderr]   Downloaded indexmap v2.13.0
[INFO] [stderr]   Downloaded coins-ledger v0.13.0
[INFO] [stderr]   Downloaded icu_normalizer v2.1.1
[INFO] [stderr]   Downloaded icu_normalizer_data v2.1.1
[INFO] [stderr]   Downloaded k256 v0.13.4
[INFO] [stderr]   Downloaded bumpalo v3.20.2
[INFO] [stderr]   Downloaded base64 v0.21.7
[INFO] [stderr]   Downloaded num-bigint v0.4.6
[INFO] [stderr]   Downloaded itertools v0.10.5
[INFO] [stderr]   Downloaded alloy-primitives v1.5.7
[INFO] [stderr]   Downloaded derive_more v2.1.1
[INFO] [stderr]   Downloaded js-sys v0.3.92
[INFO] [stderr]   Downloaded secp256k1 v0.30.0
[INFO] [stderr]   Downloaded wasip2 v1.0.2+wasi-0.2.9
[INFO] [stderr]   Downloaded rand v0.9.2
[INFO] [stderr]   Downloaded pest v2.8.6
[INFO] [stderr]   Downloaded foundry-wallets v0.1.0
[INFO] [stderr]   Downloaded ruint v1.17.2
[INFO] [stderr]   Downloaded hashbrown v0.16.1
[INFO] [stderr]   Downloaded aes v0.8.4
[INFO] [stderr]   Downloaded hashbrown v0.15.5
[INFO] [stderr]   Downloaded libm v0.2.16
[INFO] [stderr]   Downloaded itertools v0.13.0
[INFO] [stderr]   Downloaded zerovec v0.11.5
[INFO] [stderr]   Downloaded c-kzg v2.1.7
[INFO] [stderr]   Downloaded iri-string v0.7.12
[INFO] [stderr]   Downloaded wit-parser v0.244.0
[INFO] [stderr]   Downloaded itertools v0.14.0
[INFO] [stderr]   Downloaded idna v1.1.0
[INFO] [stderr]   Downloaded winnow v0.7.15
[INFO] [stderr]   Downloaded windows-sys v0.61.2
[INFO] [stderr]   Downloaded windows-sys v0.45.0
[INFO] [stderr]   Downloaded winnow v1.0.0
[INFO] [stderr]   Downloaded secp256k1-sys v0.10.1
[INFO] [stderr]   Downloaded linux-raw-sys v0.12.1
[INFO] [stderr]   Downloaded bitvec v1.0.1
[INFO] [stderr]   Downloaded proptest v1.11.0
[INFO] [stderr]   Downloaded wasmparser v0.244.0
[INFO] [stderr]   Downloaded wit-component v0.244.0
[INFO] [stderr]   Downloaded unicode-width v0.2.2
[INFO] [stderr]   Downloaded zerocopy v0.8.48
[INFO] [stderr]   Downloaded hidapi-rusb v1.3.3
[INFO] [stderr]   Downloaded regex-syntax v0.8.10
[INFO] [stderr]   Downloaded alloy-eips v2.0.4
[INFO] [stderr]   Downloaded web-sys v0.3.92
[INFO] [stderr]   Downloaded aws-lc-sys v0.39.1
[INFO] running `Command { std: "docker" "create" "-v" "/var/lib/crater-agent-workspace/builds/worker-2-tc1/source:/opt/rustwide/workdir:ro,Z" "-v" "/var/lib/crater-agent-workspace/builds/worker-2-tc1/target:/opt/rustwide/target:rw,Z" "-v" "/var/lib/crater-agent-workspace/cargo-home:/opt/rustwide/cargo-home:ro,Z" "-v" "/var/lib/crater-agent-workspace/rustup-home:/opt/rustwide/rustup-home:ro,Z" "-m" "1610612736" "--network" "none" "ghcr.io/rust-lang/crates-build-env/linux@sha256:3d5ced03c013a94a2f102a4510f48a6e9184255caf5fd8244f58017bde7f5210" "sleep" "infinity", kill_on_drop: false }`
[INFO] [stdout] c3a952dc10c3ca5f24d7bad178db5952e7be098fb19e97e5252ae6c638afb63b
[INFO] running `Command { std: "docker" "start" "c3a952dc10c3ca5f24d7bad178db5952e7be098fb19e97e5252ae6c638afb63b", kill_on_drop: false }`
[INFO] running `Command { std: "docker" "inspect" "c3a952dc10c3ca5f24d7bad178db5952e7be098fb19e97e5252ae6c638afb63b", kill_on_drop: false }`
[INFO] running `Command { std: "docker" "exec" "-e" "SOURCE_DIR=/opt/rustwide/workdir" "-e" "CARGO_HOME=/opt/rustwide/cargo-home" "-e" "RUSTUP_HOME=/opt/rustwide/rustup-home" "-e" "CARGO_TARGET_DIR=/opt/rustwide/target" "-w" "/opt/rustwide/workdir" "--user" "0:0" "c3a952dc10c3ca5f24d7bad178db5952e7be098fb19e97e5252ae6c638afb63b" "/opt/rustwide/cargo-home/bin/cargo" "+1.97.0-beta.6" "metadata" "--no-deps" "--format-version=1", kill_on_drop: false }`
[INFO] running `Command { std: "docker" "inspect" "c3a952dc10c3ca5f24d7bad178db5952e7be098fb19e97e5252ae6c638afb63b", kill_on_drop: false }`
[INFO] running `Command { std: "docker" "exec" "-e" "SOURCE_DIR=/opt/rustwide/workdir" "-e" "CARGO_HOME=/opt/rustwide/cargo-home" "-e" "RUSTUP_HOME=/opt/rustwide/rustup-home" "-e" "CARGO_TARGET_DIR=/opt/rustwide/target" "-e" "CARGO_INCREMENTAL=0" "-e" "RUST_BACKTRACE=full" "-e" "RUSTFLAGS=--cap-lints=warn" "-e" "RUSTDOCFLAGS=--cap-lints=warn" "-w" "/opt/rustwide/workdir" "--user" "0:0" "c3a952dc10c3ca5f24d7bad178db5952e7be098fb19e97e5252ae6c638afb63b" "/opt/rustwide/cargo-home/bin/cargo" "+1.97.0-beta.6" "build" "--frozen" "--message-format=json", kill_on_drop: false }`
[INFO] [stderr]    Compiling proc-macro2 v1.0.106
[INFO] [stderr]    Compiling quote v1.0.45
[INFO] [stderr]    Compiling unicode-ident v1.0.24
[INFO] [stderr]    Compiling libc v0.2.183
[INFO] [stderr]    Compiling serde_core v1.0.228
[INFO] [stderr]    Compiling cfg-if v1.0.4
[INFO] [stderr]    Compiling serde v1.0.228
[INFO] [stderr]    Compiling version_check v0.9.5
[INFO] [stderr]    Compiling typenum v1.19.0
[INFO] [stderr]    Compiling subtle v2.6.1
[INFO] [stderr]    Compiling const-oid v0.9.6
[INFO] [stderr]    Compiling once_cell v1.21.4
[INFO] [stderr]    Compiling cpufeatures v0.2.17
[INFO] [stderr]    Compiling generic-array v0.14.7
[INFO] [stderr]    Compiling zerocopy v0.8.48
[INFO] [stderr]    Compiling itoa v1.0.18
[INFO] [stderr]    Compiling getrandom v0.3.4
[INFO] [stderr]    Compiling pin-project-lite v0.2.17
[INFO] [stderr]    Compiling keccak v0.1.6
[INFO] [stderr]    Compiling base16ct v0.2.0
[INFO] [stderr]    Compiling syn v2.0.117
[INFO] [stderr]    Compiling paste v1.0.15
[INFO] [stderr]    Compiling shlex v1.3.0
[INFO] [stderr]    Compiling find-msvc-tools v0.1.9
[INFO] [stderr]    Compiling dunce v1.0.5
[INFO] [stderr]    Compiling equivalent v1.0.2
[INFO] [stderr]    Compiling memchr v2.8.0
[INFO] [stderr]    Compiling unicode-segmentation v1.13.2
[INFO] [stderr]    Compiling arrayvec v0.7.6
[INFO] [stderr]    Compiling allocator-api2 v0.2.21
[INFO] [stderr]    Compiling convert_case v0.10.0
[INFO] [stderr]    Compiling getrandom v0.2.17
[INFO] [stderr]    Compiling jobserver v0.1.34
[INFO] [stderr]    Compiling ruint-macro v1.2.1
[INFO] [stderr]    Compiling unicode-xid v0.2.6
[INFO] [stderr]    Compiling rand_core v0.6.4
[INFO] [stderr]    Compiling foldhash v0.2.0
[INFO] [stderr]    Compiling getrandom v0.4.2
[INFO] [stderr]    Compiling cc v1.2.58
[INFO] [stderr]    Compiling zmij v1.0.21
[INFO] [stderr]    Compiling serde_json v1.0.149
[INFO] [stderr]    Compiling ff v0.13.1
[INFO] [stderr]    Compiling group v0.13.0
[INFO] [stderr]    Compiling thiserror v2.0.18
[INFO] [stderr]    Compiling futures-core v0.3.32
[INFO] [stderr]    Compiling tracing-core v0.1.36
[INFO] [stderr]    Compiling heck v0.5.0
[INFO] [stderr]    Compiling strsim v0.11.1
[INFO] [stderr]    Compiling socket2 v0.6.3
[INFO] [stderr]    Compiling mio v1.2.0
[INFO] [stderr]    Compiling const-hex v1.18.1
[INFO] [stderr]    Compiling hashbrown v0.16.1
[INFO] [stderr]    Compiling ident_case v1.0.1
[INFO] [stderr]    Compiling futures-sink v0.3.32
[INFO] [stderr]    Compiling stable_deref_trait v1.2.1
[INFO] [stderr]    Compiling crypto-common v0.1.7
[INFO] [stderr]    Compiling block-buffer v0.10.4
[INFO] [stderr]    Compiling futures-channel v0.3.32
[INFO] [stderr]    Compiling proc-macro-error-attr2 v2.0.0
[INFO] [stderr]    Compiling digest v0.10.7
[INFO] [stderr]    Compiling sha3 v0.10.8
[INFO] [stderr]    Compiling cmake v0.1.58
[INFO] [stderr]    Compiling futures-task v0.3.32
[INFO] [stderr]    Compiling futures-io v0.3.32
[INFO] [stderr]    Compiling slab v0.4.12
[INFO] [stderr]    Compiling fs_extra v1.3.0
[INFO] [stderr]    Compiling ring v0.17.14
[INFO] [stderr]    Compiling writeable v0.6.2
[INFO] [stderr]    Compiling indexmap v2.13.0
[INFO] [stderr]    Compiling aws-lc-sys v0.39.1
[INFO] [stderr]    Compiling aws-lc-rs v1.16.2
[INFO] [stderr]    Compiling litemap v0.8.1
[INFO] [stderr]    Compiling icu_properties_data v2.1.2
[INFO] [stderr]    Compiling icu_normalizer_data v2.1.1
[INFO] [stderr]    Compiling percent-encoding v2.3.2
[INFO] [stderr]    Compiling untrusted v0.9.0
[INFO] [stderr]    Compiling tower-service v0.3.3
[INFO] [stderr]    Compiling crc-catalog v2.4.0
[INFO] [stderr]    Compiling synstructure v0.13.2
[INFO] [stderr]    Compiling macro-string v0.1.4
[INFO] [stderr]    Compiling syn-solidity v1.5.7
[INFO] [stderr]    Compiling ppv-lite86 v0.2.21
[INFO] [stderr]    Compiling proc-macro-error2 v2.0.1
[INFO] [stderr]    Compiling httparse v1.10.1
[INFO] [stderr]    Compiling rustls v0.23.37
[INFO] [stderr]    Compiling rand_chacha v0.3.1
[INFO] [stderr]    Compiling crc v3.4.0
[INFO] [stderr]    Compiling pin-utils v0.1.0
[INFO] [stderr]    Compiling rand v0.8.5
[INFO] [stderr]    Compiling form_urlencoded v1.2.2
[INFO] [stderr]    Compiling sync_wrapper v1.0.2
[INFO] [stderr]    Compiling thiserror v1.0.69
[INFO] [stderr]    Compiling futures-utils-wasm v0.1.0
[INFO] [stderr]    Compiling bitflags v2.11.0
[INFO] [stderr]    Compiling tower-layer v0.3.3
[INFO] [stderr]    Compiling base64 v0.22.1
[INFO] [stderr]    Compiling utf8_iter v1.0.4
[INFO] [stderr]    Compiling rustc-hash v2.1.2
[INFO] [stderr]    Compiling parking_lot_core v0.9.12
[INFO] [stderr]    Compiling winnow v0.7.15
[INFO] [stderr]    Compiling zeroize_derive v1.4.3
[INFO] [stderr]    Compiling serde_derive v1.0.228
[INFO] [stderr]    Compiling alloy-rlp-derive v0.3.13
[INFO] [stderr]    Compiling derive_more-impl v2.1.1
[INFO] [stderr]    Compiling thiserror-impl v2.0.18
[INFO] [stderr]    Compiling tracing-attributes v0.1.31
[INFO] [stderr]    Compiling zeroize v1.8.2
[INFO] [stderr]    Compiling hmac v0.12.1
[INFO] [stderr]    Compiling der v0.7.10
[INFO] [stderr]    Compiling sha2 v0.10.9
[INFO] [stderr]    Compiling crypto-bigint v0.5.5
[INFO] [stderr]    Compiling rfc6979 v0.4.0
[INFO] [stderr]    Compiling signature v2.2.0
[INFO] [stderr]    Compiling tracing v0.1.44
[INFO] [stderr]    Compiling tokio-macros v2.6.1
[INFO] [stderr]    Compiling zerofrom-derive v0.1.6
[INFO] [stderr]    Compiling yoke-derive v0.8.1
[INFO] [stderr]    Compiling spki v0.7.3
[INFO] [stderr]    Compiling pkcs8 v0.10.2
[INFO] [stderr]    Compiling sec1 v0.7.3
[INFO] [stderr]    Compiling zerovec-derive v0.11.2
[INFO] [stderr]    Compiling alloy-sol-macro-input v1.5.7
[INFO] [stderr]    Compiling elliptic-curve v0.13.8
[INFO] [stderr]    Compiling displaydoc v0.2.5
[INFO] [stderr]    Compiling zerofrom v0.1.6
[INFO] [stderr]    Compiling futures-macro v0.3.32
[INFO] [stderr]    Compiling yoke v0.8.1
[INFO] [stderr]    Compiling bytes v1.11.1
[INFO] [stderr]    Compiling rand_core v0.9.5
[INFO] [stderr]    Compiling ecdsa v0.16.9
[INFO] [stderr]    Compiling rand_chacha v0.9.0
[INFO] [stderr]    Compiling smallvec v1.15.1
[INFO] [stderr]    Compiling rand v0.9.2
[INFO] [stderr]    Compiling k256 v0.13.4
[INFO] [stderr]    Compiling alloy-rlp v0.3.13
[INFO] [stderr]    Compiling http v1.4.0
[INFO] [stderr]    Compiling tokio v1.50.0
[INFO] [stderr]    Compiling derive_more v2.1.1
[INFO] [stderr]    Compiling zerovec v0.11.5
[INFO] [stderr]    Compiling futures-util v0.3.32
[INFO] [stderr]    Compiling alloy-sol-macro-expander v1.5.7
[INFO] [stderr]    Compiling auto_impl v1.3.0
[INFO] [stderr]    Compiling tinystr v0.8.2
[INFO] [stderr]    Compiling ruint v1.17.2
[INFO] [stderr]    Compiling rustls-pki-types v1.14.0
[INFO] [stderr]    Compiling darling_core v0.23.0
[INFO] [stderr]    Compiling icu_locale_core v2.1.1
[INFO] [stderr]    Compiling potential_utf v0.1.4
[INFO] [stderr]    Compiling zerotrie v0.2.3
[INFO] [stderr]    Compiling alloy-primitives v1.5.7
[INFO] [stderr]    Compiling either v1.15.0
[INFO] [stderr]    Compiling icu_collections v2.1.1
[INFO] [stderr]    Compiling icu_provider v2.1.1
[INFO] [stderr]    Compiling icu_normalizer v2.1.1
[INFO] [stderr]    Compiling icu_properties v2.1.2
[INFO] [stderr]    Compiling alloy-sol-macro v1.5.7
[INFO] [stderr]    Compiling alloy-sol-types v1.5.7
[INFO] [stderr]    Compiling alloy-eip7928 v0.3.3
[INFO] [stderr]    Compiling alloy-eip2124 v0.2.0
[INFO] [stderr]    Compiling alloy-eip7702 v0.6.3
[INFO] [stderr]    Compiling alloy-serde v2.0.4
[INFO] [stderr]    Compiling darling_macro v0.23.0
[INFO] [stderr]    Compiling alloy-eip2930 v0.2.3
[INFO] [stderr]    Compiling darling v0.23.0
[INFO] [stderr]    Compiling serde_with_macros v3.18.0
[INFO] [stderr]    Compiling idna_adapter v1.2.1
[INFO] [stderr]    Compiling nybbles v0.4.8
[INFO] [stderr]    Compiling idna v1.1.0
[INFO] [stderr]    Compiling alloy-tx-macros v2.1.0
[INFO] [stderr]    Compiling alloy-trie v0.9.5
[INFO] [stderr]    Compiling tower v0.5.3
[INFO] [stderr]    Compiling serde_with v3.18.0
[INFO] [stderr]    Compiling http-body v1.0.1
[INFO] [stderr]    Compiling thiserror-impl v1.0.69
[INFO] [stderr]    Compiling pkg-config v0.3.32
[INFO] [stderr]    Compiling url v2.5.8
[INFO] [stderr]    Compiling itertools v0.14.0
[INFO] [stderr]    Compiling alloy-json-rpc v2.0.4
[INFO] [stderr]    Compiling webpki-roots v1.0.6
[INFO] [stderr]    Compiling alloy-sol-type-parser v1.5.7
[INFO] [stderr]    Compiling scopeguard v1.2.0
[INFO] [stderr]    Compiling log v0.4.29
[INFO] [stderr]    Compiling try-lock v0.2.5
[INFO] [stderr]    Compiling want v0.3.1
[INFO] [stderr]    Compiling lock_api v0.4.14
[INFO] [stderr]    Compiling alloy-json-abi v1.5.7
[INFO] [stderr]    Compiling atomic-waker v1.1.2
[INFO] [stderr]    Compiling hyper v1.8.1
[INFO] [stderr]    Compiling libusb1-sys v0.7.0
[INFO] [stderr]    Compiling futures-executor v0.3.32
[INFO] [stderr]    Compiling async-trait v0.1.89
[INFO] [stderr]    Compiling ipnet v2.12.0
[INFO] [stderr]    Compiling futures v0.3.32
[INFO] [stderr]    Compiling parking_lot v0.12.5
[INFO] [stderr]    Compiling iri-string v0.7.12
[INFO] [stderr]    Compiling alloy-eips v2.0.4
[INFO] [stderr]    Compiling alloy-transport v2.0.4
[INFO] [stderr]    Compiling http-body-util v0.1.3
[INFO] [stderr]    Compiling hyper-util v0.1.20
[INFO] [stderr]    Compiling alloy-dyn-abi v1.5.7
[INFO] [stderr]    Compiling tokio-util v0.7.18
[INFO] [stderr]    Compiling inout v0.1.4
[INFO] [stderr]    Compiling rustversion v1.0.22
[INFO] [stderr]    Compiling alloy-consensus v2.0.4
[INFO] [stderr]    Compiling rusb v0.9.4
[INFO] [stderr]    Compiling tower-http v0.6.8
[INFO] [stderr]    Compiling alloy-signer v2.0.4
[INFO] [stderr]    Compiling openssl-probe v0.2.1
[INFO] [stderr]    Compiling rustls-native-certs v0.8.3
[INFO] [stderr]    Compiling tokio-stream v0.1.18
[INFO] [stderr]    Compiling cipher v0.4.4
[INFO] [stderr]    Compiling sha1 v0.10.6
[INFO] [stderr]    Compiling bimap v0.6.3
[INFO] [stderr]    Compiling fnv v1.0.7
[INFO] [stderr]    Compiling data-encoding v2.10.0
[INFO] [stderr]    Compiling autocfg v1.5.0
[INFO] [stderr]    Compiling utf-8 v0.7.6
[INFO] [stderr]    Compiling darling_core v0.20.11
[INFO] [stderr]    Compiling alloy-pubsub v2.0.4
[INFO] [stderr]    Compiling memoffset v0.7.1
[INFO] [stderr]    Compiling webpki-roots v0.26.11
[INFO] [stderr]    Compiling pin-project-internal v1.1.11
[INFO] [stderr]    Compiling num_enum_derive v0.7.6
[INFO] [stderr]    Compiling strum_macros v0.27.2
[INFO] [stderr]    Compiling rustix v1.1.4
[INFO] [stderr]    Compiling radium v0.7.0
[INFO] [stderr]    Compiling alloy-consensus-any v2.0.4
[INFO] [stderr]    Compiling alloy-network-primitives v2.0.4
[INFO] [stderr]    Compiling doctest-file v1.1.1
[INFO] [stderr]    Compiling crossbeam-utils v0.8.21
[INFO] [stderr]    Compiling num_enum v0.7.6
[INFO] [stderr]    Compiling pin-project v1.1.11
[INFO] [stderr]    Compiling alloy-rpc-types-eth v2.0.4
[INFO] [stderr]    Compiling hidapi-rusb v1.3.3
[INFO] [stderr]    Compiling bs58 v0.5.1
[INFO] [stderr]    Compiling interprocess v2.4.0
[INFO] [stderr]    Compiling ripemd v0.1.3
[INFO] [stderr]    Compiling utf8parse v0.2.2
[INFO] [stderr]    Compiling protobuf v3.7.2
[INFO] [stderr]    Compiling base64 v0.21.7
[INFO] [stderr]    Compiling byteorder v1.5.0
[INFO] [stderr]    Compiling bech32 v0.9.1
[INFO] [stderr]    Compiling linux-raw-sys v0.12.1
[INFO] [stderr]    Compiling hex v0.4.3
[INFO] [stderr]    Compiling tap v1.0.1
[INFO] [stderr]    Compiling wyz v0.5.1
[INFO] [stderr]    Compiling alloy-transport-ipc v2.0.4
[INFO] [stderr]    Compiling darling_macro v0.20.11
[INFO] [stderr]    Compiling coins-core v0.12.0
[INFO] [stderr]    Compiling anstyle-parse v1.0.0
[INFO] [stderr]    Compiling darling v0.20.11
[INFO] [stderr]    Compiling strum v0.27.2
[INFO] [stderr]    Compiling alloy-chains v0.2.33
[INFO] [stderr]    Compiling salsa20 v0.10.2
[INFO] [stderr]    Compiling protobuf-support v3.7.2
[INFO] [stderr]    Compiling pbkdf2 v0.11.0
[INFO] [stderr]    Compiling async-stream-impl v0.3.6
[INFO] [stderr]    Compiling bitflags v1.3.2
[INFO] [stderr]    Compiling is_terminal_polyfill v1.70.2
[INFO] [stderr]    Compiling semver v1.0.27
[INFO] [stderr]    Compiling anstyle-query v1.1.5
[INFO] [stderr]    Compiling hashbrown v0.14.5
[INFO] [stderr]    Compiling colorchoice v1.0.5
[INFO] [stderr]    Compiling anstyle v1.0.14
[INFO] [stderr]    Compiling funty v2.0.0
[INFO] [stderr]    Compiling async-stream v0.3.6
[INFO] [stderr]    Compiling nix v0.26.4
[INFO] [stderr]    Compiling anstream v1.0.0
[INFO] [stderr]    Compiling scrypt v0.10.0
[INFO] [stderr]    Compiling bitvec v1.0.1
[INFO] [stderr]    Compiling dashmap v6.1.0
[INFO] [stderr]    Compiling terminal_size v0.4.4
[INFO] [stderr]    Compiling alloy-rpc-types-any v2.0.4
[INFO] [stderr]    Compiling coins-bip32 v0.12.0
[INFO] [stderr]    Compiling derive_builder_core v0.20.2
[INFO] [stderr]    Compiling alloy-network v2.0.4
[INFO] [stderr]    Compiling ctr v0.9.2
[INFO] [stderr]    Compiling aes v0.8.4
[INFO] [stderr]    Compiling uuid v0.8.2
[INFO] [stderr]    Compiling pbkdf2 v0.12.2
[INFO] [stderr]    Compiling lru v0.16.3
[INFO] [stderr]    Compiling clap_lex v1.1.0
[INFO] [stderr]    Compiling option-ext v0.2.0
[INFO] [stderr]    Compiling ryu v1.0.23
[INFO] [stderr]    Compiling unicode-width v0.2.2
[INFO] [stderr]    Compiling eyre v0.6.12
[INFO] [stderr]    Compiling unicase v2.9.0
[INFO] [stderr]    Compiling serde_urlencoded v0.7.1
[INFO] [stderr]    Compiling clap_builder v4.6.0
[INFO] [stderr]    Compiling dirs-sys v0.5.0
[INFO] [stderr]    Compiling eth-keystore v0.5.0
[INFO] [stderr]    Compiling derive_builder_macro v0.20.2
[INFO] [stderr]    Compiling clap_derive v4.6.0
[INFO] [stderr]    Compiling rtoolbox v0.0.3
[INFO] [stderr]    Compiling coins-bip39 v0.12.0
[INFO] [stderr]    Compiling indenter v0.3.4
[INFO] [stderr]    Compiling rpassword v7.4.0
[INFO] [stderr]    Compiling alloy-signer-local v2.0.4
[INFO] [stderr]    Compiling derive_builder v0.20.2
[INFO] [stderr]    Compiling dirs v6.0.0
[INFO] [stderr]    Compiling trezor-client v0.1.5
[INFO] [stderr]    Compiling coins-ledger v0.13.0
[INFO] [stderr]    Compiling clap v4.6.0
[INFO] [stderr]    Compiling alloy-signer-ledger v2.0.4
[INFO] [stderr]    Compiling alloy-signer-trezor v2.0.4
[INFO] [stderr]    Compiling foundry-wallets v0.1.0
[INFO] [stderr]    Compiling rustls-webpki v0.103.10
[INFO] [stderr]    Compiling tokio-rustls v0.26.4
[INFO] [stderr]    Compiling rustls-platform-verifier v0.6.2
[INFO] [stderr]    Compiling tungstenite v0.28.0
[INFO] [stderr]    Compiling hyper-rustls v0.27.7
[INFO] [stderr]    Compiling reqwest v0.13.2
[INFO] [stderr]    Compiling reqwest v0.12.28
[INFO] [stderr]    Compiling tokio-tungstenite v0.28.0
[INFO] [stderr]    Compiling alloy-transport-ws v2.0.4
[INFO] [stderr]    Compiling foundry-block-explorers v0.22.0
[INFO] [stderr]    Compiling alloy-transport-http v2.0.4
[INFO] [stderr]    Compiling alloy-rpc-client v2.0.4
[INFO] [stderr]    Compiling alloy-provider v2.0.4
[INFO] [stderr]    Compiling alloy-contract v2.0.4
[INFO] [stderr]    Compiling alloy-ens v2.0.4
[INFO] [stderr]    Compiling ethx-commons v0.1.0 (/opt/rustwide/workdir/ethx-commons)
[INFO] [stderr]    Compiling ethx v0.1.0 (/opt/rustwide/workdir)
[INFO] [stderr]     Finished `dev` profile [unoptimized + debuginfo] target(s) in 5m 41s
[INFO] [stderr] warning: the following packages contain code that will be rejected by a future version of Rust: proc-macro-error2 v2.0.1
[INFO] [stderr] note: to see what the problems were, use the option `--future-incompat-report`, or run `cargo report future-incompatibilities --id 1`
[INFO] running `Command { std: "docker" "inspect" "c3a952dc10c3ca5f24d7bad178db5952e7be098fb19e97e5252ae6c638afb63b", kill_on_drop: false }`
[INFO] running `Command { std: "docker" "exec" "-e" "SOURCE_DIR=/opt/rustwide/workdir" "-e" "CARGO_HOME=/opt/rustwide/cargo-home" "-e" "RUSTUP_HOME=/opt/rustwide/rustup-home" "-e" "CARGO_TARGET_DIR=/opt/rustwide/target" "-e" "CARGO_INCREMENTAL=0" "-e" "RUST_BACKTRACE=full" "-e" "RUSTFLAGS=--cap-lints=warn" "-e" "RUSTDOCFLAGS=--cap-lints=warn" "-w" "/opt/rustwide/workdir" "--user" "0:0" "c3a952dc10c3ca5f24d7bad178db5952e7be098fb19e97e5252ae6c638afb63b" "/opt/rustwide/cargo-home/bin/cargo" "+1.97.0-beta.6" "test" "--frozen" "--no-run" "--message-format=json", kill_on_drop: false }`
[INFO] [stderr]    Compiling rustix v1.1.4
[INFO] [stderr]    Compiling fastrand v2.3.0
[INFO] [stderr]    Compiling dyn-clone v1.0.20
[INFO] [stderr]    Compiling alloy-genesis v2.0.4
[INFO] [stderr]    Compiling alloy-hardforks v0.2.13
[INFO] [stderr]    Compiling terminal_size v0.4.4
[INFO] [stderr]    Compiling tempfile v3.27.0
[INFO] [stderr]    Compiling clap_builder v4.6.0
[INFO] [stderr]    Compiling alloy-node-bindings v2.0.4
[INFO] [stderr]    Compiling clap v4.6.0
[INFO] [stderr]    Compiling foundry-wallets v0.1.0
[INFO] [stderr]    Compiling ethx-commons v0.1.0 (/opt/rustwide/workdir/ethx-commons)
[INFO] [stderr]    Compiling ethx v0.1.0 (/opt/rustwide/workdir)
[INFO] [stderr]     Finished `test` profile [unoptimized + debuginfo] target(s) in 36.63s
[INFO] [stderr] warning: the following packages contain code that will be rejected by a future version of Rust: proc-macro-error2 v2.0.1
[INFO] [stderr] note: to see what the problems were, use the option `--future-incompat-report`, or run `cargo report future-incompatibilities --id 1`
[INFO] running `Command { std: "docker" "inspect" "c3a952dc10c3ca5f24d7bad178db5952e7be098fb19e97e5252ae6c638afb63b", kill_on_drop: false }`
[INFO] running `Command { std: "docker" "exec" "-e" "SOURCE_DIR=/opt/rustwide/workdir" "-e" "CARGO_HOME=/opt/rustwide/cargo-home" "-e" "RUSTUP_HOME=/opt/rustwide/rustup-home" "-e" "CARGO_TARGET_DIR=/opt/rustwide/target" "-e" "CARGO_INCREMENTAL=0" "-e" "RUST_BACKTRACE=full" "-e" "RUSTFLAGS=--cap-lints=warn" "-e" "RUSTDOCFLAGS=--cap-lints=warn" "-w" "/opt/rustwide/workdir" "--user" "0:0" "c3a952dc10c3ca5f24d7bad178db5952e7be098fb19e97e5252ae6c638afb63b" "/opt/rustwide/cargo-home/bin/cargo" "+1.97.0-beta.6" "test" "--frozen", kill_on_drop: false }`
[INFO] [stderr]     Finished `test` profile [unoptimized + debuginfo] target(s) in 0.92s
[INFO] [stderr] warning: the following packages contain code that will be rejected by a future version of Rust: proc-macro-error2 v2.0.1
[INFO] [stderr] note: to see what the problems were, use the option `--future-incompat-report`, or run `cargo report future-incompatibilities --id 1`
[INFO] [stderr]      Running unittests src/main.rs (/opt/rustwide/target/debug/deps/ethx-cdd3e26c48e7dcde)
[INFO] [stdout] 
[INFO] [stdout] running 10 tests
[INFO] [stdout] test multisend::tests::encodes_multisend_packed_transactions ... ok
[INFO] [stdout] test safe::tests::encode_signatures_encodes_static_and_dynamic_parts ... ok
[INFO] [stdout] test foundry_broadcast::tests::parses_nested_foundry_transactions ... ok
[INFO] [stdout] test safe::tests::legacy_domain_matches_contract_constant ... ok
[INFO] [stdout] test safe::tests::chain_aware_domain_matches_contract_constant ... ok
[INFO] [stdout] test safe::tests::encode_signatures_sorts_by_owner_address ... ok
[INFO] [stdout] test safe::tests::safe_hash_derivation_matches_known_runtime_value ... ok
[INFO] [stdout] test foundry_broadcast::tests::rejects_create_transactions ... ok
[INFO] [stderr]      Running tests/e2e_safe.rs (/opt/rustwide/target/debug/deps/e2e_safe-8febea206ecd1d66)
[INFO] [stdout] test safe_api::tests::maps_common_chains ... ok
[INFO] [stdout] test safe::tests::safe_tx_type_hash_matches_contract_constant ... ok
[INFO] [stdout] 
[INFO] [stdout] test result: ok. 10 passed; 0 failed; 0 ignored; 0 measured; 0 filtered out; finished in 0.00s
[INFO] [stdout] 
[INFO] [stdout] 
[INFO] [stdout] running 2 tests
[INFO] [stdout] test safe_eoa_contract_and_approved_hash_signatures_execute_successfully ... FAILED
[INFO] [stdout] test safe_execute_deployment_runs_single_and_batched_foundry_calls ... FAILED
[INFO] [stdout] 
[INFO] [stdout] failures:
[INFO] [stdout] 
[INFO] [stdout] ---- safe_eoa_contract_and_approved_hash_signatures_execute_successfully stdout ----
[INFO] [stdout] 
[INFO] [stdout] thread 'safe_eoa_contract_and_approved_hash_signatures_execute_successfully' (6176) panicked at tests/e2e_safe.rs:315:30:
[INFO] [stdout] called `Result::unwrap()` on an `Err` value: SpawnError(Os { code: 2, kind: NotFound, message: "No such file or directory" })
[INFO] [stdout] stack backtrace:
[INFO] [stdout]    0:     0x640c0a40dff8 - std[10d71ac2c42b111e]::backtrace_rs::backtrace::libunwind::trace
[INFO] [stdout]                                at /rustc/b2282dd5646a57d570fc86fbe8df0e8826665ef6/library/std/src/../../backtrace/src/backtrace/libunwind.rs:117:9
[INFO] [stdout]    1:     0x640c0a40dff8 - std[10d71ac2c42b111e]::backtrace_rs::backtrace::trace_unsynchronized::<std[10d71ac2c42b111e]::sys::backtrace::_print_fmt::{closure#1}>
[INFO] [stdout]                                at /rustc/b2282dd5646a57d570fc86fbe8df0e8826665ef6/library/std/src/../../backtrace/src/backtrace/mod.rs:66:14
[INFO] [stdout]    2:     0x640c0a40dff8 - std[10d71ac2c42b111e]::sys::backtrace::_print_fmt
[INFO] [stdout]                                at /rustc/b2282dd5646a57d570fc86fbe8df0e8826665ef6/library/std/src/sys/backtrace.rs:74:9
[INFO] [stdout]    3:     0x640c0a40dff8 - <<std[10d71ac2c42b111e]::sys::backtrace::BacktraceLock>::print::DisplayBacktrace as core[8fb95b77d25ab6c8]::fmt::Display>::fmt
[INFO] [stdout]                                at /rustc/b2282dd5646a57d570fc86fbe8df0e8826665ef6/library/std/src/sys/backtrace.rs:44:26
[INFO] [stdout]    4:     0x640c0a42513a - <core[8fb95b77d25ab6c8]::fmt::rt::Argument>::fmt
[INFO] [stdout]                                at /rustc/b2282dd5646a57d570fc86fbe8df0e8826665ef6/library/core/src/fmt/rt.rs:152:76
[INFO] [stdout]    5:     0x640c0a42513a - core[8fb95b77d25ab6c8]::fmt::write
[INFO] [stdout]    6:     0x640c0a4131f2 - std[10d71ac2c42b111e]::io::default_write_fmt::<alloc[a7ee25936407c584]::vec::Vec<u8>>
[INFO] [stdout]                                at /rustc/b2282dd5646a57d570fc86fbe8df0e8826665ef6/library/std/src/io/mod.rs:622:11
[INFO] [stdout]    7:     0x640c0a4131f2 - <alloc[a7ee25936407c584]::vec::Vec<u8> as std[10d71ac2c42b111e]::io::Write>::write_fmt
[INFO] [stdout]                                at /rustc/b2282dd5646a57d570fc86fbe8df0e8826665ef6/library/std/src/io/mod.rs:1977:13
[INFO] [stdout]    8:     0x640c0a3eb246 - <std[10d71ac2c42b111e]::sys::backtrace::BacktraceLock>::print
[INFO] [stdout]                                at /rustc/b2282dd5646a57d570fc86fbe8df0e8826665ef6/library/std/src/sys/backtrace.rs:47:9
[INFO] [stdout]    9:     0x640c0a3eb246 - std[10d71ac2c42b111e]::panicking::default_hook::{closure#0}
[INFO] [stdout]                                at /rustc/b2282dd5646a57d570fc86fbe8df0e8826665ef6/library/std/src/panicking.rs:292:27
[INFO] [stdout]   10:     0x640c0a405859 - std[10d71ac2c42b111e]::panicking::default_hook
[INFO] [stdout]                                at /rustc/b2282dd5646a57d570fc86fbe8df0e8826665ef6/library/std/src/panicking.rs:316:9
[INFO] [stdout]   11:     0x640c09bbc13c - <alloc[a7ee25936407c584]::boxed::Box<dyn for<'a, 'b> core[8fb95b77d25ab6c8]::ops::function::Fn<(&'a std[10d71ac2c42b111e]::panic::PanicHookInfo<'b>,), Output = ()> + core[8fb95b77d25ab6c8]::marker::Sync + core[8fb95b77d25ab6c8]::marker::Send> as core[8fb95b77d25ab6c8]::ops::function::Fn<(&std[10d71ac2c42b111e]::panic::PanicHookInfo,)>>::call
[INFO] [stdout]                                at /rustc/b2282dd5646a57d570fc86fbe8df0e8826665ef6/library/alloc/src/boxed.rs:2289:9
[INFO] [stdout]   12:     0x640c09bbc13c - test[213991da798b1c03]::test_main_inner::<test[213991da798b1c03]::test_main_static::{closure#0}>::{closure#0}
[INFO] [stdout]                                at /rustc/b2282dd5646a57d570fc86fbe8df0e8826665ef6/library/test/src/lib.rs:155:21
[INFO] [stdout]   13:     0x640c0a405ad2 - <alloc[a7ee25936407c584]::boxed::Box<dyn for<'a, 'b> core[8fb95b77d25ab6c8]::ops::function::Fn<(&'a std[10d71ac2c42b111e]::panic::PanicHookInfo<'b>,), Output = ()> + core[8fb95b77d25ab6c8]::marker::Sync + core[8fb95b77d25ab6c8]::marker::Send> as core[8fb95b77d25ab6c8]::ops::function::Fn<(&std[10d71ac2c42b111e]::panic::PanicHookInfo,)>>::call
[INFO] [stdout]                                at /rustc/b2282dd5646a57d570fc86fbe8df0e8826665ef6/library/alloc/src/boxed.rs:2289:9
[INFO] [stdout]   14:     0x640c0a405ad2 - std[10d71ac2c42b111e]::panicking::panic_with_hook
[INFO] [stdout]                                at /rustc/b2282dd5646a57d570fc86fbe8df0e8826665ef6/library/std/src/panicking.rs:833:13
[INFO] [stdout]   15:     0x640c0a3eb302 - std[10d71ac2c42b111e]::panicking::panic_handler::{closure#0}
[INFO] [stdout]                                at /rustc/b2282dd5646a57d570fc86fbe8df0e8826665ef6/library/std/src/panicking.rs:698:13
[INFO] [stdout]   16:     0x640c0a3e0239 - std[10d71ac2c42b111e]::sys::backtrace::__rust_end_short_backtrace::<std[10d71ac2c42b111e]::panicking::panic_handler::{closure#0}, !>
[INFO] [stdout]                                at /rustc/b2282dd5646a57d570fc86fbe8df0e8826665ef6/library/std/src/sys/backtrace.rs:182:18
[INFO] [stdout]   17:     0x640c0a3ec1dd - __rustc[3be9ba60078d4c86]::rust_begin_unwind
[INFO] [stdout]                                at /rustc/b2282dd5646a57d570fc86fbe8df0e8826665ef6/library/std/src/panicking.rs:689:5
[INFO] [stdout]   18:     0x640c0a4258fc - core[8fb95b77d25ab6c8]::panicking::panic_fmt
[INFO] [stdout]                                at /rustc/b2282dd5646a57d570fc86fbe8df0e8826665ef6/library/core/src/panicking.rs:80:14
[INFO] [stdout]   19:     0x640c0a425672 - core[8fb95b77d25ab6c8]::result::unwrap_failed
[INFO] [stdout]                                at /rustc/b2282dd5646a57d570fc86fbe8df0e8826665ef6/library/core/src/result.rs:1867:5
[INFO] [stdout]   20:     0x640c0a1f8ebb - <core[8fb95b77d25ab6c8]::result::Result<alloy_node_bindings[931f2ee5331a9f2a]::nodes::anvil::AnvilInstance, alloy_node_bindings[931f2ee5331a9f2a]::node::NodeError>>::unwrap
[INFO] [stdout]                                at /rustc/b2282dd5646a57d570fc86fbe8df0e8826665ef6/library/core/src/result.rs:1233:23
[INFO] [stdout]   21:     0x640c0a1f8ebb - <alloy_node_bindings[931f2ee5331a9f2a]::nodes::anvil::Anvil>::spawn
[INFO] [stdout]                                at /opt/rustwide/cargo-home/registry/src/index.crates.io-1949cf8c6b5b557f/alloy-node-bindings-2.0.4/src/nodes/anvil.rs:398:26
[INFO] [stdout]   22:     0x640c09b8ac0f - e2e_safe[d96d61c68aa5685]::safe_eoa_contract_and_approved_hash_signatures_execute_successfully::{closure#0}
[INFO] [stdout]                                at /opt/rustwide/workdir/tests/e2e_safe.rs:315:30
[INFO] [stdout]   23:     0x640c09a22652 - <core[8fb95b77d25ab6c8]::pin::Pin<&mut dyn core[8fb95b77d25ab6c8]::future::future::Future<Output = ()>> as core[8fb95b77d25ab6c8]::future::future::Future>::poll
[INFO] [stdout]                                at /rustc/b2282dd5646a57d570fc86fbe8df0e8826665ef6/library/core/src/future/future.rs:133:9
[INFO] [stdout]   24:     0x640c09a226cd - <core[8fb95b77d25ab6c8]::pin::Pin<&mut core[8fb95b77d25ab6c8]::pin::Pin<&mut dyn core[8fb95b77d25ab6c8]::future::future::Future<Output = ()>>> as core[8fb95b77d25ab6c8]::future::future::Future>::poll
[INFO] [stdout]                                at /rustc/b2282dd5646a57d570fc86fbe8df0e8826665ef6/library/core/src/future/future.rs:133:9
[INFO] [stdout]   25:     0x640c09abfbdd - <tokio[27a97e29b16db782]::runtime::scheduler::current_thread::CoreGuard>::block_on::<core[8fb95b77d25ab6c8]::pin::Pin<&mut core[8fb95b77d25ab6c8]::pin::Pin<&mut dyn core[8fb95b77d25ab6c8]::future::future::Future<Output = ()>>>>::{closure#0}::{closure#0}::{closure#0}
[INFO] [stdout]                                at /opt/rustwide/cargo-home/registry/src/index.crates.io-1949cf8c6b5b557f/tokio-1.50.0/src/runtime/scheduler/current_thread/mod.rs:769:70
[INFO] [stdout]   26:     0x640c09abf6bb - tokio[27a97e29b16db782]::task::coop::with_budget::<core[8fb95b77d25ab6c8]::task::poll::Poll<()>, <tokio[27a97e29b16db782]::runtime::scheduler::current_thread::CoreGuard>::block_on<core[8fb95b77d25ab6c8]::pin::Pin<&mut core[8fb95b77d25ab6c8]::pin::Pin<&mut dyn core[8fb95b77d25ab6c8]::future::future::Future<Output = ()>>>>::{closure#0}::{closure#0}::{closure#0}>
[INFO] [stdout]                                at /opt/rustwide/cargo-home/registry/src/index.crates.io-1949cf8c6b5b557f/tokio-1.50.0/src/task/coop/mod.rs:167:5
[INFO] [stdout]   27:     0x640c09abf6bb - tokio[27a97e29b16db782]::task::coop::budget::<core[8fb95b77d25ab6c8]::task::poll::Poll<()>, <tokio[27a97e29b16db782]::runtime::scheduler::current_thread::CoreGuard>::block_on<core[8fb95b77d25ab6c8]::pin::Pin<&mut core[8fb95b77d25ab6c8]::pin::Pin<&mut dyn core[8fb95b77d25ab6c8]::future::future::Future<Output = ()>>>>::{closure#0}::{closure#0}::{closure#0}>
[INFO] [stdout]                                at /opt/rustwide/cargo-home/registry/src/index.crates.io-1949cf8c6b5b557f/tokio-1.50.0/src/task/coop/mod.rs:133:5
[INFO] [stdout]   28:     0x640c09abf6bb - <tokio[27a97e29b16db782]::runtime::scheduler::current_thread::CoreGuard>::block_on::<core[8fb95b77d25ab6c8]::pin::Pin<&mut core[8fb95b77d25ab6c8]::pin::Pin<&mut dyn core[8fb95b77d25ab6c8]::future::future::Future<Output = ()>>>>::{closure#0}::{closure#0}
[INFO] [stdout]                                at /opt/rustwide/cargo-home/registry/src/index.crates.io-1949cf8c6b5b557f/tokio-1.50.0/src/runtime/scheduler/current_thread/mod.rs:769:25
[INFO] [stdout]   29:     0x640c09aaa990 - <tokio[27a97e29b16db782]::runtime::scheduler::current_thread::Context>::enter::<core[8fb95b77d25ab6c8]::task::poll::Poll<()>, <tokio[27a97e29b16db782]::runtime::scheduler::current_thread::CoreGuard>::block_on<core[8fb95b77d25ab6c8]::pin::Pin<&mut core[8fb95b77d25ab6c8]::pin::Pin<&mut dyn core[8fb95b77d25ab6c8]::future::future::Future<Output = ()>>>>::{closure#0}::{closure#0}>
[INFO] [stdout]                                at /opt/rustwide/cargo-home/registry/src/index.crates.io-1949cf8c6b5b557f/tokio-1.50.0/src/runtime/scheduler/current_thread/mod.rs:446:19
[INFO] [stdout]   30:     0x640c09ab63cd - <tokio[27a97e29b16db782]::runtime::scheduler::current_thread::CoreGuard>::block_on::<core[8fb95b77d25ab6c8]::pin::Pin<&mut core[8fb95b77d25ab6c8]::pin::Pin<&mut dyn core[8fb95b77d25ab6c8]::future::future::Future<Output = ()>>>>::{closure#0}
[INFO] [stdout]                                at /opt/rustwide/cargo-home/registry/src/index.crates.io-1949cf8c6b5b557f/tokio-1.50.0/src/runtime/scheduler/current_thread/mod.rs:768:44
[INFO] [stdout]   31:     0x640c09ab5674 - <tokio[27a97e29b16db782]::runtime::scheduler::current_thread::CoreGuard>::enter::<<tokio[27a97e29b16db782]::runtime::scheduler::current_thread::CoreGuard>::block_on<core[8fb95b77d25ab6c8]::pin::Pin<&mut core[8fb95b77d25ab6c8]::pin::Pin<&mut dyn core[8fb95b77d25ab6c8]::future::future::Future<Output = ()>>>>::{closure#0}, core[8fb95b77d25ab6c8]::option::Option<()>>::{closure#0}
[INFO] [stdout]                                at /opt/rustwide/cargo-home/registry/src/index.crates.io-1949cf8c6b5b557f/tokio-1.50.0/src/runtime/scheduler/current_thread/mod.rs:856:68
[INFO] [stdout]   32:     0x640c09b9463b - <tokio[27a97e29b16db782]::runtime::context::scoped::Scoped<tokio[27a97e29b16db782]::runtime::scheduler::Context>>::set::<<tokio[27a97e29b16db782]::runtime::scheduler::current_thread::CoreGuard>::enter<<tokio[27a97e29b16db782]::runtime::scheduler::current_thread::CoreGuard>::block_on<core[8fb95b77d25ab6c8]::pin::Pin<&mut core[8fb95b77d25ab6c8]::pin::Pin<&mut dyn core[8fb95b77d25ab6c8]::future::future::Future<Output = ()>>>>::{closure#0}, core[8fb95b77d25ab6c8]::option::Option<()>>::{closure#0}, (alloc[a7ee25936407c584]::boxed::Box<tokio[27a97e29b16db782]::runtime::scheduler::current_thread::Core>, core[8fb95b77d25ab6c8]::option::Option<()>)>
[INFO] [stdout]                                at /opt/rustwide/cargo-home/registry/src/index.crates.io-1949cf8c6b5b557f/tokio-1.50.0/src/runtime/context/scoped.rs:40:9
[INFO] [stdout]   33:     0x640c09b1a319 - tokio[27a97e29b16db782]::runtime::context::set_scheduler::<(alloc[a7ee25936407c584]::boxed::Box<tokio[27a97e29b16db782]::runtime::scheduler::current_thread::Core>, core[8fb95b77d25ab6c8]::option::Option<()>), <tokio[27a97e29b16db782]::runtime::scheduler::current_thread::CoreGuard>::enter<<tokio[27a97e29b16db782]::runtime::scheduler::current_thread::CoreGuard>::block_on<core[8fb95b77d25ab6c8]::pin::Pin<&mut core[8fb95b77d25ab6c8]::pin::Pin<&mut dyn core[8fb95b77d25ab6c8]::future::future::Future<Output = ()>>>>::{closure#0}, core[8fb95b77d25ab6c8]::option::Option<()>>::{closure#0}>::{closure#0}
[INFO] [stdout]                                at /opt/rustwide/cargo-home/registry/src/index.crates.io-1949cf8c6b5b557f/tokio-1.50.0/src/runtime/context.rs:176:38
[INFO] [stdout]   34:     0x640c09a568d2 - <std[10d71ac2c42b111e]::thread::local::LocalKey<tokio[27a97e29b16db782]::runtime::context::Context>>::try_with::<tokio[27a97e29b16db782]::runtime::context::set_scheduler<(alloc[a7ee25936407c584]::boxed::Box<tokio[27a97e29b16db782]::runtime::scheduler::current_thread::Core>, core[8fb95b77d25ab6c8]::option::Option<()>), <tokio[27a97e29b16db782]::runtime::scheduler::current_thread::CoreGuard>::enter<<tokio[27a97e29b16db782]::runtime::scheduler::current_thread::CoreGuard>::block_on<core[8fb95b77d25ab6c8]::pin::Pin<&mut core[8fb95b77d25ab6c8]::pin::Pin<&mut dyn core[8fb95b77d25ab6c8]::future::future::Future<Output = ()>>>>::{closure#0}, core[8fb95b77d25ab6c8]::option::Option<()>>::{closure#0}>::{closure#0}, (alloc[a7ee25936407c584]::boxed::Box<tokio[27a97e29b16db782]::runtime::scheduler::current_thread::Core>, core[8fb95b77d25ab6c8]::option::Option<()>)>
[INFO] [stdout]                                at /rustc/b2282dd5646a57d570fc86fbe8df0e8826665ef6/library/std/src/thread/local.rs:462:12
[INFO] [stdout]   35:     0x640c09a5645e - <std[10d71ac2c42b111e]::thread::local::LocalKey<tokio[27a97e29b16db782]::runtime::context::Context>>::with::<tokio[27a97e29b16db782]::runtime::context::set_scheduler<(alloc[a7ee25936407c584]::boxed::Box<tokio[27a97e29b16db782]::runtime::scheduler::current_thread::Core>, core[8fb95b77d25ab6c8]::option::Option<()>), <tokio[27a97e29b16db782]::runtime::scheduler::current_thread::CoreGuard>::enter<<tokio[27a97e29b16db782]::runtime::scheduler::current_thread::CoreGuard>::block_on<core[8fb95b77d25ab6c8]::pin::Pin<&mut core[8fb95b77d25ab6c8]::pin::Pin<&mut dyn core[8fb95b77d25ab6c8]::future::future::Future<Output = ()>>>>::{closure#0}, core[8fb95b77d25ab6c8]::option::Option<()>>::{closure#0}>::{closure#0}, (alloc[a7ee25936407c584]::boxed::Box<tokio[27a97e29b16db782]::runtime::scheduler::current_thread::Core>, core[8fb95b77d25ab6c8]::option::Option<()>)>
[INFO] [stdout]                                at /rustc/b2282dd5646a57d570fc86fbe8df0e8826665ef6/library/std/src/thread/local.rs:426:20
[INFO] [stdout]   36:     0x640c09b0d3ed - tokio[27a97e29b16db782]::runtime::context::set_scheduler::<(alloc[a7ee25936407c584]::boxed::Box<tokio[27a97e29b16db782]::runtime::scheduler::current_thread::Core>, core[8fb95b77d25ab6c8]::option::Option<()>), <tokio[27a97e29b16db782]::runtime::scheduler::current_thread::CoreGuard>::enter<<tokio[27a97e29b16db782]::runtime::scheduler::current_thread::CoreGuard>::block_on<core[8fb95b77d25ab6c8]::pin::Pin<&mut core[8fb95b77d25ab6c8]::pin::Pin<&mut dyn core[8fb95b77d25ab6c8]::future::future::Future<Output = ()>>>>::{closure#0}, core[8fb95b77d25ab6c8]::option::Option<()>>::{closure#0}>
[INFO] [stdout]                                at /opt/rustwide/cargo-home/registry/src/index.crates.io-1949cf8c6b5b557f/tokio-1.50.0/src/runtime/context.rs:176:17
[INFO] [stdout]   37:     0x640c09aaf4d0 - <tokio[27a97e29b16db782]::runtime::scheduler::current_thread::CoreGuard>::enter::<<tokio[27a97e29b16db782]::runtime::scheduler::current_thread::CoreGuard>::block_on<core[8fb95b77d25ab6c8]::pin::Pin<&mut core[8fb95b77d25ab6c8]::pin::Pin<&mut dyn core[8fb95b77d25ab6c8]::future::future::Future<Output = ()>>>>::{closure#0}, core[8fb95b77d25ab6c8]::option::Option<()>>
[INFO] [stdout]                                at /opt/rustwide/cargo-home/registry/src/index.crates.io-1949cf8c6b5b557f/tokio-1.50.0/src/runtime/scheduler/current_thread/mod.rs:856:27
[INFO] [stdout]   38:     0x640c09aaf7c6 - <tokio[27a97e29b16db782]::runtime::scheduler::current_thread::CoreGuard>::block_on::<core[8fb95b77d25ab6c8]::pin::Pin<&mut core[8fb95b77d25ab6c8]::pin::Pin<&mut dyn core[8fb95b77d25ab6c8]::future::future::Future<Output = ()>>>>
[INFO] [stdout]                                at /opt/rustwide/cargo-home/registry/src/index.crates.io-1949cf8c6b5b557f/tokio-1.50.0/src/runtime/scheduler/current_thread/mod.rs:756:24
[INFO] [stdout]   39:     0x640c09ab5180 - <tokio[27a97e29b16db782]::runtime::scheduler::current_thread::CurrentThread>::block_on::<core[8fb95b77d25ab6c8]::pin::Pin<&mut dyn core[8fb95b77d25ab6c8]::future::future::Future<Output = ()>>>::{closure#0}
[INFO] [stdout]                                at /opt/rustwide/cargo-home/registry/src/index.crates.io-1949cf8c6b5b557f/tokio-1.50.0/src/runtime/scheduler/current_thread/mod.rs:200:33
[INFO] [stdout]   40:     0x640c09b0dea3 - tokio[27a97e29b16db782]::runtime::context::runtime::enter_runtime::<<tokio[27a97e29b16db782]::runtime::scheduler::current_thread::CurrentThread>::block_on<core[8fb95b77d25ab6c8]::pin::Pin<&mut dyn core[8fb95b77d25ab6c8]::future::future::Future<Output = ()>>>::{closure#0}, ()>
[INFO] [stdout]                                at /opt/rustwide/cargo-home/registry/src/index.crates.io-1949cf8c6b5b557f/tokio-1.50.0/src/runtime/context/runtime.rs:65:16
[INFO] [stdout]   41:     0x640c09aa9ce1 - <tokio[27a97e29b16db782]::runtime::scheduler::current_thread::CurrentThread>::block_on::<core[8fb95b77d25ab6c8]::pin::Pin<&mut dyn core[8fb95b77d25ab6c8]::future::future::Future<Output = ()>>>
[INFO] [stdout]                                at /opt/rustwide/cargo-home/registry/src/index.crates.io-1949cf8c6b5b557f/tokio-1.50.0/src/runtime/scheduler/current_thread/mod.rs:188:9
[INFO] [stdout]   42:     0x640c09a3e6a4 - <tokio[27a97e29b16db782]::runtime::runtime::Runtime>::block_on_inner::<core[8fb95b77d25ab6c8]::pin::Pin<&mut dyn core[8fb95b77d25ab6c8]::future::future::Future<Output = ()>>>
[INFO] [stdout]                                at /opt/rustwide/cargo-home/registry/src/index.crates.io-1949cf8c6b5b557f/tokio-1.50.0/src/runtime/runtime.rs:371:52
[INFO] [stdout]   43:     0x640c09a3e86f - <tokio[27a97e29b16db782]::runtime::runtime::Runtime>::block_on::<core[8fb95b77d25ab6c8]::pin::Pin<&mut dyn core[8fb95b77d25ab6c8]::future::future::Future<Output = ()>>>
[INFO] [stdout]                                at /opt/rustwide/cargo-home/registry/src/index.crates.io-1949cf8c6b5b557f/tokio-1.50.0/src/runtime/runtime.rs:345:18
[INFO] [stdout]   44:     0x640c09b915b2 - e2e_safe[d96d61c68aa5685]::safe_eoa_contract_and_approved_hash_signatures_execute_successfully
[INFO] [stdout]                                at /opt/rustwide/workdir/tests/e2e_safe.rs:447:6
[INFO] [stdout]   45:     0x640c09b87537 - e2e_safe[d96d61c68aa5685]::safe_eoa_contract_and_approved_hash_signatures_execute_successfully::{closure#0}
[INFO] [stdout]                                at /opt/rustwide/workdir/tests/e2e_safe.rs:311:79
[INFO] [stdout]   46:     0x640c09b71376 - <e2e_safe[d96d61c68aa5685]::safe_eoa_contract_and_approved_hash_signatures_execute_successfully::{closure#0} as core[8fb95b77d25ab6c8]::ops::function::FnOnce<()>>::call_once
[INFO] [stdout]                                at /rustc/b2282dd5646a57d570fc86fbe8df0e8826665ef6/library/core/src/ops/function.rs:250:5
[INFO] [stdout]   47:     0x640c09baf21b - <fn() -> core[8fb95b77d25ab6c8]::result::Result<(), alloc[a7ee25936407c584]::string::String> as core[8fb95b77d25ab6c8]::ops::function::FnOnce<()>>::call_once
[INFO] [stdout]                                at /rustc/b2282dd5646a57d570fc86fbe8df0e8826665ef6/library/core/src/ops/function.rs:250:5
[INFO] [stdout]   48:     0x640c09baf21b - test[213991da798b1c03]::__rust_begin_short_backtrace::<core[8fb95b77d25ab6c8]::result::Result<(), alloc[a7ee25936407c584]::string::String>, fn() -> core[8fb95b77d25ab6c8]::result::Result<(), alloc[a7ee25936407c584]::string::String>>
[INFO] [stdout]                                at /rustc/b2282dd5646a57d570fc86fbe8df0e8826665ef6/library/test/src/lib.rs:724:18
[INFO] [stdout]   49:     0x640c09bbca95 - test[213991da798b1c03]::run_test_in_process::{closure#0}
[INFO] [stdout]                                at /rustc/b2282dd5646a57d570fc86fbe8df0e8826665ef6/library/test/src/lib.rs:747:74
[INFO] [stdout]   50:     0x640c09bbca95 - <core[8fb95b77d25ab6c8]::panic::unwind_safe::AssertUnwindSafe<test[213991da798b1c03]::run_test_in_process::{closure#0}> as core[8fb95b77d25ab6c8]::ops::function::FnOnce<()>>::call_once
[INFO] [stdout]                                at /rustc/b2282dd5646a57d570fc86fbe8df0e8826665ef6/library/core/src/panic/unwind_safe.rs:275:9
[INFO] [stdout]   51:     0x640c09bbca95 - std[10d71ac2c42b111e]::panicking::catch_unwind::do_call::<core[8fb95b77d25ab6c8]::panic::unwind_safe::AssertUnwindSafe<test[213991da798b1c03]::run_test_in_process::{closure#0}>, core[8fb95b77d25ab6c8]::result::Result<(), alloc[a7ee25936407c584]::string::String>>
[INFO] [stdout]                                at /rustc/b2282dd5646a57d570fc86fbe8df0e8826665ef6/library/std/src/panicking.rs:581:40
[INFO] [stdout]   52:     0x640c09bbca95 - std[10d71ac2c42b111e]::panicking::catch_unwind::<core[8fb95b77d25ab6c8]::result::Result<(), alloc[a7ee25936407c584]::string::String>, core[8fb95b77d25ab6c8]::panic::unwind_safe::AssertUnwindSafe<test[213991da798b1c03]::run_test_in_process::{closure#0}>>
[INFO] [stdout]                                at /rustc/b2282dd5646a57d570fc86fbe8df0e8826665ef6/library/std/src/panicking.rs:544:19
[INFO] [stdout]   53:     0x640c09bbca95 - std[10d71ac2c42b111e]::panic::catch_unwind::<core[8fb95b77d25ab6c8]::panic::unwind_safe::AssertUnwindSafe<test[213991da798b1c03]::run_test_in_process::{closure#0}>, core[8fb95b77d25ab6c8]::result::Result<(), alloc[a7ee25936407c584]::string::String>>
[INFO] [stdout]                                at /rustc/b2282dd5646a57d570fc86fbe8df0e8826665ef6/library/std/src/panic.rs:359:14
[INFO] [stdout]   54:     0x640c09bbca95 - test[213991da798b1c03]::run_test_in_process
[INFO] [stdout]                                at /rustc/b2282dd5646a57d570fc86fbe8df0e8826665ef6/library/test/src/lib.rs:747:27
[INFO] [stdout]   55:     0x640c09bbca95 - test[213991da798b1c03]::run_test::{closure#0}
[INFO] [stdout]                                at /rustc/b2282dd5646a57d570fc86fbe8df0e8826665ef6/library/test/src/lib.rs:668:43
[INFO] [stdout]   56:     0x640c09bb63a4 - test[213991da798b1c03]::run_test::{closure#1}
[INFO] [stdout]                                at /rustc/b2282dd5646a57d570fc86fbe8df0e8826665ef6/library/test/src/lib.rs:698:41
[INFO] [stdout]   57:     0x640c09bb63a4 - std[10d71ac2c42b111e]::sys::backtrace::__rust_begin_short_backtrace::<test[213991da798b1c03]::run_test::{closure#1}, ()>
[INFO] [stdout]                                at /rustc/b2282dd5646a57d570fc86fbe8df0e8826665ef6/library/std/src/sys/backtrace.rs:166:18
[INFO] [stdout]   58:     0x640c09bbfb12 - std[10d71ac2c42b111e]::thread::lifecycle::spawn_unchecked::<test[213991da798b1c03]::run_test::{closure#1}, ()>::{closure#1}::{closure#0}
[INFO] [stdout]                                at /rustc/b2282dd5646a57d570fc86fbe8df0e8826665ef6/library/std/src/thread/lifecycle.rs:70:13
[INFO] [stdout]   59:     0x640c09bbfb12 - <core[8fb95b77d25ab6c8]::panic::unwind_safe::AssertUnwindSafe<std[10d71ac2c42b111e]::thread::lifecycle::spawn_unchecked<test[213991da798b1c03]::run_test::{closure#1}, ()>::{closure#1}::{closure#0}> as core[8fb95b77d25ab6c8]::ops::function::FnOnce<()>>::call_once
[INFO] [stdout]                                at /rustc/b2282dd5646a57d570fc86fbe8df0e8826665ef6/library/core/src/panic/unwind_safe.rs:275:9
[INFO] [stdout]   60:     0x640c09bbfb12 - std[10d71ac2c42b111e]::panicking::catch_unwind::do_call::<core[8fb95b77d25ab6c8]::panic::unwind_safe::AssertUnwindSafe<std[10d71ac2c42b111e]::thread::lifecycle::spawn_unchecked<test[213991da798b1c03]::run_test::{closure#1}, ()>::{closure#1}::{closure#0}>, ()>
[INFO] [stdout]                                at /rustc/b2282dd5646a57d570fc86fbe8df0e8826665ef6/library/std/src/panicking.rs:581:40
[INFO] [stdout]   61:     0x640c09bbfb12 - std[10d71ac2c42b111e]::panicking::catch_unwind::<(), core[8fb95b77d25ab6c8]::panic::unwind_safe::AssertUnwindSafe<std[10d71ac2c42b111e]::thread::lifecycle::spawn_unchecked<test[213991da798b1c03]::run_test::{closure#1}, ()>::{closure#1}::{closure#0}>>
[INFO] [stdout]                                at /rustc/b2282dd5646a57d570fc86fbe8df0e8826665ef6/library/std/src/panicking.rs:544:19
[INFO] [stdout]   62:     0x640c09bbfb12 - std[10d71ac2c42b111e]::panic::catch_unwind::<core[8fb95b77d25ab6c8]::panic::unwind_safe::AssertUnwindSafe<std[10d71ac2c42b111e]::thread::lifecycle::spawn_unchecked<test[213991da798b1c03]::run_test::{closure#1}, ()>::{closure#1}::{closure#0}>, ()>
[INFO] [stdout]                                at /rustc/b2282dd5646a57d570fc86fbe8df0e8826665ef6/library/std/src/panic.rs:359:14
[INFO] [stdout]   63:     0x640c09bbfb12 - std[10d71ac2c42b111e]::thread::lifecycle::spawn_unchecked::<test[213991da798b1c03]::run_test::{closure#1}, ()>::{closure#1}
[INFO] [stdout]                                at /rustc/b2282dd5646a57d570fc86fbe8df0e8826665ef6/library/std/src/thread/lifecycle.rs:68:26
[INFO] [stdout]   64:     0x640c09bbfb12 - <std[10d71ac2c42b111e]::thread::lifecycle::spawn_unchecked<test[213991da798b1c03]::run_test::{closure#1}, ()>::{closure#1} as core[8fb95b77d25ab6c8]::ops::function::FnOnce<()>>::call_once::{shim:vtable#0}
[INFO] [stdout]                                at /rustc/b2282dd5646a57d570fc86fbe8df0e8826665ef6/library/core/src/ops/function.rs:250:5
[INFO] [stdout]   65:     0x640c0a40d24f - <alloc[a7ee25936407c584]::boxed::Box<dyn core[8fb95b77d25ab6c8]::ops::function::FnOnce<(), Output = ()> + core[8fb95b77d25ab6c8]::marker::Send> as core[8fb95b77d25ab6c8]::ops::function::FnOnce<()>>::call_once
[INFO] [stdout]                                at /rustc/b2282dd5646a57d570fc86fbe8df0e8826665ef6/library/alloc/src/boxed.rs:2275:9
[INFO] [stdout]   66:     0x640c0a40d24f - <std[10d71ac2c42b111e]::sys::thread::unix::Thread>::new::thread_start
[INFO] [stdout]                                at /rustc/b2282dd5646a57d570fc86fbe8df0e8826665ef6/library/std/src/sys/thread/unix.rs:118:17
[INFO] [stdout]   67:     0x7868c318aaa4 - <unknown>
[INFO] [stdout]   68:     0x7868c3217a64 - clone
[INFO] [stdout]   69:                0x0 - <unknown>
[INFO] [stdout] 
[INFO] [stdout] ---- safe_execute_deployment_runs_single_and_batched_foundry_calls stdout ----
[INFO] [stdout] 
[INFO] [stdout] thread 'safe_execute_deployment_runs_single_and_batched_foundry_calls' (6177) panicked at tests/e2e_safe.rs:245:30:
[INFO] [stdout] called `Result::unwrap()` on an `Err` value: SpawnError(Os { code: 2, kind: NotFound, message: "No such file or directory" })
[INFO] [stdout] stack backtrace:
[INFO] [stdout]    0:     0x640c0a40dff8 - std[10d71ac2c42b111e]::backtrace_rs::backtrace::libunwind::trace
[INFO] [stdout]                                at /rustc/b2282dd5646a57d570fc86fbe8df0e8826665ef6/library/std/src/../../backtrace/src/backtrace/libunwind.rs:117:9
[INFO] [stdout]    1:     0x640c0a40dff8 - std[10d71ac2c42b111e]::backtrace_rs::backtrace::trace_unsynchronized::<std[10d71ac2c42b111e]::sys::backtrace::_print_fmt::{closure#1}>
[INFO] [stdout]                                at /rustc/b2282dd5646a57d570fc86fbe8df0e8826665ef6/library/std/src/../../backtrace/src/backtrace/mod.rs:66:14
[INFO] [stdout]    2:     0x640c0a40dff8 - std[10d71ac2c42b111e]::sys::backtrace::_print_fmt
[INFO] [stdout]                                at /rustc/b2282dd5646a57d570fc86fbe8df0e8826665ef6/library/std/src/sys/backtrace.rs:74:9
[INFO] [stdout]    3:     0x640c0a40dff8 - <<std[10d71ac2c42b111e]::sys::backtrace::BacktraceLock>::print::DisplayBacktrace as core[8fb95b77d25ab6c8]::fmt::Display>::fmt
[INFO] [stdout]                                at /rustc/b2282dd5646a57d570fc86fbe8df0e8826665ef6/library/std/src/sys/backtrace.rs:44:26
[INFO] [stdout]    4:     0x640c0a42513a - <core[8fb95b77d25ab6c8]::fmt::rt::Argument>::fmt
[INFO] [stdout]                                at /rustc/b2282dd5646a57d570fc86fbe8df0e8826665ef6/library/core/src/fmt/rt.rs:152:76
[INFO] [stdout]    5:     0x640c0a42513a - core[8fb95b77d25ab6c8]::fmt::write
[INFO] [stdout]    6:     0x640c0a4131f2 - std[10d71ac2c42b111e]::io::default_write_fmt::<alloc[a7ee25936407c584]::vec::Vec<u8>>
[INFO] [stdout]                                at /rustc/b2282dd5646a57d570fc86fbe8df0e8826665ef6/library/std/src/io/mod.rs:622:11
[INFO] [stdout]    7:     0x640c0a4131f2 - <alloc[a7ee25936407c584]::vec::Vec<u8> as std[10d71ac2c42b111e]::io::Write>::write_fmt
[INFO] [stdout]                                at /rustc/b2282dd5646a57d570fc86fbe8df0e8826665ef6/library/std/src/io/mod.rs:1977:13
[INFO] [stdout]    8:     0x640c0a3eb246 - <std[10d71ac2c42b111e]::sys::backtrace::BacktraceLock>::print
[INFO] [stdout]                                at /rustc/b2282dd5646a57d570fc86fbe8df0e8826665ef6/library/std/src/sys/backtrace.rs:47:9
[INFO] [stdout]    9:     0x640c0a3eb246 - std[10d71ac2c42b111e]::panicking::default_hook::{closure#0}
[INFO] [stdout]                                at /rustc/b2282dd5646a57d570fc86fbe8df0e8826665ef6/library/std/src/panicking.rs:292:27
[INFO] [stdout]   10:     0x640c0a405859 - std[10d71ac2c42b111e]::panicking::default_hook
[INFO] [stdout]                                at /rustc/b2282dd5646a57d570fc86fbe8df0e8826665ef6/library/std/src/panicking.rs:316:9
[INFO] [stdout]   11:     0x640c09bbc13c - <alloc[a7ee25936407c584]::boxed::Box<dyn for<'a, 'b> core[8fb95b77d25ab6c8]::ops::function::Fn<(&'a std[10d71ac2c42b111e]::panic::PanicHookInfo<'b>,), Output = ()> + core[8fb95b77d25ab6c8]::marker::Sync + core[8fb95b77d25ab6c8]::marker::Send> as core[8fb95b77d25ab6c8]::ops::function::Fn<(&std[10d71ac2c42b111e]::panic::PanicHookInfo,)>>::call
[INFO] [stdout]                                at /rustc/b2282dd5646a57d570fc86fbe8df0e8826665ef6/library/alloc/src/boxed.rs:2289:9
[INFO] [stdout]   12:     0x640c09bbc13c - test[213991da798b1c03]::test_main_inner::<test[213991da798b1c03]::test_main_static::{closure#0}>::{closure#0}
[INFO] [stdout]                                at /rustc/b2282dd5646a57d570fc86fbe8df0e8826665ef6/library/test/src/lib.rs:155:21
[INFO] [stdout]   13:     0x640c0a405ad2 - <alloc[a7ee25936407c584]::boxed::Box<dyn for<'a, 'b> core[8fb95b77d25ab6c8]::ops::function::Fn<(&'a std[10d71ac2c42b111e]::panic::PanicHookInfo<'b>,), Output = ()> + core[8fb95b77d25ab6c8]::marker::Sync + core[8fb95b77d25ab6c8]::marker::Send> as core[8fb95b77d25ab6c8]::ops::function::Fn<(&std[10d71ac2c42b111e]::panic::PanicHookInfo,)>>::call
[INFO] [stdout]                                at /rustc/b2282dd5646a57d570fc86fbe8df0e8826665ef6/library/alloc/src/boxed.rs:2289:9
[INFO] [stdout]   14:     0x640c0a405ad2 - std[10d71ac2c42b111e]::panicking::panic_with_hook
[INFO] [stdout]                                at /rustc/b2282dd5646a57d570fc86fbe8df0e8826665ef6/library/std/src/panicking.rs:833:13
[INFO] [stdout]   15:     0x640c0a3eb302 - std[10d71ac2c42b111e]::panicking::panic_handler::{closure#0}
[INFO] [stdout]                                at /rustc/b2282dd5646a57d570fc86fbe8df0e8826665ef6/library/std/src/panicking.rs:698:13
[INFO] [stdout]   16:     0x640c0a3e0239 - std[10d71ac2c42b111e]::sys::backtrace::__rust_end_short_backtrace::<std[10d71ac2c42b111e]::panicking::panic_handler::{closure#0}, !>
[INFO] [stdout]                                at /rustc/b2282dd5646a57d570fc86fbe8df0e8826665ef6/library/std/src/sys/backtrace.rs:182:18
[INFO] [stdout]   17:     0x640c0a3ec1dd - __rustc[3be9ba60078d4c86]::rust_begin_unwind
[INFO] [stdout]                                at /rustc/b2282dd5646a57d570fc86fbe8df0e8826665ef6/library/std/src/panicking.rs:689:5
[INFO] [stdout]   18:     0x640c0a4258fc - core[8fb95b77d25ab6c8]::panicking::panic_fmt
[INFO] [stdout]                                at /rustc/b2282dd5646a57d570fc86fbe8df0e8826665ef6/library/core/src/panicking.rs:80:14
[INFO] [stdout]   19:     0x640c0a425672 - core[8fb95b77d25ab6c8]::result::unwrap_failed
[INFO] [stdout]                                at /rustc/b2282dd5646a57d570fc86fbe8df0e8826665ef6/library/core/src/result.rs:1867:5
[INFO] [stdout]   20:     0x640c0a1f8ebb - <core[8fb95b77d25ab6c8]::result::Result<alloy_node_bindings[931f2ee5331a9f2a]::nodes::anvil::AnvilInstance, alloy_node_bindings[931f2ee5331a9f2a]::node::NodeError>>::unwrap
[INFO] [stdout]                                at /rustc/b2282dd5646a57d570fc86fbe8df0e8826665ef6/library/core/src/result.rs:1233:23
[INFO] [stdout]   21:     0x640c0a1f8ebb - <alloy_node_bindings[931f2ee5331a9f2a]::nodes::anvil::Anvil>::spawn
[INFO] [stdout]                                at /opt/rustwide/cargo-home/registry/src/index.crates.io-1949cf8c6b5b557f/alloy-node-bindings-2.0.4/src/nodes/anvil.rs:398:26
[INFO] [stdout]   22:     0x640c09b87747 - e2e_safe[d96d61c68aa5685]::safe_execute_deployment_runs_single_and_batched_foundry_calls::{closure#0}
[INFO] [stdout]                                at /opt/rustwide/workdir/tests/e2e_safe.rs:245:30
[INFO] [stdout]   23:     0x640c09a22652 - <core[8fb95b77d25ab6c8]::pin::Pin<&mut dyn core[8fb95b77d25ab6c8]::future::future::Future<Output = ()>> as core[8fb95b77d25ab6c8]::future::future::Future>::poll
[INFO] [stdout]                                at /rustc/b2282dd5646a57d570fc86fbe8df0e8826665ef6/library/core/src/future/future.rs:133:9
[INFO] [stdout]   24:     0x640c09a226cd - <core[8fb95b77d25ab6c8]::pin::Pin<&mut core[8fb95b77d25ab6c8]::pin::Pin<&mut dyn core[8fb95b77d25ab6c8]::future::future::Future<Output = ()>>> as core[8fb95b77d25ab6c8]::future::future::Future>::poll
[INFO] [stdout]                                at /rustc/b2282dd5646a57d570fc86fbe8df0e8826665ef6/library/core/src/future/future.rs:133:9
[INFO] [stdout]   25:     0x640c09abfbdd - <tokio[27a97e29b16db782]::runtime::scheduler::current_thread::CoreGuard>::block_on::<core[8fb95b77d25ab6c8]::pin::Pin<&mut core[8fb95b77d25ab6c8]::pin::Pin<&mut dyn core[8fb95b77d25ab6c8]::future::future::Future<Output = ()>>>>::{closure#0}::{closure#0}::{closure#0}
[INFO] [stdout]                                at /opt/rustwide/cargo-home/registry/src/index.crates.io-1949cf8c6b5b557f/tokio-1.50.0/src/runtime/scheduler/current_thread/mod.rs:769:70
[INFO] [stdout]   26:     0x640c09abf6bb - tokio[27a97e29b16db782]::task::coop::with_budget::<core[8fb95b77d25ab6c8]::task::poll::Poll<()>, <tokio[27a97e29b16db782]::runtime::scheduler::current_thread::CoreGuard>::block_on<core[8fb95b77d25ab6c8]::pin::Pin<&mut core[8fb95b77d25ab6c8]::pin::Pin<&mut dyn core[8fb95b77d25ab6c8]::future::future::Future<Output = ()>>>>::{closure#0}::{closure#0}::{closure#0}>
[INFO] [stdout]                                at /opt/rustwide/cargo-home/registry/src/index.crates.io-1949cf8c6b5b557f/tokio-1.50.0/src/task/coop/mod.rs:167:5
[INFO] [stdout]   27:     0x640c09abf6bb - tokio[27a97e29b16db782]::task::coop::budget::<core[8fb95b77d25ab6c8]::task::poll::Poll<()>, <tokio[27a97e29b16db782]::runtime::scheduler::current_thread::CoreGuard>::block_on<core[8fb95b77d25ab6c8]::pin::Pin<&mut core[8fb95b77d25ab6c8]::pin::Pin<&mut dyn core[8fb95b77d25ab6c8]::future::future::Future<Output = ()>>>>::{closure#0}::{closure#0}::{closure#0}>
[INFO] [stdout]                                at /opt/rustwide/cargo-home/registry/src/index.crates.io-1949cf8c6b5b557f/tokio-1.50.0/src/task/coop/mod.rs:133:5
[INFO] [stdout]   28:     0x640c09abf6bb - <tokio[27a97e29b16db782]::runtime::scheduler::current_thread::CoreGuard>::block_on::<core[8fb95b77d25ab6c8]::pin::Pin<&mut core[8fb95b77d25ab6c8]::pin::Pin<&mut dyn core[8fb95b77d25ab6c8]::future::future::Future<Output = ()>>>>::{closure#0}::{closure#0}
[INFO] [stdout]                                at /opt/rustwide/cargo-home/registry/src/index.crates.io-1949cf8c6b5b557f/tokio-1.50.0/src/runtime/scheduler/current_thread/mod.rs:769:25
[INFO] [stdout]   29:     0x640c09aaa990 - <tokio[27a97e29b16db782]::runtime::scheduler::current_thread::Context>::enter::<core[8fb95b77d25ab6c8]::task::poll::Poll<()>, <tokio[27a97e29b16db782]::runtime::scheduler::current_thread::CoreGuard>::block_on<core[8fb95b77d25ab6c8]::pin::Pin<&mut core[8fb95b77d25ab6c8]::pin::Pin<&mut dyn core[8fb95b77d25ab6c8]::future::future::Future<Output = ()>>>>::{closure#0}::{closure#0}>
[INFO] [stdout]                                at /opt/rustwide/cargo-home/registry/src/index.crates.io-1949cf8c6b5b557f/tokio-1.50.0/src/runtime/scheduler/current_thread/mod.rs:446:19
[INFO] [stdout]   30:     0x640c09ab63cd - <tokio[27a97e29b16db782]::runtime::scheduler::current_thread::CoreGuard>::block_on::<core[8fb95b77d25ab6c8]::pin::Pin<&mut core[8fb95b77d25ab6c8]::pin::Pin<&mut dyn core[8fb95b77d25ab6c8]::future::future::Future<Output = ()>>>>::{closure#0}
[INFO] [stdout]                                at /opt/rustwide/cargo-home/registry/src/index.crates.io-1949cf8c6b5b557f/tokio-1.50.0/src/runtime/scheduler/current_thread/mod.rs:768:44
[INFO] [stdout]   31:     0x640c09ab5674 - <tokio[27a97e29b16db782]::runtime::scheduler::current_thread::CoreGuard>::enter::<<tokio[27a97e29b16db782]::runtime::scheduler::current_thread::CoreGuard>::block_on<core[8fb95b77d25ab6c8]::pin::Pin<&mut core[8fb95b77d25ab6c8]::pin::Pin<&mut dyn core[8fb95b77d25ab6c8]::future::future::Future<Output = ()>>>>::{closure#0}, core[8fb95b77d25ab6c8]::option::Option<()>>::{closure#0}
[INFO] [stdout]                                at /opt/rustwide/cargo-home/registry/src/index.crates.io-1949cf8c6b5b557f/tokio-1.50.0/src/runtime/scheduler/current_thread/mod.rs:856:68
[INFO] [stdout]   32:     0x640c09b9463b - <tokio[27a97e29b16db782]::runtime::context::scoped::Scoped<tokio[27a97e29b16db782]::runtime::scheduler::Context>>::set::<<tokio[27a97e29b16db782]::runtime::scheduler::current_thread::CoreGuard>::enter<<tokio[27a97e29b16db782]::runtime::scheduler::current_thread::CoreGuard>::block_on<core[8fb95b77d25ab6c8]::pin::Pin<&mut core[8fb95b77d25ab6c8]::pin::Pin<&mut dyn core[8fb95b77d25ab6c8]::future::future::Future<Output = ()>>>>::{closure#0}, core[8fb95b77d25ab6c8]::option::Option<()>>::{closure#0}, (alloc[a7ee25936407c584]::boxed::Box<tokio[27a97e29b16db782]::runtime::scheduler::current_thread::Core>, core[8fb95b77d25ab6c8]::option::Option<()>)>
[INFO] [stdout]                                at /opt/rustwide/cargo-home/registry/src/index.crates.io-1949cf8c6b5b557f/tokio-1.50.0/src/runtime/context/scoped.rs:40:9
[INFO] [stdout]   33:     0x640c09b1a319 - tokio[27a97e29b16db782]::runtime::context::set_scheduler::<(alloc[a7ee25936407c584]::boxed::Box<tokio[27a97e29b16db782]::runtime::scheduler::current_thread::Core>, core[8fb95b77d25ab6c8]::option::Option<()>), <tokio[27a97e29b16db782]::runtime::scheduler::current_thread::CoreGuard>::enter<<tokio[27a97e29b16db782]::runtime::scheduler::current_thread::CoreGuard>::block_on<core[8fb95b77d25ab6c8]::pin::Pin<&mut core[8fb95b77d25ab6c8]::pin::Pin<&mut dyn core[8fb95b77d25ab6c8]::future::future::Future<Output = ()>>>>::{closure#0}, core[8fb95b77d25ab6c8]::option::Option<()>>::{closure#0}>::{closure#0}
[INFO] [stdout]                                at /opt/rustwide/cargo-home/registry/src/index.crates.io-1949cf8c6b5b557f/tokio-1.50.0/src/runtime/context.rs:176:38
[INFO] [stdout]   34:     0x640c09a568d2 - <std[10d71ac2c42b111e]::thread::local::LocalKey<tokio[27a97e29b16db782]::runtime::context::Context>>::try_with::<tokio[27a97e29b16db782]::runtime::context::set_scheduler<(alloc[a7ee25936407c584]::boxed::Box<tokio[27a97e29b16db782]::runtime::scheduler::current_thread::Core>, core[8fb95b77d25ab6c8]::option::Option<()>), <tokio[27a97e29b16db782]::runtime::scheduler::current_thread::CoreGuard>::enter<<tokio[27a97e29b16db782]::runtime::scheduler::current_thread::CoreGuard>::block_on<core[8fb95b77d25ab6c8]::pin::Pin<&mut core[8fb95b77d25ab6c8]::pin::Pin<&mut dyn core[8fb95b77d25ab6c8]::future::future::Future<Output = ()>>>>::{closure#0}, core[8fb95b77d25ab6c8]::option::Option<()>>::{closure#0}>::{closure#0}, (alloc[a7ee25936407c584]::boxed::Box<tokio[27a97e29b16db782]::runtime::scheduler::current_thread::Core>, core[8fb95b77d25ab6c8]::option::Option<()>)>
[INFO] [stdout]                                at /rustc/b2282dd5646a57d570fc86fbe8df0e8826665ef6/library/std/src/thread/local.rs:462:12
[INFO] [stdout]   35:     0x640c09a5645e - <std[10d71ac2c42b111e]::thread::local::LocalKey<tokio[27a97e29b16db782]::runtime::context::Context>>::with::<tokio[27a97e29b16db782]::runtime::context::set_scheduler<(alloc[a7ee25936407c584]::boxed::Box<tokio[27a97e29b16db782]::runtime::scheduler::current_thread::Core>, core[8fb95b77d25ab6c8]::option::Option<()>), <tokio[27a97e29b16db782]::runtime::scheduler::current_thread::CoreGuard>::enter<<tokio[27a97e29b16db782]::runtime::scheduler::current_thread::CoreGuard>::block_on<core[8fb95b77d25ab6c8]::pin::Pin<&mut core[8fb95b77d25ab6c8]::pin::Pin<&mut dyn core[8fb95b77d25ab6c8]::future::future::Future<Output = ()>>>>::{closure#0}, core[8fb95b77d25ab6c8]::option::Option<()>>::{closure#0}>::{closure#0}, (alloc[a7ee25936407c584]::boxed::Box<tokio[27a97e29b16db782]::runtime::scheduler::current_thread::Core>, core[8fb95b77d25ab6c8]::option::Option<()>)>
[INFO] [stdout]                                at /rustc/b2282dd5646a57d570fc86fbe8df0e8826665ef6/library/std/src/thread/local.rs:426:20
[INFO] [stdout]   36:     0x640c09b0d3ed - tokio[27a97e29b16db782]::runtime::context::set_scheduler::<(alloc[a7ee25936407c584]::boxed::Box<tokio[27a97e29b16db782]::runtime::scheduler::current_thread::Core>, core[8fb95b77d25ab6c8]::option::Option<()>), <tokio[27a97e29b16db782]::runtime::scheduler::current_thread::CoreGuard>::enter<<tokio[27a97e29b16db782]::runtime::scheduler::current_thread::CoreGuard>::block_on<core[8fb95b77d25ab6c8]::pin::Pin<&mut core[8fb95b77d25ab6c8]::pin::Pin<&mut dyn core[8fb95b77d25ab6c8]::future::future::Future<Output = ()>>>>::{closure#0}, core[8fb95b77d25ab6c8]::option::Option<()>>::{closure#0}>
[INFO] [stdout]                                at /opt/rustwide/cargo-home/registry/src/index.crates.io-1949cf8c6b5b557f/tokio-1.50.0/src/runtime/context.rs:176:17
[INFO] [stdout]   37:     0x640c09aaf4d0 - <tokio[27a97e29b16db782]::runtime::scheduler::current_thread::CoreGuard>::enter::<<tokio[27a97e29b16db782]::runtime::scheduler::current_thread::CoreGuard>::block_on<core[8fb95b77d25ab6c8]::pin::Pin<&mut core[8fb95b77d25ab6c8]::pin::Pin<&mut dyn core[8fb95b77d25ab6c8]::future::future::Future<Output = ()>>>>::{closure#0}, core[8fb95b77d25ab6c8]::option::Option<()>>
[INFO] [stdout]                                at /opt/rustwide/cargo-home/registry/src/index.crates.io-1949cf8c6b5b557f/tokio-1.50.0/src/runtime/scheduler/current_thread/mod.rs:856:27
[INFO] [stdout]   38:     0x640c09aaf7c6 - <tokio[27a97e29b16db782]::runtime::scheduler::current_thread::CoreGuard>::block_on::<core[8fb95b77d25ab6c8]::pin::Pin<&mut core[8fb95b77d25ab6c8]::pin::Pin<&mut dyn core[8fb95b77d25ab6c8]::future::future::Future<Output = ()>>>>
[INFO] [stdout]                                at /opt/rustwide/cargo-home/registry/src/index.crates.io-1949cf8c6b5b557f/tokio-1.50.0/src/runtime/scheduler/current_thread/mod.rs:756:24
[INFO] [stdout]   39:     0x640c09ab5180 - <tokio[27a97e29b16db782]::runtime::scheduler::current_thread::CurrentThread>::block_on::<core[8fb95b77d25ab6c8]::pin::Pin<&mut dyn core[8fb95b77d25ab6c8]::future::future::Future<Output = ()>>>::{closure#0}
[INFO] [stdout]                                at /opt/rustwide/cargo-home/registry/src/index.crates.io-1949cf8c6b5b557f/tokio-1.50.0/src/runtime/scheduler/current_thread/mod.rs:200:33
[INFO] [stdout]   40:     0x640c09b0dea3 - tokio[27a97e29b16db782]::runtime::context::runtime::enter_runtime::<<tokio[27a97e29b16db782]::runtime::scheduler::current_thread::CurrentThread>::block_on<core[8fb95b77d25ab6c8]::pin::Pin<&mut dyn core[8fb95b77d25ab6c8]::future::future::Future<Output = ()>>>::{closure#0}, ()>
[INFO] [stdout]                                at /opt/rustwide/cargo-home/registry/src/index.crates.io-1949cf8c6b5b557f/tokio-1.50.0/src/runtime/context/runtime.rs:65:16
[INFO] [stdout]   41:     0x640c09aa9ce1 - <tokio[27a97e29b16db782]::runtime::scheduler::current_thread::CurrentThread>::block_on::<core[8fb95b77d25ab6c8]::pin::Pin<&mut dyn core[8fb95b77d25ab6c8]::future::future::Future<Output = ()>>>
[INFO] [stdout]                                at /opt/rustwide/cargo-home/registry/src/index.crates.io-1949cf8c6b5b557f/tokio-1.50.0/src/runtime/scheduler/current_thread/mod.rs:188:9
[INFO] [stdout]   42:     0x640c09a3e6a4 - <tokio[27a97e29b16db782]::runtime::runtime::Runtime>::block_on_inner::<core[8fb95b77d25ab6c8]::pin::Pin<&mut dyn core[8fb95b77d25ab6c8]::future::future::Future<Output = ()>>>
[INFO] [stdout]                                at /opt/rustwide/cargo-home/registry/src/index.crates.io-1949cf8c6b5b557f/tokio-1.50.0/src/runtime/runtime.rs:371:52
[INFO] [stdout]   43:     0x640c09a3e86f - <tokio[27a97e29b16db782]::runtime::runtime::Runtime>::block_on::<core[8fb95b77d25ab6c8]::pin::Pin<&mut dyn core[8fb95b77d25ab6c8]::future::future::Future<Output = ()>>>
[INFO] [stdout]                                at /opt/rustwide/cargo-home/registry/src/index.crates.io-1949cf8c6b5b557f/tokio-1.50.0/src/runtime/runtime.rs:345:18
[INFO] [stdout]   44:     0x640c09b913e2 - e2e_safe[d96d61c68aa5685]::safe_execute_deployment_runs_single_and_batched_foundry_calls
[INFO] [stdout]                                at /opt/rustwide/workdir/tests/e2e_safe.rs:307:6
[INFO] [stdout]   45:     0x640c09b87507 - e2e_safe[d96d61c68aa5685]::safe_execute_deployment_runs_single_and_batched_foundry_calls::{closure#0}
[INFO] [stdout]                                at /opt/rustwide/workdir/tests/e2e_safe.rs:244:73
[INFO] [stdout]   46:     0x640c09b71336 - <e2e_safe[d96d61c68aa5685]::safe_execute_deployment_runs_single_and_batched_foundry_calls::{closure#0} as core[8fb95b77d25ab6c8]::ops::function::FnOnce<()>>::call_once
[INFO] [stdout]                                at /rustc/b2282dd5646a57d570fc86fbe8df0e8826665ef6/library/core/src/ops/function.rs:250:5
[INFO] [stdout]   47:     0x640c09baf21b - <fn() -> core[8fb95b77d25ab6c8]::result::Result<(), alloc[a7ee25936407c584]::string::String> as core[8fb95b77d25ab6c8]::ops::function::FnOnce<()>>::call_once
[INFO] [stdout]                                at /rustc/b2282dd5646a57d570fc86fbe8df0e8826665ef6/library/core/src/ops/function.rs:250:5
[INFO] [stdout]   48:     0x640c09baf21b - test[213991da798b1c03]::__rust_begin_short_backtrace::<core[8fb95b77d25ab6c8]::result::Result<(), alloc[a7ee25936407c584]::string::String>, fn() -> core[8fb95b77d25ab6c8]::result::Result<(), alloc[a7ee25936407c584]::string::String>>
[INFO] [stdout]                                at /rustc/b2282dd5646a57d570fc86fbe8df0e8826665ef6/library/test/src/lib.rs:724:18
[INFO] [stdout]   49:     0x640c09bbca95 - test[213991da798b1c03]::run_test_in_process::{closure#0}
[INFO] [stdout]                                at /rustc/b2282dd5646a57d570fc86fbe8df0e8826665ef6/library/test/src/lib.rs:747:74
[INFO] [stdout]   50:     0x640c09bbca95 - <core[8fb95b77d25ab6c8]::panic::unwind_safe::AssertUnwindSafe<test[213991da798b1c03]::run_test_in_process::{closure#0}> as core[8fb95b77d25ab6c8]::ops::function::FnOnce<()>>::call_once
[INFO] [stdout]                                at /rustc/b2282dd5646a57d570fc86fbe8df0e8826665ef6/library/core/src/panic/unwind_safe.rs:275:9
[INFO] [stdout]   51:     0x640c09bbca95 - std[10d71ac2c42b111e]::panicking::catch_unwind::do_call::<core[8fb95b77d25ab6c8]::panic::unwind_safe::AssertUnwindSafe<test[213991da798b1c03]::run_test_in_process::{closure#0}>, core[8fb95b77d25ab6c8]::result::Result<(), alloc[a7ee25936407c584]::string::String>>
[INFO] [stdout]                                at /rustc/b2282dd5646a57d570fc86fbe8df0e8826665ef6/library/std/src/panicking.rs:581:40
[INFO] [stdout]   52:     0x640c09bbca95 - std[10d71ac2c42b111e]::panicking::catch_unwind::<core[8fb95b77d25ab6c8]::result::Result<(), alloc[a7ee25936407c584]::string::String>, core[8fb95b77d25ab6c8]::panic::unwind_safe::AssertUnwindSafe<test[213991da798b1c03]::run_test_in_process::{closure#0}>>
[INFO] [stdout]                                at /rustc/b2282dd5646a57d570fc86fbe8df0e8826665ef6/library/std/src/panicking.rs:544:19
[INFO] [stdout]   53:     0x640c09bbca95 - std[10d71ac2c42b111e]::panic::catch_unwind::<core[8fb95b77d25ab6c8]::panic::unwind_safe::AssertUnwindSafe<test[213991da798b1c03]::run_test_in_process::{closure#0}>, core[8fb95b77d25ab6c8]::result::Result<(), alloc[a7ee25936407c584]::string::String>>
[INFO] [stdout]                                at /rustc/b2282dd5646a57d570fc86fbe8df0e8826665ef6/library/std/src/panic.rs:359:14
[INFO] [stdout]   54:     0x640c09bbca95 - test[213991da798b1c03]::run_test_in_process
[INFO] [stdout]                                at /rustc/b2282dd5646a57d570fc86fbe8df0e8826665ef6/library/test/src/lib.rs:747:27
[INFO] [stdout]   55:     0x640c09bbca95 - test[213991da798b1c03]::run_test::{closure#0}
[INFO] [stdout]                                at /rustc/b2282dd5646a57d570fc86fbe8df0e8826665ef6/library/test/src/lib.rs:668:43
[INFO] [stdout]   56:     0x640c09bb63a4 - test[213991da798b1c03]::run_test::{closure#1}
[INFO] [stdout]                                at /rustc/b2282dd5646a57d570fc86fbe8df0e8826665ef6/library/test/src/lib.rs:698:41
[INFO] [stdout]   57:     0x640c09bb63a4 - std[10d71ac2c42b111e]::sys::backtrace::__rust_begin_short_backtrace::<test[213991da798b1c03]::run_test::{closure#1}, ()>
[INFO] [stdout]                                at /rustc/b2282dd5646a57d570fc86fbe8df0e8826665ef6/library/std/src/sys/backtrace.rs:166:18
[INFO] [stdout]   58:     0x640c09bbfb12 - std[10d71ac2c42b111e]::thread::lifecycle::spawn_unchecked::<test[213991da798b1c03]::run_test::{closure#1}, ()>::{closure#1}::{closure#0}
[INFO] [stdout]                                at /rustc/b2282dd5646a57d570fc86fbe8df0e8826665ef6/library/std/src/thread/lifecycle.rs:70:13
[INFO] [stdout]   59:     0x640c09bbfb12 - <core[8fb95b77d25ab6c8]::panic::unwind_safe::AssertUnwindSafe<std[10d71ac2c42b111e]::thread::lifecycle::spawn_unchecked<test[213991da798b1c03]::run_test::{closure#1}, ()>::{closure#1}::{closure#0}> as core[8fb95b77d25ab6c8]::ops::function::FnOnce<()>>::call_once
[INFO] [stdout]                                at /rustc/b2282dd5646a57d570fc86fbe8df0e8826665ef6/library/core/src/panic/unwind_safe.rs:275:9
[INFO] [stdout]   60:     0x640c09bbfb12 - std[10d71ac2c42b111e]::panicking::catch_unwind::do_call::<core[8fb95b77d25ab6c8]::panic::unwind_safe::AssertUnwindSafe<std[10d71ac2c42b111e]::thread::lifecycle::spawn_unchecked<test[213991da798b1c03]::run_test::{closure#1}, ()>::{closure#1}::{closure#0}>, ()>
[INFO] [stdout]                                at /rustc/b2282dd5646a57d570fc86fbe8df0e8826665ef6/library/std/src/panicking.rs:581:40
[INFO] [stdout]   61:     0x640c09bbfb12 - std[10d71ac2c42b111e]::panicking::catch_unwind::<(), core[8fb95b77d25ab6c8]::panic::unwind_safe::AssertUnwindSafe<std[10d71ac2c42b111e]::thread::lifecycle::spawn_unchecked<test[213991da798b1c03]::run_test::{closure#1}, ()>::{closure#1}::{closure#0}>>
[INFO] [stdout]                                at /rustc/b2282dd5646a57d570fc86fbe8df0e8826665ef6/library/std/src/panicking.rs:544:19
[INFO] [stdout]   62:     0x640c09bbfb12 - std[10d71ac2c42b111e]::panic::catch_unwind::<core[8fb95b77d25ab6c8]::panic::unwind_safe::AssertUnwindSafe<std[10d71ac2c42b111e]::thread::lifecycle::spawn_unchecked<test[213991da798b1c03]::run_test::{closure#1}, ()>::{closure#1}::{closure#0}>, ()>
[INFO] [stdout]                                at /rustc/b2282dd5646a57d570fc86fbe8df0e8826665ef6/library/std/src/panic.rs:359:14
[INFO] [stdout]   63:     0x640c09bbfb12 - std[10d71ac2c42b111e]::thread::lifecycle::spawn_unchecked::<test[213991da798b1c03]::run_test::{closure#1}, ()>::{closure#1}
[INFO] [stdout]                                at /rustc/b2282dd5646a57d570fc86fbe8df0e8826665ef6/library/std/src/thread/lifecycle.rs:68:26
[INFO] [stdout]   64:     0x640c09bbfb12 - <std[10d71ac2c42b111e]::thread::lifecycle::spawn_unchecked<test[213991da798b1c03]::run_test::{closure#1}, ()>::{closure#1} as core[8fb95b77d25ab6c8]::ops::function::FnOnce<()>>::call_once::{shim:vtable#0}
[INFO] [stdout]                                at /rustc/b2282dd5646a57d570fc86fbe8df0e8826665ef6/library/core/src/ops/function.rs:250:5
[INFO] [stdout]   65:     0x640c0a40d24f - <alloc[a7ee25936407c584]::boxed::Box<dyn core[8fb95b77d25ab6c8]::ops::function::FnOnce<(), Output = ()> + core[8fb95b77d25ab6c8]::marker::Send> as core[8fb95b77d25ab6c8]::ops::function::FnOnce<()>>::call_once
[INFO] [stdout]                                at /rustc/b2282dd5646a57d570fc86fbe8df0e8826665ef6/library/alloc/src/boxed.rs:2275:9
[INFO] [stdout]   66:     0x640c0a40d24f - <std[10d71ac2c42b111e]::sys::thread::unix::Thread>::new::thread_start
[INFO] [stdout]                                at /rustc/b2282dd5646a57d570fc86fbe8df0e8826665ef6/library/std/src/sys/thread/unix.rs:118:17
[INFO] [stdout]   67:     0x7868c318aaa4 - <unknown>
[INFO] [stdout]   68:     0x7868c3217a64 - clone
[INFO] [stdout]   69:                0x0 - <unknown>
[INFO] [stdout] 
[INFO] [stdout] 
[INFO] [stdout] failures:
[INFO] [stdout]     safe_eoa_contract_and_approved_hash_signatures_execute_successfully
[INFO] [stdout]     safe_execute_deployment_runs_single_and_batched_foundry_calls
[INFO] [stdout] 
[INFO] [stdout] test result: FAILED. 0 passed; 2 failed; 0 ignored; 0 measured; 0 filtered out; finished in 0.15s
[INFO] [stdout] 
[INFO] [stderr] error: test failed, to rerun pass `--test e2e_safe`
[INFO] running `Command { std: "docker" "inspect" "c3a952dc10c3ca5f24d7bad178db5952e7be098fb19e97e5252ae6c638afb63b", kill_on_drop: false }`
[INFO] running `Command { std: "docker" "rm" "-f" "c3a952dc10c3ca5f24d7bad178db5952e7be098fb19e97e5252ae6c638afb63b", kill_on_drop: false }`
[INFO] [stdout] c3a952dc10c3ca5f24d7bad178db5952e7be098fb19e97e5252ae6c638afb63b
