[INFO] cloning repository https://github.com/scanner-inc/sqlx
[INFO] running `Command { std: "git" "-c" "credential.helper=" "-c" "credential.helper=/workspace/cargo-home/bin/git-credential-null" "clone" "--bare" "https://github.com/scanner-inc/sqlx" "/workspace/cache/git-repos/https%3A%2F%2Fgithub.com%2Fscanner-inc%2Fsqlx", kill_on_drop: false }`
[INFO] [stderr] Cloning into bare repository '/workspace/cache/git-repos/https%3A%2F%2Fgithub.com%2Fscanner-inc%2Fsqlx'...
[INFO] running `Command { std: "git" "rev-parse" "HEAD", kill_on_drop: false }`
[INFO] [stdout] b5262901682b7b851e801b136fddbf3385dba16d
[INFO] testing scanner-inc/sqlx against 1.97.0-beta.6 for beta-1.98-2
[INFO] running `Command { std: "git" "clone" "/workspace/cache/git-repos/https%3A%2F%2Fgithub.com%2Fscanner-inc%2Fsqlx" "/workspace/builds/worker-4-tc1/source", kill_on_drop: false }`
[INFO] [stderr] Cloning into '/workspace/builds/worker-4-tc1/source'...
[INFO] [stderr] done.
[INFO] removed /workspace/builds/worker-4-tc1/source/rust-toolchain.toml
[INFO] started tweaking git repo https://github.com/scanner-inc/sqlx
[INFO] removed 0 missing tests
[INFO] finished tweaking git repo https://github.com/scanner-inc/sqlx
[INFO] tweaked toml for git repo https://github.com/scanner-inc/sqlx written to /workspace/builds/worker-4-tc1/source/Cargo.toml
[INFO] validating manifest of git repo https://github.com/scanner-inc/sqlx on toolchain 1.97.0-beta.6
[INFO] running `Command { std: CARGO_HOME="/workspace/cargo-home" RUSTUP_HOME="/workspace/rustup-home" "/workspace/cargo-home/bin/cargo" "+1.97.0-beta.6" "metadata" "--manifest-path" "Cargo.toml" "--no-deps", kill_on_drop: false }`
[INFO] crate git repo https://github.com/scanner-inc/sqlx already has a lockfile, it will not be regenerated
[INFO] running `Command { std: CARGO_HOME="/workspace/cargo-home" RUSTUP_HOME="/workspace/rustup-home" "/workspace/cargo-home/bin/cargo" "+1.97.0-beta.6" "fetch" "--manifest-path" "Cargo.toml", kill_on_drop: false }`
[INFO] [stderr] warning: /workspace/builds/worker-4-tc1/source/Cargo.toml: file `/workspace/builds/worker-4-tc1/source/tests/sqlite/macros.rs` found to be present in multiple build targets:
[INFO] [stderr]   * `integration-test` target `sqlite-macros`
[INFO] [stderr]   * `integration-test` target `sqlite-unbundled-macros`
[INFO] [stderr]     Updating crates.io index
[INFO] [stderr]     Blocking waiting for file lock on package cache
[INFO] [stderr]  Downloading crates ...
[INFO] [stderr]   Downloaded sval_serde v2.13.2
[INFO] [stderr]   Downloaded anstyle-wincon v3.0.6
[INFO] [stderr]   Downloaded sval_fmt v2.13.2
[INFO] [stderr]   Downloaded sval_dynamic v2.13.2
[INFO] [stderr]   Downloaded value-bag-serde1 v1.10.0
[INFO] [stderr]   Downloaded target-triple v0.1.3
[INFO] [stderr]   Downloaded sval_ref v2.13.2
[INFO] [stderr]   Downloaded serde_fmt v1.0.3
[INFO] [stderr]   Downloaded value-bag-sval2 v1.10.0
[INFO] [stderr]   Downloaded time-macros v0.2.19
[INFO] [stderr]   Downloaded sval_json v2.13.2
[INFO] [stderr]   Downloaded thiserror-impl v2.0.11
[INFO] [stderr]   Downloaded sval_nested v2.13.2
[INFO] [stderr]   Downloaded sval v2.13.2
[INFO] [stderr]   Downloaded cmake v0.1.52
[INFO] [stderr]   Downloaded value-bag v1.10.0
[INFO] [stderr]   Downloaded uuid v1.11.1
[INFO] [stderr]   Downloaded trybuild v1.0.101
[INFO] [stderr]   Downloaded tempfile v3.15.0
[INFO] [stderr]   Downloaded bitflags v2.7.0
[INFO] [stderr]   Downloaded winnow v0.6.24
[INFO] [stderr]   Downloaded sval_buffer v2.13.2
[INFO] [stderr]   Downloaded thiserror v2.0.11
[INFO] [stderr]   Downloaded borsh-derive v1.5.3
[INFO] [stderr]   Downloaded wasm-bindgen-shared v0.2.99
[INFO] [stderr]   Downloaded rustls-pki-types v1.10.1
[INFO] [stderr]   Downloaded wasm-bindgen-macro v0.2.99
[INFO] [stderr]   Downloaded wasm-bindgen-futures v0.4.49
[INFO] [stderr]   Downloaded anyhow v1.0.95
[INFO] [stderr]   Downloaded tinyvec v1.8.1
[INFO] [stderr]   Downloaded wasm-bindgen-macro-support v0.2.99
[INFO] [stderr]   Downloaded wasm-bindgen-backend v0.2.99
[INFO] [stderr]   Downloaded log v0.4.24
[INFO] [stderr]   Downloaded prettyplease v0.2.27
[INFO] [stderr]   Downloaded saturating v0.1.0
[INFO] [stderr]   Downloaded btoi v0.5.0
[INFO] [stderr]   Downloaded borsh v1.5.3
[INFO] [stderr]   Downloaded whoami v1.5.2
[INFO] [stderr]   Downloaded oorandom v11.1.4
[INFO] [stderr]   Downloaded is-terminal v0.4.13
[INFO] [stderr]   Downloaded js-sys v0.3.76
[INFO] [stderr]   Downloaded clap_derive v4.5.24
[INFO] [stderr]   Downloaded indexmap v2.7.0
[INFO] [stderr]   Downloaded cc v1.2.8
[INFO] [stderr]   Downloaded wasm-bindgen v0.2.99
[INFO] [stderr]   Downloaded stability v0.2.1
[INFO] [stderr]   Downloaded time v0.3.37
[INFO] [stderr]   Downloaded rust_decimal v1.36.0
[INFO] [stderr]   Downloaded libm v0.2.11
[INFO] [stderr]   Downloaded bigdecimal v0.4.7
[INFO] [stderr]   Downloaded rsa v0.9.7
[INFO] [stderr]   Downloaded clap v4.5.26
[INFO] [stderr]   Downloaded async-trait v0.1.85
[INFO] [stderr]   Downloaded serde_json v1.0.135
[INFO] [stderr]   Downloaded syn v2.0.96
[INFO] [stderr]   Downloaded validator v0.16.1
[INFO] [stderr]   Downloaded aws-lc-rs v1.12.0
[INFO] [stderr]   Downloaded pin-project-internal v1.1.8
[INFO] [stderr]   Downloaded webpki-roots v0.26.7
[INFO] [stderr]   Downloaded crossterm v0.27.0
[INFO] [stderr]   Downloaded pin-project v1.1.8
[INFO] [stderr]   Downloaded chrono v0.4.39
[INFO] [stderr]   Downloaded async-std v1.13.0
[INFO] [stderr]   Downloaded clap_builder v4.5.26
[INFO] [stderr]   Downloaded mysql_common v0.37.1
[INFO] [stderr]   Downloaded rustix v0.38.43
[INFO] [stderr]   Downloaded rustls v0.23.21
[INFO] [stderr]   Downloaded ratatui v0.27.0
[INFO] [stderr]   Downloaded axum-macros v0.2.3
[INFO] [stderr]   Downloaded web-sys v0.3.76
[INFO] [stderr]   Downloaded tokio v1.43.0
[INFO] [stderr]   Downloaded argon2 v0.4.1
[INFO] [stderr]   Downloaded cargo-platform v0.1.9
[INFO] [stderr]   Downloaded console v0.15.10
[INFO] [stderr]   Downloaded clap_complete v4.5.42
[INFO] [stderr]   Downloaded semver v1.0.24
[INFO] [stderr]   Downloaded cargo_metadata v0.18.1
[INFO] [stderr]   Downloaded predicates v3.1.3
[INFO] [stderr]   Downloaded aws-lc-sys v0.24.1
[INFO] [stderr]   Downloaded openssl-src v300.4.1+3.4.0
[INFO] running `Command { std: "docker" "create" "-v" "/var/lib/crater-agent-workspace/builds/worker-4-tc1/source:/opt/rustwide/workdir:ro,Z" "-v" "/var/lib/crater-agent-workspace/builds/worker-4-tc1/target:/opt/rustwide/target:rw,Z" "-v" "/var/lib/crater-agent-workspace/cargo-home:/opt/rustwide/cargo-home:ro,Z" "-v" "/var/lib/crater-agent-workspace/rustup-home:/opt/rustwide/rustup-home:ro,Z" "-m" "1610612736" "--network" "none" "ghcr.io/rust-lang/crates-build-env/linux@sha256:3d5ced03c013a94a2f102a4510f48a6e9184255caf5fd8244f58017bde7f5210" "sleep" "infinity", kill_on_drop: false }`
[INFO] [stdout] 51133362f4cbc32bcb34056e89115b1500a47f8cb0663d262f105bb0a27b647d
[INFO] running `Command { std: "docker" "start" "51133362f4cbc32bcb34056e89115b1500a47f8cb0663d262f105bb0a27b647d", kill_on_drop: false }`
[INFO] running `Command { std: "docker" "inspect" "51133362f4cbc32bcb34056e89115b1500a47f8cb0663d262f105bb0a27b647d", kill_on_drop: false }`
[INFO] running `Command { std: "docker" "exec" "-e" "SOURCE_DIR=/opt/rustwide/workdir" "-e" "CARGO_HOME=/opt/rustwide/cargo-home" "-e" "RUSTUP_HOME=/opt/rustwide/rustup-home" "-e" "CARGO_TARGET_DIR=/opt/rustwide/target" "-w" "/opt/rustwide/workdir" "--user" "0:0" "51133362f4cbc32bcb34056e89115b1500a47f8cb0663d262f105bb0a27b647d" "/opt/rustwide/cargo-home/bin/cargo" "+1.97.0-beta.6" "metadata" "--no-deps" "--format-version=1", kill_on_drop: false }`
[INFO] running `Command { std: "docker" "inspect" "51133362f4cbc32bcb34056e89115b1500a47f8cb0663d262f105bb0a27b647d", kill_on_drop: false }`
[INFO] running `Command { std: "docker" "exec" "-e" "SOURCE_DIR=/opt/rustwide/workdir" "-e" "CARGO_HOME=/opt/rustwide/cargo-home" "-e" "RUSTUP_HOME=/opt/rustwide/rustup-home" "-e" "CARGO_TARGET_DIR=/opt/rustwide/target" "-e" "CARGO_INCREMENTAL=0" "-e" "RUST_BACKTRACE=full" "-e" "RUSTFLAGS=--cap-lints=warn" "-e" "RUSTDOCFLAGS=--cap-lints=warn" "-w" "/opt/rustwide/workdir" "--user" "0:0" "51133362f4cbc32bcb34056e89115b1500a47f8cb0663d262f105bb0a27b647d" "/opt/rustwide/cargo-home/bin/cargo" "+1.97.0-beta.6" "build" "--frozen" "--message-format=json", kill_on_drop: false }`
[INFO] [stderr] warning: /opt/rustwide/workdir/Cargo.toml: file `/opt/rustwide/workdir/tests/sqlite/macros.rs` found to be present in multiple build targets:
[INFO] [stderr]   * `integration-test` target `sqlite-macros`
[INFO] [stderr]   * `integration-test` target `sqlite-unbundled-macros`
[INFO] [stderr]    Compiling proc-macro2 v1.0.93
[INFO] [stderr]    Compiling stable_deref_trait v1.2.0
[INFO] [stderr]    Compiling litemap v0.7.4
[INFO] [stderr]    Compiling writeable v0.5.5
[INFO] [stderr]    Compiling smallvec v1.13.2
[INFO] [stderr]    Compiling icu_locid_transform_data v1.5.0
[INFO] [stderr]    Compiling libc v0.2.169
[INFO] [stderr]    Compiling icu_properties_data v1.5.0
[INFO] [stderr]    Compiling write16 v1.0.0
[INFO] [stderr]    Compiling utf16_iter v1.0.5
[INFO] [stderr]    Compiling icu_normalizer_data v1.5.0
[INFO] [stderr]    Compiling serde v1.0.217
[INFO] [stderr]    Compiling foldhash v0.1.4
[INFO] [stderr]    Compiling serde_json v1.0.135
[INFO] [stderr]    Compiling thiserror v2.0.11
[INFO] [stderr]    Compiling futures-core v0.3.31
[INFO] [stderr]    Compiling percent-encoding v2.3.1
[INFO] [stderr]    Compiling crypto-common v0.1.6
[INFO] [stderr]    Compiling concurrent-queue v2.5.0
[INFO] [stderr]    Compiling futures-sink v0.3.31
[INFO] [stderr]    Compiling log v0.4.24
[INFO] [stderr]    Compiling crc v3.2.1
[INFO] [stderr]    Compiling crossbeam-queue v0.3.12
[INFO] [stderr]    Compiling base64 v0.22.1
[INFO] [stderr]    Compiling futures-util v0.3.31
[INFO] [stderr]    Compiling hashbrown v0.15.2
[INFO] [stderr]    Compiling form_urlencoded v1.2.1
[INFO] [stderr]    Compiling event-listener v5.4.0
[INFO] [stderr]    Compiling digest v0.10.7
[INFO] [stderr]    Compiling dotenvy v0.15.7
[INFO] [stderr]    Compiling hex v0.4.3
[INFO] [stderr]    Compiling sha2 v0.10.8
[INFO] [stderr]    Compiling quote v1.0.38
[INFO] [stderr]    Compiling syn v2.0.96
[INFO] [stderr]    Compiling parking_lot_core v0.9.10
[INFO] [stderr]    Compiling indexmap v2.7.0
[INFO] [stderr]    Compiling hashlink v0.10.0
[INFO] [stderr]    Compiling parking_lot v0.12.3
[INFO] [stderr]    Compiling futures-intrusive v0.5.0
[INFO] [stderr]    Compiling synstructure v0.13.1
[INFO] [stderr]    Compiling zerofrom-derive v0.1.5
[INFO] [stderr]    Compiling yoke-derive v0.7.5
[INFO] [stderr]    Compiling zerovec-derive v0.10.3
[INFO] [stderr]    Compiling displaydoc v0.2.5
[INFO] [stderr]    Compiling icu_provider_macros v1.5.0
[INFO] [stderr]    Compiling serde_derive v1.0.217
[INFO] [stderr]    Compiling thiserror-impl v2.0.11
[INFO] [stderr]    Compiling tracing-attributes v0.1.28
[INFO] [stderr]    Compiling zerofrom v0.1.5
[INFO] [stderr]    Compiling yoke v0.7.5
[INFO] [stderr]    Compiling tracing v0.1.41
[INFO] [stderr]    Compiling zerovec v0.10.4
[INFO] [stderr]    Compiling tinystr v0.7.6
[INFO] [stderr]    Compiling icu_collections v1.5.0
[INFO] [stderr]    Compiling icu_locid v1.5.0
[INFO] [stderr]    Compiling icu_provider v1.5.0
[INFO] [stderr]    Compiling icu_locid_transform v1.5.0
[INFO] [stderr]    Compiling icu_properties v1.5.1
[INFO] [stderr]    Compiling either v1.13.0
[INFO] [stderr]    Compiling icu_normalizer v1.5.0
[INFO] [stderr]    Compiling idna_adapter v1.2.0
[INFO] [stderr]    Compiling idna v1.0.3
[INFO] [stderr]    Compiling url v2.5.4
[INFO] [stderr]    Compiling sqlx-core v0.8.6 (/opt/rustwide/workdir/sqlx-core)
[INFO] [stdout] warning: eliding a lifetime that's named elsewhere is confusing
[INFO] [stdout]    --> sqlx-core/src/query.rs:502:48
[INFO] [stdout]     |
[INFO] [stdout] 501 |     statement: &'q DB::Statement<'q>,
[INFO] [stdout]     |                 --               -- the lifetime is named here
[INFO] [stdout]     |                 |
[INFO] [stdout]     |                 the lifetime is named here
[INFO] [stdout] 502 | ) -> Query<'q, DB, <DB as Database>::Arguments<'_>>
[INFO] [stdout]     |            -- the same lifetime is named here  ^^ the same lifetime is elided here
[INFO] [stdout]     |
[INFO] [stdout]     = help: the same lifetime is referred to in inconsistent ways, making the signature confusing
[INFO] [stdout]     = note: `#[warn(mismatched_lifetime_syntaxes)]` on by default
[INFO] [stdout] help: consistently use `'q`
[INFO] [stdout]     |
[INFO] [stdout] 502 - ) -> Query<'q, DB, <DB as Database>::Arguments<'_>>
[INFO] [stdout] 502 + ) -> Query<'q, DB, <DB as Database>::Arguments<'q>>
[INFO] [stdout]     |
[INFO] [stdout] 
[INFO] [stdout] 
[INFO] [stdout] warning: eliding a lifetime that's named elsewhere is confusing
[INFO] [stdout]    --> sqlx-core/src/query.rs:502:48
[INFO] [stdout]     |
[INFO] [stdout] 501 |     statement: &'q DB::Statement<'q>,
[INFO] [stdout]     |                 --               -- the lifetime is named here
[INFO] [stdout]     |                 |
[INFO] [stdout]     |                 the lifetime is named here
[INFO] [stdout] 502 | ) -> Query<'q, DB, <DB as Database>::Arguments<'_>>
[INFO] [stdout]     |            -- the same lifetime is named here  ^^ the same lifetime is elided here
[INFO] [stdout]     |
[INFO] [stdout]     = help: the same lifetime is referred to in inconsistent ways, making the signature confusing
[INFO] [stdout]     = note: `#[warn(mismatched_lifetime_syntaxes)]` on by default
[INFO] [stdout] help: consistently use `'q`
[INFO] [stdout]     |
[INFO] [stdout] 502 - ) -> Query<'q, DB, <DB as Database>::Arguments<'_>>
[INFO] [stdout] 502 + ) -> Query<'q, DB, <DB as Database>::Arguments<'q>>
[INFO] [stdout]     |
[INFO] [stdout] 
[INFO] [stdout] 
[INFO] [stdout] warning: eliding a lifetime that's named elsewhere is confusing
[INFO] [stdout]    --> sqlx-core/src/query_as.rs:389:53
[INFO] [stdout]     |
[INFO] [stdout] 388 |     statement: &'q DB::Statement<'q>,
[INFO] [stdout]     |                 --               -- the lifetime is named here
[INFO] [stdout]     |                 |
[INFO] [stdout]     |                 the lifetime is named here
[INFO] [stdout] 389 | ) -> QueryAs<'q, DB, O, <DB as Database>::Arguments<'_>>
[INFO] [stdout]     |              -- the same lifetime is named here     ^^ the same lifetime is elided here
[INFO] [stdout]     |
[INFO] [stdout]     = help: the same lifetime is referred to in inconsistent ways, making the signature confusing
[INFO] [stdout] help: consistently use `'q`
[INFO] [stdout]     |
[INFO] [stdout] 389 - ) -> QueryAs<'q, DB, O, <DB as Database>::Arguments<'_>>
[INFO] [stdout] 389 + ) -> QueryAs<'q, DB, O, <DB as Database>::Arguments<'q>>
[INFO] [stdout]     |
[INFO] [stdout] 
[INFO] [stdout] 
[INFO] [stdout] warning: eliding a lifetime that's named elsewhere is confusing
[INFO] [stdout]    --> sqlx-core/src/query_scalar.rs:368:57
[INFO] [stdout]     |
[INFO] [stdout] 367 |     statement: &'q DB::Statement<'q>,
[INFO] [stdout]     |                 --               -- the lifetime is named here
[INFO] [stdout]     |                 |
[INFO] [stdout]     |                 the lifetime is named here
[INFO] [stdout] 368 | ) -> QueryScalar<'q, DB, O, <DB as Database>::Arguments<'_>>
[INFO] [stdout]     |                  -- the same lifetime is named here     ^^ the same lifetime is elided here
[INFO] [stdout]     |
[INFO] [stdout]     = help: the same lifetime is referred to in inconsistent ways, making the signature confusing
[INFO] [stdout] help: consistently use `'q`
[INFO] [stdout]     |
[INFO] [stdout] 368 - ) -> QueryScalar<'q, DB, O, <DB as Database>::Arguments<'_>>
[INFO] [stdout] 368 + ) -> QueryScalar<'q, DB, O, <DB as Database>::Arguments<'q>>
[INFO] [stdout]     |
[INFO] [stdout] 
[INFO] [stdout] 
[INFO] [stdout] warning: eliding a lifetime that's named elsewhere is confusing
[INFO] [stdout]    --> sqlx-core/src/query_as.rs:389:53
[INFO] [stdout]     |
[INFO] [stdout] 388 |     statement: &'q DB::Statement<'q>,
[INFO] [stdout]     |                 --               -- the lifetime is named here
[INFO] [stdout]     |                 |
[INFO] [stdout]     |                 the lifetime is named here
[INFO] [stdout] 389 | ) -> QueryAs<'q, DB, O, <DB as Database>::Arguments<'_>>
[INFO] [stdout]     |              -- the same lifetime is named here     ^^ the same lifetime is elided here
[INFO] [stdout]     |
[INFO] [stdout]     = help: the same lifetime is referred to in inconsistent ways, making the signature confusing
[INFO] [stdout] help: consistently use `'q`
[INFO] [stdout]     |
[INFO] [stdout] 389 - ) -> QueryAs<'q, DB, O, <DB as Database>::Arguments<'_>>
[INFO] [stdout] 389 + ) -> QueryAs<'q, DB, O, <DB as Database>::Arguments<'q>>
[INFO] [stdout]     |
[INFO] [stdout] 
[INFO] [stdout] 
[INFO] [stdout] warning: eliding a lifetime that's named elsewhere is confusing
[INFO] [stdout]    --> sqlx-core/src/query_scalar.rs:368:57
[INFO] [stdout]     |
[INFO] [stdout] 367 |     statement: &'q DB::Statement<'q>,
[INFO] [stdout]     |                 --               -- the lifetime is named here
[INFO] [stdout]     |                 |
[INFO] [stdout]     |                 the lifetime is named here
[INFO] [stdout] 368 | ) -> QueryScalar<'q, DB, O, <DB as Database>::Arguments<'_>>
[INFO] [stdout]     |                  -- the same lifetime is named here     ^^ the same lifetime is elided here
[INFO] [stdout]     |
[INFO] [stdout]     = help: the same lifetime is referred to in inconsistent ways, making the signature confusing
[INFO] [stdout] help: consistently use `'q`
[INFO] [stdout]     |
[INFO] [stdout] 368 - ) -> QueryScalar<'q, DB, O, <DB as Database>::Arguments<'_>>
[INFO] [stdout] 368 + ) -> QueryScalar<'q, DB, O, <DB as Database>::Arguments<'q>>
[INFO] [stdout]     |
[INFO] [stdout] 
[INFO] [stdout] 
[INFO] [stderr]    Compiling sqlx-macros-core v0.8.6 (/opt/rustwide/workdir/sqlx-macros-core)
[INFO] [stderr]    Compiling sqlx-macros v0.8.6 (/opt/rustwide/workdir/sqlx-macros)
[INFO] [stderr]    Compiling sqlx v0.8.6 (/opt/rustwide/workdir)
[INFO] [stderr]     Finished `dev` profile [unoptimized + debuginfo] target(s) in 34.78s
[INFO] running `Command { std: "docker" "inspect" "51133362f4cbc32bcb34056e89115b1500a47f8cb0663d262f105bb0a27b647d", kill_on_drop: false }`
[INFO] running `Command { std: "docker" "exec" "-e" "SOURCE_DIR=/opt/rustwide/workdir" "-e" "CARGO_HOME=/opt/rustwide/cargo-home" "-e" "RUSTUP_HOME=/opt/rustwide/rustup-home" "-e" "CARGO_TARGET_DIR=/opt/rustwide/target" "-e" "CARGO_INCREMENTAL=0" "-e" "RUST_BACKTRACE=full" "-e" "RUSTFLAGS=--cap-lints=warn" "-e" "RUSTDOCFLAGS=--cap-lints=warn" "-w" "/opt/rustwide/workdir" "--user" "0:0" "51133362f4cbc32bcb34056e89115b1500a47f8cb0663d262f105bb0a27b647d" "/opt/rustwide/cargo-home/bin/cargo" "+1.97.0-beta.6" "test" "--frozen" "--no-run" "--message-format=json", kill_on_drop: false }`
[INFO] [stderr] warning: /opt/rustwide/workdir/Cargo.toml: file `/opt/rustwide/workdir/tests/sqlite/macros.rs` found to be present in multiple build targets:
[INFO] [stderr]   * `integration-test` target `sqlite-macros`
[INFO] [stderr]   * `integration-test` target `sqlite-unbundled-macros`
[INFO] [stderr]    Compiling crossbeam-utils v0.8.21
[INFO] [stderr]    Compiling serde v1.0.217
[INFO] [stderr]    Compiling value-bag v1.10.0
[INFO] [stderr]    Compiling futures-sink v0.3.31
[INFO] [stderr]    Compiling futures-macro v0.3.31
[INFO] [stderr]    Compiling rustix v0.38.43
[INFO] [stderr]    Compiling bitflags v2.7.0
[INFO] [stderr]    Compiling regex-syntax v0.8.5
[INFO] [stderr]    Compiling linux-raw-sys v0.4.15
[INFO] [stderr]    Compiling anstyle v1.0.10
[INFO] [stderr]    Compiling log v0.4.24
[INFO] [stderr]    Compiling futures-util v0.3.31
[INFO] [stderr]    Compiling futures-intrusive v0.5.0
[INFO] [stderr]    Compiling futures-lite v2.5.0
[INFO] [stderr]    Compiling futures-channel v0.3.31
[INFO] [stderr]    Compiling tracing v0.1.41
[INFO] [stderr]    Compiling getrandom v0.2.15
[INFO] [stderr]    Compiling concurrent-queue v2.5.0
[INFO] [stderr]    Compiling crossbeam-epoch v0.9.18
[INFO] [stderr]    Compiling zerocopy-derive v0.7.35
[INFO] [stderr]    Compiling num-traits v0.2.19
[INFO] [stderr]    Compiling rayon-core v1.12.1
[INFO] [stderr]    Compiling crossbeam-queue v0.3.12
[INFO] [stderr]    Compiling event-listener v5.4.0
[INFO] [stderr]    Compiling syn v1.0.109
[INFO] [stderr]    Compiling dotenvy v0.15.7
[INFO] [stderr]    Compiling anstyle-parse v0.2.6
[INFO] [stderr]    Compiling rand_core v0.6.4
[INFO] [stderr]    Compiling event-listener-strategy v0.5.3
[INFO] [stderr]    Compiling crossbeam-deque v0.8.6
[INFO] [stderr]    Compiling regex-automata v0.4.9
[INFO] [stderr]    Compiling async-channel v2.3.1
[INFO] [stderr]    Compiling async-lock v3.4.0
[INFO] [stderr]    Compiling half v2.4.1
[INFO] [stderr]    Compiling target-triple v0.1.3
[INFO] [stderr]    Compiling plotters-backend v0.3.7
[INFO] [stderr]    Compiling is_terminal_polyfill v1.70.1
[INFO] [stderr]    Compiling clap_lex v0.7.4
[INFO] [stderr]    Compiling pkg-config v0.3.31
[INFO] [stderr]    Compiling ciborium-io v0.2.2
[INFO] [stderr]    Compiling winnow v0.6.24
[INFO] [stderr]    Compiling anstyle-query v1.1.2
[INFO] [stderr]    Compiling colorchoice v1.0.3
[INFO] [stderr]    Compiling anyhow v1.0.95
[INFO] [stderr]    Compiling anstream v0.6.18
[INFO] [stderr]    Compiling plotters-svg v0.3.7
[INFO] [stderr]    Compiling zerocopy v0.7.35
[INFO] [stderr]    Compiling async-executor v1.13.1
[INFO] [stderr]    Compiling blocking v1.6.1
[INFO] [stderr]    Compiling ciborium-ll v0.2.2
[INFO] [stderr]    Compiling libsqlite3-sys v0.30.1
[INFO] [stderr]    Compiling clap_builder v4.5.26
[INFO] [stderr]    Compiling tokio-macros v2.5.0
[INFO] [stderr]    Compiling socket2 v0.5.8
[INFO] [stderr]    Compiling mio v1.0.3
[INFO] [stderr]    Compiling signal-hook-registry v1.4.2
[INFO] [stderr]    Compiling humantime v2.1.0
[INFO] [stderr]    Compiling ppv-lite86 v0.2.20
[INFO] [stderr]    Compiling cast v0.3.0
[INFO] [stderr]    Compiling deranged v0.3.11
[INFO] [stderr]    Compiling either v1.13.0
[INFO] [stderr]    Compiling serde_json v1.0.135
[INFO] [stderr]    Compiling serde_spanned v0.6.8
[INFO] [stderr]    Compiling toml_datetime v0.6.8
[INFO] [stderr]    Compiling ciborium v0.2.2
[INFO] [stderr]    Compiling tokio v1.43.0
[INFO] [stderr]    Compiling async-channel v1.9.0
[INFO] [stderr]    Compiling toml_edit v0.22.22
[INFO] [stderr]    Compiling plotters v0.3.7
[INFO] [stderr]    Compiling rand_chacha v0.3.1
[INFO] [stderr]    Compiling itertools v0.10.5
[INFO] [stderr]    Compiling futures-executor v0.3.31
[INFO] [stderr]    Compiling futures v0.3.31
[INFO] [stderr]    Compiling rayon v1.10.0
[INFO] [stderr]    Compiling kv-log-macro v1.0.7
[INFO] [stderr]    Compiling regex v1.11.1
[INFO] [stderr]    Compiling is-terminal v0.4.13
[INFO] [stderr]    Compiling oorandom v11.1.4
[INFO] [stderr]    Compiling clap v4.5.26
[INFO] [stderr]    Compiling glob v0.3.2
[INFO] [stderr]    Compiling time-core v0.1.2
[INFO] [stderr]    Compiling anes v0.1.6
[INFO] [stderr]    Compiling rand v0.8.5
[INFO] [stderr]    Compiling time v0.3.37
[INFO] [stderr]    Compiling sqlx-core v0.8.6 (/opt/rustwide/workdir/sqlx-core)
[INFO] [stderr]    Compiling env_filter v0.1.3
[INFO] [stderr]    Compiling env_logger v0.11.6
[INFO] [stderr]    Compiling tinytemplate v1.2.1
[INFO] [stderr]    Compiling rand_xoshiro v0.6.0
[INFO] [stderr]    Compiling criterion-plot v0.5.0
[INFO] [stderr]    Compiling polling v3.7.4
[INFO] [stderr]    Compiling toml v0.8.19
[INFO] [stderr]    Compiling tempfile v3.15.0
[INFO] [stderr]    Compiling async-io v2.4.0
[INFO] [stderr]    Compiling trybuild v1.0.101
[INFO] [stderr]    Compiling async-attributes v1.1.2
[INFO] [stderr]    Compiling async-global-executor v2.4.1
[INFO] [stderr]    Compiling async-std v1.13.0
[INFO] [stdout] warning: eliding a lifetime that's named elsewhere is confusing
[INFO] [stdout]    --> sqlx-core/src/query.rs:502:48
[INFO] [stdout]     |
[INFO] [stdout] 501 |     statement: &'q DB::Statement<'q>,
[INFO] [stdout]     |                 --               -- the lifetime is named here
[INFO] [stdout]     |                 |
[INFO] [stdout]     |                 the lifetime is named here
[INFO] [stdout] 502 | ) -> Query<'q, DB, <DB as Database>::Arguments<'_>>
[INFO] [stdout]     |            -- the same lifetime is named here  ^^ the same lifetime is elided here
[INFO] [stdout]     |
[INFO] [stdout]     = help: the same lifetime is referred to in inconsistent ways, making the signature confusing
[INFO] [stdout]     = note: `#[warn(mismatched_lifetime_syntaxes)]` on by default
[INFO] [stdout] help: consistently use `'q`
[INFO] [stdout]     |
[INFO] [stdout] 502 - ) -> Query<'q, DB, <DB as Database>::Arguments<'_>>
[INFO] [stdout] 502 + ) -> Query<'q, DB, <DB as Database>::Arguments<'q>>
[INFO] [stdout]     |
[INFO] [stdout] 
[INFO] [stdout] 
[INFO] [stdout] warning: eliding a lifetime that's named elsewhere is confusing
[INFO] [stdout]    --> sqlx-core/src/query_as.rs:389:53
[INFO] [stdout]     |
[INFO] [stdout] 388 |     statement: &'q DB::Statement<'q>,
[INFO] [stdout]     |                 --               -- the lifetime is named here
[INFO] [stdout]     |                 |
[INFO] [stdout]     |                 the lifetime is named here
[INFO] [stdout] 389 | ) -> QueryAs<'q, DB, O, <DB as Database>::Arguments<'_>>
[INFO] [stdout]     |              -- the same lifetime is named here     ^^ the same lifetime is elided here
[INFO] [stdout]     |
[INFO] [stdout]     = help: the same lifetime is referred to in inconsistent ways, making the signature confusing
[INFO] [stdout] help: consistently use `'q`
[INFO] [stdout]     |
[INFO] [stdout] 389 - ) -> QueryAs<'q, DB, O, <DB as Database>::Arguments<'_>>
[INFO] [stdout] 389 + ) -> QueryAs<'q, DB, O, <DB as Database>::Arguments<'q>>
[INFO] [stdout]     |
[INFO] [stdout] 
[INFO] [stdout] 
[INFO] [stdout] warning: eliding a lifetime that's named elsewhere is confusing
[INFO] [stdout]    --> sqlx-core/src/query_scalar.rs:368:57
[INFO] [stdout]     |
[INFO] [stdout] 367 |     statement: &'q DB::Statement<'q>,
[INFO] [stdout]     |                 --               -- the lifetime is named here
[INFO] [stdout]     |                 |
[INFO] [stdout]     |                 the lifetime is named here
[INFO] [stdout] 368 | ) -> QueryScalar<'q, DB, O, <DB as Database>::Arguments<'_>>
[INFO] [stdout]     |                  -- the same lifetime is named here     ^^ the same lifetime is elided here
[INFO] [stdout]     |
[INFO] [stdout]     = help: the same lifetime is referred to in inconsistent ways, making the signature confusing
[INFO] [stdout] help: consistently use `'q`
[INFO] [stdout]     |
[INFO] [stdout] 368 - ) -> QueryScalar<'q, DB, O, <DB as Database>::Arguments<'_>>
[INFO] [stdout] 368 + ) -> QueryScalar<'q, DB, O, <DB as Database>::Arguments<'q>>
[INFO] [stdout]     |
[INFO] [stdout] 
[INFO] [stdout] 
[INFO] [stdout] warning: eliding a lifetime that's named elsewhere is confusing
[INFO] [stdout]    --> sqlx-core/src/query.rs:502:48
[INFO] [stdout]     |
[INFO] [stdout] 501 |     statement: &'q DB::Statement<'q>,
[INFO] [stdout]     |                 --               -- the lifetime is named here
[INFO] [stdout]     |                 |
[INFO] [stdout]     |                 the lifetime is named here
[INFO] [stdout] 502 | ) -> Query<'q, DB, <DB as Database>::Arguments<'_>>
[INFO] [stdout]     |            -- the same lifetime is named here  ^^ the same lifetime is elided here
[INFO] [stdout]     |
[INFO] [stdout]     = help: the same lifetime is referred to in inconsistent ways, making the signature confusing
[INFO] [stdout]     = note: `#[warn(mismatched_lifetime_syntaxes)]` on by default
[INFO] [stdout] help: consistently use `'q`
[INFO] [stdout]     |
[INFO] [stdout] 502 - ) -> Query<'q, DB, <DB as Database>::Arguments<'_>>
[INFO] [stdout] 502 + ) -> Query<'q, DB, <DB as Database>::Arguments<'q>>
[INFO] [stdout]     |
[INFO] [stdout] 
[INFO] [stdout] 
[INFO] [stdout] warning: eliding a lifetime that's named elsewhere is confusing
[INFO] [stdout]    --> sqlx-core/src/query_as.rs:389:53
[INFO] [stdout]     |
[INFO] [stdout] 388 |     statement: &'q DB::Statement<'q>,
[INFO] [stdout]     |                 --               -- the lifetime is named here
[INFO] [stdout]     |                 |
[INFO] [stdout]     |                 the lifetime is named here
[INFO] [stdout] 389 | ) -> QueryAs<'q, DB, O, <DB as Database>::Arguments<'_>>
[INFO] [stdout]     |              -- the same lifetime is named here     ^^ the same lifetime is elided here
[INFO] [stdout]     |
[INFO] [stdout]     = help: the same lifetime is referred to in inconsistent ways, making the signature confusing
[INFO] [stdout] help: consistently use `'q`
[INFO] [stdout]     |
[INFO] [stdout] 389 - ) -> QueryAs<'q, DB, O, <DB as Database>::Arguments<'_>>
[INFO] [stdout] 389 + ) -> QueryAs<'q, DB, O, <DB as Database>::Arguments<'q>>
[INFO] [stdout]     |
[INFO] [stdout] 
[INFO] [stdout] 
[INFO] [stdout] warning: eliding a lifetime that's named elsewhere is confusing
[INFO] [stdout]    --> sqlx-core/src/query_scalar.rs:368:57
[INFO] [stdout]     |
[INFO] [stdout] 367 |     statement: &'q DB::Statement<'q>,
[INFO] [stdout]     |                 --               -- the lifetime is named here
[INFO] [stdout]     |                 |
[INFO] [stdout]     |                 the lifetime is named here
[INFO] [stdout] 368 | ) -> QueryScalar<'q, DB, O, <DB as Database>::Arguments<'_>>
[INFO] [stdout]     |                  -- the same lifetime is named here     ^^ the same lifetime is elided here
[INFO] [stdout]     |
[INFO] [stdout]     = help: the same lifetime is referred to in inconsistent ways, making the signature confusing
[INFO] [stdout] help: consistently use `'q`
[INFO] [stdout]     |
[INFO] [stdout] 368 - ) -> QueryScalar<'q, DB, O, <DB as Database>::Arguments<'_>>
[INFO] [stdout] 368 + ) -> QueryScalar<'q, DB, O, <DB as Database>::Arguments<'q>>
[INFO] [stdout]     |
[INFO] [stdout] 
[INFO] [stdout] 
[INFO] [stderr]    Compiling sqlx-macros-core v0.8.6 (/opt/rustwide/workdir/sqlx-macros-core)
[INFO] [stderr]    Compiling criterion v0.5.1
[INFO] [stderr]    Compiling sqlx-macros v0.8.6 (/opt/rustwide/workdir/sqlx-macros)
[INFO] [stderr]    Compiling sqlx v0.8.6 (/opt/rustwide/workdir)
[INFO] [stderr]    Compiling sqlx-test v0.1.0 (/opt/rustwide/workdir/sqlx-test)
[INFO] [stderr]     Finished `test` profile [unoptimized + debuginfo] target(s) in 37.93s
[INFO] running `Command { std: "docker" "inspect" "51133362f4cbc32bcb34056e89115b1500a47f8cb0663d262f105bb0a27b647d", kill_on_drop: false }`
[INFO] running `Command { std: "docker" "exec" "-e" "SOURCE_DIR=/opt/rustwide/workdir" "-e" "CARGO_HOME=/opt/rustwide/cargo-home" "-e" "RUSTUP_HOME=/opt/rustwide/rustup-home" "-e" "CARGO_TARGET_DIR=/opt/rustwide/target" "-e" "CARGO_INCREMENTAL=0" "-e" "RUST_BACKTRACE=full" "-e" "RUSTFLAGS=--cap-lints=warn" "-e" "RUSTDOCFLAGS=--cap-lints=warn" "-w" "/opt/rustwide/workdir" "--user" "0:0" "51133362f4cbc32bcb34056e89115b1500a47f8cb0663d262f105bb0a27b647d" "/opt/rustwide/cargo-home/bin/cargo" "+1.97.0-beta.6" "test" "--frozen", kill_on_drop: false }`
[INFO] [stderr] warning: /opt/rustwide/workdir/Cargo.toml: file `/opt/rustwide/workdir/tests/sqlite/macros.rs` found to be present in multiple build targets:
[INFO] [stderr]   * `integration-test` target `sqlite-macros`
[INFO] [stderr]   * `integration-test` target `sqlite-unbundled-macros`
[INFO] [stderr] warning: eliding a lifetime that's named elsewhere is confusing
[INFO] [stderr]    --> sqlx-core/src/query.rs:502:48
[INFO] [stderr]     |
[INFO] [stderr] 501 |     statement: &'q DB::Statement<'q>,
[INFO] [stderr]     |                 --               -- the lifetime is named here
[INFO] [stderr]     |                 |
[INFO] [stderr]     |                 the lifetime is named here
[INFO] [stderr] 502 | ) -> Query<'q, DB, <DB as Database>::Arguments<'_>>
[INFO] [stderr]     |            -- the same lifetime is named here  ^^ the same lifetime is elided here
[INFO] [stderr]     |
[INFO] [stderr]     = help: the same lifetime is referred to in inconsistent ways, making the signature confusing
[INFO] [stderr]     = note: `#[warn(mismatched_lifetime_syntaxes)]` on by default
[INFO] [stderr] help: consistently use `'q`
[INFO] [stderr]     |
[INFO] [stderr] 502 - ) -> Query<'q, DB, <DB as Database>::Arguments<'_>>
[INFO] [stderr] 502 + ) -> Query<'q, DB, <DB as Database>::Arguments<'q>>
[INFO] [stderr]     |
[INFO] [stderr] 
[INFO] [stderr] warning: eliding a lifetime that's named elsewhere is confusing
[INFO] [stderr]    --> sqlx-core/src/query_as.rs:389:53
[INFO] [stderr]     |
[INFO] [stderr] 388 |     statement: &'q DB::Statement<'q>,
[INFO] [stderr]     |                 --               -- the lifetime is named here
[INFO] [stderr]     |                 |
[INFO] [stderr]     |                 the lifetime is named here
[INFO] [stderr] 389 | ) -> QueryAs<'q, DB, O, <DB as Database>::Arguments<'_>>
[INFO] [stderr]     |              -- the same lifetime is named here     ^^ the same lifetime is elided here
[INFO] [stderr]     |
[INFO] [stderr]     = help: the same lifetime is referred to in inconsistent ways, making the signature confusing
[INFO] [stderr] help: consistently use `'q`
[INFO] [stderr]     |
[INFO] [stderr] 389 - ) -> QueryAs<'q, DB, O, <DB as Database>::Arguments<'_>>
[INFO] [stderr] 389 + ) -> QueryAs<'q, DB, O, <DB as Database>::Arguments<'q>>
[INFO] [stderr]     |
[INFO] [stderr] 
[INFO] [stderr] warning: eliding a lifetime that's named elsewhere is confusing
[INFO] [stderr]    --> sqlx-core/src/query_scalar.rs:368:57
[INFO] [stderr]     |
[INFO] [stderr] 367 |     statement: &'q DB::Statement<'q>,
[INFO] [stderr]     |                 --               -- the lifetime is named here
[INFO] [stderr]     |                 |
[INFO] [stderr]     |                 the lifetime is named here
[INFO] [stderr] 368 | ) -> QueryScalar<'q, DB, O, <DB as Database>::Arguments<'_>>
[INFO] [stderr]     |                  -- the same lifetime is named here     ^^ the same lifetime is elided here
[INFO] [stderr]     |
[INFO] [stderr]     = help: the same lifetime is referred to in inconsistent ways, making the signature confusing
[INFO] [stderr] help: consistently use `'q`
[INFO] [stderr]     |
[INFO] [stderr] 368 - ) -> QueryScalar<'q, DB, O, <DB as Database>::Arguments<'_>>
[INFO] [stderr] 368 + ) -> QueryScalar<'q, DB, O, <DB as Database>::Arguments<'q>>
[INFO] [stderr]     |
[INFO] [stderr] 
[INFO] [stderr] warning: `sqlx-core` (lib) generated 3 warnings (run `cargo fix --lib -p sqlx-core` to apply 3 suggestions)
[INFO] [stderr] warning: `sqlx-core` (lib) generated 3 warnings (3 duplicates)
[INFO] [stderr]     Finished `test` profile [unoptimized + debuginfo] target(s) in 0.32s
[INFO] [stderr]      Running unittests src/lib.rs (/opt/rustwide/target/debug/deps/sqlx-5ef570c57dd7a4e9)
[INFO] [stdout] 
[INFO] [stdout] running 4 tests
[INFO] [stdout] test spec_error::test_spec_error ... ok
[INFO] [stdout] test ty_match::test_dupe_value ... ok
[INFO] [stdout] test ty_match::test_match_borrow ... ok
[INFO] [stdout] test ty_match::test_wrap_same ... ok
[INFO] [stdout] 
[INFO] [stdout] test result: ok. 4 passed; 0 failed; 0 ignored; 0 measured; 0 filtered out; finished in 0.00s
[INFO] [stdout] 
[INFO] [stderr]      Running tests/any/any.rs (/opt/rustwide/target/debug/deps/any-118ed338524bb71a)
[INFO] [stdout] 
[INFO] [stdout] running 7 tests
[INFO] [stdout] test it_can_fail_and_recover ... FAILED
[INFO] [stdout] test it_can_fail_and_recover_with_pool ... FAILED
[INFO] [stdout] test it_connects ... FAILED
[INFO] [stdout] test it_does_not_stop_stream_after_decoding_error ... FAILED
[INFO] [stdout] test it_executes_with_pool ... FAILED
[INFO] [stdout] test it_gets_by_name ... FAILED
[INFO] [stdout] test it_pings ... FAILED
[INFO] [stdout] 
[INFO] [stdout] failures:
[INFO] [stdout] 
[INFO] [stdout] ---- it_can_fail_and_recover stdout ----
[INFO] [stdout] 
[INFO] [stdout] thread 'it_can_fail_and_recover' (2858) panicked at tests/any/any.rs:93:1:
[INFO] [stdout] either the `runtime-async-std` or `runtime-tokio` feature must be enabled
[INFO] [stdout] stack backtrace:
[INFO] [stdout]    0:     0x5b989e8462f8 - std[10d71ac2c42b111e]::backtrace_rs::backtrace::libunwind::trace
[INFO] [stdout]                                at /rustc/b2282dd5646a57d570fc86fbe8df0e8826665ef6/library/std/src/../../backtrace/src/backtrace/libunwind.rs:117:9
[INFO] [stdout]    1:     0x5b989e8462f8 - std[10d71ac2c42b111e]::backtrace_rs::backtrace::trace_unsynchronized::<std[10d71ac2c42b111e]::sys::backtrace::_print_fmt::{closure#1}>
[INFO] [stdout]                                at /rustc/b2282dd5646a57d570fc86fbe8df0e8826665ef6/library/std/src/../../backtrace/src/backtrace/mod.rs:66:14
[INFO] [stdout]    2:     0x5b989e8462f8 - std[10d71ac2c42b111e]::sys::backtrace::_print_fmt
[INFO] [stdout]                                at /rustc/b2282dd5646a57d570fc86fbe8df0e8826665ef6/library/std/src/sys/backtrace.rs:74:9
[INFO] [stdout]    3:     0x5b989e8462f8 - <<std[10d71ac2c42b111e]::sys::backtrace::BacktraceLock>::print::DisplayBacktrace as core[8fb95b77d25ab6c8]::fmt::Display>::fmt
[INFO] [stdout]                                at /rustc/b2282dd5646a57d570fc86fbe8df0e8826665ef6/library/std/src/sys/backtrace.rs:44:26
[INFO] [stdout]    4:     0x5b989e85a69a - <core[8fb95b77d25ab6c8]::fmt::rt::Argument>::fmt
[INFO] [stdout]                                at /rustc/b2282dd5646a57d570fc86fbe8df0e8826665ef6/library/core/src/fmt/rt.rs:152:76
[INFO] [stdout]    5:     0x5b989e85a69a - core[8fb95b77d25ab6c8]::fmt::write
[INFO] [stdout]    6:     0x5b989e84b072 - std[10d71ac2c42b111e]::io::default_write_fmt::<alloc[a7ee25936407c584]::vec::Vec<u8>>
[INFO] [stdout]                                at /rustc/b2282dd5646a57d570fc86fbe8df0e8826665ef6/library/std/src/io/mod.rs:622:11
[INFO] [stdout]    7:     0x5b989e84b072 - <alloc[a7ee25936407c584]::vec::Vec<u8> as std[10d71ac2c42b111e]::io::Write>::write_fmt
[INFO] [stdout]                                at /rustc/b2282dd5646a57d570fc86fbe8df0e8826665ef6/library/std/src/io/mod.rs:1977:13
[INFO] [stdout]    8:     0x5b989e825336 - <std[10d71ac2c42b111e]::sys::backtrace::BacktraceLock>::print
[INFO] [stdout]                                at /rustc/b2282dd5646a57d570fc86fbe8df0e8826665ef6/library/std/src/sys/backtrace.rs:47:9
[INFO] [stdout]    9:     0x5b989e825336 - std[10d71ac2c42b111e]::panicking::default_hook::{closure#0}
[INFO] [stdout]                                at /rustc/b2282dd5646a57d570fc86fbe8df0e8826665ef6/library/std/src/panicking.rs:292:27
[INFO] [stdout]   10:     0x5b989e83e7c9 - std[10d71ac2c42b111e]::panicking::default_hook
[INFO] [stdout]                                at /rustc/b2282dd5646a57d570fc86fbe8df0e8826665ef6/library/std/src/panicking.rs:316:9
[INFO] [stdout]   11:     0x5b989e7c9b6c - <alloc[a7ee25936407c584]::boxed::Box<dyn for<'a, 'b> core[8fb95b77d25ab6c8]::ops::function::Fn<(&'a std[10d71ac2c42b111e]::panic::PanicHookInfo<'b>,), Output = ()> + core[8fb95b77d25ab6c8]::marker::Sync + core[8fb95b77d25ab6c8]::marker::Send> as core[8fb95b77d25ab6c8]::ops::function::Fn<(&std[10d71ac2c42b111e]::panic::PanicHookInfo,)>>::call
[INFO] [stdout]                                at /rustc/b2282dd5646a57d570fc86fbe8df0e8826665ef6/library/alloc/src/boxed.rs:2289:9
[INFO] [stdout]   12:     0x5b989e7c9b6c - test[213991da798b1c03]::test_main_inner::<test[213991da798b1c03]::test_main_static::{closure#0}>::{closure#0}
[INFO] [stdout]                                at /rustc/b2282dd5646a57d570fc86fbe8df0e8826665ef6/library/test/src/lib.rs:155:21
[INFO] [stdout]   13:     0x5b989e83e982 - <alloc[a7ee25936407c584]::boxed::Box<dyn for<'a, 'b> core[8fb95b77d25ab6c8]::ops::function::Fn<(&'a std[10d71ac2c42b111e]::panic::PanicHookInfo<'b>,), Output = ()> + core[8fb95b77d25ab6c8]::marker::Sync + core[8fb95b77d25ab6c8]::marker::Send> as core[8fb95b77d25ab6c8]::ops::function::Fn<(&std[10d71ac2c42b111e]::panic::PanicHookInfo,)>>::call
[INFO] [stdout]                                at /rustc/b2282dd5646a57d570fc86fbe8df0e8826665ef6/library/alloc/src/boxed.rs:2289:9
[INFO] [stdout]   14:     0x5b989e83e982 - std[10d71ac2c42b111e]::panicking::panic_with_hook
[INFO] [stdout]                                at /rustc/b2282dd5646a57d570fc86fbe8df0e8826665ef6/library/std/src/panicking.rs:833:13
[INFO] [stdout]   15:     0x5b989e825424 - std[10d71ac2c42b111e]::panicking::panic_handler::{closure#0}
[INFO] [stdout]                                at /rustc/b2282dd5646a57d570fc86fbe8df0e8826665ef6/library/std/src/panicking.rs:691:13
[INFO] [stdout]   16:     0x5b989e81a1b9 - std[10d71ac2c42b111e]::sys::backtrace::__rust_end_short_backtrace::<std[10d71ac2c42b111e]::panicking::panic_handler::{closure#0}, !>
[INFO] [stdout]                                at /rustc/b2282dd5646a57d570fc86fbe8df0e8826665ef6/library/std/src/sys/backtrace.rs:182:18
[INFO] [stdout]   17:     0x5b989e8261ed - __rustc[3be9ba60078d4c86]::rust_begin_unwind
[INFO] [stdout]                                at /rustc/b2282dd5646a57d570fc86fbe8df0e8826665ef6/library/std/src/panicking.rs:689:5
[INFO] [stdout]   18:     0x5b989e85adec - core[8fb95b77d25ab6c8]::panicking::panic_fmt
[INFO] [stdout]                                at /rustc/b2282dd5646a57d570fc86fbe8df0e8826665ef6/library/core/src/panicking.rs:80:14
[INFO] [stdout]   19:     0x5b989e7b9d1f - sqlx_core[22b7755df19d82d9]::rt::missing_rt::<any[b7f2969c60d38828]::it_can_fail_and_recover::{closure#0}>
[INFO] [stdout]                                at /opt/rustwide/workdir/sqlx-core/src/rt/mod.rs:143:5
[INFO] [stdout]   20:     0x5b989e7b9f80 - sqlx_core[22b7755df19d82d9]::rt::test_block_on::<any[b7f2969c60d38828]::it_can_fail_and_recover::{closure#0}>
[INFO] [stdout]                                at /opt/rustwide/workdir/sqlx-core/src/rt/mod.rs:133:9
[INFO] [stdout]   21:     0x5b989e7bbfeb - any[b7f2969c60d38828]::it_can_fail_and_recover
[INFO] [stdout]                                at /opt/rustwide/workdir/tests/any/any.rs:93:1
[INFO] [stdout]   22:     0x5b989e7bbe67 - any[b7f2969c60d38828]::it_can_fail_and_recover::{closure#0}
[INFO] [stdout]                                at /opt/rustwide/workdir/tests/any/any.rs:94:39
[INFO] [stdout]   23:     0x5b989e7bcae6 - <any[b7f2969c60d38828]::it_can_fail_and_recover::{closure#0} as core[8fb95b77d25ab6c8]::ops::function::FnOnce<()>>::call_once
[INFO] [stdout]                                at /rustc/b2282dd5646a57d570fc86fbe8df0e8826665ef6/library/core/src/ops/function.rs:250:5
[INFO] [stdout]   24:     0x5b989e7bcc4b - <fn() -> core[8fb95b77d25ab6c8]::result::Result<(), alloc[a7ee25936407c584]::string::String> as core[8fb95b77d25ab6c8]::ops::function::FnOnce<()>>::call_once
[INFO] [stdout]                                at /rustc/b2282dd5646a57d570fc86fbe8df0e8826665ef6/library/core/src/ops/function.rs:250:5
[INFO] [stdout]   25:     0x5b989e7bcc4b - test[213991da798b1c03]::__rust_begin_short_backtrace::<core[8fb95b77d25ab6c8]::result::Result<(), alloc[a7ee25936407c584]::string::String>, fn() -> core[8fb95b77d25ab6c8]::result::Result<(), alloc[a7ee25936407c584]::string::String>>
[INFO] [stdout]                                at /rustc/b2282dd5646a57d570fc86fbe8df0e8826665ef6/library/test/src/lib.rs:724:18
[INFO] [stdout]   26:     0x5b989e7ca4c5 - test[213991da798b1c03]::run_test_in_process::{closure#0}
[INFO] [stdout]                                at /rustc/b2282dd5646a57d570fc86fbe8df0e8826665ef6/library/test/src/lib.rs:747:74
[INFO] [stdout]   27:     0x5b989e7ca4c5 - <core[8fb95b77d25ab6c8]::panic::unwind_safe::AssertUnwindSafe<test[213991da798b1c03]::run_test_in_process::{closure#0}> as core[8fb95b77d25ab6c8]::ops::function::FnOnce<()>>::call_once
[INFO] [stdout]                                at /rustc/b2282dd5646a57d570fc86fbe8df0e8826665ef6/library/core/src/panic/unwind_safe.rs:275:9
[INFO] [stdout]   28:     0x5b989e7ca4c5 - std[10d71ac2c42b111e]::panicking::catch_unwind::do_call::<core[8fb95b77d25ab6c8]::panic::unwind_safe::AssertUnwindSafe<test[213991da798b1c03]::run_test_in_process::{closure#0}>, core[8fb95b77d25ab6c8]::result::Result<(), alloc[a7ee25936407c584]::string::String>>
[INFO] [stdout]                                at /rustc/b2282dd5646a57d570fc86fbe8df0e8826665ef6/library/std/src/panicking.rs:581:40
[INFO] [stdout]   29:     0x5b989e7ca4c5 - std[10d71ac2c42b111e]::panicking::catch_unwind::<core[8fb95b77d25ab6c8]::result::Result<(), alloc[a7ee25936407c584]::string::String>, core[8fb95b77d25ab6c8]::panic::unwind_safe::AssertUnwindSafe<test[213991da798b1c03]::run_test_in_process::{closure#0}>>
[INFO] [stdout]                                at /rustc/b2282dd5646a57d570fc86fbe8df0e8826665ef6/library/std/src/panicking.rs:544:19
[INFO] [stdout]   30:     0x5b989e7ca4c5 - std[10d71ac2c42b111e]::panic::catch_unwind::<core[8fb95b77d25ab6c8]::panic::unwind_safe::AssertUnwindSafe<test[213991da798b1c03]::run_test_in_process::{closure#0}>, core[8fb95b77d25ab6c8]::result::Result<(), alloc[a7ee25936407c584]::string::String>>
[INFO] [stdout]                                at /rustc/b2282dd5646a57d570fc86fbe8df0e8826665ef6/library/std/src/panic.rs:359:14
[INFO] [stdout]   31:     0x5b989e7ca4c5 - test[213991da798b1c03]::run_test_in_process
[INFO] [stdout]                                at /rustc/b2282dd5646a57d570fc86fbe8df0e8826665ef6/library/test/src/lib.rs:747:27
[INFO] [stdout]   32:     0x5b989e7ca4c5 - test[213991da798b1c03]::run_test::{closure#0}
[INFO] [stdout]                                at /rustc/b2282dd5646a57d570fc86fbe8df0e8826665ef6/library/test/src/lib.rs:668:43
[INFO] [stdout]   33:     0x5b989e7c3dd4 - test[213991da798b1c03]::run_test::{closure#1}
[INFO] [stdout]                                at /rustc/b2282dd5646a57d570fc86fbe8df0e8826665ef6/library/test/src/lib.rs:698:41
[INFO] [stdout]   34:     0x5b989e7c3dd4 - std[10d71ac2c42b111e]::sys::backtrace::__rust_begin_short_backtrace::<test[213991da798b1c03]::run_test::{closure#1}, ()>
[INFO] [stdout]                                at /rustc/b2282dd5646a57d570fc86fbe8df0e8826665ef6/library/std/src/sys/backtrace.rs:166:18
[INFO] [stdout]   35:     0x5b989e7cd542 - std[10d71ac2c42b111e]::thread::lifecycle::spawn_unchecked::<test[213991da798b1c03]::run_test::{closure#1}, ()>::{closure#1}::{closure#0}
[INFO] [stdout]                                at /rustc/b2282dd5646a57d570fc86fbe8df0e8826665ef6/library/std/src/thread/lifecycle.rs:70:13
[INFO] [stdout]   36:     0x5b989e7cd542 - <core[8fb95b77d25ab6c8]::panic::unwind_safe::AssertUnwindSafe<std[10d71ac2c42b111e]::thread::lifecycle::spawn_unchecked<test[213991da798b1c03]::run_test::{closure#1}, ()>::{closure#1}::{closure#0}> as core[8fb95b77d25ab6c8]::ops::function::FnOnce<()>>::call_once
[INFO] [stdout]                                at /rustc/b2282dd5646a57d570fc86fbe8df0e8826665ef6/library/core/src/panic/unwind_safe.rs:275:9
[INFO] [stdout]   37:     0x5b989e7cd542 - std[10d71ac2c42b111e]::panicking::catch_unwind::do_call::<core[8fb95b77d25ab6c8]::panic::unwind_safe::AssertUnwindSafe<std[10d71ac2c42b111e]::thread::lifecycle::spawn_unchecked<test[213991da798b1c03]::run_test::{closure#1}, ()>::{closure#1}::{closure#0}>, ()>
[INFO] [stdout]                                at /rustc/b2282dd5646a57d570fc86fbe8df0e8826665ef6/library/std/src/panicking.rs:581:40
[INFO] [stdout]   38:     0x5b989e7cd542 - std[10d71ac2c42b111e]::panicking::catch_unwind::<(), core[8fb95b77d25ab6c8]::panic::unwind_safe::AssertUnwindSafe<std[10d71ac2c42b111e]::thread::lifecycle::spawn_unchecked<test[213991da798b1c03]::run_test::{closure#1}, ()>::{closure#1}::{closure#0}>>
[INFO] [stdout]                                at /rustc/b2282dd5646a57d570fc86fbe8df0e8826665ef6/library/std/src/panicking.rs:544:19
[INFO] [stdout]   39:     0x5b989e7cd542 - std[10d71ac2c42b111e]::panic::catch_unwind::<core[8fb95b77d25ab6c8]::panic::unwind_safe::AssertUnwindSafe<std[10d71ac2c42b111e]::thread::lifecycle::spawn_unchecked<test[213991da798b1c03]::run_test::{closure#1}, ()>::{closure#1}::{closure#0}>, ()>
[INFO] [stdout]                                at /rustc/b2282dd5646a57d570fc86fbe8df0e8826665ef6/library/std/src/panic.rs:359:14
[INFO] [stdout]   40:     0x5b989e7cd542 - std[10d71ac2c42b111e]::thread::lifecycle::spawn_unchecked::<test[213991da798b1c03]::run_test::{closure#1}, ()>::{closure#1}
[INFO] [stdout]                                at /rustc/b2282dd5646a57d570fc86fbe8df0e8826665ef6/library/std/src/thread/lifecycle.rs:68:26
[INFO] [stdout]   41:     0x5b989e7cd542 - <std[10d71ac2c42b111e]::thread::lifecycle::spawn_unchecked<test[213991da798b1c03]::run_test::{closure#1}, ()>::{closure#1} as core[8fb95b77d25ab6c8]::ops::function::FnOnce<()>>::call_once::{shim:vtable#0}
[INFO] [stdout]                                at /rustc/b2282dd5646a57d570fc86fbe8df0e8826665ef6/library/core/src/ops/function.rs:250:5
[INFO] [stdout]   42:     0x5b989e845c5f - <alloc[a7ee25936407c584]::boxed::Box<dyn core[8fb95b77d25ab6c8]::ops::function::FnOnce<(), Output = ()> + core[8fb95b77d25ab6c8]::marker::Send> as core[8fb95b77d25ab6c8]::ops::function::FnOnce<()>>::call_once
[INFO] [stdout]                                at /rustc/b2282dd5646a57d570fc86fbe8df0e8826665ef6/library/alloc/src/boxed.rs:2275:9
[INFO] [stdout]   43:     0x5b989e845c5f - <std[10d71ac2c42b111e]::sys::thread::unix::Thread>::new::thread_start
[INFO] [stdout]                                at /rustc/b2282dd5646a57d570fc86fbe8df0e8826665ef6/library/std/src/sys/thread/unix.rs:118:17
[INFO] [stdout]   44:     0x7cca248c8aa4 - <unknown>
[INFO] [stdout]   45:     0x7cca24955a64 - clone
[INFO] [stdout]   46:                0x0 - <unknown>
[INFO] [stdout] 
[INFO] [stdout] ---- it_can_fail_and_recover_with_pool stdout ----
[INFO] [stdout] 
[INFO] [stdout] thread 'it_can_fail_and_recover_with_pool' (2859) panicked at tests/any/any.rs:119:1:
[INFO] [stdout] either the `runtime-async-std` or `runtime-tokio` feature must be enabled
[INFO] [stdout] stack backtrace:
[INFO] [stdout]    0:     0x5b989e8462f8 - std[10d71ac2c42b111e]::backtrace_rs::backtrace::libunwind::trace
[INFO] [stdout]                                at /rustc/b2282dd5646a57d570fc86fbe8df0e8826665ef6/library/std/src/../../backtrace/src/backtrace/libunwind.rs:117:9
[INFO] [stdout]    1:     0x5b989e8462f8 - std[10d71ac2c42b111e]::backtrace_rs::backtrace::trace_unsynchronized::<std[10d71ac2c42b111e]::sys::backtrace::_print_fmt::{closure#1}>
[INFO] [stdout]                                at /rustc/b2282dd5646a57d570fc86fbe8df0e8826665ef6/library/std/src/../../backtrace/src/backtrace/mod.rs:66:14
[INFO] [stdout]    2:     0x5b989e8462f8 - std[10d71ac2c42b111e]::sys::backtrace::_print_fmt
[INFO] [stdout]                                at /rustc/b2282dd5646a57d570fc86fbe8df0e8826665ef6/library/std/src/sys/backtrace.rs:74:9
[INFO] [stdout]    3:     0x5b989e8462f8 - <<std[10d71ac2c42b111e]::sys::backtrace::BacktraceLock>::print::DisplayBacktrace as core[8fb95b77d25ab6c8]::fmt::Display>::fmt
[INFO] [stdout]                                at /rustc/b2282dd5646a57d570fc86fbe8df0e8826665ef6/library/std/src/sys/backtrace.rs:44:26
[INFO] [stdout]    4:     0x5b989e85a69a - <core[8fb95b77d25ab6c8]::fmt::rt::Argument>::fmt
[INFO] [stdout]                                at /rustc/b2282dd5646a57d570fc86fbe8df0e8826665ef6/library/core/src/fmt/rt.rs:152:76
[INFO] [stdout]    5:     0x5b989e85a69a - core[8fb95b77d25ab6c8]::fmt::write
[INFO] [stdout]    6:     0x5b989e84b072 - std[10d71ac2c42b111e]::io::default_write_fmt::<alloc[a7ee25936407c584]::vec::Vec<u8>>
[INFO] [stdout]                                at /rustc/b2282dd5646a57d570fc86fbe8df0e8826665ef6/library/std/src/io/mod.rs:622:11
[INFO] [stdout]    7:     0x5b989e84b072 - <alloc[a7ee25936407c584]::vec::Vec<u8> as std[10d71ac2c42b111e]::io::Write>::write_fmt
[INFO] [stdout]                                at /rustc/b2282dd5646a57d570fc86fbe8df0e8826665ef6/library/std/src/io/mod.rs:1977:13
[INFO] [stdout]    8:     0x5b989e825336 - <std[10d71ac2c42b111e]::sys::backtrace::BacktraceLock>::print
[INFO] [stdout]                                at /rustc/b2282dd5646a57d570fc86fbe8df0e8826665ef6/library/std/src/sys/backtrace.rs:47:9
[INFO] [stdout]    9:     0x5b989e825336 - std[10d71ac2c42b111e]::panicking::default_hook::{closure#0}
[INFO] [stdout]                                at /rustc/b2282dd5646a57d570fc86fbe8df0e8826665ef6/library/std/src/panicking.rs:292:27
[INFO] [stdout]   10:     0x5b989e83e7c9 - std[10d71ac2c42b111e]::panicking::default_hook
[INFO] [stdout]                                at /rustc/b2282dd5646a57d570fc86fbe8df0e8826665ef6/library/std/src/panicking.rs:316:9
[INFO] [stdout]   11:     0x5b989e7c9b6c - <alloc[a7ee25936407c584]::boxed::Box<dyn for<'a, 'b> core[8fb95b77d25ab6c8]::ops::function::Fn<(&'a std[10d71ac2c42b111e]::panic::PanicHookInfo<'b>,), Output = ()> + core[8fb95b77d25ab6c8]::marker::Sync + core[8fb95b77d25ab6c8]::marker::Send> as core[8fb95b77d25ab6c8]::ops::function::Fn<(&std[10d71ac2c42b111e]::panic::PanicHookInfo,)>>::call
[INFO] [stdout]                                at /rustc/b2282dd5646a57d570fc86fbe8df0e8826665ef6/library/alloc/src/boxed.rs:2289:9
[INFO] [stdout]   12:     0x5b989e7c9b6c - test[213991da798b1c03]::test_main_inner::<test[213991da798b1c03]::test_main_static::{closure#0}>::{closure#0}
[INFO] [stdout]                                at /rustc/b2282dd5646a57d570fc86fbe8df0e8826665ef6/library/test/src/lib.rs:155:21
[INFO] [stdout]   13:     0x5b989e83e982 - <alloc[a7ee25936407c584]::boxed::Box<dyn for<'a, 'b> core[8fb95b77d25ab6c8]::ops::function::Fn<(&'a std[10d71ac2c42b111e]::panic::PanicHookInfo<'b>,), Output = ()> + core[8fb95b77d25ab6c8]::marker::Sync + core[8fb95b77d25ab6c8]::marker::Send> as core[8fb95b77d25ab6c8]::ops::function::Fn<(&std[10d71ac2c42b111e]::panic::PanicHookInfo,)>>::call
[INFO] [stdout]                                at /rustc/b2282dd5646a57d570fc86fbe8df0e8826665ef6/library/alloc/src/boxed.rs:2289:9
[INFO] [stdout]   14:     0x5b989e83e982 - std[10d71ac2c42b111e]::panicking::panic_with_hook
[INFO] [stdout]                                at /rustc/b2282dd5646a57d570fc86fbe8df0e8826665ef6/library/std/src/panicking.rs:833:13
[INFO] [stdout]   15:     0x5b989e825424 - std[10d71ac2c42b111e]::panicking::panic_handler::{closure#0}
[INFO] [stdout]                                at /rustc/b2282dd5646a57d570fc86fbe8df0e8826665ef6/library/std/src/panicking.rs:691:13
[INFO] [stdout]   16:     0x5b989e81a1b9 - std[10d71ac2c42b111e]::sys::backtrace::__rust_end_short_backtrace::<std[10d71ac2c42b111e]::panicking::panic_handler::{closure#0}, !>
[INFO] [stdout]                                at /rustc/b2282dd5646a57d570fc86fbe8df0e8826665ef6/library/std/src/sys/backtrace.rs:182:18
[INFO] [stdout]   17:     0x5b989e8261ed - __rustc[3be9ba60078d4c86]::rust_begin_unwind
[INFO] [stdout]                                at /rustc/b2282dd5646a57d570fc86fbe8df0e8826665ef6/library/std/src/panicking.rs:689:5
[INFO] [stdout]   18:     0x5b989e85adec - core[8fb95b77d25ab6c8]::panicking::panic_fmt
[INFO] [stdout]                                at /rustc/b2282dd5646a57d570fc86fbe8df0e8826665ef6/library/core/src/panicking.rs:80:14
[INFO] [stdout]   19:     0x5b989e7b9d9f - sqlx_core[22b7755df19d82d9]::rt::missing_rt::<any[b7f2969c60d38828]::it_can_fail_and_recover_with_pool::{closure#0}>
[INFO] [stdout]                                at /opt/rustwide/workdir/sqlx-core/src/rt/mod.rs:143:5
[INFO] [stdout]   20:     0x5b989e7b9fb0 - sqlx_core[22b7755df19d82d9]::rt::test_block_on::<any[b7f2969c60d38828]::it_can_fail_and_recover_with_pool::{closure#0}>
[INFO] [stdout]                                at /opt/rustwide/workdir/sqlx-core/src/rt/mod.rs:133:9
[INFO] [stdout]   21:     0x5b989e7bc01b - any[b7f2969c60d38828]::it_can_fail_and_recover_with_pool
[INFO] [stdout]                                at /opt/rustwide/workdir/tests/any/any.rs:119:1
[INFO] [stdout]   22:     0x5b989e7bbe97 - any[b7f2969c60d38828]::it_can_fail_and_recover_with_pool::{closure#0}
[INFO] [stdout]                                at /opt/rustwide/workdir/tests/any/any.rs:120:49
[INFO] [stdout]   23:     0x5b989e7bcb26 - <any[b7f2969c60d38828]::it_can_fail_and_recover_with_pool::{closure#0} as core[8fb95b77d25ab6c8]::ops::function::FnOnce<()>>::call_once
[INFO] [stdout]                                at /rustc/b2282dd5646a57d570fc86fbe8df0e8826665ef6/library/core/src/ops/function.rs:250:5
[INFO] [stdout]   24:     0x5b989e7bcc4b - <fn() -> core[8fb95b77d25ab6c8]::result::Result<(), alloc[a7ee25936407c584]::string::String> as core[8fb95b77d25ab6c8]::ops::function::FnOnce<()>>::call_once
[INFO] [stdout]                                at /rustc/b2282dd5646a57d570fc86fbe8df0e8826665ef6/library/core/src/ops/function.rs:250:5
[INFO] [stdout]   25:     0x5b989e7bcc4b - test[213991da798b1c03]::__rust_begin_short_backtrace::<core[8fb95b77d25ab6c8]::result::Result<(), alloc[a7ee25936407c584]::string::String>, fn() -> core[8fb95b77d25ab6c8]::result::Result<(), alloc[a7ee25936407c584]::string::String>>
[INFO] [stdout]                                at /rustc/b2282dd5646a57d570fc86fbe8df0e8826665ef6/library/test/src/lib.rs:724:18
[INFO] [stdout]   26:     0x5b989e7ca4c5 - test[213991da798b1c03]::run_test_in_process::{closure#0}
[INFO] [stdout]                                at /rustc/b2282dd5646a57d570fc86fbe8df0e8826665ef6/library/test/src/lib.rs:747:74
[INFO] [stdout]   27:     0x5b989e7ca4c5 - <core[8fb95b77d25ab6c8]::panic::unwind_safe::AssertUnwindSafe<test[213991da798b1c03]::run_test_in_process::{closure#0}> as core[8fb95b77d25ab6c8]::ops::function::FnOnce<()>>::call_once
[INFO] [stdout]                                at /rustc/b2282dd5646a57d570fc86fbe8df0e8826665ef6/library/core/src/panic/unwind_safe.rs:275:9
[INFO] [stdout]   28:     0x5b989e7ca4c5 - std[10d71ac2c42b111e]::panicking::catch_unwind::do_call::<core[8fb95b77d25ab6c8]::panic::unwind_safe::AssertUnwindSafe<test[213991da798b1c03]::run_test_in_process::{closure#0}>, core[8fb95b77d25ab6c8]::result::Result<(), alloc[a7ee25936407c584]::string::String>>
[INFO] [stdout]                                at /rustc/b2282dd5646a57d570fc86fbe8df0e8826665ef6/library/std/src/panicking.rs:581:40
[INFO] [stdout]   29:     0x5b989e7ca4c5 - std[10d71ac2c42b111e]::panicking::catch_unwind::<core[8fb95b77d25ab6c8]::result::Result<(), alloc[a7ee25936407c584]::string::String>, core[8fb95b77d25ab6c8]::panic::unwind_safe::AssertUnwindSafe<test[213991da798b1c03]::run_test_in_process::{closure#0}>>
[INFO] [stdout]                                at /rustc/b2282dd5646a57d570fc86fbe8df0e8826665ef6/library/std/src/panicking.rs:544:19
[INFO] [stdout]   30:     0x5b989e7ca4c5 - std[10d71ac2c42b111e]::panic::catch_unwind::<core[8fb95b77d25ab6c8]::panic::unwind_safe::AssertUnwindSafe<test[213991da798b1c03]::run_test_in_process::{closure#0}>, core[8fb95b77d25ab6c8]::result::Result<(), alloc[a7ee25936407c584]::string::String>>
[INFO] [stdout]                                at /rustc/b2282dd5646a57d570fc86fbe8df0e8826665ef6/library/std/src/panic.rs:359:14
[INFO] [stdout]   31:     0x5b989e7ca4c5 - test[213991da798b1c03]::run_test_in_process
[INFO] [stdout]                                at /rustc/b2282dd5646a57d570fc86fbe8df0e8826665ef6/library/test/src/lib.rs:747:27
[INFO] [stdout]   32:     0x5b989e7ca4c5 - test[213991da798b1c03]::run_test::{closure#0}
[INFO] [stdout]                                at /rustc/b2282dd5646a57d570fc86fbe8df0e8826665ef6/library/test/src/lib.rs:668:43
[INFO] [stdout]   33:     0x5b989e7c3dd4 - test[213991da798b1c03]::run_test::{closure#1}
[INFO] [stdout]                                at /rustc/b2282dd5646a57d570fc86fbe8df0e8826665ef6/library/test/src/lib.rs:698:41
[INFO] [stdout]   34:     0x5b989e7c3dd4 - std[10d71ac2c42b111e]::sys::backtrace::__rust_begin_short_backtrace::<test[213991da798b1c03]::run_test::{closure#1}, ()>
[INFO] [stdout]                                at /rustc/b2282dd5646a57d570fc86fbe8df0e8826665ef6/library/std/src/sys/backtrace.rs:166:18
[INFO] [stdout]   35:     0x5b989e7cd542 - std[10d71ac2c42b111e]::thread::lifecycle::spawn_unchecked::<test[213991da798b1c03]::run_test::{closure#1}, ()>::{closure#1}::{closure#0}
[INFO] [stdout]                                at /rustc/b2282dd5646a57d570fc86fbe8df0e8826665ef6/library/std/src/thread/lifecycle.rs:70:13
[INFO] [stdout]   36:     0x5b989e7cd542 - <core[8fb95b77d25ab6c8]::panic::unwind_safe::AssertUnwindSafe<std[10d71ac2c42b111e]::thread::lifecycle::spawn_unchecked<test[213991da798b1c03]::run_test::{closure#1}, ()>::{closure#1}::{closure#0}> as core[8fb95b77d25ab6c8]::ops::function::FnOnce<()>>::call_once
[INFO] [stdout]                                at /rustc/b2282dd5646a57d570fc86fbe8df0e8826665ef6/library/core/src/panic/unwind_safe.rs:275:9
[INFO] [stdout]   37:     0x5b989e7cd542 - std[10d71ac2c42b111e]::panicking::catch_unwind::do_call::<core[8fb95b77d25ab6c8]::panic::unwind_safe::AssertUnwindSafe<std[10d71ac2c42b111e]::thread::lifecycle::spawn_unchecked<test[213991da798b1c03]::run_test::{closure#1}, ()>::{closure#1}::{closure#0}>, ()>
[INFO] [stdout]                                at /rustc/b2282dd5646a57d570fc86fbe8df0e8826665ef6/library/std/src/panicking.rs:581:40
[INFO] [stdout]   38:     0x5b989e7cd542 - std[10d71ac2c42b111e]::panicking::catch_unwind::<(), core[8fb95b77d25ab6c8]::panic::unwind_safe::AssertUnwindSafe<std[10d71ac2c42b111e]::thread::lifecycle::spawn_unchecked<test[213991da798b1c03]::run_test::{closure#1}, ()>::{closure#1}::{closure#0}>>
[INFO] [stdout]                                at /rustc/b2282dd5646a57d570fc86fbe8df0e8826665ef6/library/std/src/panicking.rs:544:19
[INFO] [stdout]   39:     0x5b989e7cd542 - std[10d71ac2c42b111e]::panic::catch_unwind::<core[8fb95b77d25ab6c8]::panic::unwind_safe::AssertUnwindSafe<std[10d71ac2c42b111e]::thread::lifecycle::spawn_unchecked<test[213991da798b1c03]::run_test::{closure#1}, ()>::{closure#1}::{closure#0}>, ()>
[INFO] [stdout]                                at /rustc/b2282dd5646a57d570fc86fbe8df0e8826665ef6/library/std/src/panic.rs:359:14
[INFO] [stdout]   40:     0x5b989e7cd542 - std[10d71ac2c42b111e]::thread::lifecycle::spawn_unchecked::<test[213991da798b1c03]::run_test::{closure#1}, ()>::{closure#1}
[INFO] [stdout]                                at /rustc/b2282dd5646a57d570fc86fbe8df0e8826665ef6/library/std/src/thread/lifecycle.rs:68:26
[INFO] [stdout]   41:     0x5b989e7cd542 - <std[10d71ac2c42b111e]::thread::lifecycle::spawn_unchecked<test[213991da798b1c03]::run_test::{closure#1}, ()>::{closure#1} as core[8fb95b77d25ab6c8]::ops::function::FnOnce<()>>::call_once::{shim:vtable#0}
[INFO] [stdout]                                at /rustc/b2282dd5646a57d570fc86fbe8df0e8826665ef6/library/core/src/ops/function.rs:250:5
[INFO] [stdout]   42:     0x5b989e845c5f - <alloc[a7ee25936407c584]::boxed::Box<dyn core[8fb95b77d25ab6c8]::ops::function::FnOnce<(), Output = ()> + core[8fb95b77d25ab6c8]::marker::Send> as core[8fb95b77d25ab6c8]::ops::function::FnOnce<()>>::call_once
[INFO] [stdout]                                at /rustc/b2282dd5646a57d570fc86fbe8df0e8826665ef6/library/alloc/src/boxed.rs:2275:9
[INFO] [stdout]   43:     0x5b989e845c5f - <std[10d71ac2c42b111e]::sys::thread::unix::Thread>::new::thread_start
[INFO] [stdout]                                at /rustc/b2282dd5646a57d570fc86fbe8df0e8826665ef6/library/std/src/sys/thread/unix.rs:118:17
[INFO] [stdout]   44:     0x7cca248c8aa4 - <unknown>
[INFO] [stdout]   45:     0x7cca24955a64 - clone
[INFO] [stdout]   46:                0x0 - <unknown>
[INFO] [stdout] 
[INFO] [stdout] ---- it_connects stdout ----
[INFO] [stdout] 
[INFO] [stdout] thread 'it_connects' (2860) panicked at tests/any/any.rs:5:1:
[INFO] [stdout] either the `runtime-async-std` or `runtime-tokio` feature must be enabled
[INFO] [stdout] stack backtrace:
[INFO] [stdout]    0:     0x5b989e8462f8 - std[10d71ac2c42b111e]::backtrace_rs::backtrace::libunwind::trace
[INFO] [stdout]                                at /rustc/b2282dd5646a57d570fc86fbe8df0e8826665ef6/library/std/src/../../backtrace/src/backtrace/libunwind.rs:117:9
[INFO] [stdout]    1:     0x5b989e8462f8 - std[10d71ac2c42b111e]::backtrace_rs::backtrace::trace_unsynchronized::<std[10d71ac2c42b111e]::sys::backtrace::_print_fmt::{closure#1}>
[INFO] [stdout]                                at /rustc/b2282dd5646a57d570fc86fbe8df0e8826665ef6/library/std/src/../../backtrace/src/backtrace/mod.rs:66:14
[INFO] [stdout]    2:     0x5b989e8462f8 - std[10d71ac2c42b111e]::sys::backtrace::_print_fmt
[INFO] [stdout]                                at /rustc/b2282dd5646a57d570fc86fbe8df0e8826665ef6/library/std/src/sys/backtrace.rs:74:9
[INFO] [stdout]    3:     0x5b989e8462f8 - <<std[10d71ac2c42b111e]::sys::backtrace::BacktraceLock>::print::DisplayBacktrace as core[8fb95b77d25ab6c8]::fmt::Display>::fmt
[INFO] [stdout]                                at /rustc/b2282dd5646a57d570fc86fbe8df0e8826665ef6/library/std/src/sys/backtrace.rs:44:26
[INFO] [stdout]    4:     0x5b989e85a69a - <core[8fb95b77d25ab6c8]::fmt::rt::Argument>::fmt
[INFO] [stdout]                                at /rustc/b2282dd5646a57d570fc86fbe8df0e8826665ef6/library/core/src/fmt/rt.rs:152:76
[INFO] [stdout]    5:     0x5b989e85a69a - core[8fb95b77d25ab6c8]::fmt::write
[INFO] [stdout]    6:     0x5b989e84b072 - std[10d71ac2c42b111e]::io::default_write_fmt::<alloc[a7ee25936407c584]::vec::Vec<u8>>
[INFO] [stdout]                                at /rustc/b2282dd5646a57d570fc86fbe8df0e8826665ef6/library/std/src/io/mod.rs:622:11
[INFO] [stdout]    7:     0x5b989e84b072 - <alloc[a7ee25936407c584]::vec::Vec<u8> as std[10d71ac2c42b111e]::io::Write>::write_fmt
[INFO] [stdout]                                at /rustc/b2282dd5646a57d570fc86fbe8df0e8826665ef6/library/std/src/io/mod.rs:1977:13
[INFO] [stdout]    8:     0x5b989e825336 - <std[10d71ac2c42b111e]::sys::backtrace::BacktraceLock>::print
[INFO] [stdout]                                at /rustc/b2282dd5646a57d570fc86fbe8df0e8826665ef6/library/std/src/sys/backtrace.rs:47:9
[INFO] [stdout]    9:     0x5b989e825336 - std[10d71ac2c42b111e]::panicking::default_hook::{closure#0}
[INFO] [stdout]                                at /rustc/b2282dd5646a57d570fc86fbe8df0e8826665ef6/library/std/src/panicking.rs:292:27
[INFO] [stdout]   10:     0x5b989e83e7c9 - std[10d71ac2c42b111e]::panicking::default_hook
[INFO] [stdout]                                at /rustc/b2282dd5646a57d570fc86fbe8df0e8826665ef6/library/std/src/panicking.rs:316:9
[INFO] [stdout]   11:     0x5b989e7c9b6c - <alloc[a7ee25936407c584]::boxed::Box<dyn for<'a, 'b> core[8fb95b77d25ab6c8]::ops::function::Fn<(&'a std[10d71ac2c42b111e]::panic::PanicHookInfo<'b>,), Output = ()> + core[8fb95b77d25ab6c8]::marker::Sync + core[8fb95b77d25ab6c8]::marker::Send> as core[8fb95b77d25ab6c8]::ops::function::Fn<(&std[10d71ac2c42b111e]::panic::PanicHookInfo,)>>::call
[INFO] [stdout]                                at /rustc/b2282dd5646a57d570fc86fbe8df0e8826665ef6/library/alloc/src/boxed.rs:2289:9
[INFO] [stdout]   12:     0x5b989e7c9b6c - test[213991da798b1c03]::test_main_inner::<test[213991da798b1c03]::test_main_static::{closure#0}>::{closure#0}
[INFO] [stdout]                                at /rustc/b2282dd5646a57d570fc86fbe8df0e8826665ef6/library/test/src/lib.rs:155:21
[INFO] [stdout]   13:     0x5b989e83e982 - <alloc[a7ee25936407c584]::boxed::Box<dyn for<'a, 'b> core[8fb95b77d25ab6c8]::ops::function::Fn<(&'a std[10d71ac2c42b111e]::panic::PanicHookInfo<'b>,), Output = ()> + core[8fb95b77d25ab6c8]::marker::Sync + core[8fb95b77d25ab6c8]::marker::Send> as core[8fb95b77d25ab6c8]::ops::function::Fn<(&std[10d71ac2c42b111e]::panic::PanicHookInfo,)>>::call
[INFO] [stdout]                                at /rustc/b2282dd5646a57d570fc86fbe8df0e8826665ef6/library/alloc/src/boxed.rs:2289:9
[INFO] [stdout]   14:     0x5b989e83e982 - std[10d71ac2c42b111e]::panicking::panic_with_hook
[INFO] [stdout]                                at /rustc/b2282dd5646a57d570fc86fbe8df0e8826665ef6/library/std/src/panicking.rs:833:13
[INFO] [stdout]   15:     0x5b989e825424 - std[10d71ac2c42b111e]::panicking::panic_handler::{closure#0}
[INFO] [stdout]                                at /rustc/b2282dd5646a57d570fc86fbe8df0e8826665ef6/library/std/src/panicking.rs:691:13
[INFO] [stdout]   16:     0x5b989e81a1b9 - std[10d71ac2c42b111e]::sys::backtrace::__rust_end_short_backtrace::<std[10d71ac2c42b111e]::panicking::panic_handler::{closure#0}, !>
[INFO] [stdout]                                at /rustc/b2282dd5646a57d570fc86fbe8df0e8826665ef6/library/std/src/sys/backtrace.rs:182:18
[INFO] [stdout]   17:     0x5b989e8261ed - __rustc[3be9ba60078d4c86]::rust_begin_unwind
[INFO] [stdout]                                at /rustc/b2282dd5646a57d570fc86fbe8df0e8826665ef6/library/std/src/panicking.rs:689:5
[INFO] [stdout]   18:     0x5b989e85adec - core[8fb95b77d25ab6c8]::panicking::panic_fmt
[INFO] [stdout]                                at /rustc/b2282dd5646a57d570fc86fbe8df0e8826665ef6/library/core/src/panicking.rs:80:14
[INFO] [stdout]   19:     0x5b989e7b9b9f - sqlx_core[22b7755df19d82d9]::rt::missing_rt::<any[b7f2969c60d38828]::it_connects::{closure#0}>
[INFO] [stdout]                                at /opt/rustwide/workdir/sqlx-core/src/rt/mod.rs:143:5
[INFO] [stdout]   20:     0x5b989e7b9eee - sqlx_core[22b7755df19d82d9]::rt::test_block_on::<any[b7f2969c60d38828]::it_connects::{closure#0}>
[INFO] [stdout]                                at /opt/rustwide/workdir/sqlx-core/src/rt/mod.rs:133:9
[INFO] [stdout]   21:     0x5b989e7bbf6d - any[b7f2969c60d38828]::it_connects
[INFO] [stdout]                                at /opt/rustwide/workdir/tests/any/any.rs:5:1
[INFO] [stdout]   22:     0x5b989e7bbdd7 - any[b7f2969c60d38828]::it_connects::{closure#0}
[INFO] [stdout]                                at /opt/rustwide/workdir/tests/any/any.rs:6:27
[INFO] [stdout]   23:     0x5b989e7bca26 - <any[b7f2969c60d38828]::it_connects::{closure#0} as core[8fb95b77d25ab6c8]::ops::function::FnOnce<()>>::call_once
[INFO] [stdout]                                at /rustc/b2282dd5646a57d570fc86fbe8df0e8826665ef6/library/core/src/ops/function.rs:250:5
[INFO] [stdout]   24:     0x5b989e7bcc4b - <fn() -> core[8fb95b77d25ab6c8]::result::Result<(), alloc[a7ee25936407c584]::string::String> as core[8fb95b77d25ab6c8]::ops::function::FnOnce<()>>::call_once
[INFO] [stdout]                                at /rustc/b2282dd5646a57d570fc86fbe8df0e8826665ef6/library/core/src/ops/function.rs:250:5
[INFO] [stdout]   25:     0x5b989e7bcc4b - test[213991da798b1c03]::__rust_begin_short_backtrace::<core[8fb95b77d25ab6c8]::result::Result<(), alloc[a7ee25936407c584]::string::String>, fn() -> core[8fb95b77d25ab6c8]::result::Result<(), alloc[a7ee25936407c584]::string::String>>
[INFO] [stdout]                                at /rustc/b2282dd5646a57d570fc86fbe8df0e8826665ef6/library/test/src/lib.rs:724:18
[INFO] [stdout]   26:     0x5b989e7ca4c5 - test[213991da798b1c03]::run_test_in_process::{closure#0}
[INFO] [stdout]                                at /rustc/b2282dd5646a57d570fc86fbe8df0e8826665ef6/library/test/src/lib.rs:747:74
[INFO] [stdout]   27:     0x5b989e7ca4c5 - <core[8fb95b77d25ab6c8]::panic::unwind_safe::AssertUnwindSafe<test[213991da798b1c03]::run_test_in_process::{closure#0}> as core[8fb95b77d25ab6c8]::ops::function::FnOnce<()>>::call_once
[INFO] [stdout]                                at /rustc/b2282dd5646a57d570fc86fbe8df0e8826665ef6/library/core/src/panic/unwind_safe.rs:275:9
[INFO] [stdout]   28:     0x5b989e7ca4c5 - std[10d71ac2c42b111e]::panicking::catch_unwind::do_call::<core[8fb95b77d25ab6c8]::panic::unwind_safe::AssertUnwindSafe<test[213991da798b1c03]::run_test_in_process::{closure#0}>, core[8fb95b77d25ab6c8]::result::Result<(), alloc[a7ee25936407c584]::string::String>>
[INFO] [stdout]                                at /rustc/b2282dd5646a57d570fc86fbe8df0e8826665ef6/library/std/src/panicking.rs:581:40
[INFO] [stdout]   29:     0x5b989e7ca4c5 - std[10d71ac2c42b111e]::panicking::catch_unwind::<core[8fb95b77d25ab6c8]::result::Result<(), alloc[a7ee25936407c584]::string::String>, core[8fb95b77d25ab6c8]::panic::unwind_safe::AssertUnwindSafe<test[213991da798b1c03]::run_test_in_process::{closure#0}>>
[INFO] [stdout]                                at /rustc/b2282dd5646a57d570fc86fbe8df0e8826665ef6/library/std/src/panicking.rs:544:19
[INFO] [stdout]   30:     0x5b989e7ca4c5 - std[10d71ac2c42b111e]::panic::catch_unwind::<core[8fb95b77d25ab6c8]::panic::unwind_safe::AssertUnwindSafe<test[213991da798b1c03]::run_test_in_process::{closure#0}>, core[8fb95b77d25ab6c8]::result::Result<(), alloc[a7ee25936407c584]::string::String>>
[INFO] [stdout]                                at /rustc/b2282dd5646a57d570fc86fbe8df0e8826665ef6/library/std/src/panic.rs:359:14
[INFO] [stdout]   31:     0x5b989e7ca4c5 - test[213991da798b1c03]::run_test_in_process
[INFO] [stdout]                                at /rustc/b2282dd5646a57d570fc86fbe8df0e8826665ef6/library/test/src/lib.rs:747:27
[INFO] [stdout]   32:     0x5b989e7ca4c5 - test[213991da798b1c03]::run_test::{closure#0}
[INFO] [stdout]                                at /rustc/b2282dd5646a57d570fc86fbe8df0e8826665ef6/library/test/src/lib.rs:668:43
[INFO] [stdout]   33:     0x5b989e7c3dd4 - test[213991da798b1c03]::run_test::{closure#1}
[INFO] [stdout]                                at /rustc/b2282dd5646a57d570fc86fbe8df0e8826665ef6/library/test/src/lib.rs:698:41
[INFO] [stdout]   34:     0x5b989e7c3dd4 - std[10d71ac2c42b111e]::sys::backtrace::__rust_begin_short_backtrace::<test[213991da798b1c03]::run_test::{closure#1}, ()>
[INFO] [stdout]                                at /rustc/b2282dd5646a57d570fc86fbe8df0e8826665ef6/library/std/src/sys/backtrace.rs:166:18
[INFO] [stdout]   35:     0x5b989e7cd542 - std[10d71ac2c42b111e]::thread::lifecycle::spawn_unchecked::<test[213991da798b1c03]::run_test::{closure#1}, ()>::{closure#1}::{closure#0}
[INFO] [stdout]                                at /rustc/b2282dd5646a57d570fc86fbe8df0e8826665ef6/library/std/src/thread/lifecycle.rs:70:13
[INFO] [stdout]   36:     0x5b989e7cd542 - <core[8fb95b77d25ab6c8]::panic::unwind_safe::AssertUnwindSafe<std[10d71ac2c42b111e]::thread::lifecycle::spawn_unchecked<test[213991da798b1c03]::run_test::{closure#1}, ()>::{closure#1}::{closure#0}> as core[8fb95b77d25ab6c8]::ops::function::FnOnce<()>>::call_once
[INFO] [stdout]                                at /rustc/b2282dd5646a57d570fc86fbe8df0e8826665ef6/library/core/src/panic/unwind_safe.rs:275:9
[INFO] [stdout]   37:     0x5b989e7cd542 - std[10d71ac2c42b111e]::panicking::catch_unwind::do_call::<core[8fb95b77d25ab6c8]::panic::unwind_safe::AssertUnwindSafe<std[10d71ac2c42b111e]::thread::lifecycle::spawn_unchecked<test[213991da798b1c03]::run_test::{closure#1}, ()>::{closure#1}::{closure#0}>, ()>
[INFO] [stdout]                                at /rustc/b2282dd5646a57d570fc86fbe8df0e8826665ef6/library/std/src/panicking.rs:581:40
[INFO] [stdout]   38:     0x5b989e7cd542 - std[10d71ac2c42b111e]::panicking::catch_unwind::<(), core[8fb95b77d25ab6c8]::panic::unwind_safe::AssertUnwindSafe<std[10d71ac2c42b111e]::thread::lifecycle::spawn_unchecked<test[213991da798b1c03]::run_test::{closure#1}, ()>::{closure#1}::{closure#0}>>
[INFO] [stdout]                                at /rustc/b2282dd5646a57d570fc86fbe8df0e8826665ef6/library/std/src/panicking.rs:544:19
[INFO] [stdout]   39:     0x5b989e7cd542 - std[10d71ac2c42b111e]::panic::catch_unwind::<core[8fb95b77d25ab6c8]::panic::unwind_safe::AssertUnwindSafe<std[10d71ac2c42b111e]::thread::lifecycle::spawn_unchecked<test[213991da798b1c03]::run_test::{closure#1}, ()>::{closure#1}::{closure#0}>, ()>
[INFO] [stdout]                                at /rustc/b2282dd5646a57d570fc86fbe8df0e8826665ef6/library/std/src/panic.rs:359:14
[INFO] [stdout]   40:     0x5b989e7cd542 - std[10d71ac2c42b111e]::thread::lifecycle::spawn_unchecked::<test[213991da798b1c03]::run_test::{closure#1}, ()>::{closure#1}
[INFO] [stdout]                                at /rustc/b2282dd5646a57d570fc86fbe8df0e8826665ef6/library/std/src/thread/lifecycle.rs:68:26
[INFO] [stdout]   41:     0x5b989e7cd542 - <std[10d71ac2c42b111e]::thread::lifecycle::spawn_unchecked<test[213991da798b1c03]::run_test::{closure#1}, ()>::{closure#1} as core[8fb95b77d25ab6c8]::ops::function::FnOnce<()>>::call_once::{shim:vtable#0}
[INFO] [stdout]                                at /rustc/b2282dd5646a57d570fc86fbe8df0e8826665ef6/library/core/src/ops/function.rs:250:5
[INFO] [stdout]   42:     0x5b989e845c5f - <alloc[a7ee25936407c584]::boxed::Box<dyn core[8fb95b77d25ab6c8]::ops::function::FnOnce<(), Output = ()> + core[8fb95b77d25ab6c8]::marker::Send> as core[8fb95b77d25ab6c8]::ops::function::FnOnce<()>>::call_once
[INFO] [stdout]                                at /rustc/b2282dd5646a57d570fc86fbe8df0e8826665ef6/library/alloc/src/boxed.rs:2275:9
[INFO] [stdout]   43:     0x5b989e845c5f - <std[10d71ac2c42b111e]::sys::thread::unix::Thread>::new::thread_start
[INFO] [stdout]                                at /rustc/b2282dd5646a57d570fc86fbe8df0e8826665ef6/library/std/src/sys/thread/unix.rs:118:17
[INFO] [stdout]   44:     0x7cca248c8aa4 - <unknown>
[INFO] [stdout]   45:     0x7cca24955a64 - clone
[INFO] [stdout]   46:                0x0 - <unknown>
[INFO] [stdout] 
[INFO] [stdout] ---- it_does_not_stop_stream_after_decoding_error stdout ----
[INFO] [stdout] 
[INFO] [stdout] thread 'it_does_not_stop_stream_after_decoding_error' (2861) panicked at tests/any/any.rs:47:1:
[INFO] [stdout] either the `runtime-async-std` or `runtime-tokio` feature must be enabled
[INFO] [stdout] stack backtrace:
[INFO] [stdout]    0:     0x5b989e8462f8 - std[10d71ac2c42b111e]::backtrace_rs::backtrace::libunwind::trace
[INFO] [stdout]                                at /rustc/b2282dd5646a57d570fc86fbe8df0e8826665ef6/library/std/src/../../backtrace/src/backtrace/libunwind.rs:117:9
[INFO] [stdout]    1:     0x5b989e8462f8 - std[10d71ac2c42b111e]::backtrace_rs::backtrace::trace_unsynchronized::<std[10d71ac2c42b111e]::sys::backtrace::_print_fmt::{closure#1}>
[INFO] [stdout]                                at /rustc/b2282dd5646a57d570fc86fbe8df0e8826665ef6/library/std/src/../../backtrace/src/backtrace/mod.rs:66:14
[INFO] [stdout]    2:     0x5b989e8462f8 - std[10d71ac2c42b111e]::sys::backtrace::_print_fmt
[INFO] [stdout]                                at /rustc/b2282dd5646a57d570fc86fbe8df0e8826665ef6/library/std/src/sys/backtrace.rs:74:9
[INFO] [stdout]    3:     0x5b989e8462f8 - <<std[10d71ac2c42b111e]::sys::backtrace::BacktraceLock>::print::DisplayBacktrace as core[8fb95b77d25ab6c8]::fmt::Display>::fmt
[INFO] [stdout]                                at /rustc/b2282dd5646a57d570fc86fbe8df0e8826665ef6/library/std/src/sys/backtrace.rs:44:26
[INFO] [stdout]    4:     0x5b989e85a69a - <core[8fb95b77d25ab6c8]::fmt::rt::Argument>::fmt
[INFO] [stdout]                                at /rustc/b2282dd5646a57d570fc86fbe8df0e8826665ef6/library/core/src/fmt/rt.rs:152:76
[INFO] [stdout]    5:     0x5b989e85a69a - core[8fb95b77d25ab6c8]::fmt::write
[INFO] [stdout]    6:     0x5b989e84b072 - std[10d71ac2c42b111e]::io::default_write_fmt::<alloc[a7ee25936407c584]::vec::Vec<u8>>
[INFO] [stdout]                                at /rustc/b2282dd5646a57d570fc86fbe8df0e8826665ef6/library/std/src/io/mod.rs:622:11
[INFO] [stdout]    7:     0x5b989e84b072 - <alloc[a7ee25936407c584]::vec::Vec<u8> as std[10d71ac2c42b111e]::io::Write>::write_fmt
[INFO] [stdout]                                at /rustc/b2282dd5646a57d570fc86fbe8df0e8826665ef6/library/std/src/io/mod.rs:1977:13
[INFO] [stdout]    8:     0x5b989e825336 - <std[10d71ac2c42b111e]::sys::backtrace::BacktraceLock>::print
[INFO] [stdout]                                at /rustc/b2282dd5646a57d570fc86fbe8df0e8826665ef6/library/std/src/sys/backtrace.rs:47:9
[INFO] [stdout]    9:     0x5b989e825336 - std[10d71ac2c42b111e]::panicking::default_hook::{closure#0}
[INFO] [stdout]                                at /rustc/b2282dd5646a57d570fc86fbe8df0e8826665ef6/library/std/src/panicking.rs:292:27
[INFO] [stdout]   10:     0x5b989e83e7c9 - std[10d71ac2c42b111e]::panicking::default_hook
[INFO] [stdout]                                at /rustc/b2282dd5646a57d570fc86fbe8df0e8826665ef6/library/std/src/panicking.rs:316:9
[INFO] [stdout]   11:     0x5b989e7c9b6c - <alloc[a7ee25936407c584]::boxed::Box<dyn for<'a, 'b> core[8fb95b77d25ab6c8]::ops::function::Fn<(&'a std[10d71ac2c42b111e]::panic::PanicHookInfo<'b>,), Output = ()> + core[8fb95b77d25ab6c8]::marker::Sync + core[8fb95b77d25ab6c8]::marker::Send> as core[8fb95b77d25ab6c8]::ops::function::Fn<(&std[10d71ac2c42b111e]::panic::PanicHookInfo,)>>::call
[INFO] [stdout]                                at /rustc/b2282dd5646a57d570fc86fbe8df0e8826665ef6/library/alloc/src/boxed.rs:2289:9
[INFO] [stdout]   12:     0x5b989e7c9b6c - test[213991da798b1c03]::test_main_inner::<test[213991da798b1c03]::test_main_static::{closure#0}>::{closure#0}
[INFO] [stdout]                                at /rustc/b2282dd5646a57d570fc86fbe8df0e8826665ef6/library/test/src/lib.rs:155:21
[INFO] [stdout]   13:     0x5b989e83e982 - <alloc[a7ee25936407c584]::boxed::Box<dyn for<'a, 'b> core[8fb95b77d25ab6c8]::ops::function::Fn<(&'a std[10d71ac2c42b111e]::panic::PanicHookInfo<'b>,), Output = ()> + core[8fb95b77d25ab6c8]::marker::Sync + core[8fb95b77d25ab6c8]::marker::Send> as core[8fb95b77d25ab6c8]::ops::function::Fn<(&std[10d71ac2c42b111e]::panic::PanicHookInfo,)>>::call
[INFO] [stdout]                                at /rustc/b2282dd5646a57d570fc86fbe8df0e8826665ef6/library/alloc/src/boxed.rs:2289:9
[INFO] [stdout]   14:     0x5b989e83e982 - std[10d71ac2c42b111e]::panicking::panic_with_hook
[INFO] [stdout]                                at /rustc/b2282dd5646a57d570fc86fbe8df0e8826665ef6/library/std/src/panicking.rs:833:13
[INFO] [stdout]   15:     0x5b989e825424 - std[10d71ac2c42b111e]::panicking::panic_handler::{closure#0}
[INFO] [stdout]                                at /rustc/b2282dd5646a57d570fc86fbe8df0e8826665ef6/library/std/src/panicking.rs:691:13
[INFO] [stdout]   16:     0x5b989e81a1b9 - std[10d71ac2c42b111e]::sys::backtrace::__rust_end_short_backtrace::<std[10d71ac2c42b111e]::panicking::panic_handler::{closure#0}, !>
[INFO] [stdout]                                at /rustc/b2282dd5646a57d570fc86fbe8df0e8826665ef6/library/std/src/sys/backtrace.rs:182:18
[INFO] [stdout]   17:     0x5b989e8261ed - __rustc[3be9ba60078d4c86]::rust_begin_unwind
[INFO] [stdout]                                at /rustc/b2282dd5646a57d570fc86fbe8df0e8826665ef6/library/std/src/panicking.rs:689:5
[INFO] [stdout]   18:     0x5b989e85adec - core[8fb95b77d25ab6c8]::panicking::panic_fmt
[INFO] [stdout]                                at /rustc/b2282dd5646a57d570fc86fbe8df0e8826665ef6/library/core/src/panicking.rs:80:14
[INFO] [stdout]   19:     0x5b989e7b9e1f - sqlx_core[22b7755df19d82d9]::rt::missing_rt::<any[b7f2969c60d38828]::it_does_not_stop_stream_after_decoding_error::{closure#0}>
[INFO] [stdout]                                at /opt/rustwide/workdir/sqlx-core/src/rt/mod.rs:143:5
[INFO] [stdout]   20:     0x5b989e7b9fde - sqlx_core[22b7755df19d82d9]::rt::test_block_on::<any[b7f2969c60d38828]::it_does_not_stop_stream_after_decoding_error::{closure#0}>
[INFO] [stdout]                                at /opt/rustwide/workdir/sqlx-core/src/rt/mod.rs:133:9
[INFO] [stdout]   21:     0x5b989e7bc04d - any[b7f2969c60d38828]::it_does_not_stop_stream_after_decoding_error
[INFO] [stdout]                                at /opt/rustwide/workdir/tests/any/any.rs:47:1
[INFO] [stdout]   22:     0x5b989e7bbec7 - any[b7f2969c60d38828]::it_does_not_stop_stream_after_decoding_error::{closure#0}
[INFO] [stdout]                                at /opt/rustwide/workdir/tests/any/any.rs:48:60
[INFO] [stdout]   23:     0x5b989e7bcb66 - <any[b7f2969c60d38828]::it_does_not_stop_stream_after_decoding_error::{closure#0} as core[8fb95b77d25ab6c8]::ops::function::FnOnce<()>>::call_once
[INFO] [stdout]                                at /rustc/b2282dd5646a57d570fc86fbe8df0e8826665ef6/library/core/src/ops/function.rs:250:5
[INFO] [stdout]   24:     0x5b989e7bcc4b - <fn() -> core[8fb95b77d25ab6c8]::result::Result<(), alloc[a7ee25936407c584]::string::String> as core[8fb95b77d25ab6c8]::ops::function::FnOnce<()>>::call_once
[INFO] [stdout]                                at /rustc/b2282dd5646a57d570fc86fbe8df0e8826665ef6/library/core/src/ops/function.rs:250:5
[INFO] [stdout]   25:     0x5b989e7bcc4b - test[213991da798b1c03]::__rust_begin_short_backtrace::<core[8fb95b77d25ab6c8]::result::Result<(), alloc[a7ee25936407c584]::string::String>, fn() -> core[8fb95b77d25ab6c8]::result::Result<(), alloc[a7ee25936407c584]::string::String>>
[INFO] [stdout]                                at /rustc/b2282dd5646a57d570fc86fbe8df0e8826665ef6/library/test/src/lib.rs:724:18
[INFO] [stdout]   26:     0x5b989e7ca4c5 - test[213991da798b1c03]::run_test_in_process::{closure#0}
[INFO] [stdout]                                at /rustc/b2282dd5646a57d570fc86fbe8df0e8826665ef6/library/test/src/lib.rs:747:74
[INFO] [stdout]   27:     0x5b989e7ca4c5 - <core[8fb95b77d25ab6c8]::panic::unwind_safe::AssertUnwindSafe<test[213991da798b1c03]::run_test_in_process::{closure#0}> as core[8fb95b77d25ab6c8]::ops::function::FnOnce<()>>::call_once
[INFO] [stdout]                                at /rustc/b2282dd5646a57d570fc86fbe8df0e8826665ef6/library/core/src/panic/unwind_safe.rs:275:9
[INFO] [stdout]   28:     0x5b989e7ca4c5 - std[10d71ac2c42b111e]::panicking::catch_unwind::do_call::<core[8fb95b77d25ab6c8]::panic::unwind_safe::AssertUnwindSafe<test[213991da798b1c03]::run_test_in_process::{closure#0}>, core[8fb95b77d25ab6c8]::result::Result<(), alloc[a7ee25936407c584]::string::String>>
[INFO] [stdout]                                at /rustc/b2282dd5646a57d570fc86fbe8df0e8826665ef6/library/std/src/panicking.rs:581:40
[INFO] [stdout]   29:     0x5b989e7ca4c5 - std[10d71ac2c42b111e]::panicking::catch_unwind::<core[8fb95b77d25ab6c8]::result::Result<(), alloc[a7ee25936407c584]::string::String>, core[8fb95b77d25ab6c8]::panic::unwind_safe::AssertUnwindSafe<test[213991da798b1c03]::run_test_in_process::{closure#0}>>
[INFO] [stdout]                                at /rustc/b2282dd5646a57d570fc86fbe8df0e8826665ef6/library/std/src/panicking.rs:544:19
[INFO] [stdout]   30:     0x5b989e7ca4c5 - std[10d71ac2c42b111e]::panic::catch_unwind::<core[8fb95b77d25ab6c8]::panic::unwind_safe::AssertUnwindSafe<test[213991da798b1c03]::run_test_in_process::{closure#0}>, core[8fb95b77d25ab6c8]::result::Result<(), alloc[a7ee25936407c584]::string::String>>
[INFO] [stdout]                                at /rustc/b2282dd5646a57d570fc86fbe8df0e8826665ef6/library/std/src/panic.rs:359:14
[INFO] [stdout]   31:     0x5b989e7ca4c5 - test[213991da798b1c03]::run_test_in_process
[INFO] [stdout]                                at /rustc/b2282dd5646a57d570fc86fbe8df0e8826665ef6/library/test/src/lib.rs:747:27
[INFO] [stdout]   32:     0x5b989e7ca4c5 - test[213991da798b1c03]::run_test::{closure#0}
[INFO] [stdout]                                at /rustc/b2282dd5646a57d570fc86fbe8df0e8826665ef6/library/test/src/lib.rs:668:43
[INFO] [stdout]   33:     0x5b989e7c3dd4 - test[213991da798b1c03]::run_test::{closure#1}
[INFO] [stdout]                                at /rustc/b2282dd5646a57d570fc86fbe8df0e8826665ef6/library/test/src/lib.rs:698:41
[INFO] [stdout]   34:     0x5b989e7c3dd4 - std[10d71ac2c42b111e]::sys::backtrace::__rust_begin_short_backtrace::<test[213991da798b1c03]::run_test::{closure#1}, ()>
[INFO] [stdout]                                at /rustc/b2282dd5646a57d570fc86fbe8df0e8826665ef6/library/std/src/sys/backtrace.rs:166:18
[INFO] [stdout]   35:     0x5b989e7cd542 - std[10d71ac2c42b111e]::thread::lifecycle::spawn_unchecked::<test[213991da798b1c03]::run_test::{closure#1}, ()>::{closure#1}::{closure#0}
[INFO] [stdout]                                at /rustc/b2282dd5646a57d570fc86fbe8df0e8826665ef6/library/std/src/thread/lifecycle.rs:70:13
[INFO] [stdout]   36:     0x5b989e7cd542 - <core[8fb95b77d25ab6c8]::panic::unwind_safe::AssertUnwindSafe<std[10d71ac2c42b111e]::thread::lifecycle::spawn_unchecked<test[213991da798b1c03]::run_test::{closure#1}, ()>::{closure#1}::{closure#0}> as core[8fb95b77d25ab6c8]::ops::function::FnOnce<()>>::call_once
[INFO] [stdout]                                at /rustc/b2282dd5646a57d570fc86fbe8df0e8826665ef6/library/core/src/panic/unwind_safe.rs:275:9
[INFO] [stdout]   37:     0x5b989e7cd542 - std[10d71ac2c42b111e]::panicking::catch_unwind::do_call::<core[8fb95b77d25ab6c8]::panic::unwind_safe::AssertUnwindSafe<std[10d71ac2c42b111e]::thread::lifecycle::spawn_unchecked<test[213991da798b1c03]::run_test::{closure#1}, ()>::{closure#1}::{closure#0}>, ()>
[INFO] [stdout]                                at /rustc/b2282dd5646a57d570fc86fbe8df0e8826665ef6/library/std/src/panicking.rs:581:40
[INFO] [stdout]   38:     0x5b989e7cd542 - std[10d71ac2c42b111e]::panicking::catch_unwind::<(), core[8fb95b77d25ab6c8]::panic::unwind_safe::AssertUnwindSafe<std[10d71ac2c42b111e]::thread::lifecycle::spawn_unchecked<test[213991da798b1c03]::run_test::{closure#1}, ()>::{closure#1}::{closure#0}>>
[INFO] [stdout]                                at /rustc/b2282dd5646a57d570fc86fbe8df0e8826665ef6/library/std/src/panicking.rs:544:19
[INFO] [stdout]   39:     0x5b989e7cd542 - std[10d71ac2c42b111e]::panic::catch_unwind::<core[8fb95b77d25ab6c8]::panic::unwind_safe::AssertUnwindSafe<std[10d71ac2c42b111e]::thread::lifecycle::spawn_unchecked<test[213991da798b1c03]::run_test::{closure#1}, ()>::{closure#1}::{closure#0}>, ()>
[INFO] [stdout]                                at /rustc/b2282dd5646a57d570fc86fbe8df0e8826665ef6/library/std/src/panic.rs:359:14
[INFO] [stdout]   40:     0x5b989e7cd542 - std[10d71ac2c42b111e]::thread::lifecycle::spawn_unchecked::<test[213991da798b1c03]::run_test::{closure#1}, ()>::{closure#1}
[INFO] [stdout]                                at /rustc/b2282dd5646a57d570fc86fbe8df0e8826665ef6/library/std/src/thread/lifecycle.rs:68:26
[INFO] [stdout]   41:     0x5b989e7cd542 - <std[10d71ac2c42b111e]::thread::lifecycle::spawn_unchecked<test[213991da798b1c03]::run_test::{closure#1}, ()>::{closure#1} as core[8fb95b77d25ab6c8]::ops::function::FnOnce<()>>::call_once::{shim:vtable#0}
[INFO] [stdout]                                at /rustc/b2282dd5646a57d570fc86fbe8df0e8826665ef6/library/core/src/ops/function.rs:250:5
[INFO] [stdout]   42:     0x5b989e845c5f - <alloc[a7ee25936407c584]::boxed::Box<dyn core[8fb95b77d25ab6c8]::ops::function::FnOnce<(), Output = ()> + core[8fb95b77d25ab6c8]::marker::Send> as core[8fb95b77d25ab6c8]::ops::function::FnOnce<()>>::call_once
[INFO] [stdout]                                at /rustc/b2282dd5646a57d570fc86fbe8df0e8826665ef6/library/alloc/src/boxed.rs:2275:9
[INFO] [stdout]   43:     0x5b989e845c5f - <std[10d71ac2c42b111e]::sys::thread::unix::Thread>::new::thread_start
[INFO] [stdout]                                at /rustc/b2282dd5646a57d570fc86fbe8df0e8826665ef6/library/std/src/sys/thread/unix.rs:118:17
[INFO] [stdout]   44:     0x7cca248c8aa4 - <unknown>
[INFO] [stdout]   45:     0x7cca24955a64 - clone
[INFO] [stdout]   46:                0x0 - <unknown>
[INFO] [stdout] 
[INFO] [stdout] ---- it_executes_with_pool stdout ----
[INFO] [stdout] 
[INFO] [stdout] thread 'it_executes_with_pool' (2862) panicked at tests/any/any.rs:34:1:
[INFO] [stdout] either the `runtime-async-std` or `runtime-tokio` feature must be enabled
[INFO] [stdout] stack backtrace:
[INFO] [stdout]    0:     0x5b989e8462f8 - std[10d71ac2c42b111e]::backtrace_rs::backtrace::libunwind::trace
[INFO] [stdout]                                at /rustc/b2282dd5646a57d570fc86fbe8df0e8826665ef6/library/std/src/../../backtrace/src/backtrace/libunwind.rs:117:9
[INFO] [stdout]    1:     0x5b989e8462f8 - std[10d71ac2c42b111e]::backtrace_rs::backtrace::trace_unsynchronized::<std[10d71ac2c42b111e]::sys::backtrace::_print_fmt::{closure#1}>
[INFO] [stdout]                                at /rustc/b2282dd5646a57d570fc86fbe8df0e8826665ef6/library/std/src/../../backtrace/src/backtrace/mod.rs:66:14
[INFO] [stdout]    2:     0x5b989e8462f8 - std[10d71ac2c42b111e]::sys::backtrace::_print_fmt
[INFO] [stdout]                                at /rustc/b2282dd5646a57d570fc86fbe8df0e8826665ef6/library/std/src/sys/backtrace.rs:74:9
[INFO] [stdout]    3:     0x5b989e8462f8 - <<std[10d71ac2c42b111e]::sys::backtrace::BacktraceLock>::print::DisplayBacktrace as core[8fb95b77d25ab6c8]::fmt::Display>::fmt
[INFO] [stdout]                                at /rustc/b2282dd5646a57d570fc86fbe8df0e8826665ef6/library/std/src/sys/backtrace.rs:44:26
[INFO] [stdout]    4:     0x5b989e85a69a - <core[8fb95b77d25ab6c8]::fmt::rt::Argument>::fmt
[INFO] [stdout]                                at /rustc/b2282dd5646a57d570fc86fbe8df0e8826665ef6/library/core/src/fmt/rt.rs:152:76
[INFO] [stdout]    5:     0x5b989e85a69a - core[8fb95b77d25ab6c8]::fmt::write
[INFO] [stdout]    6:     0x5b989e84b072 - std[10d71ac2c42b111e]::io::default_write_fmt::<alloc[a7ee25936407c584]::vec::Vec<u8>>
[INFO] [stdout]                                at /rustc/b2282dd5646a57d570fc86fbe8df0e8826665ef6/library/std/src/io/mod.rs:622:11
[INFO] [stdout]    7:     0x5b989e84b072 - <alloc[a7ee25936407c584]::vec::Vec<u8> as std[10d71ac2c42b111e]::io::Write>::write_fmt
[INFO] [stdout]                                at /rustc/b2282dd5646a57d570fc86fbe8df0e8826665ef6/library/std/src/io/mod.rs:1977:13
[INFO] [stdout]    8:     0x5b989e825336 - <std[10d71ac2c42b111e]::sys::backtrace::BacktraceLock>::print
[INFO] [stdout]                                at /rustc/b2282dd5646a57d570fc86fbe8df0e8826665ef6/library/std/src/sys/backtrace.rs:47:9
[INFO] [stdout]    9:     0x5b989e825336 - std[10d71ac2c42b111e]::panicking::default_hook::{closure#0}
[INFO] [stdout]                                at /rustc/b2282dd5646a57d570fc86fbe8df0e8826665ef6/library/std/src/panicking.rs:292:27
[INFO] [stdout]   10:     0x5b989e83e7c9 - std[10d71ac2c42b111e]::panicking::default_hook
[INFO] [stdout]                                at /rustc/b2282dd5646a57d570fc86fbe8df0e8826665ef6/library/std/src/panicking.rs:316:9
[INFO] [stdout]   11:     0x5b989e7c9b6c - <alloc[a7ee25936407c584]::boxed::Box<dyn for<'a, 'b> core[8fb95b77d25ab6c8]::ops::function::Fn<(&'a std[10d71ac2c42b111e]::panic::PanicHookInfo<'b>,), Output = ()> + core[8fb95b77d25ab6c8]::marker::Sync + core[8fb95b77d25ab6c8]::marker::Send> as core[8fb95b77d25ab6c8]::ops::function::Fn<(&std[10d71ac2c42b111e]::panic::PanicHookInfo,)>>::call
[INFO] [stdout]                                at /rustc/b2282dd5646a57d570fc86fbe8df0e8826665ef6/library/alloc/src/boxed.rs:2289:9
[INFO] [stdout]   12:     0x5b989e7c9b6c - test[213991da798b1c03]::test_main_inner::<test[213991da798b1c03]::test_main_static::{closure#0}>::{closure#0}
[INFO] [stdout]                                at /rustc/b2282dd5646a57d570fc86fbe8df0e8826665ef6/library/test/src/lib.rs:155:21
[INFO] [stdout]   13:     0x5b989e83e982 - <alloc[a7ee25936407c584]::boxed::Box<dyn for<'a, 'b> core[8fb95b77d25ab6c8]::ops::function::Fn<(&'a std[10d71ac2c42b111e]::panic::PanicHookInfo<'b>,), Output = ()> + core[8fb95b77d25ab6c8]::marker::Sync + core[8fb95b77d25ab6c8]::marker::Send> as core[8fb95b77d25ab6c8]::ops::function::Fn<(&std[10d71ac2c42b111e]::panic::PanicHookInfo,)>>::call
[INFO] [stdout]                                at /rustc/b2282dd5646a57d570fc86fbe8df0e8826665ef6/library/alloc/src/boxed.rs:2289:9
[INFO] [stdout]   14:     0x5b989e83e982 - std[10d71ac2c42b111e]::panicking::panic_with_hook
[INFO] [stdout]                                at /rustc/b2282dd5646a57d570fc86fbe8df0e8826665ef6/library/std/src/panicking.rs:833:13
[INFO] [stdout]   15:     0x5b989e825424 - std[10d71ac2c42b111e]::panicking::panic_handler::{closure#0}
[INFO] [stdout]                                at /rustc/b2282dd5646a57d570fc86fbe8df0e8826665ef6/library/std/src/panicking.rs:691:13
[INFO] [stdout]   16:     0x5b989e81a1b9 - std[10d71ac2c42b111e]::sys::backtrace::__rust_end_short_backtrace::<std[10d71ac2c42b111e]::panicking::panic_handler::{closure#0}, !>
[INFO] [stdout]                                at /rustc/b2282dd5646a57d570fc86fbe8df0e8826665ef6/library/std/src/sys/backtrace.rs:182:18
[INFO] [stdout]   17:     0x5b989e8261ed - __rustc[3be9ba60078d4c86]::rust_begin_unwind
[INFO] [stdout]                                at /rustc/b2282dd5646a57d570fc86fbe8df0e8826665ef6/library/std/src/panicking.rs:689:5
[INFO] [stdout]   18:     0x5b989e85adec - core[8fb95b77d25ab6c8]::panicking::panic_fmt
[INFO] [stdout]                                at /rustc/b2282dd5646a57d570fc86fbe8df0e8826665ef6/library/core/src/panicking.rs:80:14
[INFO] [stdout]   19:     0x5b989e7b9c9f - sqlx_core[22b7755df19d82d9]::rt::missing_rt::<any[b7f2969c60d38828]::it_executes_with_pool::{closure#0}>
[INFO] [stdout]                                at /opt/rustwide/workdir/sqlx-core/src/rt/mod.rs:143:5
[INFO] [stdout]   20:     0x5b989e7b9f4e - sqlx_core[22b7755df19d82d9]::rt::test_block_on::<any[b7f2969c60d38828]::it_executes_with_pool::{closure#0}>
[INFO] [stdout]                                at /opt/rustwide/workdir/sqlx-core/src/rt/mod.rs:133:9
[INFO] [stdout]   21:     0x5b989e7bbfbd - any[b7f2969c60d38828]::it_executes_with_pool
[INFO] [stdout]                                at /opt/rustwide/workdir/tests/any/any.rs:34:1
[INFO] [stdout]   22:     0x5b989e7bbe37 - any[b7f2969c60d38828]::it_executes_with_pool::{closure#0}
[INFO] [stdout]                                at /opt/rustwide/workdir/tests/any/any.rs:35:37
[INFO] [stdout]   23:     0x5b989e7bcaa6 - <any[b7f2969c60d38828]::it_executes_with_pool::{closure#0} as core[8fb95b77d25ab6c8]::ops::function::FnOnce<()>>::call_once
[INFO] [stdout]                                at /rustc/b2282dd5646a57d570fc86fbe8df0e8826665ef6/library/core/src/ops/function.rs:250:5
[INFO] [stdout]   24:     0x5b989e7bcc4b - <fn() -> core[8fb95b77d25ab6c8]::result::Result<(), alloc[a7ee25936407c584]::string::String> as core[8fb95b77d25ab6c8]::ops::function::FnOnce<()>>::call_once
[INFO] [stdout]                                at /rustc/b2282dd5646a57d570fc86fbe8df0e8826665ef6/library/core/src/ops/function.rs:250:5
[INFO] [stdout]   25:     0x5b989e7bcc4b - test[213991da798b1c03]::__rust_begin_short_backtrace::<core[8fb95b77d25ab6c8]::result::Result<(), alloc[a7ee25936407c584]::string::String>, fn() -> core[8fb95b77d25ab6c8]::result::Result<(), alloc[a7ee25936407c584]::string::String>>
[INFO] [stdout]                                at /rustc/b2282dd5646a57d570fc86fbe8df0e8826665ef6/library/test/src/lib.rs:724:18
[INFO] [stdout]   26:     0x5b989e7ca4c5 - test[213991da798b1c03]::run_test_in_process::{closure#0}
[INFO] [stdout]                                at /rustc/b2282dd5646a57d570fc86fbe8df0e8826665ef6/library/test/src/lib.rs:747:74
[INFO] [stdout]   27:     0x5b989e7ca4c5 - <core[8fb95b77d25ab6c8]::panic::unwind_safe::AssertUnwindSafe<test[213991da798b1c03]::run_test_in_process::{closure#0}> as core[8fb95b77d25ab6c8]::ops::function::FnOnce<()>>::call_once
[INFO] [stdout]                                at /rustc/b2282dd5646a57d570fc86fbe8df0e8826665ef6/library/core/src/panic/unwind_safe.rs:275:9
[INFO] [stdout]   28:     0x5b989e7ca4c5 - std[10d71ac2c42b111e]::panicking::catch_unwind::do_call::<core[8fb95b77d25ab6c8]::panic::unwind_safe::AssertUnwindSafe<test[213991da798b1c03]::run_test_in_process::{closure#0}>, core[8fb95b77d25ab6c8]::result::Result<(), alloc[a7ee25936407c584]::string::String>>
[INFO] [stdout]                                at /rustc/b2282dd5646a57d570fc86fbe8df0e8826665ef6/library/std/src/panicking.rs:581:40
[INFO] [stdout]   29:     0x5b989e7ca4c5 - std[10d71ac2c42b111e]::panicking::catch_unwind::<core[8fb95b77d25ab6c8]::result::Result<(), alloc[a7ee25936407c584]::string::String>, core[8fb95b77d25ab6c8]::panic::unwind_safe::AssertUnwindSafe<test[213991da798b1c03]::run_test_in_process::{closure#0}>>
[INFO] [stdout]                                at /rustc/b2282dd5646a57d570fc86fbe8df0e8826665ef6/library/std/src/panicking.rs:544:19
[INFO] [stdout]   30:     0x5b989e7ca4c5 - std[10d71ac2c42b111e]::panic::catch_unwind::<core[8fb95b77d25ab6c8]::panic::unwind_safe::AssertUnwindSafe<test[213991da798b1c03]::run_test_in_process::{closure#0}>, core[8fb95b77d25ab6c8]::result::Result<(), alloc[a7ee25936407c584]::string::String>>
[INFO] [stdout]                                at /rustc/b2282dd5646a57d570fc86fbe8df0e8826665ef6/library/std/src/panic.rs:359:14
[INFO] [stdout]   31:     0x5b989e7ca4c5 - test[213991da798b1c03]::run_test_in_process
[INFO] [stdout]                                at /rustc/b2282dd5646a57d570fc86fbe8df0e8826665ef6/library/test/src/lib.rs:747:27
[INFO] [stdout]   32:     0x5b989e7ca4c5 - test[213991da798b1c03]::run_test::{closure#0}
[INFO] [stdout]                                at /rustc/b2282dd5646a57d570fc86fbe8df0e8826665ef6/library/test/src/lib.rs:668:43
[INFO] [stdout]   33:     0x5b989e7c3dd4 - test[213991da798b1c03]::run_test::{closure#1}
[INFO] [stdout]                                at /rustc/b2282dd5646a57d570fc86fbe8df0e8826665ef6/library/test/src/lib.rs:698:41
[INFO] [stdout]   34:     0x5b989e7c3dd4 - std[10d71ac2c42b111e]::sys::backtrace::__rust_begin_short_backtrace::<test[213991da798b1c03]::run_test::{closure#1}, ()>
[INFO] [stdout]                                at /rustc/b2282dd5646a57d570fc86fbe8df0e8826665ef6/library/std/src/sys/backtrace.rs:166:18
[INFO] [stdout]   35:     0x5b989e7cd542 - std[10d71ac2c42b111e]::thread::lifecycle::spawn_unchecked::<test[213991da798b1c03]::run_test::{closure#1}, ()>::{closure#1}::{closure#0}
[INFO] [stdout]                                at /rustc/b2282dd5646a57d570fc86fbe8df0e8826665ef6/library/std/src/thread/lifecycle.rs:70:13
[INFO] [stdout]   36:     0x5b989e7cd542 - <core[8fb95b77d25ab6c8]::panic::unwind_safe::AssertUnwindSafe<std[10d71ac2c42b111e]::thread::lifecycle::spawn_unchecked<test[213991da798b1c03]::run_test::{closure#1}, ()>::{closure#1}::{closure#0}> as core[8fb95b77d25ab6c8]::ops::function::FnOnce<()>>::call_once
[INFO] [stdout]                                at /rustc/b2282dd5646a57d570fc86fbe8df0e8826665ef6/library/core/src/panic/unwind_safe.rs:275:9
[INFO] [stdout]   37:     0x5b989e7cd542 - std[10d71ac2c42b111e]::panicking::catch_unwind::do_call::<core[8fb95b77d25ab6c8]::panic::unwind_safe::AssertUnwindSafe<std[10d71ac2c42b111e]::thread::lifecycle::spawn_unchecked<test[213991da798b1c03]::run_test::{closure#1}, ()>::{closure#1}::{closure#0}>, ()>
[INFO] [stdout]                                at /rustc/b2282dd5646a57d570fc86fbe8df0e8826665ef6/library/std/src/panicking.rs:581:40
[INFO] [stdout]   38:     0x5b989e7cd542 - std[10d71ac2c42b111e]::panicking::catch_unwind::<(), core[8fb95b77d25ab6c8]::panic::unwind_safe::AssertUnwindSafe<std[10d71ac2c42b111e]::thread::lifecycle::spawn_unchecked<test[213991da798b1c03]::run_test::{closure#1}, ()>::{closure#1}::{closure#0}>>
[INFO] [stdout]                                at /rustc/b2282dd5646a57d570fc86fbe8df0e8826665ef6/library/std/src/panicking.rs:544:19
[INFO] [stdout]   39:     0x5b989e7cd542 - std[10d71ac2c42b111e]::panic::catch_unwind::<core[8fb95b77d25ab6c8]::panic::unwind_safe::AssertUnwindSafe<std[10d71ac2c42b111e]::thread::lifecycle::spawn_unchecked<test[213991da798b1c03]::run_test::{closure#1}, ()>::{closure#1}::{closure#0}>, ()>
[INFO] [stdout]                                at /rustc/b2282dd5646a57d570fc86fbe8df0e8826665ef6/library/std/src/panic.rs:359:14
[INFO] [stdout]   40:     0x5b989e7cd542 - std[10d71ac2c42b111e]::thread::lifecycle::spawn_unchecked::<test[213991da798b1c03]::run_test::{closure#1}, ()>::{closure#1}
[INFO] [stdout]                                at /rustc/b2282dd5646a57d570fc86fbe8df0e8826665ef6/library/std/src/thread/lifecycle.rs:68:26
[INFO] [stdout]   41:     0x5b989e7cd542 - <std[10d71ac2c42b111e]::thread::lifecycle::spawn_unchecked<test[213991da798b1c03]::run_test::{closure#1}, ()>::{closure#1} as core[8fb95b77d25ab6c8]::ops::function::FnOnce<()>>::call_once::{shim:vtable#0}
[INFO] [stdout]                                at /rustc/b2282dd5646a57d570fc86fbe8df0e8826665ef6/library/core/src/ops/function.rs:250:5
[INFO] [stdout]   42:     0x5b989e845c5f - <alloc[a7ee25936407c584]::boxed::Box<dyn core[8fb95b77d25ab6c8]::ops::function::FnOnce<(), Output = ()> + core[8fb95b77d25ab6c8]::marker::Send> as core[8fb95b77d25ab6c8]::ops::function::FnOnce<()>>::call_once
[INFO] [stdout]                                at /rustc/b2282dd5646a57d570fc86fbe8df0e8826665ef6/library/alloc/src/boxed.rs:2275:9
[INFO] [stdout]   43:     0x5b989e845c5f - <std[10d71ac2c42b111e]::sys::thread::unix::Thread>::new::thread_start
[INFO] [stdout]                                at /rustc/b2282dd5646a57d570fc86fbe8df0e8826665ef6/library/std/src/sys/thread/unix.rs:118:17
[INFO] [stdout]   44:     0x7cca248c8aa4 - <unknown>
[INFO] [stdout]   45:     0x7cca24955a64 - clone
[INFO] [stdout]   46:                0x0 - <unknown>
[INFO] [stdout] 
[INFO] [stdout] ---- it_gets_by_name stdout ----
[INFO] [stdout] 
[INFO] [stdout] thread 'it_gets_by_name' (2863) panicked at tests/any/any.rs:79:1:
[INFO] [stdout] either the `runtime-async-std` or `runtime-tokio` feature must be enabled
[INFO] [stdout] stack backtrace:
[INFO] [stdout]    0:     0x5b989e8462f8 - std[10d71ac2c42b111e]::backtrace_rs::backtrace::libunwind::trace
[INFO] [stdout]                                at /rustc/b2282dd5646a57d570fc86fbe8df0e8826665ef6/library/std/src/../../backtrace/src/backtrace/libunwind.rs:117:9
[INFO] [stdout]    1:     0x5b989e8462f8 - std[10d71ac2c42b111e]::backtrace_rs::backtrace::trace_unsynchronized::<std[10d71ac2c42b111e]::sys::backtrace::_print_fmt::{closure#1}>
[INFO] [stdout]                                at /rustc/b2282dd5646a57d570fc86fbe8df0e8826665ef6/library/std/src/../../backtrace/src/backtrace/mod.rs:66:14
[INFO] [stdout]    2:     0x5b989e8462f8 - std[10d71ac2c42b111e]::sys::backtrace::_print_fmt
[INFO] [stdout]                                at /rustc/b2282dd5646a57d570fc86fbe8df0e8826665ef6/library/std/src/sys/backtrace.rs:74:9
[INFO] [stdout]    3:     0x5b989e8462f8 - <<std[10d71ac2c42b111e]::sys::backtrace::BacktraceLock>::print::DisplayBacktrace as core[8fb95b77d25ab6c8]::fmt::Display>::fmt
[INFO] [stdout]                                at /rustc/b2282dd5646a57d570fc86fbe8df0e8826665ef6/library/std/src/sys/backtrace.rs:44:26
[INFO] [stdout]    4:     0x5b989e85a69a - <core[8fb95b77d25ab6c8]::fmt::rt::Argument>::fmt
[INFO] [stdout]                                at /rustc/b2282dd5646a57d570fc86fbe8df0e8826665ef6/library/core/src/fmt/rt.rs:152:76
[INFO] [stdout]    5:     0x5b989e85a69a - core[8fb95b77d25ab6c8]::fmt::write
[INFO] [stdout]    6:     0x5b989e84b072 - std[10d71ac2c42b111e]::io::default_write_fmt::<alloc[a7ee25936407c584]::vec::Vec<u8>>
[INFO] [stdout]                                at /rustc/b2282dd5646a57d570fc86fbe8df0e8826665ef6/library/std/src/io/mod.rs:622:11
[INFO] [stdout]    7:     0x5b989e84b072 - <alloc[a7ee25936407c584]::vec::Vec<u8> as std[10d71ac2c42b111e]::io::Write>::write_fmt
[INFO] [stdout]                                at /rustc/b2282dd5646a57d570fc86fbe8df0e8826665ef6/library/std/src/io/mod.rs:1977:13
[INFO] [stdout]    8:     0x5b989e825336 - <std[10d71ac2c42b111e]::sys::backtrace::BacktraceLock>::print
[INFO] [stdout]                                at /rustc/b2282dd5646a57d570fc86fbe8df0e8826665ef6/library/std/src/sys/backtrace.rs:47:9
[INFO] [stdout]    9:     0x5b989e825336 - std[10d71ac2c42b111e]::panicking::default_hook::{closure#0}
[INFO] [stdout]                                at /rustc/b2282dd5646a57d570fc86fbe8df0e8826665ef6/library/std/src/panicking.rs:292:27
[INFO] [stdout]   10:     0x5b989e83e7c9 - std[10d71ac2c42b111e]::panicking::default_hook
[INFO] [stdout]                                at /rustc/b2282dd5646a57d570fc86fbe8df0e8826665ef6/library/std/src/panicking.rs:316:9
[INFO] [stdout]   11:     0x5b989e7c9b6c - <alloc[a7ee25936407c584]::boxed::Box<dyn for<'a, 'b> core[8fb95b77d25ab6c8]::ops::function::Fn<(&'a std[10d71ac2c42b111e]::panic::PanicHookInfo<'b>,), Output = ()> + core[8fb95b77d25ab6c8]::marker::Sync + core[8fb95b77d25ab6c8]::marker::Send> as core[8fb95b77d25ab6c8]::ops::function::Fn<(&std[10d71ac2c42b111e]::panic::PanicHookInfo,)>>::call
[INFO] [stdout]                                at /rustc/b2282dd5646a57d570fc86fbe8df0e8826665ef6/library/alloc/src/boxed.rs:2289:9
[INFO] [stdout]   12:     0x5b989e7c9b6c - test[213991da798b1c03]::test_main_inner::<test[213991da798b1c03]::test_main_static::{closure#0}>::{closure#0}
[INFO] [stdout]                                at /rustc/b2282dd5646a57d570fc86fbe8df0e8826665ef6/library/test/src/lib.rs:155:21
[INFO] [stdout]   13:     0x5b989e83e982 - <alloc[a7ee25936407c584]::boxed::Box<dyn for<'a, 'b> core[8fb95b77d25ab6c8]::ops::function::Fn<(&'a std[10d71ac2c42b111e]::panic::PanicHookInfo<'b>,), Output = ()> + core[8fb95b77d25ab6c8]::marker::Sync + core[8fb95b77d25ab6c8]::marker::Send> as core[8fb95b77d25ab6c8]::ops::function::Fn<(&std[10d71ac2c42b111e]::panic::PanicHookInfo,)>>::call
[INFO] [stdout]                                at /rustc/b2282dd5646a57d570fc86fbe8df0e8826665ef6/library/alloc/src/boxed.rs:2289:9
[INFO] [stdout]   14:     0x5b989e83e982 - std[10d71ac2c42b111e]::panicking::panic_with_hook
[INFO] [stdout]                                at /rustc/b2282dd5646a57d570fc86fbe8df0e8826665ef6/library/std/src/panicking.rs:833:13
[INFO] [stdout]   15:     0x5b989e825424 - std[10d71ac2c42b111e]::panicking::panic_handler::{closure#0}
[INFO] [stdout]                                at /rustc/b2282dd5646a57d570fc86fbe8df0e8826665ef6/library/std/src/panicking.rs:691:13
[INFO] [stdout]   16:     0x5b989e81a1b9 - std[10d71ac2c42b111e]::sys::backtrace::__rust_end_short_backtrace::<std[10d71ac2c42b111e]::panicking::panic_handler::{closure#0}, !>
[INFO] [stdout]                                at /rustc/b2282dd5646a57d570fc86fbe8df0e8826665ef6/library/std/src/sys/backtrace.rs:182:18
[INFO] [stdout]   17:     0x5b989e8261ed - __rustc[3be9ba60078d4c86]::rust_begin_unwind
[INFO] [stdout]                                at /rustc/b2282dd5646a57d570fc86fbe8df0e8826665ef6/library/std/src/panicking.rs:689:5
[INFO] [stdout]   18:     0x5b989e85adec - core[8fb95b77d25ab6c8]::panicking::panic_fmt
[INFO] [stdout]                                at /rustc/b2282dd5646a57d570fc86fbe8df0e8826665ef6/library/core/src/panicking.rs:80:14
[INFO] [stdout]   19:     0x5b989e7b9c1f - sqlx_core[22b7755df19d82d9]::rt::missing_rt::<any[b7f2969c60d38828]::it_gets_by_name::{closure#0}>
[INFO] [stdout]                                at /opt/rustwide/workdir/sqlx-core/src/rt/mod.rs:143:5
[INFO] [stdout]   20:     0x5b989e7b9f1d - sqlx_core[22b7755df19d82d9]::rt::test_block_on::<any[b7f2969c60d38828]::it_gets_by_name::{closure#0}>
[INFO] [stdout]                                at /opt/rustwide/workdir/sqlx-core/src/rt/mod.rs:133:9
[INFO] [stdout]   21:     0x5b989e7bbf97 - any[b7f2969c60d38828]::it_gets_by_name
[INFO] [stdout]                                at /opt/rustwide/workdir/tests/any/any.rs:79:1
[INFO] [stdout]   22:     0x5b989e7bbe07 - any[b7f2969c60d38828]::it_gets_by_name::{closure#0}
[INFO] [stdout]                                at /opt/rustwide/workdir/tests/any/any.rs:80:31
[INFO] [stdout]   23:     0x5b989e7bca66 - <any[b7f2969c60d38828]::it_gets_by_name::{closure#0} as core[8fb95b77d25ab6c8]::ops::function::FnOnce<()>>::call_once
[INFO] [stdout]                                at /rustc/b2282dd5646a57d570fc86fbe8df0e8826665ef6/library/core/src/ops/function.rs:250:5
[INFO] [stdout]   24:     0x5b989e7bcc4b - <fn() -> core[8fb95b77d25ab6c8]::result::Result<(), alloc[a7ee25936407c584]::string::String> as core[8fb95b77d25ab6c8]::ops::function::FnOnce<()>>::call_once
[INFO] [stdout]                                at /rustc/b2282dd5646a57d570fc86fbe8df0e8826665ef6/library/core/src/ops/function.rs:250:5
[INFO] [stdout]   25:     0x5b989e7bcc4b - test[213991da798b1c03]::__rust_begin_short_backtrace::<core[8fb95b77d25ab6c8]::result::Result<(), alloc[a7ee25936407c584]::string::String>, fn() -> core[8fb95b77d25ab6c8]::result::Result<(), alloc[a7ee25936407c584]::string::String>>
[INFO] [stdout]                                at /rustc/b2282dd5646a57d570fc86fbe8df0e8826665ef6/library/test/src/lib.rs:724:18
[INFO] [stdout]   26:     0x5b989e7ca4c5 - test[213991da798b1c03]::run_test_in_process::{closure#0}
[INFO] [stdout]                                at /rustc/b2282dd5646a57d570fc86fbe8df0e8826665ef6/library/test/src/lib.rs:747:74
[INFO] [stdout]   27:     0x5b989e7ca4c5 - <core[8fb95b77d25ab6c8]::panic::unwind_safe::AssertUnwindSafe<test[213991da798b1c03]::run_test_in_process::{closure#0}> as core[8fb95b77d25ab6c8]::ops::function::FnOnce<()>>::call_once
[INFO] [stdout]                                at /rustc/b2282dd5646a57d570fc86fbe8df0e8826665ef6/library/core/src/panic/unwind_safe.rs:275:9
[INFO] [stdout]   28:     0x5b989e7ca4c5 - std[10d71ac2c42b111e]::panicking::catch_unwind::do_call::<core[8fb95b77d25ab6c8]::panic::unwind_safe::AssertUnwindSafe<test[213991da798b1c03]::run_test_in_process::{closure#0}>, core[8fb95b77d25ab6c8]::result::Result<(), alloc[a7ee25936407c584]::string::String>>
[INFO] [stdout]                                at /rustc/b2282dd5646a57d570fc86fbe8df0e8826665ef6/library/std/src/panicking.rs:581:40
[INFO] [stdout]   29:     0x5b989e7ca4c5 - std[10d71ac2c42b111e]::panicking::catch_unwind::<core[8fb95b77d25ab6c8]::result::Result<(), alloc[a7ee25936407c584]::string::String>, core[8fb95b77d25ab6c8]::panic::unwind_safe::AssertUnwindSafe<test[213991da798b1c03]::run_test_in_process::{closure#0}>>
[INFO] [stdout]                                at /rustc/b2282dd5646a57d570fc86fbe8df0e8826665ef6/library/std/src/panicking.rs:544:19
[INFO] [stdout]   30:     0x5b989e7ca4c5 - std[10d71ac2c42b111e]::panic::catch_unwind::<core[8fb95b77d25ab6c8]::panic::unwind_safe::AssertUnwindSafe<test[213991da798b1c03]::run_test_in_process::{closure#0}>, core[8fb95b77d25ab6c8]::result::Result<(), alloc[a7ee25936407c584]::string::String>>
[INFO] [stdout]                                at /rustc/b2282dd5646a57d570fc86fbe8df0e8826665ef6/library/std/src/panic.rs:359:14
[INFO] [stdout]   31:     0x5b989e7ca4c5 - test[213991da798b1c03]::run_test_in_process
[INFO] [stdout]                                at /rustc/b2282dd5646a57d570fc86fbe8df0e8826665ef6/library/test/src/lib.rs:747:27
[INFO] [stdout]   32:     0x5b989e7ca4c5 - test[213991da798b1c03]::run_test::{closure#0}
[INFO] [stdout]                                at /rustc/b2282dd5646a57d570fc86fbe8df0e8826665ef6/library/test/src/lib.rs:668:43
[INFO] [stdout]   33:     0x5b989e7c3dd4 - test[213991da798b1c03]::run_test::{closure#1}
[INFO] [stdout]                                at /rustc/b2282dd5646a57d570fc86fbe8df0e8826665ef6/library/test/src/lib.rs:698:41
[INFO] [stdout]   34:     0x5b989e7c3dd4 - std[10d71ac2c42b111e]::sys::backtrace::__rust_begin_short_backtrace::<test[213991da798b1c03]::run_test::{closure#1}, ()>
[INFO] [stdout]                                at /rustc/b2282dd5646a57d570fc86fbe8df0e8826665ef6/library/std/src/sys/backtrace.rs:166:18
[INFO] [stdout]   35:     0x5b989e7cd542 - std[10d71ac2c42b111e]::thread::lifecycle::spawn_unchecked::<test[213991da798b1c03]::run_test::{closure#1}, ()>::{closure#1}::{closure#0}
[INFO] [stdout]                                at /rustc/b2282dd5646a57d570fc86fbe8df0e8826665ef6/library/std/src/thread/lifecycle.rs:70:13
[INFO] [stdout]   36:     0x5b989e7cd542 - <core[8fb95b77d25ab6c8]::panic::unwind_safe::AssertUnwindSafe<std[10d71ac2c42b111e]::thread::lifecycle::spawn_unchecked<test[213991da798b1c03]::run_test::{closure#1}, ()>::{closure#1}::{closure#0}> as core[8fb95b77d25ab6c8]::ops::function::FnOnce<()>>::call_once
[INFO] [stdout]                                at /rustc/b2282dd5646a57d570fc86fbe8df0e8826665ef6/library/core/src/panic/unwind_safe.rs:275:9
[INFO] [stdout]   37:     0x5b989e7cd542 - std[10d71ac2c42b111e]::panicking::catch_unwind::do_call::<core[8fb95b77d25ab6c8]::panic::unwind_safe::AssertUnwindSafe<std[10d71ac2c42b111e]::thread::lifecycle::spawn_unchecked<test[213991da798b1c03]::run_test::{closure#1}, ()>::{closure#1}::{closure#0}>, ()>
[INFO] [stdout]                                at /rustc/b2282dd5646a57d570fc86fbe8df0e8826665ef6/library/std/src/panicking.rs:581:40
[INFO] [stdout]   38:     0x5b989e7cd542 - std[10d71ac2c42b111e]::panicking::catch_unwind::<(), core[8fb95b77d25ab6c8]::panic::unwind_safe::AssertUnwindSafe<std[10d71ac2c42b111e]::thread::lifecycle::spawn_unchecked<test[213991da798b1c03]::run_test::{closure#1}, ()>::{closure#1}::{closure#0}>>
[INFO] [stdout]                                at /rustc/b2282dd5646a57d570fc86fbe8df0e8826665ef6/library/std/src/panicking.rs:544:19
[INFO] [stdout]   39:     0x5b989e7cd542 - std[10d71ac2c42b111e]::panic::catch_unwind::<core[8fb95b77d25ab6c8]::panic::unwind_safe::AssertUnwindSafe<std[10d71ac2c42b111e]::thread::lifecycle::spawn_unchecked<test[213991da798b1c03]::run_test::{closure#1}, ()>::{closure#1}::{closure#0}>, ()>
[INFO] [stdout]                                at /rustc/b2282dd5646a57d570fc86fbe8df0e8826665ef6/library/std/src/panic.rs:359:14
[INFO] [stdout]   40:     0x5b989e7cd542 - std[10d71ac2c42b111e]::thread::lifecycle::spawn_unchecked::<test[213991da798b1c03]::run_test::{closure#1}, ()>::{closure#1}
[INFO] [stdout]                                at /rustc/b2282dd5646a57d570fc86fbe8df0e8826665ef6/library/std/src/thread/lifecycle.rs:68:26
[INFO] [stdout]   41:     0x5b989e7cd542 - <std[10d71ac2c42b111e]::thread::lifecycle::spawn_unchecked<test[213991da798b1c03]::run_test::{closure#1}, ()>::{closure#1} as core[8fb95b77d25ab6c8]::ops::function::FnOnce<()>>::call_once::{shim:vtable#0}
[INFO] [stdout]                                at /rustc/b2282dd5646a57d570fc86fbe8df0e8826665ef6/library/core/src/ops/function.rs:250:5
[INFO] [stdout]   42:     0x5b989e845c5f - <alloc[a7ee25936407c584]::boxed::Box<dyn core[8fb95b77d25ab6c8]::ops::function::FnOnce<(), Output = ()> + core[8fb95b77d25ab6c8]::marker::Send> as core[8fb95b77d25ab6c8]::ops::function::FnOnce<()>>::call_once
[INFO] [stdout]                                at /rustc/b2282dd5646a57d570fc86fbe8df0e8826665ef6/library/alloc/src/boxed.rs:2275:9
[INFO] [stdout]   43:     0x5b989e845c5f - <std[10d71ac2c42b111e]::sys::thread::unix::Thread>::new::thread_start
[INFO] [stdout]                                at /rustc/b2282dd5646a57d570fc86fbe8df0e8826665ef6/library/std/src/sys/thread/unix.rs:118:17
[INFO] [stdout]   44:     0x7cca248c8aa4 - <unknown>
[INFO] [stdout]   45:     0x7cca24955a64 - clone
[INFO] [stdout]   46:                0x0 - <unknown>
[INFO] [stdout] 
[INFO] [stdout] ---- it_pings stdout ----
[INFO] [stdout] 
[INFO] [stdout] thread 'it_pings' (2864) panicked at tests/any/any.rs:23:1:
[INFO] [stdout] either the `runtime-async-std` or `runtime-tokio` feature must be enabled
[INFO] [stdout] stack backtrace:
[INFO] [stdout]    0:     0x5b989e8462f8 - std[10d71ac2c42b111e]::backtrace_rs::backtrace::libunwind::trace
[INFO] [stdout]                                at /rustc/b2282dd5646a57d570fc86fbe8df0e8826665ef6/library/std/src/../../backtrace/src/backtrace/libunwind.rs:117:9
[INFO] [stdout]    1:     0x5b989e8462f8 - std[10d71ac2c42b111e]::backtrace_rs::backtrace::trace_unsynchronized::<std[10d71ac2c42b111e]::sys::backtrace::_print_fmt::{closure#1}>
[INFO] [stdout]                                at /rustc/b2282dd5646a57d570fc86fbe8df0e8826665ef6/library/std/src/../../backtrace/src/backtrace/mod.rs:66:14
[INFO] [stdout]    2:     0x5b989e8462f8 - std[10d71ac2c42b111e]::sys::backtrace::_print_fmt
[INFO] [stdout]                                at /rustc/b2282dd5646a57d570fc86fbe8df0e8826665ef6/library/std/src/sys/backtrace.rs:74:9
[INFO] [stdout]    3:     0x5b989e8462f8 - <<std[10d71ac2c42b111e]::sys::backtrace::BacktraceLock>::print::DisplayBacktrace as core[8fb95b77d25ab6c8]::fmt::Display>::fmt
[INFO] [stdout]                                at /rustc/b2282dd5646a57d570fc86fbe8df0e8826665ef6/library/std/src/sys/backtrace.rs:44:26
[INFO] [stdout]    4:     0x5b989e85a69a - <core[8fb95b77d25ab6c8]::fmt::rt::Argument>::fmt
[INFO] [stdout]                                at /rustc/b2282dd5646a57d570fc86fbe8df0e8826665ef6/library/core/src/fmt/rt.rs:152:76
[INFO] [stdout]    5:     0x5b989e85a69a - core[8fb95b77d25ab6c8]::fmt::write
[INFO] [stdout]    6:     0x5b989e84b072 - std[10d71ac2c42b111e]::io::default_write_fmt::<alloc[a7ee25936407c584]::vec::Vec<u8>>
[INFO] [stdout]                                at /rustc/b2282dd5646a57d570fc86fbe8df0e8826665ef6/library/std/src/io/mod.rs:622:11
[INFO] [stderr] error: test failed, to rerun pass `--test any`
[INFO] [stdout]    7:     0x5b989e84b072 - <alloc[a7ee25936407c584]::vec::Vec<u8> as std[10d71ac2c42b111e]::io::Write>::write_fmt
[INFO] [stdout]                                at /rustc/b2282dd5646a57d570fc86fbe8df0e8826665ef6/library/std/src/io/mod.rs:1977:13
[INFO] [stdout]    8:     0x5b989e825336 - <std[10d71ac2c42b111e]::sys::backtrace::BacktraceLock>::print
[INFO] [stdout]                                at /rustc/b2282dd5646a57d570fc86fbe8df0e8826665ef6/library/std/src/sys/backtrace.rs:47:9
[INFO] [stdout]    9:     0x5b989e825336 - std[10d71ac2c42b111e]::panicking::default_hook::{closure#0}
[INFO] [stdout]                                at /rustc/b2282dd5646a57d570fc86fbe8df0e8826665ef6/library/std/src/panicking.rs:292:27
[INFO] [stdout]   10:     0x5b989e83e7c9 - std[10d71ac2c42b111e]::panicking::default_hook
[INFO] [stdout]                                at /rustc/b2282dd5646a57d570fc86fbe8df0e8826665ef6/library/std/src/panicking.rs:316:9
[INFO] [stdout]   11:     0x5b989e7c9b6c - <alloc[a7ee25936407c584]::boxed::Box<dyn for<'a, 'b> core[8fb95b77d25ab6c8]::ops::function::Fn<(&'a std[10d71ac2c42b111e]::panic::PanicHookInfo<'b>,), Output = ()> + core[8fb95b77d25ab6c8]::marker::Sync + core[8fb95b77d25ab6c8]::marker::Send> as core[8fb95b77d25ab6c8]::ops::function::Fn<(&std[10d71ac2c42b111e]::panic::PanicHookInfo,)>>::call
[INFO] [stdout]                                at /rustc/b2282dd5646a57d570fc86fbe8df0e8826665ef6/library/alloc/src/boxed.rs:2289:9
[INFO] [stdout]   12:     0x5b989e7c9b6c - test[213991da798b1c03]::test_main_inner::<test[213991da798b1c03]::test_main_static::{closure#0}>::{closure#0}
[INFO] [stdout]                                at /rustc/b2282dd5646a57d570fc86fbe8df0e8826665ef6/library/test/src/lib.rs:155:21
[INFO] [stdout]   13:     0x5b989e83e982 - <alloc[a7ee25936407c584]::boxed::Box<dyn for<'a, 'b> core[8fb95b77d25ab6c8]::ops::function::Fn<(&'a std[10d71ac2c42b111e]::panic::PanicHookInfo<'b>,), Output = ()> + core[8fb95b77d25ab6c8]::marker::Sync + core[8fb95b77d25ab6c8]::marker::Send> as core[8fb95b77d25ab6c8]::ops::function::Fn<(&std[10d71ac2c42b111e]::panic::PanicHookInfo,)>>::call
[INFO] [stdout]                                at /rustc/b2282dd5646a57d570fc86fbe8df0e8826665ef6/library/alloc/src/boxed.rs:2289:9
[INFO] [stdout]   14:     0x5b989e83e982 - std[10d71ac2c42b111e]::panicking::panic_with_hook
[INFO] [stdout]                                at /rustc/b2282dd5646a57d570fc86fbe8df0e8826665ef6/library/std/src/panicking.rs:833:13
[INFO] [stdout]   15:     0x5b989e825424 - std[10d71ac2c42b111e]::panicking::panic_handler::{closure#0}
[INFO] [stdout]                                at /rustc/b2282dd5646a57d570fc86fbe8df0e8826665ef6/library/std/src/panicking.rs:691:13
[INFO] [stdout]   16:     0x5b989e81a1b9 - std[10d71ac2c42b111e]::sys::backtrace::__rust_end_short_backtrace::<std[10d71ac2c42b111e]::panicking::panic_handler::{closure#0}, !>
[INFO] [stdout]                                at /rustc/b2282dd5646a57d570fc86fbe8df0e8826665ef6/library/std/src/sys/backtrace.rs:182:18
[INFO] [stdout]   17:     0x5b989e8261ed - __rustc[3be9ba60078d4c86]::rust_begin_unwind
[INFO] [stdout]                                at /rustc/b2282dd5646a57d570fc86fbe8df0e8826665ef6/library/std/src/panicking.rs:689:5
[INFO] [stdout]   18:     0x5b989e85adec - core[8fb95b77d25ab6c8]::panicking::panic_fmt
[INFO] [stdout]                                at /rustc/b2282dd5646a57d570fc86fbe8df0e8826665ef6/library/core/src/panicking.rs:80:14
[INFO] [stdout]   19:     0x5b989e7b9e9f - sqlx_core[22b7755df19d82d9]::rt::missing_rt::<any[b7f2969c60d38828]::it_pings::{closure#0}>
[INFO] [stdout]                                at /opt/rustwide/workdir/sqlx-core/src/rt/mod.rs:143:5
[INFO] [stdout]   20:     0x5b989e7ba00d - sqlx_core[22b7755df19d82d9]::rt::test_block_on::<any[b7f2969c60d38828]::it_pings::{closure#0}>
[INFO] [stdout]                                at /opt/rustwide/workdir/sqlx-core/src/rt/mod.rs:133:9
[INFO] [stdout]   21:     0x5b989e7bc077 - any[b7f2969c60d38828]::it_pings
[INFO] [stdout]                                at /opt/rustwide/workdir/tests/any/any.rs:23:1
[INFO] [stdout]   22:     0x5b989e7bbef7 - any[b7f2969c60d38828]::it_pings::{closure#0}
[INFO] [stdout]                                at /opt/rustwide/workdir/tests/any/any.rs:24:24
[INFO] [stdout]   23:     0x5b989e7bcba6 - <any[b7f2969c60d38828]::it_pings::{closure#0} as core[8fb95b77d25ab6c8]::ops::function::FnOnce<()>>::call_once
[INFO] [stdout]                                at /rustc/b2282dd5646a57d570fc86fbe8df0e8826665ef6/library/core/src/ops/function.rs:250:5
[INFO] [stdout]   24:     0x5b989e7bcc4b - <fn() -> core[8fb95b77d25ab6c8]::result::Result<(), alloc[a7ee25936407c584]::string::String> as core[8fb95b77d25ab6c8]::ops::function::FnOnce<()>>::call_once
[INFO] [stdout]                                at /rustc/b2282dd5646a57d570fc86fbe8df0e8826665ef6/library/core/src/ops/function.rs:250:5
[INFO] [stdout]   25:     0x5b989e7bcc4b - test[213991da798b1c03]::__rust_begin_short_backtrace::<core[8fb95b77d25ab6c8]::result::Result<(), alloc[a7ee25936407c584]::string::String>, fn() -> core[8fb95b77d25ab6c8]::result::Result<(), alloc[a7ee25936407c584]::string::String>>
[INFO] [stdout]                                at /rustc/b2282dd5646a57d570fc86fbe8df0e8826665ef6/library/test/src/lib.rs:724:18
[INFO] [stdout]   26:     0x5b989e7ca4c5 - test[213991da798b1c03]::run_test_in_process::{closure#0}
[INFO] [stdout]                                at /rustc/b2282dd5646a57d570fc86fbe8df0e8826665ef6/library/test/src/lib.rs:747:74
[INFO] [stdout]   27:     0x5b989e7ca4c5 - <core[8fb95b77d25ab6c8]::panic::unwind_safe::AssertUnwindSafe<test[213991da798b1c03]::run_test_in_process::{closure#0}> as core[8fb95b77d25ab6c8]::ops::function::FnOnce<()>>::call_once
[INFO] [stdout]                                at /rustc/b2282dd5646a57d570fc86fbe8df0e8826665ef6/library/core/src/panic/unwind_safe.rs:275:9
[INFO] [stdout]   28:     0x5b989e7ca4c5 - std[10d71ac2c42b111e]::panicking::catch_unwind::do_call::<core[8fb95b77d25ab6c8]::panic::unwind_safe::AssertUnwindSafe<test[213991da798b1c03]::run_test_in_process::{closure#0}>, core[8fb95b77d25ab6c8]::result::Result<(), alloc[a7ee25936407c584]::string::String>>
[INFO] [stdout]                                at /rustc/b2282dd5646a57d570fc86fbe8df0e8826665ef6/library/std/src/panicking.rs:581:40
[INFO] [stdout]   29:     0x5b989e7ca4c5 - std[10d71ac2c42b111e]::panicking::catch_unwind::<core[8fb95b77d25ab6c8]::result::Result<(), alloc[a7ee25936407c584]::string::String>, core[8fb95b77d25ab6c8]::panic::unwind_safe::AssertUnwindSafe<test[213991da798b1c03]::run_test_in_process::{closure#0}>>
[INFO] [stdout]                                at /rustc/b2282dd5646a57d570fc86fbe8df0e8826665ef6/library/std/src/panicking.rs:544:19
[INFO] [stdout]   30:     0x5b989e7ca4c5 - std[10d71ac2c42b111e]::panic::catch_unwind::<core[8fb95b77d25ab6c8]::panic::unwind_safe::AssertUnwindSafe<test[213991da798b1c03]::run_test_in_process::{closure#0}>, core[8fb95b77d25ab6c8]::result::Result<(), alloc[a7ee25936407c584]::string::String>>
[INFO] [stdout]                                at /rustc/b2282dd5646a57d570fc86fbe8df0e8826665ef6/library/std/src/panic.rs:359:14
[INFO] [stdout]   31:     0x5b989e7ca4c5 - test[213991da798b1c03]::run_test_in_process
[INFO] [stdout]                                at /rustc/b2282dd5646a57d570fc86fbe8df0e8826665ef6/library/test/src/lib.rs:747:27
[INFO] [stdout]   32:     0x5b989e7ca4c5 - test[213991da798b1c03]::run_test::{closure#0}
[INFO] [stdout]                                at /rustc/b2282dd5646a57d570fc86fbe8df0e8826665ef6/library/test/src/lib.rs:668:43
[INFO] [stdout]   33:     0x5b989e7c3dd4 - test[213991da798b1c03]::run_test::{closure#1}
[INFO] [stdout]                                at /rustc/b2282dd5646a57d570fc86fbe8df0e8826665ef6/library/test/src/lib.rs:698:41
[INFO] [stdout]   34:     0x5b989e7c3dd4 - std[10d71ac2c42b111e]::sys::backtrace::__rust_begin_short_backtrace::<test[213991da798b1c03]::run_test::{closure#1}, ()>
[INFO] [stdout]                                at /rustc/b2282dd5646a57d570fc86fbe8df0e8826665ef6/library/std/src/sys/backtrace.rs:166:18
[INFO] [stdout]   35:     0x5b989e7cd542 - std[10d71ac2c42b111e]::thread::lifecycle::spawn_unchecked::<test[213991da798b1c03]::run_test::{closure#1}, ()>::{closure#1}::{closure#0}
[INFO] [stdout]                                at /rustc/b2282dd5646a57d570fc86fbe8df0e8826665ef6/library/std/src/thread/lifecycle.rs:70:13
[INFO] [stdout]   36:     0x5b989e7cd542 - <core[8fb95b77d25ab6c8]::panic::unwind_safe::AssertUnwindSafe<std[10d71ac2c42b111e]::thread::lifecycle::spawn_unchecked<test[213991da798b1c03]::run_test::{closure#1}, ()>::{closure#1}::{closure#0}> as core[8fb95b77d25ab6c8]::ops::function::FnOnce<()>>::call_once
[INFO] [stdout]                                at /rustc/b2282dd5646a57d570fc86fbe8df0e8826665ef6/library/core/src/panic/unwind_safe.rs:275:9
[INFO] [stdout]   37:     0x5b989e7cd542 - std[10d71ac2c42b111e]::panicking::catch_unwind::do_call::<core[8fb95b77d25ab6c8]::panic::unwind_safe::AssertUnwindSafe<std[10d71ac2c42b111e]::thread::lifecycle::spawn_unchecked<test[213991da798b1c03]::run_test::{closure#1}, ()>::{closure#1}::{closure#0}>, ()>
[INFO] [stdout]                                at /rustc/b2282dd5646a57d570fc86fbe8df0e8826665ef6/library/std/src/panicking.rs:581:40
[INFO] [stdout]   38:     0x5b989e7cd542 - std[10d71ac2c42b111e]::panicking::catch_unwind::<(), core[8fb95b77d25ab6c8]::panic::unwind_safe::AssertUnwindSafe<std[10d71ac2c42b111e]::thread::lifecycle::spawn_unchecked<test[213991da798b1c03]::run_test::{closure#1}, ()>::{closure#1}::{closure#0}>>
[INFO] [stdout]                                at /rustc/b2282dd5646a57d570fc86fbe8df0e8826665ef6/library/std/src/panicking.rs:544:19
[INFO] [stdout]   39:     0x5b989e7cd542 - std[10d71ac2c42b111e]::panic::catch_unwind::<core[8fb95b77d25ab6c8]::panic::unwind_safe::AssertUnwindSafe<std[10d71ac2c42b111e]::thread::lifecycle::spawn_unchecked<test[213991da798b1c03]::run_test::{closure#1}, ()>::{closure#1}::{closure#0}>, ()>
[INFO] [stdout]                                at /rustc/b2282dd5646a57d570fc86fbe8df0e8826665ef6/library/std/src/panic.rs:359:14
[INFO] [stdout]   40:     0x5b989e7cd542 - std[10d71ac2c42b111e]::thread::lifecycle::spawn_unchecked::<test[213991da798b1c03]::run_test::{closure#1}, ()>::{closure#1}
[INFO] [stdout]                                at /rustc/b2282dd5646a57d570fc86fbe8df0e8826665ef6/library/std/src/thread/lifecycle.rs:68:26
[INFO] [stdout]   41:     0x5b989e7cd542 - <std[10d71ac2c42b111e]::thread::lifecycle::spawn_unchecked<test[213991da798b1c03]::run_test::{closure#1}, ()>::{closure#1} as core[8fb95b77d25ab6c8]::ops::function::FnOnce<()>>::call_once::{shim:vtable#0}
[INFO] [stdout]                                at /rustc/b2282dd5646a57d570fc86fbe8df0e8826665ef6/library/core/src/ops/function.rs:250:5
[INFO] [stdout]   42:     0x5b989e845c5f - <alloc[a7ee25936407c584]::boxed::Box<dyn core[8fb95b77d25ab6c8]::ops::function::FnOnce<(), Output = ()> + core[8fb95b77d25ab6c8]::marker::Send> as core[8fb95b77d25ab6c8]::ops::function::FnOnce<()>>::call_once
[INFO] [stdout]                                at /rustc/b2282dd5646a57d570fc86fbe8df0e8826665ef6/library/alloc/src/boxed.rs:2275:9
[INFO] [stdout]   43:     0x5b989e845c5f - <std[10d71ac2c42b111e]::sys::thread::unix::Thread>::new::thread_start
[INFO] [stdout]                                at /rustc/b2282dd5646a57d570fc86fbe8df0e8826665ef6/library/std/src/sys/thread/unix.rs:118:17
[INFO] [stdout]   44:     0x7cca248c8aa4 - <unknown>
[INFO] [stdout]   45:     0x7cca24955a64 - clone
[INFO] [stdout]   46:                0x0 - <unknown>
[INFO] [stdout] 
[INFO] [stdout] 
[INFO] [stdout] failures:
[INFO] [stdout]     it_can_fail_and_recover
[INFO] [stdout]     it_can_fail_and_recover_with_pool
[INFO] [stdout]     it_connects
[INFO] [stdout]     it_does_not_stop_stream_after_decoding_error
[INFO] [stdout]     it_executes_with_pool
[INFO] [stdout]     it_gets_by_name
[INFO] [stdout]     it_pings
[INFO] [stdout] 
[INFO] [stdout] test result: FAILED. 0 passed; 7 failed; 0 ignored; 0 measured; 0 filtered out; finished in 0.03s
[INFO] [stdout] 
[INFO] running `Command { std: "docker" "inspect" "51133362f4cbc32bcb34056e89115b1500a47f8cb0663d262f105bb0a27b647d", kill_on_drop: false }`
[INFO] running `Command { std: "docker" "rm" "-f" "51133362f4cbc32bcb34056e89115b1500a47f8cb0663d262f105bb0a27b647d", kill_on_drop: false }`
[INFO] [stdout] 51133362f4cbc32bcb34056e89115b1500a47f8cb0663d262f105bb0a27b647d
