[INFO] cloning repository https://github.com/henry40408/lmb
[INFO] running `Command { std: "git" "-c" "credential.helper=" "-c" "credential.helper=/workspace/cargo-home/bin/git-credential-null" "clone" "--bare" "https://github.com/henry40408/lmb" "/workspace/cache/git-repos/https%3A%2F%2Fgithub.com%2Fhenry40408%2Flmb", kill_on_drop: false }`
[INFO] [stderr] Cloning into bare repository '/workspace/cache/git-repos/https%3A%2F%2Fgithub.com%2Fhenry40408%2Flmb'...
[INFO] running `Command { std: "git" "rev-parse" "HEAD", kill_on_drop: false }`
[INFO] [stdout] 1b925843a828711123ad85f96d6f5db532a0a23c
[INFO] testing henry40408/lmb against 1.97.0-beta.6 for beta-1.98-2
[INFO] running `Command { std: "git" "clone" "/workspace/cache/git-repos/https%3A%2F%2Fgithub.com%2Fhenry40408%2Flmb" "/workspace/builds/worker-2-tc1/source", kill_on_drop: false }`
[INFO] [stderr] Cloning into '/workspace/builds/worker-2-tc1/source'...
[INFO] [stderr] done.
[INFO] removed /workspace/builds/worker-2-tc1/source/rust-toolchain.toml
[INFO] started tweaking git repo https://github.com/henry40408/lmb
[INFO] finished tweaking git repo https://github.com/henry40408/lmb
[INFO] tweaked toml for git repo https://github.com/henry40408/lmb written to /workspace/builds/worker-2-tc1/source/Cargo.toml
[INFO] validating manifest of git repo https://github.com/henry40408/lmb on toolchain 1.97.0-beta.6
[INFO] running `Command { std: CARGO_HOME="/workspace/cargo-home" RUSTUP_HOME="/workspace/rustup-home" "/workspace/cargo-home/bin/cargo" "+1.97.0-beta.6" "metadata" "--manifest-path" "Cargo.toml" "--no-deps", kill_on_drop: false }`
[INFO] crate git repo https://github.com/henry40408/lmb already has a lockfile, it will not be regenerated
[INFO] running `Command { std: CARGO_HOME="/workspace/cargo-home" RUSTUP_HOME="/workspace/rustup-home" "/workspace/cargo-home/bin/cargo" "+1.97.0-beta.6" "fetch" "--manifest-path" "Cargo.toml", kill_on_drop: false }`
[INFO] [stderr]     Updating crates.io index
[INFO] [stderr]  Downloading crates ...
[INFO] [stderr]   Downloaded toml v1.1.2+spec-1.1.0
[INFO] [stderr]   Downloaded toml_writer v1.1.1+spec-1.1.0
[INFO] [stderr]   Downloaded fallible-streaming-iterator v0.1.9
[INFO] [stderr]   Downloaded unicode-linebreak v0.1.5
[INFO] [stderr]   Downloaded crypto-common v0.2.2
[INFO] [stderr]   Downloaded sha1 v0.11.0
[INFO] [stderr]   Downloaded assert-json-diff v2.0.2
[INFO] [stderr]   Downloaded tokio-macros v2.7.0
[INFO] [stderr]   Downloaded test-case-macros v3.3.1
[INFO] [stderr]   Downloaded serde_json_path_macros_internal v0.1.2
[INFO] [stderr]   Downloaded winapi-util v0.1.11
[INFO] [stderr]   Downloaded normalize-line-endings v0.3.0
[INFO] [stderr]   Downloaded serde_json_path_macros v0.1.6
[INFO] [stderr]   Downloaded futures-macro v0.3.32
[INFO] [stderr]   Downloaded snapbox-macros v1.1.0
[INFO] [stderr]   Downloaded pulldown-cmark-escape v0.11.0
[INFO] [stderr]   Downloaded test-case-core v3.3.1
[INFO] [stderr]   Downloaded test-case v3.3.1
[INFO] [stderr]   Downloaded bytecheck v0.6.12
[INFO] [stderr]   Downloaded ptr_meta_derive v0.1.4
[INFO] [stderr]   Downloaded wait-timeout v0.2.1
[INFO] [stderr]   Downloaded phf_shared v0.13.1
[INFO] [stderr]   Downloaded ecb v0.2.0
[INFO] [stderr]   Downloaded v_htmlescape v0.15.8
[INFO] [stderr]   Downloaded serde_spanned v1.1.1
[INFO] [stderr]   Downloaded wasite v1.0.2
[INFO] [stderr]   Downloaded no_color v0.2.0
[INFO] [stderr]   Downloaded bytecheck_derive v0.6.12
[INFO] [stderr]   Downloaded libredox v0.1.14
[INFO] [stderr]   Downloaded funty v2.0.0
[INFO] [stderr]   Downloaded rustc-hash v2.1.2
[INFO] [stderr]   Downloaded serde-value v0.7.0
[INFO] [stderr]   Downloaded typeid v1.0.3
[INFO] [stderr]   Downloaded bit-set v0.8.0
[INFO] [stderr]   Downloaded ordered-float v2.10.1
[INFO] [stderr]   Downloaded terminal_size v0.4.3
[INFO] [stderr]   Downloaded supports-unicode v3.0.0
[INFO] [stderr]   Downloaded supports-hyperlinks v3.2.0
[INFO] [stderr]   Downloaded inout v0.2.2
[INFO] [stderr]   Downloaded utf8-width v0.1.8
[INFO] [stderr]   Downloaded radium v0.7.0
[INFO] [stderr]   Downloaded toml_datetime v1.1.1+spec-1.1.0
[INFO] [stderr]   Downloaded bit-vec v0.8.0
[INFO] [stderr]   Downloaded bincode v1.3.3
[INFO] [stderr]   Downloaded string-offsets v0.2.0
[INFO] [stderr]   Downloaded os_pipe v1.2.3
[INFO] [stderr]   Downloaded digest v0.11.2
[INFO] [stderr]   Downloaded ctutils v0.4.2
[INFO] [stderr]   Downloaded block-buffer v0.12.0
[INFO] [stderr]   Downloaded rsqlite-vfs v0.1.0
[INFO] [stderr]   Downloaded hashlink v0.12.0
[INFO] [stderr]   Downloaded fallible-iterator v0.3.0
[INFO] [stderr]   Downloaded unicase v2.9.0
[INFO] [stderr]   Downloaded stringprep v0.1.5
[INFO] [stderr]   Downloaded md-5 v0.11.0
[INFO] [stderr]   Downloaded foldhash v0.2.0
[INFO] [stderr]   Downloaded rand_core v0.10.0
[INFO] [stderr]   Downloaded simd-adler32 v0.3.8
[INFO] [stderr]   Downloaded toml_parser v1.1.2+spec-1.1.0
[INFO] [stderr]   Downloaded cmov v0.5.3
[INFO] [stderr]   Downloaded inventory v0.3.22
[INFO] [stderr]   Downloaded erased-serde v0.4.10
[INFO] [stderr]   Downloaded plotters-backend v0.3.7
[INFO] [stderr]   Downloaded rend v0.4.2
[INFO] [stderr]   Downloaded rust-multipart-rfc7578_2 v0.9.0
[INFO] [stderr]   Downloaded expect-json-macros v1.11.0
[INFO] [stderr]   Downloaded oorandom v11.1.5
[INFO] [stderr]   Downloaded clio v0.3.5
[INFO] [stderr]   Downloaded cbc v0.2.1
[INFO] [stderr]   Downloaded whoami v2.1.1
[INFO] [stderr]   Downloaded wasi v0.14.7+wasi-0.2.4
[INFO] [stderr]   Downloaded fallible-iterator v0.2.0
[INFO] [stderr]   Downloaded supports-color v3.0.2
[INFO] [stderr]   Downloaded backtrace-ext v0.2.1
[INFO] [stderr]   Downloaded rmp-serde v1.3.1
[INFO] [stderr]   Downloaded rmp v0.8.15
[INFO] [stderr]   Downloaded page_size v0.6.0
[INFO] [stderr]   Downloaded hybrid-array v0.4.10
[INFO] [stderr]   Downloaded serde_json_path v0.7.2
[INFO] [stderr]   Downloaded serde_json_path_core v0.2.2
[INFO] [stderr]   Downloaded postgres v0.19.14
[INFO] [stderr]   Downloaded objc2-system-configuration v0.3.2
[INFO] [stderr]   Downloaded postgres-types v0.2.14
[INFO] [stderr]   Downloaded lazy-regex-proc_macros v3.6.0
[INFO] [stderr]   Downloaded full_moon_derive v0.11.0
[INFO] [stderr]   Downloaded memo-map v0.3.3
[INFO] [stderr]   Downloaded plotters-svg v0.3.7
[INFO] [stderr]   Downloaded ptr_meta v0.1.4
[INFO] [stderr]   Downloaded tap v1.0.1
[INFO] [stderr]   Downloaded reserve-port v2.4.0
[INFO] [stderr]   Downloaded yaml-rust v0.4.5
[INFO] [stderr]   Downloaded block-padding v0.4.2
[INFO] [stderr]   Downloaded sha2 v0.11.0
[INFO] [stderr]   Downloaded postgres-protocol v0.6.12
[INFO] [stderr]   Downloaded unicode-properties v0.1.4
[INFO] [stderr]   Downloaded hmac v0.13.0
[INFO] [stderr]   Downloaded mockito v1.7.2
[INFO] [stderr]   Downloaded mlua-sys v0.10.0
[INFO] [stderr]   Downloaded which v8.0.2
[INFO] [stderr]   Downloaded deadpool-runtime v0.3.1
[INFO] [stderr]   Downloaded is-terminal v0.4.17
[INFO] [stderr]   Downloaded cpubits v0.1.0
[INFO] [stderr]   Downloaded snapbox v1.2.2
[INFO] [stderr]   Downloaded tinyvec v1.11.0
[INFO] [stderr]   Downloaded chacha20 v0.10.0
[INFO] [stderr]   Downloaded phf v0.13.1
[INFO] [stderr]   Downloaded similar v2.7.0
[INFO] [stderr]   Downloaded owo-colors v4.3.0
[INFO] [stderr]   Downloaded addr2line v0.25.1
[INFO] [stderr]   Downloaded alloca v0.4.0
[INFO] [stderr]   Downloaded simdutf8 v0.1.5
[INFO] [stderr]   Downloaded typetag-impl v0.2.22
[INFO] [stderr]   Downloaded plist v1.8.0
[INFO] [stderr]   Downloaded const-oid v0.10.2
[INFO] [stderr]   Downloaded rustc-demangle v0.1.27
[INFO] [stderr]   Downloaded similar v3.1.1
[INFO] [stderr]   Downloaded base16ct v1.0.0
[INFO] [stderr]   Downloaded num v0.4.3
[INFO] [stderr]   Downloaded fancy-regex v0.16.2
[INFO] [stderr]   Downloaded http v1.4.1
[INFO] [stderr]   Downloaded tokio-postgres v0.7.18
[INFO] [stderr]   Downloaded miette v7.6.0
[INFO] [stderr]   Downloaded is_ci v1.2.0
[INFO] [stderr]   Downloaded backtrace v0.3.76
[INFO] [stderr]   Downloaded proc-macro-crate v3.5.0
[INFO] [stderr]   Downloaded winnow v1.0.0
[INFO] [stderr]   Downloaded mio v1.2.0
[INFO] [stderr]   Downloaded rand v0.10.0
[INFO] [stderr]   Downloaded unicode-normalization v0.1.25
[INFO] [stderr]   Downloaded rkyv_derive v0.7.46
[INFO] [stderr]   Downloaded email_address v0.2.9
[INFO] [stderr]   Downloaded axum-core v0.5.6
[INFO] [stderr]   Downloaded regex v1.12.4
[INFO] [stderr]   Downloaded serde_json v1.0.150
[INFO] [stderr]   Downloaded h2 v0.4.14
[INFO] [stderr]   Downloaded pulldown-cmark v0.13.4
[INFO] [stderr]   Downloaded cipher v0.5.2
[INFO] [stderr]   Downloaded seahash v4.1.0
[INFO] [stderr]   Downloaded bytesize v2.3.1
[INFO] [stderr]   Downloaded rusqlite v0.40.1
[INFO] [stderr]   Downloaded matchit v0.9.2
[INFO] [stderr]   Downloaded quick-xml v0.38.4
[INFO] [stderr]   Downloaded bytecount v0.6.9
[INFO] [stderr]   Downloaded wyz v0.5.1
[INFO] [stderr]   Downloaded lazy-regex v3.6.0
[INFO] [stderr]   Downloaded mlua v0.11.6
[INFO] [stderr]   Downloaded unicode-width v0.2.2
[INFO] [stderr]   Downloaded regex-syntax v0.8.11
[INFO] [stderr]   Downloaded borsh-derive v1.6.0
[INFO] [stderr]   Downloaded self_cell v1.2.2
[INFO] [stderr]   Downloaded criterion-plot v0.8.2
[INFO] [stderr]   Downloaded typetag v0.2.22
[INFO] [stderr]   Downloaded smol_str v0.3.2
[INFO] [stderr]   Downloaded bstr v1.12.1
[INFO] [stderr]   Downloaded matchit v0.8.4
[INFO] [stderr]   Downloaded portable-atomic-util v0.2.6
[INFO] [stderr]   Downloaded pest_generator v2.8.6
[INFO] [stderr]   Downloaded byte-unit v5.2.3
[INFO] [stderr]   Downloaded curl-parser v0.6.0
[INFO] [stderr]   Downloaded snafu-derive v0.8.9
[INFO] [stderr]   Downloaded futures-executor v0.3.32
[INFO] [stderr]   Downloaded des v0.9.0
[INFO] [stderr]   Downloaded luau0-src v0.18.3+luau709
[INFO] [stderr]   Downloaded deadpool v0.13.0
[INFO] [stderr]   Downloaded pest_derive v2.8.6
[INFO] [stderr]   Downloaded num-complex v0.4.6
[INFO] [stderr]   Downloaded cookie v0.18.1
[INFO] [stderr]   Downloaded ucd-trie v0.1.7
[INFO] [stderr]   Downloaded expect-json v1.11.0
[INFO] [stderr]   Downloaded futures v0.3.32
[INFO] [stderr]   Downloaded toml_edit v0.25.4+spec-1.1.0
[INFO] [stderr]   Downloaded ahash v0.7.8
[INFO] [stderr]   Downloaded syntect v5.3.0
[INFO] [stderr]   Downloaded lua-src v550.0.0
[INFO] [stderr]   Downloaded derive_more v1.0.0
[INFO] [stderr]   Downloaded snafu v0.8.9
[INFO] [stderr]   Downloaded luajit-src v210.6.6+707c12b
[INFO] [stderr]   Downloaded uuid v1.23.2
[INFO] [stderr]   Downloaded bon v3.9.3
[INFO] [stderr]   Downloaded pest_meta v2.8.6
[INFO] [stderr]   Downloaded jiff-static v0.2.28
[INFO] [stderr]   Downloaded borsh v1.6.0
[INFO] [stderr]   Downloaded bon-macros v3.9.3
[INFO] [stderr]   Downloaded derive_more-impl v1.0.0
[INFO] [stderr]   Downloaded rkyv v0.7.46
[INFO] [stderr]   Downloaded pest v2.8.6
[INFO] [stderr]   Downloaded aes v0.9.1
[INFO] [stderr]   Downloaded criterion v0.8.2
[INFO] [stderr]   Downloaded rust_decimal v1.40.0
[INFO] [stderr]   Downloaded plotters v0.3.7
[INFO] [stderr]   Downloaded axum v0.8.9
[INFO] [stderr]   Downloaded minijinja v2.17.1
[INFO] [stderr]   Downloaded bitvec v1.0.1
[INFO] [stderr]   Downloaded object v0.37.3
[INFO] [stderr]   Downloaded gimli v0.32.3
[INFO] [stderr]   Downloaded windows_x86_64_gnullvm v0.42.2
[INFO] [stderr]   Downloaded windows_aarch64_gnullvm v0.42.2
[INFO] [stderr]   Downloaded libsqlite3-sys v0.38.1
[INFO] [stderr]   Downloaded full_moon v2.2.0
[INFO] [stderr]   Downloaded axum-test v20.1.0
[INFO] [stderr]   Downloaded windows_x86_64_msvc v0.42.2
[INFO] [stderr]   Downloaded windows_x86_64_gnu v0.42.2
[INFO] [stderr]   Downloaded windows_aarch64_msvc v0.42.2
[INFO] [stderr]   Downloaded windows_i686_msvc v0.42.2
[INFO] [stderr]   Downloaded windows_i686_gnu v0.42.2
[INFO] [stderr]   Downloaded jiff v0.2.28
[INFO] [stderr]   Downloaded sqlite-wasm-rs v0.5.2
[INFO] [stderr]   Downloaded windows-sys v0.42.0
[INFO] running `Command { std: "docker" "create" "-v" "/var/lib/crater-agent-workspace/builds/worker-2-tc1/source:/opt/rustwide/workdir:ro,Z" "-v" "/var/lib/crater-agent-workspace/builds/worker-2-tc1/target:/opt/rustwide/target:rw,Z" "-v" "/var/lib/crater-agent-workspace/cargo-home:/opt/rustwide/cargo-home:ro,Z" "-v" "/var/lib/crater-agent-workspace/rustup-home:/opt/rustwide/rustup-home:ro,Z" "-m" "1610612736" "--network" "none" "ghcr.io/rust-lang/crates-build-env/linux@sha256:3d5ced03c013a94a2f102a4510f48a6e9184255caf5fd8244f58017bde7f5210" "sleep" "infinity", kill_on_drop: false }`
[INFO] [stdout] 6ab362e109a9239234a6e6303252a4f7fb453d77f672c97d6d92a38568034dc5
[INFO] running `Command { std: "docker" "start" "6ab362e109a9239234a6e6303252a4f7fb453d77f672c97d6d92a38568034dc5", kill_on_drop: false }`
[INFO] running `Command { std: "docker" "inspect" "6ab362e109a9239234a6e6303252a4f7fb453d77f672c97d6d92a38568034dc5", kill_on_drop: false }`
[INFO] running `Command { std: "docker" "exec" "-e" "SOURCE_DIR=/opt/rustwide/workdir" "-e" "CARGO_HOME=/opt/rustwide/cargo-home" "-e" "RUSTUP_HOME=/opt/rustwide/rustup-home" "-e" "CARGO_TARGET_DIR=/opt/rustwide/target" "-w" "/opt/rustwide/workdir" "--user" "0:0" "6ab362e109a9239234a6e6303252a4f7fb453d77f672c97d6d92a38568034dc5" "/opt/rustwide/cargo-home/bin/cargo" "+1.97.0-beta.6" "metadata" "--no-deps" "--format-version=1", kill_on_drop: false }`
[INFO] running `Command { std: "docker" "inspect" "6ab362e109a9239234a6e6303252a4f7fb453d77f672c97d6d92a38568034dc5", kill_on_drop: false }`
[INFO] running `Command { std: "docker" "exec" "-e" "SOURCE_DIR=/opt/rustwide/workdir" "-e" "CARGO_HOME=/opt/rustwide/cargo-home" "-e" "RUSTUP_HOME=/opt/rustwide/rustup-home" "-e" "CARGO_TARGET_DIR=/opt/rustwide/target" "-e" "CARGO_INCREMENTAL=0" "-e" "RUST_BACKTRACE=full" "-e" "RUSTFLAGS=--cap-lints=warn" "-e" "RUSTDOCFLAGS=--cap-lints=warn" "-w" "/opt/rustwide/workdir" "--user" "0:0" "6ab362e109a9239234a6e6303252a4f7fb453d77f672c97d6d92a38568034dc5" "/opt/rustwide/cargo-home/bin/cargo" "+1.97.0-beta.6" "build" "--frozen" "--message-format=json", kill_on_drop: false }`
[INFO] [stderr]    Compiling libc v0.2.183
[INFO] [stderr]    Compiling memchr v2.8.0
[INFO] [stderr]    Compiling cfg-if v1.0.4
[INFO] [stderr]    Compiling serde_core v1.0.228
[INFO] [stderr]    Compiling shlex v1.3.0
[INFO] [stderr]    Compiling find-msvc-tools v0.1.9
[INFO] [stderr]    Compiling itoa v1.0.17
[INFO] [stderr]    Compiling syn v2.0.117
[INFO] [stderr]    Compiling pin-project-lite v0.2.17
[INFO] [stderr]    Compiling once_cell v1.21.4
[INFO] [stderr]    Compiling typenum v1.19.0
[INFO] [stderr]    Compiling serde v1.0.228
[INFO] [stderr]    Compiling futures-core v0.3.32
[INFO] [stderr]    Compiling stable_deref_trait v1.2.1
[INFO] [stderr]    Compiling smallvec v1.15.1
[INFO] [stderr]    Compiling bytes v1.11.1
[INFO] [stderr]    Compiling futures-sink v0.3.32
[INFO] [stderr]    Compiling futures-channel v0.3.32
[INFO] [stderr]    Compiling tracing-core v0.1.36
[INFO] [stderr]    Compiling futures-task v0.3.32
[INFO] [stderr]    Compiling slab v0.4.12
[INFO] [stderr]    Compiling autocfg v1.5.0
[INFO] [stderr]    Compiling futures-io v0.3.32
[INFO] [stderr]    Compiling hybrid-array v0.4.10
[INFO] [stderr]    Compiling errno v0.3.14
[INFO] [stderr]    Compiling socket2 v0.6.3
[INFO] [stderr]    Compiling signal-hook-registry v1.4.8
[INFO] [stderr]    Compiling jobserver v0.1.34
[INFO] [stderr]    Compiling mio v1.2.0
[INFO] [stderr]    Compiling log v0.4.29
[INFO] [stderr]    Compiling cc v1.2.57
[INFO] [stderr]    Compiling num-traits v0.2.19
[INFO] [stderr]    Compiling crypto-common v0.2.2
[INFO] [stderr]    Compiling http v1.4.1
[INFO] [stderr]    Compiling bitflags v2.11.0
[INFO] [stderr]    Compiling aho-corasick v1.1.4
[INFO] [stderr]    Compiling writeable v0.6.2
[INFO] [stderr]    Compiling pkg-config v0.3.32
[INFO] [stderr]    Compiling regex-syntax v0.8.11
[INFO] [stderr]    Compiling litemap v0.8.1
[INFO] [stderr]    Compiling ring v0.17.14
[INFO] [stderr]    Compiling zmij v1.0.21
[INFO] [stderr]    Compiling http-body v1.0.1
[INFO] [stderr]    Compiling zeroize v1.8.2
[INFO] [stderr]    Compiling icu_normalizer_data v2.1.1
[INFO] [stderr]    Compiling percent-encoding v2.3.2
[INFO] [stderr]    Compiling serde_json v1.0.150
[INFO] [stderr]    Compiling tower-service v0.3.3
[INFO] [stderr]    Compiling icu_properties_data v2.1.2
[INFO] [stderr]    Compiling httparse v1.10.1
[INFO] [stderr]    Compiling rustls-pki-types v1.14.0
[INFO] [stderr]    Compiling block-padding v0.4.2
[INFO] [stderr]    Compiling getrandom v0.2.17
[INFO] [stderr]    Compiling base64 v0.22.1
[INFO] [stderr]    Compiling try-lock v0.2.5
[INFO] [stderr]    Compiling rustix v1.1.4
[INFO] [stderr]    Compiling cmov v0.5.3
[INFO] [stderr]    Compiling untrusted v0.9.0
[INFO] [stderr]    Compiling thiserror v2.0.18
[INFO] [stderr]    Compiling simd-adler32 v0.3.8
[INFO] [stderr]    Compiling regex-automata v0.4.14
[INFO] [stderr]    Compiling adler2 v2.0.1
[INFO] [stderr]    Compiling miniz_oxide v0.8.9
[INFO] [stderr]    Compiling synstructure v0.13.2
[INFO] [stderr]    Compiling ctutils v0.4.2
[INFO] [stderr]    Compiling want v0.3.1
[INFO] [stderr]    Compiling inout v0.2.2
[INFO] [stderr]    Compiling block-buffer v0.12.0
[INFO] [stderr]    Compiling which v8.0.2
[INFO] [stderr]    Compiling sync_wrapper v1.0.2
[INFO] [stderr]    Compiling linux-raw-sys v0.12.1
[INFO] [stderr]    Compiling httpdate v1.0.3
[INFO] [stderr]    Compiling strsim v0.11.1
[INFO] [stderr]    Compiling rustversion v1.0.22
[INFO] [stderr]    Compiling rustls v0.23.37
[INFO] [stderr]    Compiling object v0.37.3
[INFO] [stderr]    Compiling tower-layer v0.3.3
[INFO] [stderr]    Compiling const-oid v0.10.2
[INFO] [stderr]    Compiling atomic-waker v1.1.2
[INFO] [stderr]    Compiling ident_case v1.0.1
[INFO] [stderr]    Compiling utf8parse v0.2.2
[INFO] [stderr]    Compiling digest v0.11.2
[INFO] [stderr]    Compiling serde_derive v1.0.228
[INFO] [stderr]    Compiling zerofrom-derive v0.1.6
[INFO] [stderr]    Compiling yoke-derive v0.8.1
[INFO] [stderr]    Compiling zerovec-derive v0.11.2
[INFO] [stderr]    Compiling displaydoc v0.2.5
[INFO] [stderr]    Compiling tokio-macros v2.7.0
[INFO] [stderr]    Compiling futures-macro v0.3.32
[INFO] [stderr]    Compiling tokio v1.52.3
[INFO] [stderr]    Compiling tracing-attributes v0.1.31
[INFO] [stderr]    Compiling thiserror-impl v2.0.18
[INFO] [stderr]    Compiling zerofrom v0.1.6
[INFO] [stderr]    Compiling futures-util v0.3.32
[INFO] [stderr]    Compiling yoke v0.8.1
[INFO] [stderr]    Compiling zerovec v0.11.5
[INFO] [stderr]    Compiling tinystr v0.8.2
[INFO] [stderr]    Compiling tracing v0.1.44
[INFO] [stderr]    Compiling icu_locale_core v2.1.1
[INFO] [stderr]    Compiling potential_utf v0.1.4
[INFO] [stderr]    Compiling zerotrie v0.2.3
[INFO] [stderr]    Compiling icu_collections v2.1.1
[INFO] [stderr]    Compiling rustls-webpki v0.103.13
[INFO] [stderr]    Compiling anstyle-parse v1.0.0
[INFO] [stderr]    Compiling darling_core v0.23.0
[INFO] [stderr]    Compiling icu_provider v2.1.1
[INFO] [stderr]    Compiling icu_properties v2.1.2
[INFO] [stderr]    Compiling icu_normalizer v2.1.1
[INFO] [stderr]    Compiling luajit-src v210.6.6+707c12b
[INFO] [stderr]    Compiling cipher v0.5.2
[INFO] [stderr]    Compiling form_urlencoded v1.2.2
[INFO] [stderr]    Compiling lua-src v550.0.0
[INFO] [stderr]    Compiling luau0-src v0.18.3+luau709
[INFO] [stderr]    Compiling ipnet v2.12.0
[INFO] [stderr]    Compiling colorchoice v1.0.5
[INFO] [stderr]    Compiling powerfmt v0.2.0
[INFO] [stderr]    Compiling prettyplease v0.2.37
[INFO] [stderr]    Compiling is_terminal_polyfill v1.70.2
[INFO] [stderr]    Compiling getrandom v0.4.2
[INFO] [stderr]    Compiling typeid v1.0.3
[INFO] [stderr]    Compiling unicode-width v0.2.2
[INFO] [stderr]    Compiling parking_lot_core v0.9.12
[INFO] [stderr]    Compiling equivalent v1.0.2
[INFO] [stderr]    Compiling vcpkg v0.2.15
[INFO] [stderr]    Compiling crc32fast v1.5.0
[INFO] [stderr]    Compiling subtle v2.6.1
[INFO] [stderr]    Compiling anstyle v1.0.14
[INFO] [stderr]    Compiling ryu v1.0.23
[INFO] [stderr]    Compiling gimli v0.32.3
[INFO] [stderr]    Compiling anstyle-query v1.1.5
[INFO] [stderr]    Compiling hashbrown v0.16.1
[INFO] [stderr]    Compiling anstream v1.0.0
[INFO] [stderr]    Compiling hyper v1.10.1
[INFO] [stderr]    Compiling darling_macro v0.23.0
[INFO] [stderr]    Compiling libsqlite3-sys v0.38.1
[INFO] [stderr]    Compiling indexmap v2.13.0
[INFO] [stderr]    Compiling tower v0.5.3
[INFO] [stderr]    Compiling mlua-sys v0.10.0
[INFO] [stderr]    Compiling hyper-util v0.1.20
[INFO] [stderr]    Compiling deranged v0.5.8
[INFO] [stderr]    Compiling idna_adapter v1.2.1
[INFO] [stderr]    Compiling http-body-util v0.1.3
[INFO] [stderr]    Compiling addr2line v0.25.1
[INFO] [stderr]    Compiling inventory v0.3.22
[INFO] [stderr]    Compiling heck v0.5.0
[INFO] [stderr]    Compiling rust_decimal v1.40.0
[INFO] [stderr]    Compiling erased-serde v0.4.10
[INFO] [stderr]    Compiling same-file v1.0.6
[INFO] [stderr]    Compiling mime v0.3.17
[INFO] [stderr]    Compiling cpufeatures v0.3.0
[INFO] [stderr]    Compiling foldhash v0.2.0
[INFO] [stderr]    Compiling clap_lex v1.1.0
[INFO] [stderr]    Compiling scopeguard v1.2.0
[INFO] [stderr]    Compiling owo-colors v4.3.0
[INFO] [stderr]    Compiling num-conv v0.2.0
[INFO] [stderr]    Compiling bit-vec v0.8.0
[INFO] [stderr]    Compiling rustc-demangle v0.1.27
[INFO] [stderr]    Compiling time-core v0.1.8
[INFO] [stderr]    Compiling utf8_iter v1.0.4
[INFO] [stderr]    Compiling time v0.3.47
[INFO] [stderr]    Compiling bit-set v0.8.0
[INFO] [stderr]    Compiling idna v1.1.0
[INFO] [stderr]    Compiling clap_builder v4.6.0
[INFO] [stderr]    Compiling lock_api v0.4.14
[INFO] [stderr]    Compiling hashbrown v0.17.1
[INFO] [stderr]    Compiling walkdir v2.5.0
[INFO] [stderr]    Compiling clap_derive v4.6.1
[INFO] [stderr]    Compiling tokio-rustls v0.26.4
[INFO] [stderr]    Compiling serde_json_path_core v0.2.2
[INFO] [stderr]    Compiling regex v1.12.4
[INFO] [stderr]    Compiling backtrace v0.3.76
[INFO] [stderr]    Compiling darling v0.23.0
[INFO] [stderr]    Compiling serde_urlencoded v0.7.1
[INFO] [stderr]    Compiling serde_json_path_macros_internal v0.1.2
[INFO] [stderr]    Compiling ordered-float v2.10.1
[INFO] [stderr]    Compiling webpki-roots v1.0.6
[INFO] [stderr]    Compiling quick-xml v0.38.4
[INFO] [stderr]    Compiling pulldown-cmark v0.13.4
[INFO] [stderr]    Compiling arrayvec v0.7.6
[INFO] [stderr]    Compiling winnow v1.0.0
[INFO] [stderr]    Compiling linked-hash-map v0.5.6
[INFO] [stderr]    Compiling anyhow v1.0.102
[INFO] [stderr]    Compiling unicode-linebreak v0.1.5
[INFO] [stderr]    Compiling lazy_static v1.5.0
[INFO] [stderr]    Compiling iri-string v0.7.10
[INFO] [stderr]    Compiling is_ci v1.2.0
[INFO] [stderr]    Compiling fastrand v2.3.0
[INFO] [stderr]    Compiling minimal-lexical v0.2.1
[INFO] [stderr]    Compiling tempfile v3.27.0
[INFO] [stderr]    Compiling nom v7.1.3
[INFO] [stderr]    Compiling textwrap v0.16.2
[INFO] [stderr]    Compiling supports-color v3.0.2
[INFO] [stderr]    Compiling plist v1.8.0
[INFO] [stderr]    Compiling sharded-slab v0.1.7
[INFO] [stderr]    Compiling toml_parser v1.1.2+spec-1.1.0
[INFO] [stderr]    Compiling yaml-rust v0.4.5
[INFO] [stderr]    Compiling tower-http v0.6.8
[INFO] [stderr]    Compiling hyper-rustls v0.27.7
[INFO] [stderr]    Compiling serde_json_path_macros v0.1.6
[INFO] [stderr]    Compiling serde-value v0.7.0
[INFO] [stderr]    Compiling bon-macros v3.9.3
[INFO] [stderr]    Compiling clap v4.6.1
[INFO] [stderr]    Compiling parking_lot v0.12.5
[INFO] [stderr]    Compiling flate2 v1.1.9
[INFO] [stderr]    Compiling backtrace-ext v0.2.1
[INFO] [stderr]    Compiling lazy-regex-proc_macros v3.6.0
[INFO] [stderr]    Compiling hashlink v0.12.0
[INFO] [stderr]    Compiling url v2.5.8
[INFO] [stderr]    Compiling fancy-regex v0.16.2
[INFO] [stderr]    Compiling axum-core v0.5.6
[INFO] [stderr]    Compiling terminal_size v0.4.3
[INFO] [stderr]    Compiling getopts v0.2.24
[INFO] [stderr]    Compiling futures-executor v0.3.32
[INFO] [stderr]    Compiling bstr v1.12.1
[INFO] [stderr]    Compiling bincode v1.3.3
[INFO] [stderr]    Compiling matchers v0.2.0
[INFO] [stderr]    Compiling rmp v0.8.15
[INFO] [stderr]    Compiling toml_datetime v1.1.1+spec-1.1.0
[INFO] [stderr]    Compiling serde_path_to_error v0.1.20
[INFO] [stderr]    Compiling serde_spanned v1.1.1
[INFO] [stderr]    Compiling tracing-log v0.2.0
[INFO] [stderr]    Compiling num_cpus v1.17.0
[INFO] [stderr]    Compiling is-terminal v0.4.17
[INFO] [stderr]    Compiling encoding_rs v0.8.35
[INFO] [stderr]    Compiling thread_local v1.1.9
[INFO] [stderr]    Compiling deadpool-runtime v0.3.1
[INFO] [stderr]    Compiling unsafe-libyaml v0.2.11
[INFO] [stderr]    Compiling unicode-width v0.1.14
[INFO] [stderr]    Compiling matchit v0.8.4
[INFO] [stderr]    Compiling unicase v2.9.0
[INFO] [stderr]    Compiling pulldown-cmark-escape v0.11.0
[INFO] [stderr]    Compiling toml_writer v1.1.1+spec-1.1.0
[INFO] [stderr]    Compiling rustc-hash v2.1.2
[INFO] [stderr]    Compiling supports-unicode v3.0.0
[INFO] [stderr]    Compiling lmb v0.1.0 (/opt/rustwide/workdir)
[INFO] [stderr]    Compiling fallible-streaming-iterator v0.1.9
[INFO] [stderr]    Compiling supports-hyperlinks v3.2.0
[INFO] [stderr]    Compiling utf8-width v0.1.8
[INFO] [stderr]    Compiling either v1.15.0
[INFO] [stderr]    Compiling fnv v1.0.7
[INFO] [stderr]    Compiling cpubits v0.1.0
[INFO] [stderr]    Compiling fallible-iterator v0.3.0
[INFO] [stderr]    Compiling nu-ansi-term v0.50.3
[INFO] [stderr]    Compiling aes v0.9.1
[INFO] [stderr]    Compiling syntect v5.3.0
[INFO] [stderr]    Compiling reqwest v0.12.28
[INFO] [stderr]    Compiling tracing-subscriber v0.3.23
[INFO] [stderr]    Compiling byte-unit v5.2.3
[INFO] [stderr]    Compiling miette v7.6.0
[INFO] [stderr]    Compiling serde_yaml v0.9.34+deprecated
[INFO] [stderr]    Compiling bon v3.9.3
[INFO] [stderr]    Compiling toml v1.1.2+spec-1.1.0
[INFO] [stderr]    Compiling rusqlite v0.40.1
[INFO] [stderr]    Compiling axum v0.8.9
[INFO] [stderr]    Compiling deadpool v0.13.0
[INFO] [stderr]    Compiling clio v0.3.5
[INFO] [stderr]    Compiling rmp-serde v1.3.1
[INFO] [stderr]    Compiling futures v0.3.32
[INFO] [stderr]    Compiling lazy-regex v3.6.0
[INFO] [stderr]    Compiling serde_json_path v0.7.2
[INFO] [stderr]    Compiling sha1 v0.11.0
[INFO] [stderr]    Compiling sha2 v0.11.0
[INFO] [stderr]    Compiling des v0.9.0
[INFO] [stderr]    Compiling cbc v0.2.1
[INFO] [stderr]    Compiling ecb v0.2.0
[INFO] [stderr]    Compiling hmac v0.13.0
[INFO] [stderr]    Compiling md-5 v0.11.0
[INFO] [stderr]    Compiling hex v0.4.3
[INFO] [stderr]    Compiling matchit v0.9.2
[INFO] [stderr]    Compiling no_color v0.2.0
[INFO] [stderr]    Compiling jiff v0.2.28
[INFO] [stderr]    Compiling base16ct v1.0.0
[INFO] [stderr]    Compiling string-offsets v0.2.0
[INFO] [stderr]    Compiling mlua v0.11.6
[INFO] [stderr]     Finished `dev` profile [unoptimized + debuginfo] target(s) in 5m 05s
[INFO] running `Command { std: "docker" "inspect" "6ab362e109a9239234a6e6303252a4f7fb453d77f672c97d6d92a38568034dc5", kill_on_drop: false }`
[INFO] running `Command { std: "docker" "exec" "-e" "SOURCE_DIR=/opt/rustwide/workdir" "-e" "CARGO_HOME=/opt/rustwide/cargo-home" "-e" "RUSTUP_HOME=/opt/rustwide/rustup-home" "-e" "CARGO_TARGET_DIR=/opt/rustwide/target" "-e" "CARGO_INCREMENTAL=0" "-e" "RUST_BACKTRACE=full" "-e" "RUSTFLAGS=--cap-lints=warn" "-e" "RUSTDOCFLAGS=--cap-lints=warn" "-w" "/opt/rustwide/workdir" "--user" "0:0" "6ab362e109a9239234a6e6303252a4f7fb453d77f672c97d6d92a38568034dc5" "/opt/rustwide/cargo-home/bin/cargo" "+1.97.0-beta.6" "test" "--frozen" "--no-run" "--message-format=json", kill_on_drop: false }`
[INFO] [stderr]    Compiling serde_core v1.0.228
[INFO] [stderr]    Compiling serde v1.0.228
[INFO] [stderr]    Compiling futures-sink v0.3.32
[INFO] [stderr]    Compiling slab v0.4.12
[INFO] [stderr]    Compiling tokio v1.52.3
[INFO] [stderr]    Compiling memchr v2.8.0
[INFO] [stderr]    Compiling zerocopy v0.8.42
[INFO] [stderr]    Compiling zerocopy-derive v0.8.42
[INFO] [stderr]    Compiling futures-channel v0.3.32
[INFO] [stderr]    Compiling rand_core v0.10.0
[INFO] [stderr]    Compiling getrandom v0.4.2
[INFO] [stderr]    Compiling futures-util v0.3.32
[INFO] [stderr]    Compiling num-conv v0.2.0
[INFO] [stderr]    Compiling time-core v0.1.8
[INFO] [stderr]    Compiling either v1.15.0
[INFO] [stderr]    Compiling time-macros v0.2.27
[INFO] [stderr]    Compiling crossbeam-utils v0.8.21
[INFO] [stderr]    Compiling aho-corasick v1.1.4
[INFO] [stderr]    Compiling num-integer v0.1.46
[INFO] [stderr]    Compiling getrandom v0.3.4
[INFO] [stderr]    Compiling ucd-trie v0.1.7
[INFO] [stderr]    Compiling crossbeam-epoch v0.9.18
[INFO] [stderr]    Compiling pest v2.8.6
[INFO] [stderr]    Compiling time v0.3.47
[INFO] [stderr]    Compiling regex-automata v0.4.14
[INFO] [stderr]    Compiling num-bigint v0.4.6
[INFO] [stderr]    Compiling serde_json v1.0.150
[INFO] [stderr]    Compiling erased-serde v0.4.10
[INFO] [stderr]    Compiling serde_urlencoded v0.7.1
[INFO] [stderr]    Compiling serde_path_to_error v0.1.20
[INFO] [stderr]    Compiling serde_json_path_core v0.2.2
[INFO] [stderr]    Compiling regex v1.12.4
[INFO] [stderr]    Compiling indexmap v1.9.3
[INFO] [stderr]    Compiling typetag v0.2.22
[INFO] [stderr]    Compiling version_check v0.9.5
[INFO] [stderr]    Compiling rayon-core v1.13.0
[INFO] [stderr]    Compiling syn v1.0.109
[INFO] [stderr]    Compiling v_htmlescape v0.15.8
[INFO] [stderr]    Compiling tempfile v3.27.0
[INFO] [stderr]    Compiling cookie v0.18.1
[INFO] [stderr]    Compiling plist v1.8.0
[INFO] [stderr]    Compiling serde-value v0.7.0
[INFO] [stderr]    Compiling rand_core v0.9.5
[INFO] [stderr]    Compiling serde_json_path_macros v0.1.6
[INFO] [stderr]    Compiling tokio-util v0.7.18
[INFO] [stderr]    Compiling tower v0.5.3
[INFO] [stderr]    Compiling tokio-rustls v0.26.4
[INFO] [stderr]    Compiling lazy-regex-proc_macros v3.6.0
[INFO] [stderr]    Compiling num-rational v0.4.2
[INFO] [stderr]    Compiling bstr v1.12.1
[INFO] [stderr]    Compiling h2 v0.4.14
[INFO] [stderr]    Compiling tower-http v0.6.8
[INFO] [stderr]    Compiling ppv-lite86 v0.2.21
[INFO] [stderr]    Compiling half v2.7.1
[INFO] [stderr]    Compiling bincode v1.3.3
[INFO] [stderr]    Compiling futures-executor v0.3.32
[INFO] [stderr]    Compiling toml_datetime v1.1.1+spec-1.1.0
[INFO] [stderr]    Compiling serde_spanned v1.1.1
[INFO] [stderr]    Compiling pest_meta v2.8.6
[INFO] [stderr]    Compiling crossbeam-deque v0.8.6
[INFO] [stderr]    Compiling num-iter v0.1.45
[INFO] [stderr]    Compiling chacha20 v0.10.0
[INFO] [stderr]    Compiling num-complex v0.4.6
[INFO] [stderr]    Compiling alloca v0.4.0
[INFO] [stderr]    Compiling typetag-impl v0.2.22
[INFO] [stderr]    Compiling hashbrown v0.12.3
[INFO] [stderr]    Compiling paste v1.0.15
[INFO] [stderr]    Compiling iana-time-zone v0.1.65
[INFO] [stderr]    Compiling unicode-xid v0.2.6
[INFO] [stderr]    Compiling ciborium-io v0.2.2
[INFO] [stderr]    Compiling plotters-backend v0.3.7
[INFO] [stderr]    Compiling ciborium-ll v0.2.2
[INFO] [stderr]    Compiling plotters-svg v0.3.7
[INFO] [stderr]    Compiling num v0.4.3
[INFO] [stderr]    Compiling derive_more-impl v1.0.0
[INFO] [stderr]    Compiling chrono v0.4.44
[INFO] [stderr]    Compiling pest_generator v2.8.6
[INFO] [stderr]    Compiling mlua v0.11.6
[INFO] [stderr]    Compiling deadpool v0.13.0
[INFO] [stderr]    Compiling serde_yaml v0.9.34+deprecated
[INFO] [stderr]    Compiling toml v1.1.2+spec-1.1.0
[INFO] [stderr]    Compiling clio v0.3.5
[INFO] [stderr]    Compiling rand v0.10.0
[INFO] [stderr]    Compiling syntect v5.3.0
[INFO] [stderr]    Compiling rmp-serde v1.3.1
[INFO] [stderr]    Compiling futures v0.3.32
[INFO] [stderr]    Compiling rand_chacha v0.9.0
[INFO] [stderr]    Compiling lazy-regex v3.6.0
[INFO] [stderr]    Compiling serde_json_path v0.7.2
[INFO] [stderr]    Compiling email_address v0.2.9
[INFO] [stderr]    Compiling itertools v0.13.0
[INFO] [stderr]    Compiling test-case-core v3.3.1
[INFO] [stderr]    Compiling snafu-derive v0.8.9
[INFO] [stderr]    Compiling hyper v1.10.1
[INFO] [stderr]    Compiling expect-json-macros v1.11.0
[INFO] [stderr]    Compiling uuid v1.23.2
[INFO] [stderr]    Compiling yansi v1.0.1
[INFO] [stderr]    Compiling cast v0.3.0
[INFO] [stderr]    Compiling self_cell v1.2.2
[INFO] [stderr]    Compiling diff v0.1.13
[INFO] [stderr]    Compiling memo-map v0.3.3
[INFO] [stderr]    Compiling criterion-plot v0.8.2
[INFO] [stderr]    Compiling minijinja v2.17.1
[INFO] [stderr]    Compiling pretty_assertions v1.4.1
[INFO] [stderr]    Compiling snafu v0.8.9
[INFO] [stderr]    Compiling hyper-util v0.1.20
[INFO] [stderr]    Compiling full_moon_derive v0.11.0
[INFO] [stderr]    Compiling expect-json v1.11.0
[INFO] [stderr]    Compiling test-case-macros v3.3.1
[INFO] [stderr]    Compiling rand v0.9.2
[INFO] [stderr]    Compiling rayon v1.11.0
[INFO] [stderr]    Compiling rust-multipart-rfc7578_2 v0.9.0
[INFO] [stderr]    Compiling pest_derive v2.8.6
[INFO] [stderr]    Compiling derive_more v1.0.0
[INFO] [stderr]    Compiling plotters v0.3.7
[INFO] [stderr]    Compiling ciborium v0.2.2
[INFO] [stderr]    Compiling tinytemplate v1.2.1
[INFO] [stderr]    Compiling assert-json-diff v2.0.2
[INFO] [stderr]    Compiling smol_str v0.3.2
[INFO] [stderr]    Compiling hyper-rustls v0.27.7
[INFO] [stderr]    Compiling axum v0.8.9
[INFO] [stderr]    Compiling snapbox-macros v1.1.0
[INFO] [stderr]    Compiling reserve-port v2.4.0
[INFO] [stderr]    Compiling reqwest v0.12.28
[INFO] [stderr]    Compiling os_pipe v1.2.3
[INFO] [stderr]    Compiling wait-timeout v0.2.1
[INFO] [stderr]    Compiling page_size v0.6.0
[INFO] [stderr]    Compiling bytesize v2.3.1
[INFO] [stderr]    Compiling oorandom v11.1.5
[INFO] [stderr]    Compiling normalize-line-endings v0.3.0
[INFO] [stderr]    Compiling similar v3.1.1
[INFO] [stderr]    Compiling similar v2.7.0
[INFO] [stderr]    Compiling anes v0.1.6
[INFO] [stderr]    Compiling bytecount v0.6.9
[INFO] [stderr]    Compiling colored v3.1.1
[INFO] [stderr]    Compiling full_moon v2.2.0
[INFO] [stderr]    Compiling mockito v1.7.2
[INFO] [stderr]    Compiling snapbox v1.2.2
[INFO] [stderr]    Compiling curl-parser v0.6.0
[INFO] [stderr]    Compiling criterion v0.8.2
[INFO] [stderr]    Compiling test-case v3.3.1
[INFO] [stderr]    Compiling axum-test v20.1.0
[INFO] [stderr]    Compiling lmb v0.1.0 (/opt/rustwide/workdir)
[INFO] [stderr]     Finished `test` profile [unoptimized + debuginfo] target(s) in 8m 15s
[INFO] running `Command { std: "docker" "inspect" "6ab362e109a9239234a6e6303252a4f7fb453d77f672c97d6d92a38568034dc5", kill_on_drop: false }`
[INFO] running `Command { std: "docker" "exec" "-e" "SOURCE_DIR=/opt/rustwide/workdir" "-e" "CARGO_HOME=/opt/rustwide/cargo-home" "-e" "RUSTUP_HOME=/opt/rustwide/rustup-home" "-e" "CARGO_TARGET_DIR=/opt/rustwide/target" "-e" "CARGO_INCREMENTAL=0" "-e" "RUST_BACKTRACE=full" "-e" "RUSTFLAGS=--cap-lints=warn" "-e" "RUSTDOCFLAGS=--cap-lints=warn" "-w" "/opt/rustwide/workdir" "--user" "0:0" "6ab362e109a9239234a6e6303252a4f7fb453d77f672c97d6d92a38568034dc5" "/opt/rustwide/cargo-home/bin/cargo" "+1.97.0-beta.6" "test" "--frozen", kill_on_drop: false }`
[INFO] [stderr]     Finished `test` profile [unoptimized + debuginfo] target(s) in 0.90s
[INFO] [stderr]      Running unittests src/lib.rs (/opt/rustwide/target/debug/deps/lmb-676362c6e0abf310)
[INFO] [stdout] 
[INFO] [stdout] running 253 tests
[INFO] [stdout] test bindings::crypto::tests::test_des_ecb_encryption ... ok
[INFO] [stdout] test bindings::crypto::tests::test_des_cbc_encryption ... ok
[INFO] [stdout] test bindings::crypto::tests::test_base64_roundtrip ... ok
[INFO] [stdout] test bindings::coroutine::tests::test_all_settled ... ok
[INFO] [stdout] test bindings::crypto::tests::test_crypto_errors ... ok
[INFO] [stdout] test bindings::crypto::tests::test_crypto ... ok
[INFO] [stdout] test bindings::crypto::tests::test_hash_functions ... ok
[INFO] [stdout] test bindings::fs::tests::test_exists ... ok
[INFO] [stdout] test bindings::fs::tests::test_closed_file ... ok
[INFO] [stdout] test bindings::fs::tests::test_flush ... ok
[INFO] [stdout] test bindings::fs::tests::test_lines ... ok
[INFO] [stdout] test bindings::fs::tests::test_lines_shorthand ... ok
[INFO] [stdout] test bindings::fs::tests::test_open_read ... ok
[INFO] [stdout] test bindings::fs::tests::test_open_ap ... ok
[INFO] [stdout] test bindings::fs::tests::test_open_append ... ok
[INFO] [stdout] test bindings::fs::tests::test_open_invalid_mode ... ok
[INFO] [stdout] test bindings::fs::tests::test_list ... ok
[INFO] [stdout] test bindings::fs::tests::test_read_bytes ... ok
[INFO] [stdout] test bindings::fs::tests::test_open_nonexistent ... ok
[INFO] [stdout] test bindings::fs::tests::test_open_write ... ok
[INFO] [stdout] test bindings::fs::tests::test_open_wp ... ok
[INFO] [stdout] test bindings::fs::tests::test_open_rw ... ok
[INFO] [stdout] test bindings::fs::tests::test_read_bytes_partial ... ok
[INFO] [stdout] test bindings::fs::tests::test_read_invalid_format ... ok
[INFO] [stdout] test bindings::fs::tests::test_read_line ... ok
[INFO] [stdout] test bindings::fs::tests::test_read_number_nan ... ok
[INFO] [stdout] test bindings::fs::tests::test_read_permission_denied_some ... ok
[INFO] [stdout] test bindings::fs::tests::test_remove ... ok
[INFO] [stdout] test bindings::fs::tests::test_rename ... ok
[INFO] [stdout] test bindings::fs::tests::test_seek_cur_end ... ok
[INFO] [stdout] test bindings::fs::tests::test_seek_invalid_whence ... ok
[INFO] [stdout] test bindings::fs::tests::test_permission_denied ... ok
[INFO] [stdout] test bindings::fs::tests::test_tail_basic ... ok
[INFO] [stdout] test bindings::fs::tests::test_tail_break ... ok
[INFO] [stdout] test bindings::fs::tests::test_tail_permission_denied ... ok
[INFO] [stdout] test bindings::fs::tests::test_seek ... ok
[INFO] [stdout] test bindings::coroutine::tests::test_join_all ... ok
[INFO] [stdout] test bindings::fs::tests::test_read_number ... ok
[INFO] [stdout] test bindings::fs::tests::test_write_invalid ... ok
[INFO] [stdout] test bindings::fs::tests::test_read_number_eof ... ok
[INFO] [stdout] test bindings::fs::tests::test_write_no_permissions ... ok
[INFO] [stdout] test bindings::fs::tests::test_read_bytes_eof ... ok
[INFO] [stdout] test bindings::fs::tests::test_type ... ok
[INFO] [stdout] test bindings::globals::tests::test_sleep_ms_zero ... ok
[INFO] [stdout] test bindings::http::tests::test_concurrent_fetch ... ok
[INFO] [stdout] test bindings::fs::tests::test_write_permission_denied ... ok
[INFO] [stdout] test bindings::fs::tests::test_write_number ... ok
[INFO] [stdout] test bindings::http::tests::test_parse_path ... ok
[INFO] [stdout] test bindings::globals::tests::test_sleep_ms ... ok
[INFO] [stdout] test bindings::io::tests::test_read_all::multiple_lines ... ok
[INFO] [stdout] test bindings::io::tests::test_read_all::empty_input ... ok
[INFO] [stdout] test bindings::http::tests::test_http_get ... ok
[INFO] [stdout] test bindings::io::tests::test_read_all::multiple_lines_with_trailing_newline ... ok
[INFO] [stdout] test bindings::http::tests::test_http_post ... ok
[INFO] [stdout] test bindings::io::tests::test_read_all::single_line ... ok
[INFO] [stdout] test bindings::io::tests::test_read_all::single_line_with_trailing_newline ... ok
[INFO] [stdout] test bindings::io::tests::test_read_count::newline_only ... ok
[INFO] [stdout] test bindings::io::tests::test_read_count::bytes ... ok
[INFO] [stdout] test bindings::io::tests::test_read_invalid_format ... ok
[INFO] [stdout] test bindings::io::tests::test_read_line::empty_input ... ok
[INFO] [stdout] test bindings::io::tests::test_read_count::empty_input ... ok
[INFO] [stdout] test bindings::io::tests::test_read_count::single_line ... ok
[INFO] [stdout] test bindings::io::tests::test_read_line::multiple_lines_with_trailing_newline ... ok
[INFO] [stdout] test bindings::io::tests::test_read_line::single_line ... ok
[INFO] [stdout] test bindings::io::tests::test_read_line::single_line_with_trailing_newline ... ok
[INFO] [stdout] test bindings::io::tests::test_read_line::multiple_lines ... ok
[INFO] [stdout] test bindings::io::tests::test_read_number::invalid_number ... ok
[INFO] [stdout] test bindings::io::tests::test_read_number::multiple_lines_with_valid_number ... ok
[INFO] [stdout] test bindings::io::tests::test_read_number::valid_float ... ok
[INFO] [stdout] test bindings::io::tests::test_read_number::valid_number_with_newline ... ok
[INFO] [stdout] test bindings::io::tests::test_read_number::valid_number ... ok
[INFO] [stdout] test bindings::logging::tests::test_logging ... ok
[INFO] [stdout] test bindings::logging::tests::test_lua_value_to_string_error ... ok
[INFO] [stdout] test bindings::json::tests::test_json_binding ... ok
[INFO] [stdout] test bindings::json_path::tests::test_json_path ... ok
[INFO] [stdout] test bindings::store::tests::test_store_binding ... ok
[INFO] [stdout] test bindings::store::tests::test_store_no_store ... ok
[INFO] [stdout] test bindings::store::tests::test_store_keys ... ok
[INFO] [stdout] test bindings::store::tests::test_store_tx ... ok
[INFO] [stdout] test bindings::store::tests::test_store_tx_rollback ... ok
[INFO] [stdout] test bindings::store::tests::test_store_del ... ok
[INFO] [stdout] test bindings::store::tests::test_store_without_connection ... ok
[INFO] [stdout] test bindings::tests::test_read_unicode_all ... ok
[INFO] [stdout] test bindings::tests::test_read_unicode_count::arabic ... ok
[INFO] [stdout] test bindings::store::tests::test_store_unicode_keys ... ok
[INFO] [stdout] test bindings::fs::tests::test_tail_wait_new_lines ... ok
[INFO] [stdout] test bindings::tests::test_read_unicode_count::english ... ok
[INFO] [stdout] test bindings::tests::test_read_unicode_count::japanese ... ok
[INFO] [stdout] test bindings::tests::test_read_unicode_count::korean ... ok
[INFO] [stdout] test bindings::regex::tests::test_regex ... ok
[INFO] [stdout] test bindings::tests::test_read_unicode_count::chinese ... ok
[INFO] [stdout] test bindings::tests::test_read_unicode_count::russian ... ok
[INFO] [stdout] test bindings::tests::test_read_unicode_count::emoji ... ok
[INFO] [stdout] test bindings::tests::test_read_unicode_line ... ok
[INFO] [stdout] test permission::tests::test_all_env::true_a_b_expects ... ok
[INFO] [stdout] test permission::tests::test_all_env::true_a_expects ... ok
[INFO] [stdout] test permission::tests::test_all_net::false_1_1_1_1_1234_1_1_1_1_1234_expects ... ok
[INFO] [stdout] test permission::tests::test_all_net::false_1_1_1_1_1234_1_1_1_1_expects ... ok
[INFO] [stdout] test permission::tests::test_all_net::false_1_1_1_1_1_1_1_1_expects ... ok
[INFO] [stdout] test permission::tests::test_all_net::false_example_com_443_example_com_443_expects ... ok
[INFO] [stdout] test permission::tests::test_all_net::false_example_com_443_example_com_expects ... ok
[INFO] [stdout] test permission::tests::test_all_net::false_example_com_example_com_expects ... ok
[INFO] [stdout] test permission::tests::test_all_net::true_1_1_1_1_1234_1_1_1_1_1235_expects ... ok
[INFO] [stdout] test permission::tests::test_all_net::true_1_1_1_1_1234_expects ... ok
[INFO] [stdout] test permission::tests::test_all_net::true_1_1_1_1_2_2_2_2_expects ... ok
[INFO] [stdout] test permission::tests::test_all_net::true_1_1_1_1_expects ... ok
[INFO] [stdout] test permission::tests::test_all_net::true_example_com_443_another_com_443_expects ... ok
[INFO] [stdout] test permission::tests::test_all_net::true_example_com_443_another_com_expects ... ok
[INFO] [stdout] test permission::tests::test_all_net::true_example_com_443_expects ... ok
[INFO] [stdout] test permission::tests::test_all_net::true_example_com_another_com_443_expects ... ok
[INFO] [stdout] test permission::tests::test_all_net::true_example_com_another_com_expects ... ok
[INFO] [stdout] test permission::tests::test_all_net::true_example_com_example_com_443_expects ... ok
[INFO] [stdout] test permission::tests::test_all_net::true_example_com_expects ... ok
[INFO] [stdout] test permission::tests::test_all_net::true_expects ... ok
[INFO] [stdout] test permission::tests::test_all_read::all_read_deny_exact ... ok
[INFO] [stdout] test permission::tests::test_all_read::all_read_deny_other ... ok
[INFO] [stdout] test permission::tests::test_all_read::all_read_deny_parent ... ok
[INFO] [stdout] test permission::tests::test_all_read::all_read_no_deny ... ok
[INFO] [stdout] test permission::tests::test_all_write::all_write_deny_exact ... ok
[INFO] [stdout] test permission::tests::test_all_write::all_write_deny_other ... ok
[INFO] [stdout] test permission::tests::test_all_write::all_write_deny_parent ... ok
[INFO] [stdout] test permission::tests::test_all_write::all_write_no_deny ... ok
[INFO] [stdout] test permission::tests::test_some_all_env::false_a_a_expects ... ok
[INFO] [stdout] test permission::tests::test_some_all_env::true_a_b_expects ... ok
[INFO] [stdout] test permission::tests::test_some_all_env::true_a_expects ... ok
[INFO] [stdout] test permission::tests::test_some_all_net::false_1_1_1_1_1234_1_1_1_1_1234_expects ... ok
[INFO] [stdout] test permission::tests::test_some_all_net::false_1_1_1_1_1234_1_1_1_1_expects ... ok
[INFO] [stdout] test permission::tests::test_some_all_net::false_1_1_1_1_1_1_1_1_expects ... ok
[INFO] [stdout] test permission::tests::test_some_all_net::false_example_com_443_example_com_443_expects ... ok
[INFO] [stdout] test permission::tests::test_some_all_net::false_example_com_443_example_com_expects ... ok
[INFO] [stdout] test permission::tests::test_all_env::false_a_a_expects ... ok
[INFO] [stdout] test permission::tests::test_some_all_net::false_example_com_example_com_expects ... ok
[INFO] [stdout] test permission::tests::test_some_all_net::true_1_1_1_1_1234_expects ... ok
[INFO] [stdout] test permission::tests::test_some_all_net::true_1_1_1_1_2_2_2_2_expects ... ok
[INFO] [stdout] test permission::tests::test_some_all_net::true_1_1_1_1_expects ... ok
[INFO] [stdout] test permission::tests::test_some_all_net::true_example_com_443_another_com_443_expects ... ok
[INFO] [stdout] test permission::tests::test_some_all_net::true_example_com_443_another_com_expects ... ok
[INFO] [stdout] test permission::tests::test_some_all_net::true_example_com_443_expects ... ok
[INFO] [stdout] test permission::tests::test_some_all_net::true_example_com_another_com_443_expects ... ok
[INFO] [stdout] test bindings::time::tests::test_time ... ok
[INFO] [stdout] test permission::tests::test_some_all_net::true_1_1_1_1_1234_1_1_1_1_1235_expects ... ok
[INFO] [stdout] test permission::tests::test_some_all_net::true_example_com_another_com_expects ... ok
[INFO] [stdout] test permission::tests::test_some_all_net::true_example_com_expects ... ok
[INFO] [stdout] test permission::tests::test_some_all_net::true_expects ... ok
[INFO] [stdout] test permission::tests::test_some_all_net::true_example_com_example_com_443_expects ... ok
[INFO] [stdout] test permission::tests::test_some_all_read::some_all_read_no_deny ... ok
[INFO] [stdout] test permission::tests::test_some_all_write::some_all_write_deny_parent ... ok
[INFO] [stdout] test permission::tests::test_some_all_write::some_all_write_no_deny ... ok
[INFO] [stdout] test permission::tests::test_some_some_env::false_a_a_a_expects ... ok
[INFO] [stdout] test permission::tests::test_some_some_env::false_a_b_a_expects ... ok
[INFO] [stdout] test permission::tests::test_some_some_env::false_a_b_b_expects ... ok
[INFO] [stdout] test permission::tests::test_some_some_env::false_a_b_expects ... ok
[INFO] [stdout] test permission::tests::test_some_some_env::false_a_expects ... ok
[INFO] [stdout] test permission::tests::test_some_some_env::true_a_a_b_expects ... ok
[INFO] [stdout] test permission::tests::test_some_some_env::true_a_a_expects ... ok
[INFO] [stdout] test permission::tests::test_some_some_net::false_1_1_1_1_1234_1_1_1_1_1235_expects ... ok
[INFO] [stdout] test permission::tests::test_some_some_net::false_1_1_1_1_1234_1_1_1_1_1_1_1_1_expects ... ok
[INFO] [stdout] test permission::tests::test_some_some_net::false_1_1_1_1_1234_expects ... ok
[INFO] [stdout] test permission::tests::test_some_some_net::false_1_1_1_1_1_1_1_1_1_1_1_1_expects ... ok
[INFO] [stdout] test permission::tests::test_some_some_net::false_1_1_1_1_2_2_2_2_expects ... ok
[INFO] [stdout] test permission::tests::test_some_some_net::false_1_1_1_1_expects ... ok
[INFO] [stdout] test permission::tests::test_some_all_read::some_all_read_deny_parent ... ok
[INFO] [stdout] test permission::tests::test_some_some_net::false_1_1_1_1_1234_1_1_1_1_1234_1_1_1_1_1234_expects ... ok
[INFO] [stdout] test bindings::toml::tests::test_toml_encode_decode ... ok
[INFO] [stdout] test permission::tests::test_some_some_net::false_example_com_443_another_com_443_expects ... ok
[INFO] [stdout] test permission::tests::test_some_some_net::false_example_com_443_another_com_expects ... ok
[INFO] [stdout] test permission::tests::test_some_some_net::false_example_com_443_example_com_443_example_com_443_expects ... ok
[INFO] [stdout] test permission::tests::test_some_some_net::false_example_com_443_example_com_example_com_expects ... ok
[INFO] [stdout] test permission::tests::test_some_some_net::false_example_com_another_com_443_expects ... ok
[INFO] [stdout] test permission::tests::test_some_some_net::false_example_com_443_expects ... ok
[INFO] [stdout] test permission::tests::test_some_some_net::false_example_com_another_com_expects ... ok
[INFO] [stdout] test permission::tests::test_some_some_net::false_example_com_example_com_443_expects ... ok
[INFO] [stdout] test permission::tests::test_some_some_net::false_example_com_expects ... ok
[INFO] [stdout] test permission::tests::test_some_some_net::true_1_1_1_1_1234_1_1_1_1_1234_expects ... ok
[INFO] [stdout] test permission::tests::test_some_some_net::true_1_1_1_1_1234_1_1_1_1_expects ... ok
[INFO] [stdout] test permission::tests::test_some_some_net::true_1_1_1_1_1_1_1_1_expects ... ok
[INFO] [stdout] test permission::tests::test_some_some_net::true_example_com_443_example_com_443_expects ... ok
[INFO] [stdout] test permission::tests::test_some_some_net::false_example_com_example_com_example_com_expects ... ok
[INFO] [stdout] test permission::tests::test_some_some_net::true_example_com_example_com_expects ... ok
[INFO] [stdout] test permission::tests::test_some_some_net::true_example_com_443_example_com_expects ... ok
[INFO] [stdout] test permission::tests::test_some_some_read::some_read_allow_exact ... ok
[INFO] [stdout] test permission::tests::test_some_some_net::false_expects ... ok
[INFO] [stdout] test permission::tests::test_some_some_read::some_read_allow_parent ... ok
[INFO] [stdout] test permission::tests::test_some_some_read::some_read_deny_other_subdir ... ok
[INFO] [stdout] test permission::tests::test_some_some_read::some_read_deny_exact ... ok
[INFO] [stdout] test permission::tests::test_some_some_read::some_read_no_allow ... ok
[INFO] [stdout] test permission::tests::test_some_some_read::some_read_deny_overrides ... ok
[INFO] [stdout] test permission::tests::test_some_some_write::some_write_allow_exact ... ok
[INFO] [stdout] test permission::tests::test_some_some_read::some_read_wrong_dir ... ok
[INFO] [stdout] test permission::tests::test_some_some_write::some_write_allow_parent ... ok
[INFO] [stdout] test permission::tests::test_some_some_write::some_write_no_allow ... ok
[INFO] [stdout] test permission::tests::test_some_some_write::some_write_deny_exact ... ok
[INFO] [stdout] test permission::tests::test_some_some_write::some_write_deny_overrides ... ok
[INFO] [stdout] test permission::tests::test_some_some_write::some_write_wrong_dir ... ok
[INFO] [stdout] test permission::tests::test_url::false_http_1_1_1_1_expects ... ok
[INFO] [stdout] test permission::tests::test_url::false_http_1_1_1_1_1_1_1_1_80_1_1_1_1_80_expects ... ok
[INFO] [stdout] test permission::tests::test_url::false_http_1_1_1_1_1_1_1_1_1_1_1_1_expects ... ok
[INFO] [stdout] test permission::tests::test_url::false_http_example_com_another_com_80_expects ... ok
[INFO] [stdout] test permission::tests::test_url::false_http_example_com_another_com_expects ... ok
[INFO] [stdout] test permission::tests::test_url::false_http_example_com_example_com_80_example_com_80_expects ... ok
[INFO] [stdout] test permission::tests::test_url::false_http_example_com_example_com_example_com_expects ... ok
[INFO] [stdout] test permission::tests::test_url::false_http_example_com_expects ... ok
[INFO] [stdout] test permission::tests::test_url::false_ssh_example_com_expects ... ok
[INFO] [stdout] test permission::tests::test_url::false_unix_run_foo_socket_expects ... ok
[INFO] [stdout] test permission::tests::test_url::true_http_1_1_1_1_1_1_1_1_80_expects ... ok
[INFO] [stdout] test permission::tests::test_url::true_http_1_1_1_1_1_1_1_1_expects ... ok
[INFO] [stdout] test permission::tests::test_url::true_http_example_com_example_com_expects ... ok
[INFO] [stdout] test pool::tests::test_pool_concurrent_requests ... ok
[INFO] [stdout] test permission::tests::test_url::true_http_example_com_example_com_80_expects ... ok
[INFO] [stdout] test pool::tests::test_pool ... ok
[INFO] [stdout] test reader::tests::test_shared_reader_basic ... ok
[INFO] [stdout] test bindings::yaml::tests::test_yaml_encode_decode ... ok
[INFO] [stdout] test reader::tests::test_shared_reader_debug ... ok
[INFO] [stdout] test reader::tests::test_shared_reader_from_buf_reader ... ok
[INFO] [stdout] test reader::tests::test_shared_reader_swap ... ok
[INFO] [stdout] test reader::tests::test_shared_reader_swap_buf_reader ... ok
[INFO] [stdout] test store::sqlite::tests::test_complex_json_value ... ok
[INFO] [stdout] test store::sqlite::tests::test_del ... ok
[INFO] [stdout] test store::sqlite::tests::test_get_nonexistent_key ... ok
[INFO] [stdout] test store::sqlite::tests::test_has ... ok
[INFO] [stdout] test store::sqlite::tests::test_migrate_idempotent ... ok
[INFO] [stdout] test store::sqlite::tests::test_keys ... ok
[INFO] [stdout] test store::sqlite::tests::test_overwrite_value ... ok
[INFO] [stdout] test store::sqlite::tests::test_transaction_commit ... ok
[INFO] [stdout] test store::sqlite::tests::test_transaction_rollback ... ok
[INFO] [stdout] test store::sqlite::tests::test_unicode_key_and_value ... ok
[INFO] [stdout] test store::sqlite::tests::test_put_and_get ... ok
[INFO] [stdout] test tests::cancelled_error_displays_message ... ok
[INFO] [stdout] test pool::tests::test_pool_without_store ... ok
[INFO] [stdout] test pool::tests::test_pool_respects_max_size ... ok
[INFO] [stdout] test bindings::fs::tests::test_tail_file_not_exists ... ok
[INFO] [stdout] test tests::invoke_records_metrics_when_function_runs ... ok
[INFO] [stdout] test tests::invoke_records_metrics_even_when_script_errors ... ok
[INFO] [stdout] test tests::test_error_handling ... ok
[INFO] [stdout] test tests::test_from_shared_reader ... ok
[INFO] [stdout] test tests::test_invoke::hello ... ok
[INFO] [stdout] test tests::test_invoke::add ... ok
[INFO] [stdout] test pool::tests::test_pool_recycles_runners ... ok
[INFO] [stdout] test tests::test_invoke_closure ... ok
[INFO] [stdout] test tests::test_multi ... ok
[INFO] [stdout] test tests::test_process_pcall_error_with_lua_error ... ok
[INFO] [stdout] test tests::test_process_pcall_error_with_non_string_value ... ok
[INFO] [stdout] test tests::test_process_pcall_error_with_string_value ... ok
[INFO] [stdout] test tests::test_shared_reader_accessor ... ok
[INFO] [stdout] test tests::test_syntax_error ... ok
[INFO] [stdout] test tests::test_invoke_timeout ... ok
[INFO] [stdout] test tests::ctx_cancelled_is_observable_and_cooperative ... ok
[INFO] [stdout] test tests::test_value_as_error ... ok
[INFO] [stdout] test tests::cancellation_flag_and_force_deadline ... ok
[INFO] [stdout] test bindings::fs::tests::test_tail_rotation ... ok
[INFO] [stdout] test tests::cpu_loop_is_force_interrupted_after_grace ... ok
[INFO] [stdout] test bindings::coroutine::tests::test_race ... FAILED
[INFO] [stdout] test tests::test_process_pcall_error_empty_values - should panic ... ok
[INFO] [stdout] 
[INFO] [stdout] failures:
[INFO] [stdout] 
[INFO] [stdout] ---- bindings::coroutine::tests::test_race stdout ----
[INFO] [stdout] 
[INFO] [stdout] thread 'bindings::coroutine::tests::test_race' (9567) panicked at src/bindings/coroutine.rs:160:45:
[INFO] [stdout] called `Result::unwrap()` on an `Err` value: Timeout(Timeout { elapsed: 112.792026ms, timeout: 110ms })
[INFO] [stdout] stack backtrace:
[INFO] [stdout]    0:     0x5a542ee90458 - std[10d71ac2c42b111e]::backtrace_rs::backtrace::libunwind::trace
[INFO] [stdout]                                at /rustc/b2282dd5646a57d570fc86fbe8df0e8826665ef6/library/std/src/../../backtrace/src/backtrace/libunwind.rs:117:9
[INFO] [stdout]    1:     0x5a542ee90458 - std[10d71ac2c42b111e]::backtrace_rs::backtrace::trace_unsynchronized::<std[10d71ac2c42b111e]::sys::backtrace::_print_fmt::{closure#1}>
[INFO] [stdout]                                at /rustc/b2282dd5646a57d570fc86fbe8df0e8826665ef6/library/std/src/../../backtrace/src/backtrace/mod.rs:66:14
[INFO] [stdout]    2:     0x5a542ee90458 - std[10d71ac2c42b111e]::sys::backtrace::_print_fmt
[INFO] [stdout]                                at /rustc/b2282dd5646a57d570fc86fbe8df0e8826665ef6/library/std/src/sys/backtrace.rs:74:9
[INFO] [stdout]    3:     0x5a542ee90458 - <<std[10d71ac2c42b111e]::sys::backtrace::BacktraceLock>::print::DisplayBacktrace as core[8fb95b77d25ab6c8]::fmt::Display>::fmt
[INFO] [stdout]                                at /rustc/b2282dd5646a57d570fc86fbe8df0e8826665ef6/library/std/src/sys/backtrace.rs:44:26
[INFO] [stdout]    4:     0x5a542eea993a - <core[8fb95b77d25ab6c8]::fmt::rt::Argument>::fmt
[INFO] [stdout]                                at /rustc/b2282dd5646a57d570fc86fbe8df0e8826665ef6/library/core/src/fmt/rt.rs:152:76
[INFO] [stdout]    5:     0x5a542eea993a - core[8fb95b77d25ab6c8]::fmt::write
[INFO] [stdout]    6:     0x5a542ee95742 - std[10d71ac2c42b111e]::io::default_write_fmt::<alloc[a7ee25936407c584]::vec::Vec<u8>>
[INFO] [stdout]                                at /rustc/b2282dd5646a57d570fc86fbe8df0e8826665ef6/library/std/src/io/mod.rs:622:11
[INFO] [stdout]    7:     0x5a542ee95742 - <alloc[a7ee25936407c584]::vec::Vec<u8> as std[10d71ac2c42b111e]::io::Write>::write_fmt
[INFO] [stdout]                                at /rustc/b2282dd5646a57d570fc86fbe8df0e8826665ef6/library/std/src/io/mod.rs:1977:13
[INFO] [stdout]    8:     0x5a542ee6bda6 - <std[10d71ac2c42b111e]::sys::backtrace::BacktraceLock>::print
[INFO] [stdout]                                at /rustc/b2282dd5646a57d570fc86fbe8df0e8826665ef6/library/std/src/sys/backtrace.rs:47:9
[INFO] [stdout]    9:     0x5a542ee6bda6 - std[10d71ac2c42b111e]::panicking::default_hook::{closure#0}
[INFO] [stdout]                                at /rustc/b2282dd5646a57d570fc86fbe8df0e8826665ef6/library/std/src/panicking.rs:292:27
[INFO] [stdout]   10:     0x5a542ee86f79 - std[10d71ac2c42b111e]::panicking::default_hook
[INFO] [stdout]                                at /rustc/b2282dd5646a57d570fc86fbe8df0e8826665ef6/library/std/src/panicking.rs:316:9
[INFO] [stdout]   11:     0x5a542dfa292c - <alloc[a7ee25936407c584]::boxed::Box<dyn for<'a, 'b> core[8fb95b77d25ab6c8]::ops::function::Fn<(&'a std[10d71ac2c42b111e]::panic::PanicHookInfo<'b>,), Output = ()> + core[8fb95b77d25ab6c8]::marker::Sync + core[8fb95b77d25ab6c8]::marker::Send> as core[8fb95b77d25ab6c8]::ops::function::Fn<(&std[10d71ac2c42b111e]::panic::PanicHookInfo,)>>::call
[INFO] [stdout]                                at /rustc/b2282dd5646a57d570fc86fbe8df0e8826665ef6/library/alloc/src/boxed.rs:2289:9
[INFO] [stdout]   12:     0x5a542dfa292c - test[213991da798b1c03]::test_main_inner::<test[213991da798b1c03]::test_main_static::{closure#0}>::{closure#0}
[INFO] [stdout]                                at /rustc/b2282dd5646a57d570fc86fbe8df0e8826665ef6/library/test/src/lib.rs:155:21
[INFO] [stdout]   13:     0x5a542ee871f2 - <alloc[a7ee25936407c584]::boxed::Box<dyn for<'a, 'b> core[8fb95b77d25ab6c8]::ops::function::Fn<(&'a std[10d71ac2c42b111e]::panic::PanicHookInfo<'b>,), Output = ()> + core[8fb95b77d25ab6c8]::marker::Sync + core[8fb95b77d25ab6c8]::marker::Send> as core[8fb95b77d25ab6c8]::ops::function::Fn<(&std[10d71ac2c42b111e]::panic::PanicHookInfo,)>>::call
[INFO] [stdout]                                at /rustc/b2282dd5646a57d570fc86fbe8df0e8826665ef6/library/alloc/src/boxed.rs:2289:9
[INFO] [stdout]   14:     0x5a542ee871f2 - std[10d71ac2c42b111e]::panicking::panic_with_hook
[INFO] [stdout]                                at /rustc/b2282dd5646a57d570fc86fbe8df0e8826665ef6/library/std/src/panicking.rs:833:13
[INFO] [stdout]   15:     0x5a542ee6be62 - std[10d71ac2c42b111e]::panicking::panic_handler::{closure#0}
[INFO] [stdout]                                at /rustc/b2282dd5646a57d570fc86fbe8df0e8826665ef6/library/std/src/panicking.rs:698:13
[INFO] [stdout]   16:     0x5a542ee60c89 - std[10d71ac2c42b111e]::sys::backtrace::__rust_end_short_backtrace::<std[10d71ac2c42b111e]::panicking::panic_handler::{closure#0}, !>
[INFO] [stdout]                                at /rustc/b2282dd5646a57d570fc86fbe8df0e8826665ef6/library/std/src/sys/backtrace.rs:182:18
[INFO] [stdout]   17:     0x5a542ee6cdfd - __rustc[3be9ba60078d4c86]::rust_begin_unwind
[INFO] [stdout]                                at /rustc/b2282dd5646a57d570fc86fbe8df0e8826665ef6/library/std/src/panicking.rs:689:5
[INFO] [stdout]   18:     0x5a542eeaa1ac - core[8fb95b77d25ab6c8]::panicking::panic_fmt
[INFO] [stdout]                                at /rustc/b2282dd5646a57d570fc86fbe8df0e8826665ef6/library/core/src/panicking.rs:80:14
[INFO] [stdout]   19:     0x5a542eea9ef2 - core[8fb95b77d25ab6c8]::result::unwrap_failed
[INFO] [stdout]                                at /rustc/b2282dd5646a57d570fc86fbe8df0e8826665ef6/library/core/src/result.rs:1867:5
[INFO] [stdout]   20:     0x5a542dc5f1de - <core[8fb95b77d25ab6c8]::result::Result<serde_json[a33671f0ffbd7a1b]::value::Value, lmb[d153b5fbc54b2e5d]::LmbError>>::unwrap
[INFO] [stdout]                                at /rustc/b2282dd5646a57d570fc86fbe8df0e8826665ef6/library/core/src/result.rs:1233:23
[INFO] [stdout]   21:     0x5a542dc5f1de - lmb[d153b5fbc54b2e5d]::bindings::coroutine::tests::test_race::{closure#0}
[INFO] [stdout]                                at /opt/rustwide/workdir/src/bindings/coroutine.rs:160:45
[INFO] [stdout]   22:     0x5a542da8aa62 - <core[8fb95b77d25ab6c8]::pin::Pin<&mut dyn core[8fb95b77d25ab6c8]::future::future::Future<Output = ()>> as core[8fb95b77d25ab6c8]::future::future::Future>::poll
[INFO] [stdout]                                at /rustc/b2282dd5646a57d570fc86fbe8df0e8826665ef6/library/core/src/future/future.rs:133:9
[INFO] [stdout]   23:     0x5a542da8aadd - <core[8fb95b77d25ab6c8]::pin::Pin<&mut core[8fb95b77d25ab6c8]::pin::Pin<&mut dyn core[8fb95b77d25ab6c8]::future::future::Future<Output = ()>>> as core[8fb95b77d25ab6c8]::future::future::Future>::poll
[INFO] [stdout]                                at /rustc/b2282dd5646a57d570fc86fbe8df0e8826665ef6/library/core/src/future/future.rs:133:9
[INFO] [stdout]   24:     0x5a542daeabdd - <tokio[bfea4d536dc82e20]::runtime::scheduler::current_thread::CoreGuard>::block_on::<core[8fb95b77d25ab6c8]::pin::Pin<&mut core[8fb95b77d25ab6c8]::pin::Pin<&mut dyn core[8fb95b77d25ab6c8]::future::future::Future<Output = ()>>>>::{closure#0}::{closure#0}::{closure#0}
[INFO] [stdout]                                at /opt/rustwide/cargo-home/registry/src/index.crates.io-1949cf8c6b5b557f/tokio-1.52.3/src/runtime/scheduler/current_thread/mod.rs:778:70
[INFO] [stdout]   25:     0x5a542dae90eb - tokio[bfea4d536dc82e20]::task::coop::with_budget::<core[8fb95b77d25ab6c8]::task::poll::Poll<()>, <tokio[bfea4d536dc82e20]::runtime::scheduler::current_thread::CoreGuard>::block_on<core[8fb95b77d25ab6c8]::pin::Pin<&mut core[8fb95b77d25ab6c8]::pin::Pin<&mut dyn core[8fb95b77d25ab6c8]::future::future::Future<Output = ()>>>>::{closure#0}::{closure#0}::{closure#0}>
[INFO] [stdout]                                at /opt/rustwide/cargo-home/registry/src/index.crates.io-1949cf8c6b5b557f/tokio-1.52.3/src/task/coop/mod.rs:167:5
[INFO] [stdout]   26:     0x5a542dae90eb - tokio[bfea4d536dc82e20]::task::coop::budget::<core[8fb95b77d25ab6c8]::task::poll::Poll<()>, <tokio[bfea4d536dc82e20]::runtime::scheduler::current_thread::CoreGuard>::block_on<core[8fb95b77d25ab6c8]::pin::Pin<&mut core[8fb95b77d25ab6c8]::pin::Pin<&mut dyn core[8fb95b77d25ab6c8]::future::future::Future<Output = ()>>>>::{closure#0}::{closure#0}::{closure#0}>
[INFO] [stdout]                                at /opt/rustwide/cargo-home/registry/src/index.crates.io-1949cf8c6b5b557f/tokio-1.52.3/src/task/coop/mod.rs:133:5
[INFO] [stdout]   27:     0x5a542dae90eb - <tokio[bfea4d536dc82e20]::runtime::scheduler::current_thread::CoreGuard>::block_on::<core[8fb95b77d25ab6c8]::pin::Pin<&mut core[8fb95b77d25ab6c8]::pin::Pin<&mut dyn core[8fb95b77d25ab6c8]::future::future::Future<Output = ()>>>>::{closure#0}::{closure#0}
[INFO] [stdout]                                at /opt/rustwide/cargo-home/registry/src/index.crates.io-1949cf8c6b5b557f/tokio-1.52.3/src/runtime/scheduler/current_thread/mod.rs:778:25
[INFO] [stdout]   28:     0x5a542dac15c0 - <tokio[bfea4d536dc82e20]::runtime::scheduler::current_thread::Context>::enter::<core[8fb95b77d25ab6c8]::task::poll::Poll<()>, <tokio[bfea4d536dc82e20]::runtime::scheduler::current_thread::CoreGuard>::block_on<core[8fb95b77d25ab6c8]::pin::Pin<&mut core[8fb95b77d25ab6c8]::pin::Pin<&mut dyn core[8fb95b77d25ab6c8]::future::future::Future<Output = ()>>>>::{closure#0}::{closure#0}>
[INFO] [stdout]                                at /opt/rustwide/cargo-home/registry/src/index.crates.io-1949cf8c6b5b557f/tokio-1.52.3/src/runtime/scheduler/current_thread/mod.rs:451:19
[INFO] [stdout]   29:     0x5a542dae3c5d - <tokio[bfea4d536dc82e20]::runtime::scheduler::current_thread::CoreGuard>::block_on::<core[8fb95b77d25ab6c8]::pin::Pin<&mut core[8fb95b77d25ab6c8]::pin::Pin<&mut dyn core[8fb95b77d25ab6c8]::future::future::Future<Output = ()>>>>::{closure#0}
[INFO] [stdout]                                at /opt/rustwide/cargo-home/registry/src/index.crates.io-1949cf8c6b5b557f/tokio-1.52.3/src/runtime/scheduler/current_thread/mod.rs:777:44
[INFO] [stdout]   30:     0x5a542dae2ef4 - <tokio[bfea4d536dc82e20]::runtime::scheduler::current_thread::CoreGuard>::enter::<<tokio[bfea4d536dc82e20]::runtime::scheduler::current_thread::CoreGuard>::block_on<core[8fb95b77d25ab6c8]::pin::Pin<&mut core[8fb95b77d25ab6c8]::pin::Pin<&mut dyn core[8fb95b77d25ab6c8]::future::future::Future<Output = ()>>>>::{closure#0}, core[8fb95b77d25ab6c8]::option::Option<()>>::{closure#0}
[INFO] [stdout]                                at /opt/rustwide/cargo-home/registry/src/index.crates.io-1949cf8c6b5b557f/tokio-1.52.3/src/runtime/scheduler/current_thread/mod.rs:865:68
[INFO] [stdout]   31:     0x5a542d9f4c6b - <tokio[bfea4d536dc82e20]::runtime::context::scoped::Scoped<tokio[bfea4d536dc82e20]::runtime::scheduler::Context>>::set::<<tokio[bfea4d536dc82e20]::runtime::scheduler::current_thread::CoreGuard>::enter<<tokio[bfea4d536dc82e20]::runtime::scheduler::current_thread::CoreGuard>::block_on<core[8fb95b77d25ab6c8]::pin::Pin<&mut core[8fb95b77d25ab6c8]::pin::Pin<&mut dyn core[8fb95b77d25ab6c8]::future::future::Future<Output = ()>>>>::{closure#0}, core[8fb95b77d25ab6c8]::option::Option<()>>::{closure#0}, (alloc[a7ee25936407c584]::boxed::Box<tokio[bfea4d536dc82e20]::runtime::scheduler::current_thread::Core>, core[8fb95b77d25ab6c8]::option::Option<()>)>
[INFO] [stdout]                                at /opt/rustwide/cargo-home/registry/src/index.crates.io-1949cf8c6b5b557f/tokio-1.52.3/src/runtime/context/scoped.rs:40:9
[INFO] [stdout]   32:     0x5a542dc7c359 - tokio[bfea4d536dc82e20]::runtime::context::set_scheduler::<(alloc[a7ee25936407c584]::boxed::Box<tokio[bfea4d536dc82e20]::runtime::scheduler::current_thread::Core>, core[8fb95b77d25ab6c8]::option::Option<()>), <tokio[bfea4d536dc82e20]::runtime::scheduler::current_thread::CoreGuard>::enter<<tokio[bfea4d536dc82e20]::runtime::scheduler::current_thread::CoreGuard>::block_on<core[8fb95b77d25ab6c8]::pin::Pin<&mut core[8fb95b77d25ab6c8]::pin::Pin<&mut dyn core[8fb95b77d25ab6c8]::future::future::Future<Output = ()>>>>::{closure#0}, core[8fb95b77d25ab6c8]::option::Option<()>>::{closure#0}>::{closure#0}
[INFO] [stdout]                                at /opt/rustwide/cargo-home/registry/src/index.crates.io-1949cf8c6b5b557f/tokio-1.52.3/src/runtime/context.rs:181:38
[INFO] [stdout]   33:     0x5a542dccef02 - <std[10d71ac2c42b111e]::thread::local::LocalKey<tokio[bfea4d536dc82e20]::runtime::context::Context>>::try_with::<tokio[bfea4d536dc82e20]::runtime::context::set_scheduler<(alloc[a7ee25936407c584]::boxed::Box<tokio[bfea4d536dc82e20]::runtime::scheduler::current_thread::Core>, core[8fb95b77d25ab6c8]::option::Option<()>), <tokio[bfea4d536dc82e20]::runtime::scheduler::current_thread::CoreGuard>::enter<<tokio[bfea4d536dc82e20]::runtime::scheduler::current_thread::CoreGuard>::block_on<core[8fb95b77d25ab6c8]::pin::Pin<&mut core[8fb95b77d25ab6c8]::pin::Pin<&mut dyn core[8fb95b77d25ab6c8]::future::future::Future<Output = ()>>>>::{closure#0}, core[8fb95b77d25ab6c8]::option::Option<()>>::{closure#0}>::{closure#0}, (alloc[a7ee25936407c584]::boxed::Box<tokio[bfea4d536dc82e20]::runtime::scheduler::current_thread::Core>, core[8fb95b77d25ab6c8]::option::Option<()>)>
[INFO] [stdout]                                at /rustc/b2282dd5646a57d570fc86fbe8df0e8826665ef6/library/std/src/thread/local.rs:462:12
[INFO] [stdout]   34:     0x5a542dccea8e - <std[10d71ac2c42b111e]::thread::local::LocalKey<tokio[bfea4d536dc82e20]::runtime::context::Context>>::with::<tokio[bfea4d536dc82e20]::runtime::context::set_scheduler<(alloc[a7ee25936407c584]::boxed::Box<tokio[bfea4d536dc82e20]::runtime::scheduler::current_thread::Core>, core[8fb95b77d25ab6c8]::option::Option<()>), <tokio[bfea4d536dc82e20]::runtime::scheduler::current_thread::CoreGuard>::enter<<tokio[bfea4d536dc82e20]::runtime::scheduler::current_thread::CoreGuard>::block_on<core[8fb95b77d25ab6c8]::pin::Pin<&mut core[8fb95b77d25ab6c8]::pin::Pin<&mut dyn core[8fb95b77d25ab6c8]::future::future::Future<Output = ()>>>>::{closure#0}, core[8fb95b77d25ab6c8]::option::Option<()>>::{closure#0}>::{closure#0}, (alloc[a7ee25936407c584]::boxed::Box<tokio[bfea4d536dc82e20]::runtime::scheduler::current_thread::Core>, core[8fb95b77d25ab6c8]::option::Option<()>)>
[INFO] [stdout]                                at /rustc/b2282dd5646a57d570fc86fbe8df0e8826665ef6/library/std/src/thread/local.rs:426:20
[INFO] [stdout]   35:     0x5a542dc7747d - tokio[bfea4d536dc82e20]::runtime::context::set_scheduler::<(alloc[a7ee25936407c584]::boxed::Box<tokio[bfea4d536dc82e20]::runtime::scheduler::current_thread::Core>, core[8fb95b77d25ab6c8]::option::Option<()>), <tokio[bfea4d536dc82e20]::runtime::scheduler::current_thread::CoreGuard>::enter<<tokio[bfea4d536dc82e20]::runtime::scheduler::current_thread::CoreGuard>::block_on<core[8fb95b77d25ab6c8]::pin::Pin<&mut core[8fb95b77d25ab6c8]::pin::Pin<&mut dyn core[8fb95b77d25ab6c8]::future::future::Future<Output = ()>>>>::{closure#0}, core[8fb95b77d25ab6c8]::option::Option<()>>::{closure#0}>
[INFO] [stdout]                                at /opt/rustwide/cargo-home/registry/src/index.crates.io-1949cf8c6b5b557f/tokio-1.52.3/src/runtime/context.rs:181:17
[INFO] [stdout]   36:     0x5a542dac5350 - <tokio[bfea4d536dc82e20]::runtime::scheduler::current_thread::CoreGuard>::enter::<<tokio[bfea4d536dc82e20]::runtime::scheduler::current_thread::CoreGuard>::block_on<core[8fb95b77d25ab6c8]::pin::Pin<&mut core[8fb95b77d25ab6c8]::pin::Pin<&mut dyn core[8fb95b77d25ab6c8]::future::future::Future<Output = ()>>>>::{closure#0}, core[8fb95b77d25ab6c8]::option::Option<()>>
[INFO] [stdout]                                at /opt/rustwide/cargo-home/registry/src/index.crates.io-1949cf8c6b5b557f/tokio-1.52.3/src/runtime/scheduler/current_thread/mod.rs:865:27
[INFO] [stdout]   37:     0x5a542dac5646 - <tokio[bfea4d536dc82e20]::runtime::scheduler::current_thread::CoreGuard>::block_on::<core[8fb95b77d25ab6c8]::pin::Pin<&mut core[8fb95b77d25ab6c8]::pin::Pin<&mut dyn core[8fb95b77d25ab6c8]::future::future::Future<Output = ()>>>>
[INFO] [stdout]                                at /opt/rustwide/cargo-home/registry/src/index.crates.io-1949cf8c6b5b557f/tokio-1.52.3/src/runtime/scheduler/current_thread/mod.rs:765:24
[INFO] [stdout]   38:     0x5a542dae2010 - <tokio[bfea4d536dc82e20]::runtime::scheduler::current_thread::CurrentThread>::block_on::<core[8fb95b77d25ab6c8]::pin::Pin<&mut dyn core[8fb95b77d25ab6c8]::future::future::Future<Output = ()>>>::{closure#0}
[INFO] [stdout]                                at /opt/rustwide/cargo-home/registry/src/index.crates.io-1949cf8c6b5b557f/tokio-1.52.3/src/runtime/scheduler/current_thread/mod.rs:205:33
[INFO] [stdout]   39:     0x5a542da91b63 - tokio[bfea4d536dc82e20]::runtime::context::runtime::enter_runtime::<<tokio[bfea4d536dc82e20]::runtime::scheduler::current_thread::CurrentThread>::block_on<core[8fb95b77d25ab6c8]::pin::Pin<&mut dyn core[8fb95b77d25ab6c8]::future::future::Future<Output = ()>>>::{closure#0}, ()>
[INFO] [stdout]                                at /opt/rustwide/cargo-home/registry/src/index.crates.io-1949cf8c6b5b557f/tokio-1.52.3/src/runtime/context/runtime.rs:65:16
[INFO] [stdout]   40:     0x5a542dac04f1 - <tokio[bfea4d536dc82e20]::runtime::scheduler::current_thread::CurrentThread>::block_on::<core[8fb95b77d25ab6c8]::pin::Pin<&mut dyn core[8fb95b77d25ab6c8]::future::future::Future<Output = ()>>>
[INFO] [stdout]                                at /opt/rustwide/cargo-home/registry/src/index.crates.io-1949cf8c6b5b557f/tokio-1.52.3/src/runtime/scheduler/current_thread/mod.rs:193:9
[INFO] [stdout]   41:     0x5a542dc6fde4 - <tokio[bfea4d536dc82e20]::runtime::runtime::Runtime>::block_on_inner::<core[8fb95b77d25ab6c8]::pin::Pin<&mut dyn core[8fb95b77d25ab6c8]::future::future::Future<Output = ()>>>
[INFO] [stdout]                                at /opt/rustwide/cargo-home/registry/src/index.crates.io-1949cf8c6b5b557f/tokio-1.52.3/src/runtime/runtime.rs:371:52
[INFO] [stdout]   42:     0x5a542dc6ffaf - <tokio[bfea4d536dc82e20]::runtime::runtime::Runtime>::block_on::<core[8fb95b77d25ab6c8]::pin::Pin<&mut dyn core[8fb95b77d25ab6c8]::future::future::Future<Output = ()>>>
[INFO] [stdout]                                at /opt/rustwide/cargo-home/registry/src/index.crates.io-1949cf8c6b5b557f/tokio-1.52.3/src/runtime/runtime.rs:345:18
[INFO] [stdout]   43:     0x5a542dc689e5 - lmb[d153b5fbc54b2e5d]::bindings::coroutine::tests::test_race
[INFO] [stdout]                                at /opt/rustwide/workdir/src/bindings/coroutine.rs:160:53
[INFO] [stdout]   44:     0x5a542dc5d6b7 - lmb[d153b5fbc54b2e5d]::bindings::coroutine::tests::test_race::{closure#0}
[INFO] [stdout]                                at /opt/rustwide/workdir/src/bindings/coroutine.rs:154:25
[INFO] [stdout]   45:     0x5a542dcf9a66 - <lmb[d153b5fbc54b2e5d]::bindings::coroutine::tests::test_race::{closure#0} as core[8fb95b77d25ab6c8]::ops::function::FnOnce<()>>::call_once
[INFO] [stdout]                                at /rustc/b2282dd5646a57d570fc86fbe8df0e8826665ef6/library/core/src/ops/function.rs:250:5
[INFO] [stdout]   46:     0x5a542df95a0b - <fn() -> core[8fb95b77d25ab6c8]::result::Result<(), alloc[a7ee25936407c584]::string::String> as core[8fb95b77d25ab6c8]::ops::function::FnOnce<()>>::call_once
[INFO] [stdout]                                at /rustc/b2282dd5646a57d570fc86fbe8df0e8826665ef6/library/core/src/ops/function.rs:250:5
[INFO] [stdout]   47:     0x5a542df95a0b - test[213991da798b1c03]::__rust_begin_short_backtrace::<core[8fb95b77d25ab6c8]::result::Result<(), alloc[a7ee25936407c584]::string::String>, fn() -> core[8fb95b77d25ab6c8]::result::Result<(), alloc[a7ee25936407c584]::string::String>>
[INFO] [stdout]                                at /rustc/b2282dd5646a57d570fc86fbe8df0e8826665ef6/library/test/src/lib.rs:724:18
[INFO] [stdout]   48:     0x5a542dfa3285 - test[213991da798b1c03]::run_test_in_process::{closure#0}
[INFO] [stdout]                                at /rustc/b2282dd5646a57d570fc86fbe8df0e8826665ef6/library/test/src/lib.rs:747:74
[INFO] [stdout]   49:     0x5a542dfa3285 - <core[8fb95b77d25ab6c8]::panic::unwind_safe::AssertUnwindSafe<test[213991da798b1c03]::run_test_in_process::{closure#0}> as core[8fb95b77d25ab6c8]::ops::function::FnOnce<()>>::call_once
[INFO] [stdout]                                at /rustc/b2282dd5646a57d570fc86fbe8df0e8826665ef6/library/core/src/panic/unwind_safe.rs:275:9
[INFO] [stdout]   50:     0x5a542dfa3285 - std[10d71ac2c42b111e]::panicking::catch_unwind::do_call::<core[8fb95b77d25ab6c8]::panic::unwind_safe::AssertUnwindSafe<test[213991da798b1c03]::run_test_in_process::{closure#0}>, core[8fb95b77d25ab6c8]::result::Result<(), alloc[a7ee25936407c584]::string::String>>
[INFO] [stdout]                                at /rustc/b2282dd5646a57d570fc86fbe8df0e8826665ef6/library/std/src/panicking.rs:581:40
[INFO] [stdout]   51:     0x5a542dfa3285 - std[10d71ac2c42b111e]::panicking::catch_unwind::<core[8fb95b77d25ab6c8]::result::Result<(), alloc[a7ee25936407c584]::string::String>, core[8fb95b77d25ab6c8]::panic::unwind_safe::AssertUnwindSafe<test[213991da798b1c03]::run_test_in_process::{closure#0}>>
[INFO] [stdout]                                at /rustc/b2282dd5646a57d570fc86fbe8df0e8826665ef6/library/std/src/panicking.rs:544:19
[INFO] [stdout]   52:     0x5a542dfa3285 - std[10d71ac2c42b111e]::panic::catch_unwind::<core[8fb95b77d25ab6c8]::panic::unwind_safe::AssertUnwindSafe<test[213991da798b1c03]::run_test_in_process::{closure#0}>, core[8fb95b77d25ab6c8]::result::Result<(), alloc[a7ee25936407c584]::string::String>>
[INFO] [stdout]                                at /rustc/b2282dd5646a57d570fc86fbe8df0e8826665ef6/library/std/src/panic.rs:359:14
[INFO] [stdout]   53:     0x5a542dfa3285 - test[213991da798b1c03]::run_test_in_process
[INFO] [stdout]                                at /rustc/b2282dd5646a57d570fc86fbe8df0e8826665ef6/library/test/src/lib.rs:747:27
[INFO] [stdout]   54:     0x5a542dfa3285 - test[213991da798b1c03]::run_test::{closure#0}
[INFO] [stdout]                                at /rustc/b2282dd5646a57d570fc86fbe8df0e8826665ef6/library/test/src/lib.rs:668:43
[INFO] [stdout]   55:     0x5a542df9cb94 - test[213991da798b1c03]::run_test::{closure#1}
[INFO] [stdout]                                at /rustc/b2282dd5646a57d570fc86fbe8df0e8826665ef6/library/test/src/lib.rs:698:41
[INFO] [stdout]   56:     0x5a542df9cb94 - std[10d71ac2c42b111e]::sys::backtrace::__rust_begin_short_backtrace::<test[213991da798b1c03]::run_test::{closure#1}, ()>
[INFO] [stdout]                                at /rustc/b2282dd5646a57d570fc86fbe8df0e8826665ef6/library/std/src/sys/backtrace.rs:166:18
[INFO] [stdout]   57:     0x5a542dfa6302 - std[10d71ac2c42b111e]::thread::lifecycle::spawn_unchecked::<test[213991da798b1c03]::run_test::{closure#1}, ()>::{closure#1}::{closure#0}
[INFO] [stdout]                                at /rustc/b2282dd5646a57d570fc86fbe8df0e8826665ef6/library/std/src/thread/lifecycle.rs:70:13
[INFO] [stdout]   58:     0x5a542dfa6302 - <core[8fb95b77d25ab6c8]::panic::unwind_safe::AssertUnwindSafe<std[10d71ac2c42b111e]::thread::lifecycle::spawn_unchecked<test[213991da798b1c03]::run_test::{closure#1}, ()>::{closure#1}::{closure#0}> as core[8fb95b77d25ab6c8]::ops::function::FnOnce<()>>::call_once
[INFO] [stdout]                                at /rustc/b2282dd5646a57d570fc86fbe8df0e8826665ef6/library/core/src/panic/unwind_safe.rs:275:9
[INFO] [stdout]   59:     0x5a542dfa6302 - std[10d71ac2c42b111e]::panicking::catch_unwind::do_call::<core[8fb95b77d25ab6c8]::panic::unwind_safe::AssertUnwindSafe<std[10d71ac2c42b111e]::thread::lifecycle::spawn_unchecked<test[213991da798b1c03]::run_test::{closure#1}, ()>::{closure#1}::{closure#0}>, ()>
[INFO] [stdout]                                at /rustc/b2282dd5646a57d570fc86fbe8df0e8826665ef6/library/std/src/panicking.rs:581:40
[INFO] [stdout]   60:     0x5a542dfa6302 - std[10d71ac2c42b111e]::panicking::catch_unwind::<(), core[8fb95b77d25ab6c8]::panic::unwind_safe::AssertUnwindSafe<std[10d71ac2c42b111e]::thread::lifecycle::spawn_unchecked<test[213991da798b1c03]::run_test::{closure#1}, ()>::{closure#1}::{closure#0}>>
[INFO] [stdout]                                at /rustc/b2282dd5646a57d570fc86fbe8df0e8826665ef6/library/std/src/panicking.rs:544:19
[INFO] [stdout]   61:     0x5a542dfa6302 - std[10d71ac2c42b111e]::panic::catch_unwind::<core[8fb95b77d25ab6c8]::panic::unwind_safe::AssertUnwindSafe<std[10d71ac2c42b111e]::thread::lifecycle::spawn_unchecked<test[213991da798b1c03]::run_test::{closure#1}, ()>::{closure#1}::{closure#0}>, ()>
[INFO] [stdout]                                at /rustc/b2282dd5646a57d570fc86fbe8df0e8826665ef6/library/std/src/panic.rs:359:14
[INFO] [stdout]   62:     0x5a542dfa6302 - std[10d71ac2c42b111e]::thread::lifecycle::spawn_unchecked::<test[213991da798b1c03]::run_test::{closure#1}, ()>::{closure#1}
[INFO] [stdout]                                at /rustc/b2282dd5646a57d570fc86fbe8df0e8826665ef6/library/std/src/thread/lifecycle.rs:68:26
[INFO] [stdout]   63:     0x5a542dfa6302 - <std[10d71ac2c42b111e]::thread::lifecycle::spawn_unchecked<test[213991da798b1c03]::run_test::{closure#1}, ()>::{closure#1} as core[8fb95b77d25ab6c8]::ops::function::FnOnce<()>>::call_once::{shim:vtable#0}
[INFO] [stdout]                                at /rustc/b2282dd5646a57d570fc86fbe8df0e8826665ef6/library/core/src/ops/function.rs:250:5
[INFO] [stdout]   64:     0x5a542ee8f1ff - <alloc[a7ee25936407c584]::boxed::Box<dyn core[8fb95b77d25ab6c8]::ops::function::FnOnce<(), Output = ()> + core[8fb95b77d25ab6c8]::marker::Send> as core[8fb95b77d25ab6c8]::ops::function::FnOnce<()>>::call_once
[INFO] [stdout]                                at /rustc/b2282dd5646a57d570fc86fbe8df0e8826665ef6/library/alloc/src/boxed.rs:2275:9
[INFO] [stdout]   65:     0x5a542ee8f1ff - <std[10d71ac2c42b111e]::sys::thread::unix::Thread>::new::thread_start
[INFO] [stdout]                                at /rustc/b2282dd5646a57d570fc86fbe8df0e8826665ef6/library/std/src/sys/thread/unix.rs:118:17
[INFO] [stdout]   66:     0x780e8cb59aa4 - <unknown>
[INFO] [stdout]   67:     0x780e8cbe6a64 - clone
[INFO] [stdout]   68:                0x0 - <unknown>
[INFO] [stdout] 
[INFO] [stdout] 
[INFO] [stdout] failures:
[INFO] [stdout]     bindings::coroutine::tests::test_race
[INFO] [stdout] 
[INFO] [stdout] test result: FAILED. 252 passed; 1 failed; 0 ignored; 0 measured; 0 filtered out; finished in 0.98s
[INFO] [stdout] 
[INFO] [stdout] Hello, world!
[INFO] [stderr] error: test failed, to rerun pass `--lib`
[INFO] running `Command { std: "docker" "inspect" "6ab362e109a9239234a6e6303252a4f7fb453d77f672c97d6d92a38568034dc5", kill_on_drop: false }`
[INFO] running `Command { std: "docker" "rm" "-f" "6ab362e109a9239234a6e6303252a4f7fb453d77f672c97d6d92a38568034dc5", kill_on_drop: false }`
[INFO] [stdout] 6ab362e109a9239234a6e6303252a4f7fb453d77f672c97d6d92a38568034dc5
