[INFO] cloning repository https://github.com/Rhaqim/ussdframework
[INFO] running `Command { std: "git" "-c" "credential.helper=" "-c" "credential.helper=/workspace/cargo-home/bin/git-credential-null" "clone" "--bare" "https://github.com/Rhaqim/ussdframework" "/workspace/cache/git-repos/https%3A%2F%2Fgithub.com%2FRhaqim%2Fussdframework", kill_on_drop: false }`
[INFO] [stderr] Cloning into bare repository '/workspace/cache/git-repos/https%3A%2F%2Fgithub.com%2FRhaqim%2Fussdframework'...
[INFO] running `Command { std: "git" "rev-parse" "HEAD", kill_on_drop: false }`
[INFO] [stdout] 4cec1eeb71c769004851716ef29c89a66fa88087
[INFO] testing Rhaqim/ussdframework against 1.97.0-beta.6 for beta-1.98-2
[INFO] running `Command { std: "git" "clone" "/workspace/cache/git-repos/https%3A%2F%2Fgithub.com%2FRhaqim%2Fussdframework" "/workspace/builds/worker-2-tc1/source", kill_on_drop: false }`
[INFO] [stderr] Cloning into '/workspace/builds/worker-2-tc1/source'...
[INFO] [stderr] done.
[INFO] started tweaking git repo https://github.com/Rhaqim/ussdframework
[INFO] removed 0 missing examples
[INFO] finished tweaking git repo https://github.com/Rhaqim/ussdframework
[INFO] tweaked toml for git repo https://github.com/Rhaqim/ussdframework written to /workspace/builds/worker-2-tc1/source/Cargo.toml
[INFO] validating manifest of git repo https://github.com/Rhaqim/ussdframework on toolchain 1.97.0-beta.6
[INFO] running `Command { std: CARGO_HOME="/workspace/cargo-home" RUSTUP_HOME="/workspace/rustup-home" "/workspace/cargo-home/bin/cargo" "+1.97.0-beta.6" "metadata" "--manifest-path" "Cargo.toml" "--no-deps", kill_on_drop: false }`
[INFO] crate git repo https://github.com/Rhaqim/ussdframework already has a lockfile, it will not be regenerated
[INFO] running `Command { std: CARGO_HOME="/workspace/cargo-home" RUSTUP_HOME="/workspace/rustup-home" "/workspace/cargo-home/bin/cargo" "+1.97.0-beta.6" "fetch" "--manifest-path" "Cargo.toml", kill_on_drop: false }`
[INFO] [stderr]     Blocking waiting for file lock on package cache
[INFO] [stderr]     Updating crates.io index
[INFO] [stderr]     Blocking waiting for file lock on package cache
[INFO] [stderr]  Downloading crates ...
[INFO] [stderr]   Downloaded pin-project-lite v0.2.13
[INFO] [stderr]   Downloaded thiserror-impl v1.0.57
[INFO] [stderr]   Downloaded scoped-tls v1.0.1
[INFO] [stderr]   Downloaded system-configuration-sys v0.6.0
[INFO] [stderr]   Downloaded windows-registry v0.6.1
[INFO] [stderr]   Downloaded signal-hook-registry v1.4.1
[INFO] [stderr]   Downloaded lru-slab v0.1.2
[INFO] [stderr]   Downloaded proc-macro-hack v0.5.20+deprecated
[INFO] [stderr]   Downloaded winapi-util v0.1.8
[INFO] [stderr]   Downloaded include_dir_impl v0.6.2
[INFO] [stderr]   Downloaded lazycell v1.3.0
[INFO] [stderr]   Downloaded wasm-bindgen-macro v0.2.118
[INFO] [stderr]   Downloaded scheduled-thread-pool v0.2.7
[INFO] [stderr]   Downloaded downcast-rs v2.0.2
[INFO] [stderr]   Downloaded http-body v0.4.6
[INFO] [stderr]   Downloaded dsl_auto_type v0.2.0
[INFO] [stderr]   Downloaded parking_lot v0.12.1
[INFO] [stderr]   Downloaded thiserror v1.0.57
[INFO] [stderr]   Downloaded data-encoding v2.6.0
[INFO] [stderr]   Downloaded quinn v0.11.9
[INFO] [stderr]   Downloaded static_dir v0.2.0
[INFO] [stderr]   Downloaded idna_adapter v1.2.1
[INFO] [stderr]   Downloaded zerofrom v0.1.7
[INFO] [stderr]   Downloaded windows-targets v0.52.4
[INFO] [stderr]   Downloaded which v4.4.2
[INFO] [stderr]   Downloaded home v0.5.9
[INFO] [stderr]   Downloaded pq-sys v0.7.5
[INFO] [stderr]   Downloaded autocfg v1.1.0
[INFO] [stderr]   Downloaded urlencoding v1.3.3
[INFO] [stderr]   Downloaded include_dir v0.6.2
[INFO] [stderr]   Downloaded system-configuration v0.7.0
[INFO] [stderr]   Downloaded ipnet v2.12.0
[INFO] [stderr]   Downloaded diesel_derives v2.3.7
[INFO] [stderr]   Downloaded wasm-bindgen-futures v0.4.68
[INFO] [stderr]   Downloaded rustls-platform-verifier-android v0.1.1
[INFO] [stderr]   Downloaded openssl-probe v0.2.1
[INFO] [stderr]   Downloaded rustc_version v0.4.0
[INFO] [stderr]   Downloaded jni-sys-macros v0.4.1
[INFO] [stderr]   Downloaded version_check v0.9.4
[INFO] [stderr]   Downloaded itoa v1.0.10
[INFO] [stderr]   Downloaded dunce v1.0.4
[INFO] [stderr]   Downloaded parking_lot_core v0.9.9
[INFO] [stderr]   Downloaded crypto-common v0.1.6
[INFO] [stderr]   Downloaded cpufeatures v0.2.12
[INFO] [stderr]   Downloaded headers-core v0.2.0
[INFO] [stderr]   Downloaded cmake v0.1.58
[INFO] [stderr]   Downloaded rustc-hash v1.1.0
[INFO] [stderr]   Downloaded rustc-hash v2.1.2
[INFO] [stderr]   Downloaded glob v0.3.3
[INFO] [stderr]   Downloaded darling_macro v0.21.3
[INFO] [stderr]   Downloaded serde-untagged v0.1.9
[INFO] [stderr]   Downloaded typeid v1.0.3
[INFO] [stderr]   Downloaded futures-lite v2.6.1
[INFO] [stderr]   Downloaded tokio-tungstenite v0.21.0
[INFO] [stderr]   Downloaded wasm-bindgen-shared v0.2.118
[INFO] [stderr]   Downloaded multer v2.1.0
[INFO] [stderr]   Downloaded web-time v1.1.0
[INFO] [stderr]   Downloaded fs_extra v1.3.0
[INFO] [stderr]   Downloaded libloading v0.8.9
[INFO] [stderr]   Downloaded cexpr v0.6.0
[INFO] [stderr]   Downloaded security-framework-sys v2.16.0
[INFO] [stderr]   Downloaded core-foundation v0.10.1
[INFO] [stderr]   Downloaded rustls-native-certs v0.8.3
[INFO] [stderr]   Downloaded semver v1.0.22
[INFO] [stderr]   Downloaded jni-sys v0.4.1
[INFO] [stderr]   Downloaded strip-ansi-escapes v0.2.0
[INFO] [stderr]   Downloaded run_script v0.11.2
[INFO] [stderr]   Downloaded lenient_semver_parser v0.4.2
[INFO] [stderr]   Downloaded hex v0.4.3
[INFO] [stderr]   Downloaded impl-more v0.1.6
[INFO] [stderr]   Downloaded smallvec v1.13.1
[INFO] [stderr]   Downloaded yoke v0.8.2
[INFO] [stderr]   Downloaded typenum v1.17.0
[INFO] [stderr]   Downloaded getrandom v0.2.12
[INFO] [stderr]   Downloaded wasm-bindgen-macro-support v0.2.118
[INFO] [stderr]   Downloaded mime_guess v2.0.4
[INFO] [stderr]   Downloaded unicase v2.7.0
[INFO] [stderr]   Downloaded anyhow v1.0.83
[INFO] [stderr]   Downloaded tokio-rustls v0.26.4
[INFO] [stderr]   Downloaded rustls-pki-types v1.14.0
[INFO] [stderr]   Downloaded clang-sys v1.8.1
[INFO] [stderr]   Downloaded schannel v0.1.29
[INFO] [stderr]   Downloaded simdutf8 v0.1.5
[INFO] [stderr]   Downloaded json5 v0.4.1
[INFO] [stderr]   Downloaded convert_case v0.4.0
[INFO] [stderr]   Downloaded actix-multipart-derive v0.7.0
[INFO] [stderr]   Downloaded tungstenite v0.21.0
[INFO] [stderr]   Downloaded rustls-platform-verifier v0.7.0
[INFO] [stderr]   Downloaded quinn-udp v0.5.14
[INFO] [stderr]   Downloaded migrations_internals v2.3.0
[INFO] [stderr]   Downloaded serde_spanned v1.1.1
[INFO] [stderr]   Downloaded diesel_table_macro_syntax v0.3.0
[INFO] [stderr]   Downloaded pathdiff v0.2.3
[INFO] [stderr]   Downloaded lenient_semver_version_builder v0.4.2
[INFO] [stderr]   Downloaded wasite v0.1.0
[INFO] [stderr]   Downloaded uname v0.1.1
[INFO] [stderr]   Downloaded lazy-regex v3.1.0
[INFO] [stderr]   Downloaded dirs-sys-next v0.1.2
[INFO] [stderr]   Downloaded redox_users v0.4.5
[INFO] [stderr]   Downloaded ctrlc v3.4.4
[INFO] [stderr]   Downloaded colored v3.1.1
[INFO] [stderr]   Downloaded local-waker v0.1.4
[INFO] [stderr]   Downloaded actix-service v2.0.2
[INFO] [stderr]   Downloaded digest v0.11.2
[INFO] [stderr]   Downloaded local-channel v0.1.5
[INFO] [stderr]   Downloaded bytestring v1.3.1
[INFO] [stderr]   Downloaded wasm-bindgen v0.2.118
[INFO] [stderr]   Downloaded memchr v2.7.1
[INFO] [stderr]   Downloaded headers v0.3.9
[INFO] [stderr]   Downloaded jni-macros v0.22.4
[INFO] [stderr]   Downloaded const-random v0.1.17
[INFO] [stderr]   Downloaded vte_generate_state_changes v0.1.1
[INFO] [stderr]   Downloaded lockfree-object-pool v0.1.6
[INFO] [stderr]   Downloaded lazy-regex-proc_macros v3.1.0
[INFO] [stderr]   Downloaded dirs-next v2.0.0
[INFO] [stderr]   Downloaded libredox v0.1.3
[INFO] [stderr]   Downloaded security-framework v3.6.0
[INFO] [stderr]   Downloaded migrations_macros v2.3.0
[INFO] [stderr]   Downloaded parking v2.2.1
[INFO] [stderr]   Downloaded java-properties v2.0.0
[INFO] [stderr]   Downloaded sha1 v0.11.0
[INFO] [stderr]   Downloaded derive_more v0.99.17
[INFO] [stderr]   Downloaded js-sys v0.3.95
[INFO] [stderr]   Downloaded http v0.2.12
[INFO] [stderr]   Downloaded base64 v0.21.7
[INFO] [stderr]   Downloaded rustls-webpki v0.103.4
[INFO] [stderr]   Downloaded diesel_migrations v2.3.2
[INFO] [stderr]   Downloaded r2d2 v0.8.10
[INFO] [stderr]   Downloaded hashlink v0.11.0
[INFO] [stderr]   Downloaded arraydeque v0.5.1
[INFO] [stderr]   Downloaded toml_datetime v1.1.1+spec-1.1.0
[INFO] [stderr]   Downloaded erased-serde v0.4.10
[INFO] [stderr]   Downloaded rust-ini v0.21.3
[INFO] [stderr]   Downloaded dlv-list v0.5.2
[INFO] [stderr]   Downloaded pest_generator v2.7.8
[INFO] [stderr]   Downloaded iana-time-zone v0.1.60
[INFO] [stderr]   Downloaded strum_macros v0.26.4
[INFO] [stderr]   Downloaded serde_ignored v0.1.10
[INFO] [stderr]   Downloaded fixedbitset v0.5.7
[INFO] [stderr]   Downloaded nu-ansi-term v0.50.0
[INFO] [stderr]   Downloaded globset v0.4.14
[INFO] [stderr]   Downloaded fastrand v2.1.0
[INFO] [stderr]   Downloaded hermit-abi v0.3.3
[INFO] [stderr]   Downloaded duckscript v0.10.0
[INFO] [stderr]   Downloaded cfg_aliases v0.1.1
[INFO] [stderr]   Downloaded cargo_metadata v0.19.2
[INFO] [stderr]   Downloaded cargo-platform v0.1.8
[INFO] [stderr]   Downloaded derive_more v2.1.1
[INFO] [stderr]   Downloaded derive_more-impl v2.1.1
[INFO] [stderr]   Downloaded zstd-safe v7.0.0
[INFO] [stderr]   Downloaded crypto-common v0.2.1
[INFO] [stderr]   Downloaded language-tags v0.3.2
[INFO] [stderr]   Downloaded alloc-stdlib v0.2.2
[INFO] [stderr]   Downloaded actix-codec v0.5.2
[INFO] [stderr]   Downloaded parse-size v1.0.0
[INFO] [stderr]   Downloaded warp v0.3.7
[INFO] [stderr]   Downloaded cc v1.2.60
[INFO] [stderr]   Downloaded combine v4.6.7
[INFO] [stderr]   Downloaded tinyvec v1.11.0
[INFO] [stderr]   Downloaded toml_datetime v0.7.5+spec-1.1.0
[INFO] [stderr]   Downloaded rsqlite-vfs v0.1.0
[INFO] [stderr]   Downloaded sha2 v0.10.8
[INFO] [stderr]   Downloaded convert_case v0.6.0
[INFO] [stderr]   Downloaded whoami v1.5.1
[INFO] [stderr]   Downloaded which v6.0.1
[INFO] [stderr]   Downloaded evalexpr v11.3.0
[INFO] [stderr]   Downloaded attohttpc v0.28.5
[INFO] [stderr]   Downloaded camino v1.1.6
[INFO] [stderr]   Downloaded regex-lite v0.1.9
[INFO] [stderr]   Downloaded actix-macros v0.2.4
[INFO] [stderr]   Downloaded serde_plain v1.0.2
[INFO] [stderr]   Downloaded hyper-rustls v0.27.9
[INFO] [stderr]   Downloaded openssl-sys v0.9.116
[INFO] [stderr]   Downloaded dotenv v0.15.0
[INFO] [stderr]   Downloaded toml v0.9.12+spec-1.1.0
[INFO] [stderr]   Downloaded darling v0.21.3
[INFO] [stderr]   Downloaded ordered-multimap v0.7.3
[INFO] [stderr]   Downloaded pest_meta v2.7.8
[INFO] [stderr]   Downloaded ucd-trie v0.1.6
[INFO] [stderr]   Downloaded windows-core v0.52.0
[INFO] [stderr]   Downloaded toml v0.8.10
[INFO] [stderr]   Downloaded ignore v0.4.22
[INFO] [stderr]   Downloaded indexmap v1.9.3
[INFO] [stderr]   Downloaded zopfli v0.8.1
[INFO] [stderr]   Downloaded actix-utils v3.0.1
[INFO] [stderr]   Downloaded actix-tls v3.4.0
[INFO] [stderr]   Downloaded tokio-openssl v0.6.4
[INFO] [stderr]   Downloaded actix-rt v2.11.0
[INFO] [stderr]   Downloaded hybrid-array v0.4.10
[INFO] [stderr]   Downloaded block-buffer v0.12.0
[INFO] [stderr]   Downloaded alloc-no-stdlib v2.0.4
[INFO] [stderr]   Downloaded actix-web-codegen v4.3.0
[INFO] [stderr]   Downloaded actix-server v2.6.0
[INFO] [stderr]   Downloaded darling v0.20.9
[INFO] [stderr]   Downloaded darling_macro v0.20.9
[INFO] [stderr]   Downloaded h2 v0.3.27
[INFO] [stderr]   Downloaded reqwest v0.13.4
[INFO] [stderr]   Downloaded aho-corasick v1.1.2
[INFO] [stderr]   Downloaded webpki-root-certs v1.0.7
[INFO] [stderr]   Downloaded toml_parser v1.1.2+spec-1.1.0
[INFO] [stderr]   Downloaded config v0.15.23
[INFO] [stderr]   Downloaded toml v1.1.2+spec-1.1.0
[INFO] [stderr]   Downloaded suppaftp v6.3.0
[INFO] [stderr]   Downloaded convert_case v0.10.0
[INFO] [stderr]   Downloaded cookie v0.16.2
[INFO] [stderr]   Downloaded zstd v0.13.0
[INFO] [stderr]   Downloaded actix-multipart v0.7.2
[INFO] [stderr]   Downloaded yaml-rust2 v0.11.0
[INFO] [stderr]   Downloaded pest_derive v2.7.8
[INFO] [stderr]   Downloaded vte v0.11.1
[INFO] [stderr]   Downloaded awc v3.8.2
[INFO] [stderr]   Downloaded const-oid v0.10.2
[INFO] [stderr]   Downloaded actix-router v0.5.4
[INFO] [stderr]   Downloaded darling_core v0.20.9
[INFO] [stderr]   Downloaded v_htmlescape v0.15.8
[INFO] [stderr]   Downloaded hyper v0.14.28
[INFO] [stderr]   Downloaded aws-lc-rs v1.13.3
[INFO] [stderr]   Downloaded bindgen v0.69.5
[INFO] [stderr]   Downloaded jni v0.22.4
[INFO] [stderr]   Downloaded darling_core v0.21.3
[INFO] [stderr]   Downloaded hashbrown v0.12.3
[INFO] [stderr]   Downloaded http-range v0.1.5
[INFO] [stderr]   Downloaded pest v2.7.8
[INFO] [stderr]   Downloaded toml_edit v0.22.6
[INFO] [stderr]   Downloaded duckscriptsdk v0.11.1
[INFO] [stderr]   Downloaded syn v1.0.109
[INFO] [stderr]   Downloaded quinn-proto v0.11.14
[INFO] [stderr]   Downloaded ron v0.12.1
[INFO] [stderr]   Downloaded webpki-roots v1.0.7
[INFO] [stderr]   Downloaded actix-files v0.6.10
[INFO] [stderr]   Downloaded hashbrown v0.16.1
[INFO] [stderr]   Downloaded itertools v0.14.0
[INFO] [stderr]   Downloaded winnow v0.6.5
[INFO] [stderr]   Downloaded simd_cesu8 v1.1.1
[INFO] [stderr]   Downloaded winnow v1.0.2
[INFO] [stderr]   Downloaded actix-http v3.12.1
[INFO] [stderr]   Downloaded h2 v0.4.14
[INFO] [stderr]   Downloaded brotli-decompressor v5.0.0
[INFO] [stderr]   Downloaded rustix v0.38.34
[INFO] [stderr]   Downloaded rustls v0.23.31
[INFO] [stderr]   Downloaded nix v0.28.0
[INFO] [stderr]   Downloaded windows_x86_64_gnullvm v0.52.4
[INFO] [stderr]   Downloaded windows_aarch64_gnullvm v0.52.4
[INFO] [stderr]   Downloaded actix-web v4.13.0
[INFO] [stderr]   Downloaded openssl v0.10.80
[INFO] [stderr]   Downloaded lenient_semver v0.4.2
[INFO] [stderr]   Downloaded fern v0.7.1
[INFO] [stderr]   Downloaded bstr v1.9.1
[INFO] [stderr]   Downloaded diesel v2.3.9
[INFO] [stderr]   Downloaded winsafe v0.0.19
[INFO] [stderr]   Downloaded web-sys v0.3.68
[INFO] [stderr]   Downloaded libc v0.2.185
[INFO] [stderr]   Downloaded windows_aarch64_msvc v0.52.4
[INFO] [stderr]   Downloaded zstd-sys v2.0.9+zstd.1.5.5
[INFO] [stderr]   Downloaded windows_x86_64_msvc v0.52.4
[INFO] [stderr]   Downloaded windows_x86_64_gnu v0.52.4
[INFO] [stderr]   Downloaded windows_i686_gnu v0.52.4
[INFO] [stderr]   Downloaded petgraph v0.7.1
[INFO] [stderr]   Downloaded brotli v8.0.2
[INFO] [stderr]   Downloaded windows_i686_msvc v0.52.4
[INFO] [stderr]   Downloaded shell2batch v0.4.5
[INFO] [stderr]   Downloaded fsio v0.4.0
[INFO] [stderr]   Downloaded ci_info v0.14.14
[INFO] [stderr]   Downloaded rust_info v0.3.3
[INFO] [stderr]   Downloaded envmnt v0.10.4
[INFO] [stderr]   Downloaded encoding_rs v0.8.33
[INFO] [stderr]   Downloaded git_info v0.1.3
[INFO] [stderr]   Downloaded cliparser v0.1.2
[INFO] [stderr]   Downloaded cargo-make v0.37.24
[INFO] [stderr]   Downloaded ring v0.17.8
[INFO] [stderr]   Downloaded libsqlite3-sys v0.27.0
[INFO] [stderr]   Downloaded sqlite-wasm-rs v0.5.3
[INFO] [stderr]   Downloaded aws-lc-sys v0.30.0
[INFO] running `Command { std: "docker" "create" "-v" "/var/lib/crater-agent-workspace/builds/worker-2-tc1/source:/opt/rustwide/workdir:ro,Z" "-v" "/var/lib/crater-agent-workspace/builds/worker-2-tc1/target:/opt/rustwide/target:rw,Z" "-v" "/var/lib/crater-agent-workspace/cargo-home:/opt/rustwide/cargo-home:ro,Z" "-v" "/var/lib/crater-agent-workspace/rustup-home:/opt/rustwide/rustup-home:ro,Z" "-m" "1610612736" "--network" "none" "ghcr.io/rust-lang/crates-build-env/linux@sha256:3d5ced03c013a94a2f102a4510f48a6e9184255caf5fd8244f58017bde7f5210" "sleep" "infinity", kill_on_drop: false }`
[INFO] [stdout] e312d5d1aff1efa9fbe0e433cabe745e98e6046fc41b5d2931f26190461884cb
[INFO] running `Command { std: "docker" "start" "e312d5d1aff1efa9fbe0e433cabe745e98e6046fc41b5d2931f26190461884cb", kill_on_drop: false }`
[INFO] running `Command { std: "docker" "inspect" "e312d5d1aff1efa9fbe0e433cabe745e98e6046fc41b5d2931f26190461884cb", kill_on_drop: false }`
[INFO] running `Command { std: "docker" "exec" "-e" "SOURCE_DIR=/opt/rustwide/workdir" "-e" "CARGO_HOME=/opt/rustwide/cargo-home" "-e" "RUSTUP_HOME=/opt/rustwide/rustup-home" "-e" "CARGO_TARGET_DIR=/opt/rustwide/target" "-w" "/opt/rustwide/workdir" "--user" "0:0" "e312d5d1aff1efa9fbe0e433cabe745e98e6046fc41b5d2931f26190461884cb" "/opt/rustwide/cargo-home/bin/cargo" "+1.97.0-beta.6" "metadata" "--no-deps" "--format-version=1", kill_on_drop: false }`
[INFO] running `Command { std: "docker" "inspect" "e312d5d1aff1efa9fbe0e433cabe745e98e6046fc41b5d2931f26190461884cb", kill_on_drop: false }`
[INFO] running `Command { std: "docker" "exec" "-e" "SOURCE_DIR=/opt/rustwide/workdir" "-e" "CARGO_HOME=/opt/rustwide/cargo-home" "-e" "RUSTUP_HOME=/opt/rustwide/rustup-home" "-e" "CARGO_TARGET_DIR=/opt/rustwide/target" "-e" "CARGO_INCREMENTAL=0" "-e" "RUST_BACKTRACE=full" "-e" "RUSTFLAGS=--cap-lints=warn" "-e" "RUSTDOCFLAGS=--cap-lints=warn" "-w" "/opt/rustwide/workdir" "--user" "0:0" "e312d5d1aff1efa9fbe0e433cabe745e98e6046fc41b5d2931f26190461884cb" "/opt/rustwide/cargo-home/bin/cargo" "+1.97.0-beta.6" "build" "--frozen" "--message-format=json", kill_on_drop: false }`
[INFO] [stderr]    Compiling proc-macro2 v1.0.106
[INFO] [stderr]    Compiling quote v1.0.45
[INFO] [stderr]    Compiling unicode-ident v1.0.12
[INFO] [stderr]    Compiling cfg-if v1.0.0
[INFO] [stderr]    Compiling libc v0.2.185
[INFO] [stderr]    Compiling autocfg v1.1.0
[INFO] [stderr]    Compiling bytes v1.11.1
[INFO] [stderr]    Compiling fnv v1.0.7
[INFO] [stderr]    Compiling pin-project-lite v0.2.13
[INFO] [stderr]    Compiling smallvec v1.13.1
[INFO] [stderr]    Compiling serde_core v1.0.228
[INFO] [stderr]    Compiling once_cell v1.21.4
[INFO] [stderr]    Compiling log v0.4.21
[INFO] [stderr]    Compiling find-msvc-tools v0.1.9
[INFO] [stderr]    Compiling shlex v1.3.0
[INFO] [stderr]    Compiling itoa v1.0.10
[INFO] [stderr]    Compiling memchr v2.7.1
[INFO] [stderr]    Compiling parking_lot_core v0.9.9
[INFO] [stderr]    Compiling scopeguard v1.2.0
[INFO] [stderr]    Compiling futures-core v0.3.32
[INFO] [stderr]    Compiling lock_api v0.4.11
[INFO] [stderr]    Compiling version_check v0.9.4
[INFO] [stderr]    Compiling futures-sink v0.3.32
[INFO] [stderr]    Compiling slab v0.4.9
[INFO] [stderr]    Compiling pkg-config v0.3.30
[INFO] [stderr]    Compiling serde v1.0.228
[INFO] [stderr]    Compiling typenum v1.17.0
[INFO] [stderr]    Compiling stable_deref_trait v1.2.1
[INFO] [stderr]    Compiling tracing-core v0.1.32
[INFO] [stderr]    Compiling futures-task v0.3.32
[INFO] [stderr]    Compiling futures-io v0.3.32
[INFO] [stderr]    Compiling httparse v1.10.1
[INFO] [stderr]    Compiling percent-encoding v2.3.2
[INFO] [stderr]    Compiling writeable v0.6.3
[INFO] [stderr]    Compiling litemap v0.8.2
[INFO] [stderr]    Compiling http v0.2.12
[INFO] [stderr]    Compiling hashbrown v0.17.0
[INFO] [stderr]    Compiling icu_normalizer_data v2.2.0
[INFO] [stderr]    Compiling equivalent v1.0.1
[INFO] [stderr]    Compiling utf8_iter v1.0.4
[INFO] [stderr]    Compiling icu_properties_data v2.2.0
[INFO] [stderr]    Compiling http v1.1.0
[INFO] [stderr]    Compiling vcpkg v0.2.15
[INFO] [stderr]    Compiling form_urlencoded v1.2.2
[INFO] [stderr]    Compiling fs_extra v1.3.0
[INFO] [stderr]    Compiling socket2 v0.6.3
[INFO] [stderr]    Compiling mio v1.2.0
[INFO] [stderr]    Compiling signal-hook-registry v1.4.1
[INFO] [stderr]    Compiling thiserror v1.0.57
[INFO] [stderr]    Compiling parking_lot v0.12.1
[INFO] [stderr]    Compiling syn v2.0.117
[INFO] [stderr]    Compiling ident_case v1.0.1
[INFO] [stderr]    Compiling strsim v0.11.1
[INFO] [stderr]    Compiling dunce v1.0.4
[INFO] [stderr]    Compiling generic-array v0.14.7
[INFO] [stderr]    Compiling encoding_rs v0.8.33
[INFO] [stderr]    Compiling mime v0.3.17
[INFO] [stderr]    Compiling zmij v1.0.21
[INFO] [stderr]    Compiling unicode-segmentation v1.11.0
[INFO] [stderr]    Compiling paste v1.0.14
[INFO] [stderr]    Compiling serde_json v1.0.150
[INFO] [stderr]    Compiling indexmap v2.14.0
[INFO] [stderr]    Compiling ppv-lite86 v0.2.17
[INFO] [stderr]    Compiling hybrid-array v0.4.10
[INFO] [stderr]    Compiling aws-lc-rs v1.13.3
[INFO] [stderr]    Compiling httpdate v1.0.3
[INFO] [stderr]    Compiling zeroize v1.8.2
[INFO] [stderr]    Compiling local-waker v0.1.4
[INFO] [stderr]    Compiling crunchy v0.2.2
[INFO] [stderr]    Compiling getrandom v0.2.12
[INFO] [stderr]    Compiling unicase v2.7.0
[INFO] [stderr]    Compiling bytestring v1.3.1
[INFO] [stderr]    Compiling try-lock v0.2.5
[INFO] [stderr]    Compiling cpufeatures v0.3.0
[INFO] [stderr]    Compiling getrandom v0.4.2
[INFO] [stderr]    Compiling base64 v0.22.1
[INFO] [stderr]    Compiling jobserver v0.1.34
[INFO] [stderr]    Compiling zstd-safe v7.0.0
[INFO] [stderr]    Compiling tiny-keccak v2.0.2
[INFO] [stderr]    Compiling crc32fast v1.4.0
[INFO] [stderr]    Compiling alloc-no-stdlib v2.0.4
[INFO] [stderr]    Compiling tower-service v0.3.3
[INFO] [stderr]    Compiling rand_core v0.10.1
[INFO] [stderr]    Compiling alloc-stdlib v0.2.2
[INFO] [stderr]    Compiling rand_core v0.6.4
[INFO] [stderr]    Compiling crypto-common v0.1.6
[INFO] [stderr]    Compiling block-buffer v0.10.4
[INFO] [stderr]    Compiling rustls-pki-types v1.14.0
[INFO] [stderr]    Compiling cc v1.2.60
[INFO] [stderr]    Compiling want v0.3.1
[INFO] [stderr]    Compiling convert_case v0.10.0
[INFO] [stderr]    Compiling actix-utils v3.0.1
[INFO] [stderr]    Compiling socket2 v0.5.6
[INFO] [stderr]    Compiling block-buffer v0.12.0
[INFO] [stderr]    Compiling crypto-common v0.2.1
[INFO] [stderr]    Compiling actix-service v2.0.2
[INFO] [stderr]    Compiling futures-channel v0.3.30
[INFO] [stderr]    Compiling adler v1.0.2
[INFO] [stderr]    Compiling ryu v1.0.17
[INFO] [stderr]    Compiling powerfmt v0.2.0
[INFO] [stderr]    Compiling time-core v0.1.8
[INFO] [stderr]    Compiling const-oid v0.10.2
[INFO] [stderr]    Compiling num-conv v0.2.1
[INFO] [stderr]    Compiling unicode-xid v0.2.6
[INFO] [stderr]    Compiling syn v1.0.109
[INFO] [stderr]    Compiling miniz_oxide v0.7.2
[INFO] [stderr]    Compiling deranged v0.5.8
[INFO] [stderr]    Compiling rand_chacha v0.3.1
[INFO] [stderr]    Compiling digest v0.10.7
[INFO] [stderr]    Compiling time-macros v0.2.27
[INFO] [stderr]    Compiling chacha20 v0.10.0
[INFO] [stderr]    Compiling brotli-decompressor v5.0.0
[INFO] [stderr]    Compiling http-body v1.0.1
[INFO] [stderr]    Compiling aho-corasick v1.1.2
[INFO] [stderr]    Compiling cookie v0.16.2
[INFO] [stderr]    Compiling digest v0.11.2
[INFO] [stderr]    Compiling ucd-trie v0.1.6
[INFO] [stderr]    Compiling typeid v1.0.3
[INFO] [stderr]    Compiling cpufeatures v0.2.12
[INFO] [stderr]    Compiling regex-lite v0.1.9
[INFO] [stderr]    Compiling winnow v0.7.15
[INFO] [stderr]    Compiling rustls v0.23.31
[INFO] [stderr]    Compiling regex-syntax v0.8.10
[INFO] [stderr]    Compiling untrusted v0.9.0
[INFO] [stderr]    Compiling winnow v1.0.2
[INFO] [stderr]    Compiling getrandom v0.3.4
[INFO] [stderr]    Compiling flate2 v1.0.28
[INFO] [stderr]    Compiling cmake v0.1.58
[INFO] [stderr]    Compiling sha1 v0.11.0
[INFO] [stderr]    Compiling tracing v0.1.40
[INFO] [stderr]    Compiling sha1 v0.10.6
[INFO] [stderr]    Compiling const-random-macro v0.1.16
[INFO] [stderr]    Compiling brotli v8.0.2
[INFO] [stderr]    Compiling mime_guess v2.0.4
[INFO] [stderr]    Compiling rand v0.8.5
[INFO] [stderr]    Compiling time v0.3.47
[INFO] [stderr]    Compiling bitflags v2.11.1
[INFO] [stderr]    Compiling serde_spanned v1.1.1
[INFO] [stderr]    Compiling aws-lc-sys v0.30.0
[INFO] [stderr]    Compiling zstd-sys v2.0.9+zstd.1.5.5
[INFO] [stderr]    Compiling openssl-sys v0.9.116
[INFO] [stderr]    Compiling rand v0.10.1
[INFO] [stderr]    Compiling local-channel v0.1.5
[INFO] [stderr]    Compiling language-tags v0.3.2
[INFO] [stderr]    Compiling atomic-waker v1.1.2
[INFO] [stderr]    Compiling foreign-types-shared v0.1.1
[INFO] [stderr]    Compiling openssl v0.10.80
[INFO] [stderr]    Compiling impl-more v0.1.6
[INFO] [stderr]    Compiling foldhash v0.1.5
[INFO] [stderr]    Compiling toml_parser v1.1.2+spec-1.1.0
[INFO] [stderr]    Compiling subtle v2.6.1
[INFO] [stderr]    Compiling anyhow v1.0.83
[INFO] [stderr]    Compiling proc-macro-hack v0.5.20+deprecated
[INFO] [stderr]    Compiling regex-automata v0.4.14
[INFO] [stderr]    Compiling foreign-types v0.3.2
[INFO] [stderr]    Compiling toml_datetime v0.7.5+spec-1.1.0
[INFO] [stderr]    Compiling const-random v0.1.17
[INFO] [stderr]    Compiling synstructure v0.13.2
[INFO] [stderr]    Compiling darling_core v0.21.3
[INFO] [stderr]    Compiling darling_core v0.20.9
[INFO] [stderr]    Compiling libsqlite3-sys v0.27.0
[INFO] [stderr]    Compiling multer v2.1.0
[INFO] [stderr]    Compiling either v1.11.0
[INFO] [stderr]    Compiling heck v0.5.0
[INFO] [stderr]    Compiling utf-8 v0.7.6
[INFO] [stderr]    Compiling data-encoding v2.6.0
[INFO] [stderr]    Compiling foldhash v0.2.0
[INFO] [stderr]    Compiling erased-serde v0.4.10
[INFO] [stderr]    Compiling byteorder v1.5.0
[INFO] [stderr]    Compiling tokio-openssl v0.6.4
[INFO] [stderr]    Compiling rustix v0.38.34
[INFO] [stderr]    Compiling diesel_derives v2.3.7
[INFO] [stderr]    Compiling hashbrown v0.16.1
[INFO] [stderr]    Compiling toml v0.9.12+spec-1.1.0
[INFO] [stderr]    Compiling diesel_table_macro_syntax v0.3.0
[INFO] [stderr]    Compiling rand_core v0.9.5
[INFO] [stderr]    Compiling dlv-list v0.5.2
[INFO] [stderr]    Compiling headers-core v0.2.0
[INFO] [stderr]    Compiling http-body v0.4.6
[INFO] [stderr]    Compiling scheduled-thread-pool v0.2.7
[INFO] [stderr]    Compiling sync_wrapper v1.0.2
[INFO] [stderr]    Compiling num-traits v0.2.18
[INFO] [stderr]    Compiling openssl-probe v0.2.1
[INFO] [stderr]    Compiling ipnet v2.12.0
[INFO] [stderr]    Compiling v_htmlescape v0.15.8
[INFO] [stderr]    Compiling spin v0.9.8
[INFO] [stderr]    Compiling linux-raw-sys v0.4.13
[INFO] [stderr]    Compiling hashbrown v0.14.5
[INFO] [stderr]    Compiling tower-layer v0.3.3
[INFO] [stderr]    Compiling base64 v0.21.7
[INFO] [stderr]    Compiling rustls-native-certs v0.8.3
[INFO] [stderr]    Compiling r2d2 v0.8.10
[INFO] [stderr]    Compiling hashlink v0.11.0
[INFO] [stderr]    Compiling tokio-macros v2.7.0
[INFO] [stderr]    Compiling zerofrom-derive v0.1.7
[INFO] [stderr]    Compiling yoke-derive v0.8.2
[INFO] [stderr]    Compiling serde_derive v1.0.228
[INFO] [stderr]    Compiling tracing-attributes v0.1.31
[INFO] [stderr]    Compiling zerovec-derive v0.11.3
[INFO] [stderr]    Compiling futures-macro v0.3.32
[INFO] [stderr]    Compiling displaydoc v0.2.5
[INFO] [stderr]    Compiling thiserror-impl v1.0.57
[INFO] [stderr]    Compiling tokio v1.52.3
[INFO] [stderr]    Compiling derive_more-impl v2.1.1
[INFO] [stderr]    Compiling regex v1.12.3
[INFO] [stderr]    Compiling futures-util v0.3.32
[INFO] [stderr]    Compiling zerofrom v0.1.7
[INFO] [stderr]    Compiling openssl-macros v0.1.1
[INFO] [stderr]    Compiling yoke v0.8.2
[INFO] [stderr]    Compiling darling_macro v0.21.3
[INFO] [stderr]    Compiling pest v2.7.8
[INFO] [stderr]    Compiling darling_macro v0.20.9
[INFO] [stderr]    Compiling pin-project-internal v1.1.5
[INFO] [stderr]    Compiling actix-macros v0.2.4
[INFO] [stderr]    Compiling zerovec v0.11.6
[INFO] [stderr]    Compiling zerotrie v0.2.4
[INFO] [stderr]    Compiling darling v0.21.3
[INFO] [stderr]    Compiling dsl_auto_type v0.2.0
[INFO] [stderr]    Compiling darling v0.20.9
[INFO] [stderr]    Compiling ordered-multimap v0.7.3
[INFO] [stderr]    Compiling include_dir_impl v0.6.2
[INFO] [stderr]    Compiling headers v0.3.9
[INFO] [stderr]    Compiling rand_chacha v0.9.0
[INFO] [stderr]    Compiling tinystr v0.8.3
[INFO] [stderr]    Compiling potential_utf v0.1.5
[INFO] [stderr]    Compiling icu_collections v2.2.0
[INFO] [stderr]    Compiling icu_locale_core v2.2.0
[INFO] [stderr]    Compiling pin-project v1.1.5
[INFO] [stderr]    Compiling toml_datetime v1.1.1+spec-1.1.0
[INFO] [stderr]    Compiling downcast-rs v2.0.2
[INFO] [stderr]    Compiling fastrand v2.1.0
[INFO] [stderr]    Compiling arraydeque v0.5.1
[INFO] [stderr]    Compiling scoped-tls v1.0.1
[INFO] [stderr]    Compiling convert_case v0.4.0
[INFO] [stderr]    Compiling pest_meta v2.7.8
[INFO] [stderr]    Compiling parse-size v1.0.0
[INFO] [stderr]    Compiling serde-untagged v0.1.9
[INFO] [stderr]    Compiling actix-multipart-derive v0.7.0
[INFO] [stderr]    Compiling yaml-rust2 v0.11.0
[INFO] [stderr]    Compiling tempfile v3.10.1
[INFO] [stderr]    Compiling derive_more v0.99.17
[INFO] [stderr]    Compiling toml v1.1.2+spec-1.1.0
[INFO] [stderr]    Compiling rand v0.9.4
[INFO] [stderr]    Compiling include_dir v0.6.2
[INFO] [stderr]    Compiling rust-ini v0.21.3
[INFO] [stderr]    Compiling icu_provider v2.2.0
[INFO] [stderr]    Compiling icu_normalizer v2.2.0
[INFO] [stderr]    Compiling icu_properties v2.2.0
[INFO] [stderr]    Compiling derive_more v2.1.1
[INFO] [stderr]    Compiling pest_generator v2.7.8
[INFO] [stderr]    Compiling async-trait v0.1.89
[INFO] [stderr]    Compiling serde_urlencoded v0.7.1
[INFO] [stderr]    Compiling actix-router v0.5.4
[INFO] [stderr]    Compiling migrations_internals v2.3.0
[INFO] [stderr]    Compiling ron v0.12.1
[INFO] [stderr]    Compiling serde_plain v1.0.2
[INFO] [stderr]    Compiling http-body-util v0.1.3
[INFO] [stderr]    Compiling idna_adapter v1.2.1
[INFO] [stderr]    Compiling migrations_macros v2.3.0
[INFO] [stderr]    Compiling pest_derive v2.7.8
[INFO] [stderr]    Compiling convert_case v0.6.0
[INFO] [stderr]    Compiling http-range v0.1.5
[INFO] [stderr]    Compiling idna v1.1.0
[INFO] [stderr]    Compiling json5 v0.4.1
[INFO] [stderr]    Compiling urlencoding v1.3.3
[INFO] [stderr]    Compiling pathdiff v0.2.3
[INFO] [stderr]    Compiling iana-time-zone v0.1.60
[INFO] [stderr]    Compiling lazy_static v1.5.0
[INFO] [stderr]    Compiling dotenv v0.15.0
[INFO] [stderr]    Compiling actix-web-codegen v4.3.0
[INFO] [stderr]    Compiling url v2.5.8
[INFO] [stderr]    Compiling chrono v0.4.44
[INFO] [stderr]    Compiling config v0.15.23
[INFO] [stderr]    Compiling tokio-util v0.7.10
[INFO] [stderr]    Compiling actix-rt v2.11.0
[INFO] [stderr]    Compiling tungstenite v0.21.0
[INFO] [stderr]    Compiling tower v0.5.3
[INFO] [stderr]    Compiling actix-server v2.6.0
[INFO] [stderr]    Compiling h2 v0.3.27
[INFO] [stderr]    Compiling actix-codec v0.5.2
[INFO] [stderr]    Compiling h2 v0.4.14
[INFO] [stderr]    Compiling tokio-tungstenite v0.21.0
[INFO] [stderr]    Compiling tower-http v0.6.11
[INFO] [stderr]    Compiling actix-tls v3.4.0
[INFO] [stderr]    Compiling diesel v2.3.9
[INFO] [stderr]    Compiling zstd v0.13.0
[INFO] [stderr]    Compiling actix-http v3.12.1
[INFO] [stderr]    Compiling hyper v0.14.28
[INFO] [stderr]    Compiling hyper v1.10.1
[INFO] [stderr]    Compiling hyper-util v0.1.20
[INFO] [stderr]    Compiling actix-web v4.13.0
[INFO] [stderr]    Compiling awc v3.8.2
[INFO] [stderr]    Compiling warp v0.3.7
[INFO] [stderr]    Compiling rustls-webpki v0.103.4
[INFO] [stderr]    Compiling actix-files v0.6.10
[INFO] [stderr]    Compiling actix-multipart v0.7.2
[INFO] [stderr]    Compiling static_dir v0.2.0
[INFO] [stderr]    Compiling tokio-rustls v0.26.4
[INFO] [stderr]    Compiling rustls-platform-verifier v0.7.0
[INFO] [stderr]    Compiling hyper-rustls v0.27.9
[INFO] [stderr]    Compiling reqwest v0.13.4
[INFO] [stderr]    Compiling diesel_migrations v2.3.2
[INFO] [stderr]    Compiling ussdframework v0.1.0 (/opt/rustwide/workdir)
[INFO] [stderr]     Finished `dev` profile [unoptimized + debuginfo] target(s) in 3m 15s
[INFO] running `Command { std: "docker" "inspect" "e312d5d1aff1efa9fbe0e433cabe745e98e6046fc41b5d2931f26190461884cb", kill_on_drop: false }`
[INFO] running `Command { std: "docker" "exec" "-e" "SOURCE_DIR=/opt/rustwide/workdir" "-e" "CARGO_HOME=/opt/rustwide/cargo-home" "-e" "RUSTUP_HOME=/opt/rustwide/rustup-home" "-e" "CARGO_TARGET_DIR=/opt/rustwide/target" "-e" "CARGO_INCREMENTAL=0" "-e" "RUST_BACKTRACE=full" "-e" "RUSTFLAGS=--cap-lints=warn" "-e" "RUSTDOCFLAGS=--cap-lints=warn" "-w" "/opt/rustwide/workdir" "--user" "0:0" "e312d5d1aff1efa9fbe0e433cabe745e98e6046fc41b5d2931f26190461884cb" "/opt/rustwide/cargo-home/bin/cargo" "+1.97.0-beta.6" "test" "--frozen" "--no-run" "--message-format=json", kill_on_drop: false }`
[INFO] [stderr]    Compiling ussdframework v0.1.0 (/opt/rustwide/workdir)
[INFO] [stderr]     Finished `test` profile [unoptimized + debuginfo] target(s) in 6.66s
[INFO] running `Command { std: "docker" "inspect" "e312d5d1aff1efa9fbe0e433cabe745e98e6046fc41b5d2931f26190461884cb", kill_on_drop: false }`
[INFO] running `Command { std: "docker" "exec" "-e" "SOURCE_DIR=/opt/rustwide/workdir" "-e" "CARGO_HOME=/opt/rustwide/cargo-home" "-e" "RUSTUP_HOME=/opt/rustwide/rustup-home" "-e" "CARGO_TARGET_DIR=/opt/rustwide/target" "-e" "CARGO_INCREMENTAL=0" "-e" "RUST_BACKTRACE=full" "-e" "RUSTFLAGS=--cap-lints=warn" "-e" "RUSTDOCFLAGS=--cap-lints=warn" "-w" "/opt/rustwide/workdir" "--user" "0:0" "e312d5d1aff1efa9fbe0e433cabe745e98e6046fc41b5d2931f26190461884cb" "/opt/rustwide/cargo-home/bin/cargo" "+1.97.0-beta.6" "test" "--frozen", kill_on_drop: false }`
[INFO] [stderr]     Finished `test` profile [unoptimized + debuginfo] target(s) in 1.23s
[INFO] [stderr]      Running unittests src/lib.rs (/opt/rustwide/target/debug/deps/ussdframework-b016ca7b2b16293f)
[INFO] [stdout] 
[INFO] [stdout] running 58 tests
[INFO] [stdout] test core::process::tests::missing_initial_screen_returns_error_response ... ok
[INFO] [stdout] test core::ussd_menu::tests::get_initial_screen_finds_initial_type ... ok
[INFO] [stdout] test core::ussd_menu::tests::get_initial_screen_returns_none_when_absent ... ok
[INFO] [stdout] test core::ussd_menu::tests::new_menu_is_empty ... ok
[INFO] [stdout] test core::ussd_request::tests::at_maps_phone_to_msisdn ... ok
[INFO] [stdout] test core::ussd_request::tests::at_single_segment_is_the_input ... ok
[INFO] [stdout] test core::ussd_request::tests::at_multi_segment_extracts_last ... ok
[INFO] [stdout] test core::ussd_request::tests::ussd_request_default_is_empty ... ok
[INFO] [stdout] test core::ussd_response::tests::to_gateway_string_end_when_session_ends ... ok
[INFO] [stdout] test core::ussd_menu::tests::load_from_json_parses_example_menu ... ok
[INFO] [stdout] test core::ussd_service::tests::call_uses_registered_rust_function ... ok
[INFO] [stdout] test core::ussd_response::tests::to_gateway_string_con_when_session_continues ... ok
[INFO] [stdout] test core::ussd_service::tests::no_function_no_url_stores_error_dict ... ok
[INFO] [stdout] test core::ussd_service::tests::registered_function_receives_function_url_as_arg ... ok
[INFO] [stdout] test core::ussd_service::tests::service_default_has_empty_fields ... ok
[INFO] [stdout] test core::ussd_session::tests::fetch_session_data_returns_inserted_value ... ok
[INFO] [stdout] test core::ussd_request::tests::at_defaults_language_to_en ... ok
[INFO] [stdout] test core::ussd_request::tests::at_empty_text_gives_empty_input ... ok
[INFO] [stdout] test core::ussd_session::tests::fetch_session_data_returns_none_for_missing_key ... ok
[INFO] [stdout] test core::ussd_session::tests::has_timed_out_false_for_fresh_session ... ok
[INFO] [stdout] test core::ussd_session::tests::has_timed_out_true_for_zero_duration ... ok
[INFO] [stdout] test core::ussd_session::tests::restart_clears_navigation_state ... ok
[INFO] [stdout] test types::tests::test_router_options ... ok
[INFO] [stdout] test core::ussd_session::tests::store_and_retrieve_round_trip ... ok
[INFO] [stdout] test types::tests::test_json_to_hash_str_any ... ok
[INFO] [stdout] test core::ussd_session::tests::new_session_starts_clean ... ok
[INFO] [stdout] test core::ussd_session::tests::store_overwrites_existing_session ... ok
[INFO] [stdout] test log::tests::test_logger ... ok
[INFO] [stdout] test log::tests::test_logger_macro ... ok
[INFO] [stdout] test types::tests::test_hash_str_any ... ok
[INFO] [stdout] test types::tests::test_hash_str_any_to_json ... ok
[INFO] [stdout] test core::ussd_session::tests::retrieve_returns_none_for_unknown_session ... ok
[INFO] [stdout] test core::ussd_menu::tests::validate_router_expressions_ok_when_no_router_screens ... ok
[INFO] [stdout] test utils::expr::tests::test_evaluate_expression_op ... ok
[INFO] [stdout] test core::process::tests::function_screen_stores_result_in_session ... ok
[INFO] [stdout] test utils::expr::tests::test_evaluate_expression_op_gt ... ok
[INFO] [stdout] test utils::expr::tests::test_evaluate_expression_nested_field_not_found_object_not_found ... ok
[INFO] [stdout] test utils::expr::tests::test_evaluate_expression_nested_field_not_found_object_not_dict ... ok
[INFO] [stdout] test utils::expr::tests::test_evaluate_expression ... ok
[INFO] [stdout] test utils::expr::tests::test_evaluate_expression_nested ... ok
[INFO] [stdout] test utils::expr::tests::test_evaluate_expression_deep_nested_field_3 ... ok
[INFO] [stdout] test utils::expr::tests::test_evaluate_expression_nested_field_not_found ... ok
[INFO] [stdout] test utils::expr::tests::test_evaluate_expression_deep_nested_field ... ok
[INFO] [stdout] test utils::expr::tests::test_evaluate_expression_nested_field ... ok
[INFO] [stdout] test core::process::tests::first_request_shows_main_menu ... ok
[INFO] [stdout] test core::ussd_menu::tests::validate_router_expressions_err_on_malformed_expression ... ok
[INFO] [stdout] test utils::expr::tests::test_evaluate_expression_op_ge ... ok
[INFO] [stdout] test utils::expr::tests::test_evaluate_expression_op_not_found_object_not_str ... ok
[INFO] [stdout] test core::process::tests::selecting_exit_ends_session ... ok
[INFO] [stdout] test utils::expr::tests::test_evaluate_expression_op_le ... ok
[INFO] [stdout] test utils::expr::tests::test_evaluate_expression_op_gt_nested ... ok
[INFO] [stdout] test utils::expr::tests::test_evaluate_expression_op_not_found_object_not_found ... ok
[INFO] [stdout] test utils::expr::tests::test_evaluate_expression_op_nested_field ... ok
[INFO] [stdout] test utils::expr::tests::test_evaluate_expression_op_nested ... ok
[INFO] [stdout] test core::ussd_response::tests::default_response_is_not_end_session ... ok
[INFO] [stdout] test utils::expr::tests::test_evaluate_expression_op_lt ... ok
[INFO] [stdout] test utils::expr::tests::test_evaluate_expression_op_not_found_object_not_dict ... ok
[INFO] [stdout] test utils::expr::tests::test_evaluate_expression_op_not_found ... ok
[INFO] [stdout] 
[INFO] [stdout] test result: ok. 58 passed; 0 failed; 0 ignored; 0 measured; 0 filtered out; finished in 0.17s
[INFO] [stdout] 
[INFO] [stderr]      Running unittests src/main.rs (/opt/rustwide/target/debug/deps/main-ecb70459b4c03cf2)
[INFO] [stderr]    Doc-tests ussdframework
[INFO] [stdout] 
[INFO] [stdout] running 0 tests
[INFO] [stdout] 
[INFO] [stdout] test result: ok. 0 passed; 0 failed; 0 ignored; 0 measured; 0 filtered out; finished in 0.00s
[INFO] [stdout] 
[INFO] [stdout] 
[INFO] [stdout] running 14 tests
[INFO] [stdout] test src/log/mod.rs - log::trace (line 109) ... FAILED
[INFO] [stdout] test src/log/mod.rs - log::error (line 58) ... FAILED
[INFO] [stdout] test src/log/mod.rs - log::warning (line 75) ... FAILED
[INFO] [stdout] test src/utils/expr.rs - utils::expr::compare_strings (line 195) ... FAILED
[INFO] [stdout] test src/utils/expr.rs - utils::expr::evaluate_expression (line 39) ... FAILED
[INFO] [stdout] test src/log/mod.rs - log::debug (line 92) ... FAILED
[INFO] [stdout] test src/types/mod.rs - types::USSDData::hash_str_any_to_json (line 254) ... FAILED
[INFO] [stdout] test src/types/mod.rs - types::json_to_hash_str_any (line 321) ... FAILED
[INFO] [stdout] test src/types/mod.rs - types::USSDData::json_to_hash_str_any (line 225) ... FAILED
[INFO] [stdout] test src/utils/expr.rs - utils::expr::evaluate_expression_op (line 114) ... FAILED
[INFO] [stdout] test src/types/mod.rs - types::USSDData::get_nested_value (line 178) ... FAILED
[INFO] [stdout] test src/types/mod.rs - types::hash_str_any_to_json (line 377) ... FAILED
[INFO] [stdout] test src/log/mod.rs - log::info (line 41) ... FAILED
[INFO] [stdout] test src/types/mod.rs - types::USSDFunction (line 22) ... ok
[INFO] [stdout] 
[INFO] [stdout] failures:
[INFO] [stdout] 
[INFO] [stdout] ---- src/log/mod.rs - log::trace (line 109) stdout ----
[INFO] [stdout] error: cannot find macro `trace` in this scope
[INFO] [stdout]    --> src/log/mod.rs:110:1
[INFO] [stdout]     |
[INFO] [stdout] 110 | trace!("Invalid input: {}", input);
[INFO] [stdout]     | ^^^^^
[INFO] [stdout] 
[INFO] [stdout] error: aborting due to 1 previous error
[INFO] [stdout] 
[INFO] [stdout] Couldn't compile the test.
[INFO] [stdout] ---- src/log/mod.rs - log::error (line 58) stdout ----
[INFO] [stdout] error: cannot find macro `error` in this scope
[INFO] [stdout]   --> src/log/mod.rs:59:1
[INFO] [stdout]    |
[INFO] [stdout] 59 | error!("Invalid input: {}", input);
[INFO] [stdout]    | ^^^^^
[INFO] [stdout] 
[INFO] [stdout] error: aborting due to 1 previous error
[INFO] [stdout] 
[INFO] [stdout] Couldn't compile the test.
[INFO] [stdout] ---- src/log/mod.rs - log::warning (line 75) stdout ----
[INFO] [stdout] error: cannot find macro `warning` in this scope
[INFO] [stdout]   --> src/log/mod.rs:76:1
[INFO] [stdout]    |
[INFO] [stdout] 76 | warning!("Invalid input: {}", input);
[INFO] [stdout]    | ^^^^^^^
[INFO] [stdout] 
[INFO] [stdout] error: aborting due to 1 previous error
[INFO] [stdout] 
[INFO] [stdout] Couldn't compile the test.
[INFO] [stdout] ---- src/utils/expr.rs - utils::expr::compare_strings (line 195) stdout ----
[INFO] [stdout] error[E0432]: unresolved import `crate::utils`
[INFO] [stdout]    --> src/utils/expr.rs:196:12
[INFO] [stdout]     |
[INFO] [stdout] 196 | use crate::utils::compare_strings;
[INFO] [stdout]     |            ^^^^^ could not find `utils` in the crate root
[INFO] [stdout] 
[INFO] [stdout] error: aborting due to 1 previous error
[INFO] [stdout] 
[INFO] [stdout] For more information about this error, try `rustc --explain E0432`.
[INFO] [stdout] Couldn't compile the test.
[INFO] [stdout] ---- src/utils/expr.rs - utils::expr::evaluate_expression (line 39) stdout ----
[INFO] [stdout] error[E0432]: unresolved import `crate::utils`
[INFO] [stdout]   --> src/utils/expr.rs:40:12
[INFO] [stdout]    |
[INFO] [stdout] 40 | use crate::utils::evaluate_expression;
[INFO] [stdout]    |            ^^^^^ could not find `utils` in the crate root
[INFO] [stdout] 
[INFO] [stdout] error[E0432]: unresolved import `crate::ussd_session`
[INFO] [stdout]   --> src/utils/expr.rs:41:12
[INFO] [stdout]    |
[INFO] [stdout] 41 | use crate::ussd_session::USSDSession;
[INFO] [stdout]    |            ^^^^^^^^^^^^ could not find `ussd_session` in the crate root
[INFO] [stdout] 
[INFO] [stdout] error: aborting due to 2 previous errors
[INFO] [stdout] 
[INFO] [stdout] For more information about this error, try `rustc --explain E0432`.
[INFO] [stdout] Couldn't compile the test.
[INFO] [stdout] ---- src/log/mod.rs - log::debug (line 92) stdout ----
[INFO] [stdout] error: cannot find macro `debug` in this scope
[INFO] [stdout]   --> src/log/mod.rs:93:1
[INFO] [stdout]    |
[INFO] [stdout] 93 | debug!("Invalid input: {}", input);
[INFO] [stdout]    | ^^^^^
[INFO] [stdout] 
[INFO] [stdout] error: aborting due to 1 previous error
[INFO] [stdout] 
[INFO] [stdout] Couldn't compile the test.
[INFO] [stdout] ---- src/types/mod.rs - types::USSDData::hash_str_any_to_json (line 254) stdout ----
[INFO] [stdout] error[E0433]: cannot find type `HashMap` in this scope
[INFO] [stdout]    --> src/types/mod.rs:259:19
[INFO] [stdout]     |
[INFO] [stdout] 259 |    let mut dict = HashMap::new();
[INFO] [stdout]     |                   ^^^^^^^ use of undeclared type `HashMap`
[INFO] [stdout]     |
[INFO] [stdout] help: consider importing this struct
[INFO] [stdout]     |
[INFO] [stdout] 254 + use std::collections::HashMap;
[INFO] [stdout]     |
[INFO] [stdout] 
[INFO] [stdout] error[E0433]: cannot find type `USSDData` in this scope
[INFO] [stdout]    --> src/types/mod.rs:258:20
[INFO] [stdout]     |
[INFO] [stdout] 258 | let hash_str_any = USSDData::Dict({
[INFO] [stdout]     |                    ^^^^^^^^ use of undeclared type `USSDData`
[INFO] [stdout] 
[INFO] [stdout] error[E0433]: cannot find type `USSDData` in this scope
[INFO] [stdout]    --> src/types/mod.rs:260:34
[INFO] [stdout]     |
[INFO] [stdout] 260 |   dict.insert("one".to_string(), USSDData::Str("1".to_string()));
[INFO] [stdout]     |                                  ^^^^^^^^ use of undeclared type `USSDData`
[INFO] [stdout] 
[INFO] [stdout] error[E0433]: cannot find type `USSDData` in this scope
[INFO] [stdout]    --> src/types/mod.rs:261:33
[INFO] [stdout]     |
[INFO] [stdout] 261 |  dict.insert("two".to_string(), USSDData::Str("2".to_string()));
[INFO] [stdout]     |                                 ^^^^^^^^ use of undeclared type `USSDData`
[INFO] [stdout] 
[INFO] [stdout] error[E0425]: cannot find function `hash_str_any_to_json` in this scope
[INFO] [stdout]    --> src/types/mod.rs:265:12
[INFO] [stdout]     |
[INFO] [stdout] 265 | let json = hash_str_any_to_json(hash_str_any);
[INFO] [stdout]     |            ^^^^^^^^^^^^^^^^^^^^ not found in this scope
[INFO] [stdout] 
[INFO] [stdout] error: aborting due to 5 previous errors
[INFO] [stdout] 
[INFO] [stdout] Some errors have detailed explanations: E0425, E0433.
[INFO] [stdout] For more information about an error, try `rustc --explain E0425`.
[INFO] [stdout] Couldn't compile the test.
[INFO] [stdout] ---- src/types/mod.rs - types::json_to_hash_str_any (line 321) stdout ----
[INFO] [stdout] error[E0425]: cannot find function `json_to_hash_str_any` in this scope
[INFO] [stdout]    --> src/types/mod.rs:330:20
[INFO] [stdout]     |
[INFO] [stdout] 330 | let hash_str_any = json_to_hash_str_any(json);
[INFO] [stdout]     |                    ^^^^^^^^^^^^^^^^^^^^ not found in this scope
[INFO] [stdout] 
[INFO] [stdout] error: aborting due to 1 previous error
[INFO] [stdout] 
[INFO] [stdout] For more information about this error, try `rustc --explain E0425`.
[INFO] [stdout] Couldn't compile the test.
[INFO] [stdout] ---- src/types/mod.rs - types::USSDData::json_to_hash_str_any (line 225) stdout ----
[INFO] [stdout] error[E0425]: cannot find function `json_to_hash_str_any` in this scope
[INFO] [stdout]    --> src/types/mod.rs:234:20
[INFO] [stdout]     |
[INFO] [stdout] 234 | let hash_str_any = json_to_hash_str_any(json);
[INFO] [stdout]     |                    ^^^^^^^^^^^^^^^^^^^^ not found in this scope
[INFO] [stdout] 
[INFO] [stdout] error: aborting due to 1 previous error
[INFO] [stdout] 
[INFO] [stdout] For more information about this error, try `rustc --explain E0425`.
[INFO] [stdout] Couldn't compile the test.
[INFO] [stdout] ---- src/utils/expr.rs - utils::expr::evaluate_expression_op (line 114) stdout ----
[INFO] [stdout] error[E0432]: unresolved import `crate::utils`
[INFO] [stdout]    --> src/utils/expr.rs:115:12
[INFO] [stdout]     |
[INFO] [stdout] 115 | use crate::utils::evaluate_expression_op;
[INFO] [stdout]     |            ^^^^^ could not find `utils` in the crate root
[INFO] [stdout] 
[INFO] [stdout] error[E0432]: unresolved import `crate::ussd_session`
[INFO] [stdout]    --> src/utils/expr.rs:116:12
[INFO] [stdout]     |
[INFO] [stdout] 116 | use crate::ussd_session::USSDSession;
[INFO] [stdout]     |            ^^^^^^^^^^^^ could not find `ussd_session` in the crate root
[INFO] [stdout] 
[INFO] [stdout] error: aborting due to 2 previous errors
[INFO] [stdout] 
[INFO] [stdout] For more information about this error, try `rustc --explain E0432`.
[INFO] [stdout] Couldn't compile the test.
[INFO] [stdout] ---- src/types/mod.rs - types::USSDData::get_nested_value (line 178) stdout ----
[INFO] [stdout] error[E0433]: cannot find type `HashMap` in this scope
[INFO] [stdout]    --> src/types/mod.rs:180:18
[INFO] [stdout]     |
[INFO] [stdout] 180 |   let mut dict = HashMap::new();
[INFO] [stdout]     |                  ^^^^^^^ use of undeclared type `HashMap`
[INFO] [stdout]     |
[INFO] [stdout] help: consider importing this struct
[INFO] [stdout]     |
[INFO] [stdout] 178 + use std::collections::HashMap;
[INFO] [stdout]     |
[INFO] [stdout] 
[INFO] [stdout] error[E0433]: cannot find type `USSDData` in this scope
[INFO] [stdout]    --> src/types/mod.rs:179:12
[INFO] [stdout]     |
[INFO] [stdout] 179 | let dict = USSDData::Dict({
[INFO] [stdout]     |            ^^^^^^^^ use of undeclared type `USSDData`
[INFO] [stdout] 
[INFO] [stdout] error[E0433]: cannot find type `USSDData` in this scope
[INFO] [stdout]    --> src/types/mod.rs:181:33
[INFO] [stdout]     |
[INFO] [stdout] 181 |  dict.insert("one".to_string(), USSDData::Str("1".to_string()));
[INFO] [stdout]     |                                 ^^^^^^^^ use of undeclared type `USSDData`
[INFO] [stdout] 
[INFO] [stdout] error[E0433]: cannot find type `USSDData` in this scope
[INFO] [stdout]    --> src/types/mod.rs:182:32
[INFO] [stdout]     |
[INFO] [stdout] 182 | dict.insert("two".to_string(), USSDData::Str("2".to_string()));
[INFO] [stdout]     |                                ^^^^^^^^ use of undeclared type `USSDData`
[INFO] [stdout] 
[INFO] [stdout] error: aborting due to 4 previous errors
[INFO] [stdout] 
[INFO] [stdout] For more information about this error, try `rustc --explain E0433`.
[INFO] [stdout] Couldn't compile the test.
[INFO] [stdout] ---- src/types/mod.rs - types::hash_str_any_to_json (line 377) stdout ----
[INFO] [stdout] error[E0433]: cannot find type `HashMap` in this scope
[INFO] [stdout]    --> src/types/mod.rs:382:19
[INFO] [stdout]     |
[INFO] [stdout] 382 |    let mut dict = HashMap::new();
[INFO] [stdout]     |                   ^^^^^^^ use of undeclared type `HashMap`
[INFO] [stdout]     |
[INFO] [stdout] help: consider importing this struct
[INFO] [stdout]     |
[INFO] [stdout] 377 + use std::collections::HashMap;
[INFO] [stdout]     |
[INFO] [stdout] 
[INFO] [stdout] error[E0433]: cannot find type `USSDData` in this scope
[INFO] [stdout]    --> src/types/mod.rs:381:20
[INFO] [stdout]     |
[INFO] [stdout] 381 | let hash_str_any = USSDData::Dict({
[INFO] [stdout]     |                    ^^^^^^^^ use of undeclared type `USSDData`
[INFO] [stdout] 
[INFO] [stdout] error[E0433]: cannot find type `USSDData` in this scope
[INFO] [stdout]    --> src/types/mod.rs:383:34
[INFO] [stdout]     |
[INFO] [stdout] 383 |   dict.insert("one".to_string(), USSDData::Str("1".to_string()));
[INFO] [stdout]     |                                  ^^^^^^^^ use of undeclared type `USSDData`
[INFO] [stdout] 
[INFO] [stdout] error[E0433]: cannot find type `USSDData` in this scope
[INFO] [stdout]    --> src/types/mod.rs:384:33
[INFO] [stdout]     |
[INFO] [stdout] 384 |  dict.insert("two".to_string(), USSDData::Str("2".to_string()));
[INFO] [stdout]     |                                 ^^^^^^^^ use of undeclared type `USSDData`
[INFO] [stdout] 
[INFO] [stdout] error[E0425]: cannot find function `hash_str_any_to_json` in this scope
[INFO] [stdout]    --> src/types/mod.rs:388:12
[INFO] [stdout]     |
[INFO] [stdout] 388 | let json = hash_str_any_to_json(hash_str_any);
[INFO] [stdout]     |            ^^^^^^^^^^^^^^^^^^^^ not found in this scope
[INFO] [stdout] 
[INFO] [stdout] error: aborting due to 5 previous errors
[INFO] [stdout] 
[INFO] [stdout] Some errors have detailed explanations: E0425, E0433.
[INFO] [stdout] For more information about an error, try `rustc --explain E0425`.
[INFO] [stdout] Couldn't compile the test.
[INFO] [stdout] ---- src/log/mod.rs - log::info (line 41) stdout ----
[INFO] [stdout] error: cannot find macro `info` in this scope
[INFO] [stdout]   --> src/log/mod.rs:42:1
[INFO] [stdout]    |
[INFO] [stdout] 42 | info!("Invalid input: {}", input);
[INFO] [stdout]    | ^^^^
[INFO] [stdout] 
[INFO] [stdout] error: aborting due to 1 previous error
[INFO] [stdout] 
[INFO] [stdout] Couldn't compile the test.
[INFO] [stdout] 
[INFO] [stdout] failures:
[INFO] [stdout]     src/log/mod.rs - log::debug (line 92)
[INFO] [stdout]     src/log/mod.rs - log::error (line 58)
[INFO] [stdout]     src/log/mod.rs - log::info (line 41)
[INFO] [stdout]     src/log/mod.rs - log::trace (line 109)
[INFO] [stdout]     src/log/mod.rs - log::warning (line 75)
[INFO] [stdout]     src/types/mod.rs - types::USSDData::get_nested_value (line 178)
[INFO] [stdout]     src/types/mod.rs - types::USSDData::hash_str_any_to_json (line 254)
[INFO] [stdout]     src/types/mod.rs - types::USSDData::json_to_hash_str_any (line 225)
[INFO] [stdout]     src/types/mod.rs - types::hash_str_any_to_json (line 377)
[INFO] [stdout]     src/types/mod.rs - types::json_to_hash_str_any (line 321)
[INFO] [stdout]     src/utils/expr.rs - utils::expr::compare_strings (line 195)
[INFO] [stdout]     src/utils/expr.rs - utils::expr::evaluate_expression (line 39)
[INFO] [stdout]     src/utils/expr.rs - utils::expr::evaluate_expression_op (line 114)
[INFO] [stdout] 
[INFO] [stdout] test result: FAILED. 1 passed; 13 failed; 0 ignored; 0 measured; 0 filtered out; finished in 1.75s
[INFO] [stdout] 
[INFO] [stderr] error: doctest failed, to rerun pass `--doc`
[INFO] running `Command { std: "docker" "inspect" "e312d5d1aff1efa9fbe0e433cabe745e98e6046fc41b5d2931f26190461884cb", kill_on_drop: false }`
[INFO] running `Command { std: "docker" "rm" "-f" "e312d5d1aff1efa9fbe0e433cabe745e98e6046fc41b5d2931f26190461884cb", kill_on_drop: false }`
[INFO] [stdout] e312d5d1aff1efa9fbe0e433cabe745e98e6046fc41b5d2931f26190461884cb
