[INFO] cloning repository https://github.com/BowlingX/super-release
[INFO] running `Command { std: "git" "-c" "credential.helper=" "-c" "credential.helper=/workspace/cargo-home/bin/git-credential-null" "clone" "--bare" "https://github.com/BowlingX/super-release" "/workspace/cache/git-repos/https%3A%2F%2Fgithub.com%2FBowlingX%2Fsuper-release", kill_on_drop: false }`
[INFO] [stderr] Cloning into bare repository '/workspace/cache/git-repos/https%3A%2F%2Fgithub.com%2FBowlingX%2Fsuper-release'...
[INFO] running `Command { std: "git" "rev-parse" "HEAD", kill_on_drop: false }`
[INFO] [stdout] 0512a9f2303d5fcf8fd25440af3f12c99f02fade
[INFO] testing BowlingX/super-release against 1.97.0-beta.6 for beta-1.98-2
[INFO] running `Command { std: "git" "clone" "/workspace/cache/git-repos/https%3A%2F%2Fgithub.com%2FBowlingX%2Fsuper-release" "/workspace/builds/worker-4-tc1/source", kill_on_drop: false }`
[INFO] [stderr] Cloning into '/workspace/builds/worker-4-tc1/source'...
[INFO] [stderr] done.
[INFO] removed /workspace/builds/worker-4-tc1/source/rust-toolchain.toml
[INFO] started tweaking git repo https://github.com/BowlingX/super-release
[INFO] finished tweaking git repo https://github.com/BowlingX/super-release
[INFO] tweaked toml for git repo https://github.com/BowlingX/super-release written to /workspace/builds/worker-4-tc1/source/Cargo.toml
[INFO] validating manifest of git repo https://github.com/BowlingX/super-release on toolchain 1.97.0-beta.6
[INFO] running `Command { std: CARGO_HOME="/workspace/cargo-home" RUSTUP_HOME="/workspace/rustup-home" "/workspace/cargo-home/bin/cargo" "+1.97.0-beta.6" "metadata" "--manifest-path" "Cargo.toml" "--no-deps", kill_on_drop: false }`
[INFO] crate git repo https://github.com/BowlingX/super-release already has a lockfile, it will not be regenerated
[INFO] running `Command { std: CARGO_HOME="/workspace/cargo-home" RUSTUP_HOME="/workspace/rustup-home" "/workspace/cargo-home/bin/cargo" "+1.97.0-beta.6" "fetch" "--manifest-path" "Cargo.toml", kill_on_drop: false }`
[INFO] [stderr]     Updating crates.io index
[INFO] [stderr]     Blocking waiting for file lock on package cache
[INFO] [stderr]  Downloading crates ...
[INFO] [stderr]   Downloaded arraydeque v0.5.1
[INFO] [stderr]   Downloaded encoding_rs_io v0.1.7
[INFO] [stderr]   Downloaded annotate-snippets v0.12.16
[INFO] [stderr]   Downloaded normalize-line-endings v0.3.0
[INFO] [stderr]   Downloaded secrecy v0.10.3
[INFO] [stderr]   Downloaded num-iter v0.1.46
[INFO] [stderr]   Downloaded secrecy v0.8.0
[INFO] [stderr]   Downloaded zeroize_derive v1.5.0
[INFO] [stderr]   Downloaded difflib v0.4.0
[INFO] [stderr]   Downloaded predicates-core v1.0.10
[INFO] [stderr]   Downloaded float-cmp v0.10.0
[INFO] [stderr]   Downloaded http-serde v2.1.1
[INFO] [stderr]   Downloaded uuid-simd v0.8.0
[INFO] [stderr]   Downloaded cargo-platform v0.3.3
[INFO] [stderr]   Downloaded borrow-or-share v0.2.4
[INFO] [stderr]   Downloaded crossbeam-deque v0.8.7
[INFO] [stderr]   Downloaded predicates v3.1.4
[INFO] [stderr]   Downloaded snafu-derive v0.8.9
[INFO] [stderr]   Downloaded simple_asn1 v0.6.4
[INFO] [stderr]   Downloaded jsonschema-regex v0.47.0
[INFO] [stderr]   Downloaded num-cmp v0.1.0
[INFO] [stderr]   Downloaded glob-match v0.2.1
[INFO] [stderr]   Downloaded globwalk v0.9.1
[INFO] [stderr]   Downloaded humansize v2.1.3
[INFO] [stderr]   Downloaded serde_regex v1.2.0
[INFO] [stderr]   Downloaded include-flate-compress v0.3.4
[INFO] [stderr]   Downloaded slug v0.1.6
[INFO] [stderr]   Downloaded libflate_lz77 v2.3.0
[INFO] [stderr]   Downloaded proc-macro-error-attr3 v3.0.2
[INFO] [stderr]   Downloaded include-flate-codegen v0.3.4
[INFO] [stderr]   Downloaded wasm-bindgen-futures v0.4.76
[INFO] [stderr]   Downloaded miette-derive v5.10.0
[INFO] [stderr]   Downloaded email_address v0.2.9
[INFO] [stderr]   Downloaded chrono-tz-build v0.3.0
[INFO] [stderr]   Downloaded include-flate v0.3.4
[INFO] [stderr]   Downloaded rust-embed-impl v8.12.0
[INFO] [stderr]   Downloaded crossbeam-epoch v0.9.20
[INFO] [stderr]   Downloaded time-macros v0.2.31
[INFO] [stderr]   Downloaded next_version v0.2.26
[INFO] [stderr]   Downloaded sha-1 v0.10.1
[INFO] [stderr]   Downloaded sha1 v0.10.7
[INFO] [stderr]   Downloaded unty v0.0.4
[INFO] [stderr]   Downloaded bincode_derive v2.0.1
[INFO] [stderr]   Downloaded predicates-tree v1.0.13
[INFO] [stderr]   Downloaded bytecount v0.6.9
[INFO] [stderr]   Downloaded pest_generator v2.8.7
[INFO] [stderr]   Downloaded globset v0.4.18
[INFO] [stderr]   Downloaded cargo_metadata v0.23.1
[INFO] [stderr]   Downloaded camino v1.2.4
[INFO] [stderr]   Downloaded unicode-general-category v1.1.0
[INFO] [stderr]   Downloaded console v0.16.4
[INFO] [stderr]   Downloaded rust-embed-utils v8.12.0
[INFO] [stderr]   Downloaded reqwest-middleware v0.4.2
[INFO] [stderr]   Downloaded http-cache-reqwest v0.15.1
[INFO] [stderr]   Downloaded http-cache-semantics v2.1.1
[INFO] [stderr]   Downloaded git-conventional v0.12.9
[INFO] [stderr]   Downloaded xxhash-rust v0.8.16
[INFO] [stderr]   Downloaded ssri v9.2.0
[INFO] [stderr]   Downloaded reflink-copy v0.1.30
[INFO] [stderr]   Downloaded hashlink v0.11.1
[INFO] [stderr]   Downloaded assert_cmd v2.2.2
[INFO] [stderr]   Downloaded pest_meta v2.8.7
[INFO] [stderr]   Downloaded pest_derive v2.8.7
[INFO] [stderr]   Downloaded referencing v0.47.0
[INFO] [stderr]   Downloaded micromap v0.3.0
[INFO] [stderr]   Downloaded fluent-uri v0.4.1
[INFO] [stderr]   Downloaded libflate v2.3.0
[INFO] [stderr]   Downloaded proc-macro-error3 v3.0.2
[INFO] [stderr]   Downloaded snafu v0.8.9
[INFO] [stderr]   Downloaded http-cache v0.20.1
[INFO] [stderr]   Downloaded cacache v13.1.0
[INFO] [stderr]   Downloaded virtue v0.0.18
[INFO] [stderr]   Downloaded arc-swap v1.9.2
[INFO] [stderr]   Downloaded indicatif v0.18.6
[INFO] [stderr]   Downloaded jsonc-parser v0.33.0
[INFO] [stderr]   Downloaded granit-parser v0.0.7
[INFO] [stderr]   Downloaded ignore v0.4.28
[INFO] [stderr]   Downloaded rle-decode-fast v1.0.3
[INFO] [stderr]   Downloaded jsonwebtoken v10.4.0
[INFO] [stderr]   Downloaded config v0.15.25
[INFO] [stderr]   Downloaded yaml-rust2 v0.11.0
[INFO] [stderr]   Downloaded git-cliff-core v2.13.1
[INFO] [stderr]   Downloaded parse-zoneinfo v0.3.1
[INFO] [stderr]   Downloaded miette v5.10.0
[INFO] [stderr]   Downloaded num-bigint v0.4.8
[INFO] [stderr]   Downloaded bincode v2.0.1
[INFO] [stderr]   Downloaded fraction v0.15.4
[INFO] [stderr]   Downloaded tera v1.20.1
[INFO] [stderr]   Downloaded pest v2.8.7
[INFO] [stderr]   Downloaded fancy-regex v0.18.0
[INFO] [stderr]   Downloaded deunicode v1.6.2
[INFO] [stderr]   Downloaded git2 v0.21.0
[INFO] [stderr]   Downloaded time v0.3.53
[INFO] [stderr]   Downloaded jsonschema v0.47.0
[INFO] [stderr]   Downloaded bstr v1.12.3
[INFO] [stderr]   Downloaded chrono-tz v0.9.0
[INFO] [stderr]   Downloaded octocrab v0.54.0
[INFO] [stderr]   Downloaded serde-saphyr v0.0.29
[INFO] [stderr]   Downloaded web-sys v0.3.103
[INFO] [stderr]   Downloaded rust-embed v8.12.0
[INFO] [stderr]   Downloaded libz-sys v1.1.29
[INFO] [stderr]   Downloaded libgit2-sys v0.18.5+1.9.4
[INFO] running `Command { std: "docker" "create" "-v" "/var/lib/crater-agent-workspace/builds/worker-4-tc1/source:/opt/rustwide/workdir:ro,Z" "-v" "/var/lib/crater-agent-workspace/builds/worker-4-tc1/target:/opt/rustwide/target:rw,Z" "-v" "/var/lib/crater-agent-workspace/cargo-home:/opt/rustwide/cargo-home:ro,Z" "-v" "/var/lib/crater-agent-workspace/rustup-home:/opt/rustwide/rustup-home:ro,Z" "-m" "1610612736" "--network" "none" "ghcr.io/rust-lang/crates-build-env/linux@sha256:3d5ced03c013a94a2f102a4510f48a6e9184255caf5fd8244f58017bde7f5210" "sleep" "infinity", kill_on_drop: false }`
[INFO] [stdout] 1815b970491a483744e25573e693663928de8814de6dad2aaee89e2eb40c470f
[INFO] running `Command { std: "docker" "start" "1815b970491a483744e25573e693663928de8814de6dad2aaee89e2eb40c470f", kill_on_drop: false }`
[INFO] running `Command { std: "docker" "inspect" "1815b970491a483744e25573e693663928de8814de6dad2aaee89e2eb40c470f", kill_on_drop: false }`
[INFO] running `Command { std: "docker" "exec" "-e" "SOURCE_DIR=/opt/rustwide/workdir" "-e" "CARGO_HOME=/opt/rustwide/cargo-home" "-e" "RUSTUP_HOME=/opt/rustwide/rustup-home" "-e" "CARGO_TARGET_DIR=/opt/rustwide/target" "-w" "/opt/rustwide/workdir" "--user" "0:0" "1815b970491a483744e25573e693663928de8814de6dad2aaee89e2eb40c470f" "/opt/rustwide/cargo-home/bin/cargo" "+1.97.0-beta.6" "metadata" "--no-deps" "--format-version=1", kill_on_drop: false }`
[INFO] running `Command { std: "docker" "inspect" "1815b970491a483744e25573e693663928de8814de6dad2aaee89e2eb40c470f", kill_on_drop: false }`
[INFO] running `Command { std: "docker" "exec" "-e" "SOURCE_DIR=/opt/rustwide/workdir" "-e" "CARGO_HOME=/opt/rustwide/cargo-home" "-e" "RUSTUP_HOME=/opt/rustwide/rustup-home" "-e" "CARGO_TARGET_DIR=/opt/rustwide/target" "-e" "CARGO_INCREMENTAL=0" "-e" "RUST_BACKTRACE=full" "-e" "RUSTFLAGS=--cap-lints=warn" "-e" "RUSTDOCFLAGS=--cap-lints=warn" "-w" "/opt/rustwide/workdir" "--user" "0:0" "1815b970491a483744e25573e693663928de8814de6dad2aaee89e2eb40c470f" "/opt/rustwide/cargo-home/bin/cargo" "+1.97.0-beta.6" "build" "--frozen" "--message-format=json", kill_on_drop: false }`
[INFO] [stderr]    Compiling quote v1.0.46
[INFO] [stderr]    Compiling memchr v2.8.3
[INFO] [stderr]    Compiling serde_core v1.0.228
[INFO] [stderr]    Compiling typenum v1.20.1
[INFO] [stderr]    Compiling serde v1.0.228
[INFO] [stderr]    Compiling itoa v1.0.18
[INFO] [stderr]    Compiling generic-array v0.14.9
[INFO] [stderr]    Compiling smallvec v1.15.2
[INFO] [stderr]    Compiling pin-project-lite v0.2.17
[INFO] [stderr]    Compiling once_cell v1.21.4
[INFO] [stderr]    Compiling bytes v1.12.1
[INFO] [stderr]    Compiling futures-core v0.3.32
[INFO] [stderr]    Compiling stable_deref_trait v1.2.1
[INFO] [stderr]    Compiling num-traits v0.2.19
[INFO] [stderr]    Compiling jobserver v0.1.35
[INFO] [stderr]    Compiling getrandom v0.2.17
[INFO] [stderr]    Compiling zmij v1.0.21
[INFO] [stderr]    Compiling socket2 v0.6.4
[INFO] [stderr]    Compiling mio v1.2.1
[INFO] [stderr]    Compiling futures-sink v0.3.32
[INFO] [stderr]    Compiling log v0.4.33
[INFO] [stderr]    Compiling futures-channel v0.3.32
[INFO] [stderr]    Compiling rand_core v0.6.4
[INFO] [stderr]    Compiling cc v1.2.67
[INFO] [stderr]    Compiling allocator-api2 v0.2.21
[INFO] [stderr]    Compiling syn v2.0.118
[INFO] [stderr]    Compiling percent-encoding v2.3.2
[INFO] [stderr]    Compiling base64ct v1.8.3
[INFO] [stderr]    Compiling foldhash v0.2.0
[INFO] [stderr]    Compiling zstd-safe v7.2.4
[INFO] [stderr]    Compiling litemap v0.8.2
[INFO] [stderr]    Compiling zerocopy v0.8.54
[INFO] [stderr]    Compiling writeable v0.6.3
[INFO] [stderr]    Compiling futures-io v0.3.32
[INFO] [stderr]    Compiling pem-rfc7468 v0.7.0
[INFO] [stderr]    Compiling futures-task v0.3.32
[INFO] [stderr]    Compiling slab v0.4.12
[INFO] [stderr]    Compiling icu_properties_data v2.2.0
[INFO] [stderr]    Compiling icu_normalizer_data v2.2.0
[INFO] [stderr]    Compiling http v1.4.2
[INFO] [stderr]    Compiling serde_json v1.0.150
[INFO] [stderr]    Compiling siphasher v1.0.3
[INFO] [stderr]    Compiling regex-syntax v0.8.11
[INFO] [stderr]    Compiling hashbrown v0.16.1
[INFO] [stderr]    Compiling aho-corasick v1.1.4
[INFO] [stderr]    Compiling tracing-core v0.1.36
[INFO] [stderr]    Compiling untrusted v0.9.0
[INFO] [stderr]    Compiling crossbeam-utils v0.8.22
[INFO] [stderr]    Compiling phf_shared v0.11.3
[INFO] [stderr]    Compiling num-integer v0.1.46
[INFO] [stderr]    Compiling form_urlencoded v1.2.2
[INFO] [stderr]    Compiling time-core v0.1.9
[INFO] [stderr]    Compiling num-conv v0.2.2
[INFO] [stderr]    Compiling crc32fast v1.5.0
[INFO] [stderr]    Compiling thiserror v2.0.18
[INFO] [stderr]    Compiling hybrid-array v0.4.13
[INFO] [stderr]    Compiling crossbeam-epoch v0.9.20
[INFO] [stderr]    Compiling spin v0.9.8
[INFO] [stderr]    Compiling rustls v0.23.41
[INFO] [stderr]    Compiling time-macros v0.2.31
[INFO] [stderr]    Compiling lazy_static v1.5.0
[INFO] [stderr]    Compiling rand v0.8.7
[INFO] [stderr]    Compiling no_std_io2 v0.9.4
[INFO] [stderr]    Compiling ff v0.13.1
[INFO] [stderr]    Compiling deranged v0.5.8
[INFO] [stderr]    Compiling powerfmt v0.2.0
[INFO] [stderr]    Compiling ipnet v2.12.0
[INFO] [stderr]    Compiling base16ct v0.2.0
[INFO] [stderr]    Compiling crossbeam-deque v0.8.7
[INFO] [stderr]    Compiling rle-decode-fast v1.0.3
[INFO] [stderr]    Compiling compression-core v0.4.32
[INFO] [stderr]    Compiling http-body v1.0.1
[INFO] [stderr]    Compiling unicase v2.9.0
[INFO] [stderr]    Compiling libflate_lz77 v2.3.0
[INFO] [stderr]    Compiling phf_generator v0.11.3
[INFO] [stderr]    Compiling block-buffer v0.12.1
[INFO] [stderr]    Compiling crypto-common v0.2.2
[INFO] [stderr]    Compiling group v0.13.0
[INFO] [stderr]    Compiling num-bigint v0.4.8
[INFO] [stderr]    Compiling zstd-sys v2.0.16+zstd.1.5.7
[INFO] [stderr]    Compiling ring v0.17.14
[INFO] [stderr]    Compiling num-iter v0.1.46
[INFO] [stderr]    Compiling sync_wrapper v1.0.2
[INFO] [stderr]    Compiling const-oid v0.10.2
[INFO] [stderr]    Compiling getrandom v0.4.3
[INFO] [stderr]    Compiling adler32 v1.2.0
[INFO] [stderr]    Compiling dary_heap v0.3.9
[INFO] [stderr]    Compiling openssl-probe v0.2.1
[INFO] [stderr]    Compiling libflate v2.3.0
[INFO] [stderr]    Compiling phf_codegen v0.11.3
[INFO] [stderr]    Compiling http-body-util v0.1.3
[INFO] [stderr]    Compiling phf v0.11.3
[INFO] [stderr]    Compiling time v0.3.53
[INFO] [stderr]    Compiling proc-macro-error-attr3 v3.0.2
[INFO] [stderr]    Compiling cpufeatures v0.3.0
[INFO] [stderr]    Compiling digest v0.11.3
[INFO] [stderr]    Compiling regex-automata v0.4.15
[INFO] [stderr]    Compiling camino v1.2.4
[INFO] [stderr]    Compiling unicode-width v0.1.14
[INFO] [stderr]    Compiling semver v1.0.28
[INFO] [stderr]    Compiling ucd-trie v0.1.7
[INFO] [stderr]    Compiling pest v2.8.7
[INFO] [stderr]    Compiling rustc_version v0.4.1
[INFO] [stderr]    Compiling libz-sys v1.1.29
[INFO] [stderr]    Compiling sha2 v0.11.0
[INFO] [stderr]    Compiling mime_guess v2.0.5
[INFO] [stderr]    Compiling curve25519-dalek v4.1.3
[INFO] [stderr]    Compiling bstr v1.12.3
[INFO] [stderr]    Compiling ahash v0.8.12
[INFO] [stderr]    Compiling encoding_rs v0.8.35
[INFO] [stderr]    Compiling anyhow v1.0.103
[INFO] [stderr]    Compiling hex v0.4.3
[INFO] [stderr]    Compiling xxhash-rust v0.8.16
[INFO] [stderr]    Compiling arraydeque v0.5.1
[INFO] [stderr]    Compiling num-bigint-dig v0.8.6
[INFO] [stderr]    Compiling parking_lot_core v0.9.12
[INFO] [stderr]    Compiling either v1.16.0
[INFO] [stderr]    Compiling ref-cast v1.0.25
[INFO] [stderr]    Compiling winnow v1.0.3
[INFO] [stderr]    Compiling tempfile v3.27.0
[INFO] [stderr]    Compiling synstructure v0.13.2
[INFO] [stderr]    Compiling proc-macro-error3 v3.0.2
[INFO] [stderr]    Compiling pest_meta v2.8.7
[INFO] [stderr]    Compiling cargo-platform v0.3.3
[INFO] [stderr]    Compiling serde_spanned v1.1.1
[INFO] [stderr]    Compiling reflink-copy v0.1.30
[INFO] [stderr]    Compiling hashbrown v0.17.1
[INFO] [stderr]    Compiling memmap2 v0.5.10
[INFO] [stderr]    Compiling regex v1.13.0
[INFO] [stderr]    Compiling mime v0.3.17
[INFO] [stderr]    Compiling rustversion v1.0.23
[INFO] [stderr]    Compiling unicode-width v0.2.2
[INFO] [stderr]    Compiling winnow v0.7.15
[INFO] [stderr]    Compiling ppv-lite86 v0.2.21
[INFO] [stderr]    Compiling parse-zoneinfo v0.3.1
[INFO] [stderr]    Compiling toml_parser v1.1.2+spec-1.1.0
[INFO] [stderr]    Compiling rust-embed-utils v8.12.0
[INFO] [stderr]    Compiling rand_chacha v0.3.1
[INFO] [stderr]    Compiling num-rational v0.4.2
[INFO] [stderr]    Compiling pest_generator v2.8.7
[INFO] [stderr]    Compiling toml_datetime v1.1.1+spec-1.1.0
[INFO] [stderr]    Compiling chrono-tz-build v0.3.0
[INFO] [stderr]    Compiling libgit2-sys v0.18.5+1.9.4
[INFO] [stderr]    Compiling hashlink v0.11.1
[INFO] [stderr]    Compiling num-complex v0.4.6
[INFO] [stderr]    Compiling zeroize_derive v1.5.0
[INFO] [stderr]    Compiling serde_derive v1.0.228
[INFO] [stderr]    Compiling zerofrom-derive v0.1.7
[INFO] [stderr]    Compiling yoke-derive v0.8.2
[INFO] [stderr]    Compiling zerovec-derive v0.11.3
[INFO] [stderr]    Compiling tokio-macros v2.7.0
[INFO] [stderr]    Compiling displaydoc v0.2.6
[INFO] [stderr]    Compiling futures-macro v0.3.32
[INFO] [stderr]    Compiling tracing-attributes v0.1.31
[INFO] [stderr]    Compiling zeroize v1.9.0
[INFO] [stderr]    Compiling thiserror-impl v2.0.18
[INFO] [stderr]    Compiling thiserror-impl v1.0.69
[INFO] [stderr]    Compiling tokio v1.52.3
[INFO] [stderr]    Compiling der v0.7.10
[INFO] [stderr]    Compiling rustls-pki-types v1.15.0
[INFO] [stderr]    Compiling futures-util v0.3.32
[INFO] [stderr]    Compiling miette-derive v5.10.0
[INFO] [stderr]    Compiling block-buffer v0.10.4
[INFO] [stderr]    Compiling crypto-common v0.1.6
[INFO] [stderr]    Compiling rustls-webpki v0.103.13
[INFO] [stderr]    Compiling zerofrom v0.1.8
[INFO] [stderr]    Compiling digest v0.10.7
[INFO] [stderr]    Compiling yoke v0.8.3
[INFO] [stderr]    Compiling crypto-bigint v0.5.5
[INFO] [stderr]    Compiling sha2 v0.10.9
[INFO] [stderr]    Compiling hmac v0.12.1
[INFO] [stderr]    Compiling zerovec v0.11.6
[INFO] [stderr]    Compiling zerotrie v0.2.4
[INFO] [stderr]    Compiling signature v2.2.0
[INFO] [stderr]    Compiling hkdf v0.12.4
[INFO] [stderr]    Compiling thiserror v1.0.69
[INFO] [stderr]    Compiling tracing v0.1.44
[INFO] [stderr]    Compiling rustls-native-certs v0.8.4
[INFO] [stderr]    Compiling webpki-roots v1.0.8
[INFO] [stderr]    Compiling miette v5.10.0
[INFO] [stderr]    Compiling rfc6979 v0.4.0
[INFO] [stderr]    Compiling sha-1 v0.10.1
[INFO] [stderr]    Compiling async-trait v0.1.89
[INFO] [stderr]    Compiling sha1 v0.10.7
[INFO] [stderr]    Compiling spki v0.7.3
[INFO] [stderr]    Compiling globset v0.4.18
[INFO] [stderr]    Compiling chrono-tz v0.9.0
[INFO] [stderr]    Compiling ref-cast-impl v1.0.25
[INFO] [stderr]    Compiling pkcs8 v0.10.2
[INFO] [stderr]    Compiling curve25519-dalek-derive v0.1.1
[INFO] [stderr]    Compiling tinystr v0.8.3
[INFO] [stderr]    Compiling potential_utf v0.1.5
[INFO] [stderr]    Compiling icu_collections v2.2.0
[INFO] [stderr]    Compiling sec1 v0.7.3
[INFO] [stderr]    Compiling icu_locale_core v2.2.0
[INFO] [stderr]    Compiling pkcs1 v0.7.5
[INFO] [stderr]    Compiling ignore v0.4.28
[INFO] [stderr]    Compiling elliptic-curve v0.13.8
[INFO] [stderr]    Compiling ed25519 v2.2.3
[INFO] [stderr]    Compiling httpdate v1.0.3
[INFO] [stderr]    Compiling primeorder v0.13.6
[INFO] [stderr]    Compiling ecdsa v0.16.9
[INFO] [stderr]    Compiling borrow-or-share v0.2.4
[INFO] [stderr]    Compiling rayon-core v1.13.0
[INFO] [stderr]    Compiling virtue v0.0.18
[INFO] [stderr]    Compiling portable-atomic v1.13.1
[INFO] [stderr]    Compiling bit-vec v0.8.0
[INFO] [stderr]    Compiling deunicode v1.6.2
[INFO] [stderr]    Compiling unicode-general-category v1.1.0
[INFO] [stderr]    Compiling slug v0.1.6
[INFO] [stderr]    Compiling bit-set v0.8.0
[INFO] [stderr]    Compiling p384 v0.13.1
[INFO] [stderr]    Compiling p256 v0.13.2
[INFO] [stderr]    Compiling globwalk v0.9.1
[INFO] [stderr]    Compiling simple_asn1 v0.6.4
[INFO] [stderr]    Compiling icu_provider v2.2.0
[INFO] [stderr]    Compiling bincode_derive v2.0.1
[INFO] [stderr]    Compiling ed25519-dalek v2.2.0
[INFO] [stderr]    Compiling icu_properties v2.2.0
[INFO] [stderr]    Compiling icu_normalizer v2.2.0
[INFO] [stderr]    Compiling rsa v0.9.10
[INFO] [stderr]    Compiling pest_derive v2.8.7
[INFO] [stderr]    Compiling futures-executor v0.3.32
[INFO] [stderr]    Compiling num v0.4.3
[INFO] [stderr]    Compiling yaml-rust2 v0.11.0
[INFO] [stderr]    Compiling http-serde v2.1.1
[INFO] [stderr]    Compiling serde_urlencoded v0.7.1
[INFO] [stderr]    Compiling chrono v0.4.45
[INFO] [stderr]    Compiling futures v0.3.32
[INFO] [stderr]    Compiling ssri v9.2.0
[INFO] [stderr]    Compiling http-cache-semantics v2.1.1
[INFO] [stderr]    Compiling cargo_metadata v0.23.1
[INFO] [stderr]    Compiling bincode v1.3.3
[INFO] [stderr]    Compiling fluent-uri v0.4.1
[INFO] [stderr]    Compiling git-conventional v0.12.9
[INFO] [stderr]    Compiling rust-embed-impl v8.12.0
[INFO] [stderr]    Compiling async-stream-impl v0.3.6
[INFO] [stderr]    Compiling pin-project-internal v1.1.13
[INFO] [stderr]    Compiling snafu-derive v0.8.9
[INFO] [stderr]    Compiling toml v1.1.2+spec-1.1.0
[INFO] [stderr]    Compiling parking_lot v0.12.5
[INFO] [stderr]    Compiling toml_datetime v0.7.5+spec-1.1.0
[INFO] [stderr]    Compiling pem v3.0.6
[INFO] [stderr]    Compiling idna_adapter v1.2.2
[INFO] [stderr]    Compiling humansize v2.1.3
[INFO] [stderr]    Compiling unicode-segmentation v1.13.3
[INFO] [stderr]    Compiling pathdiff v0.2.3
[INFO] [stderr]    Compiling idna v1.1.0
[INFO] [stderr]    Compiling unty v0.0.4
[INFO] [stderr]    Compiling outref v0.5.2
[INFO] [stderr]    Compiling toml_writer v1.1.1+spec-1.1.0
[INFO] [stderr]    Compiling vsimd v0.8.0
[INFO] [stderr]    Compiling micromap v0.3.0
[INFO] [stderr]    Compiling config v0.15.25
[INFO] [stderr]    Compiling url v2.5.8
[INFO] [stderr]    Compiling pin-project v1.1.13
[INFO] [stderr]    Compiling next_version v0.2.26
[INFO] [stderr]    Compiling referencing v0.47.0
[INFO] [stderr]    Compiling toml v0.9.12+spec-1.1.0
[INFO] [stderr]    Compiling hyper v1.10.1
[INFO] [stderr]    Compiling tokio-util v0.7.18
[INFO] [stderr]    Compiling tokio-stream v0.1.18
[INFO] [stderr]    Compiling tokio-rustls v0.26.4
[INFO] [stderr]    Compiling octocrab v0.54.0
[INFO] [stderr]    Compiling uuid-simd v0.8.0
[INFO] [stderr]    Compiling bincode v2.0.1
[INFO] [stderr]    Compiling arc-swap v1.9.2
[INFO] [stderr]    Compiling tower v0.5.3
[INFO] [stderr]    Compiling cacache v13.1.0
[INFO] [stderr]    Compiling snafu v0.8.9
[INFO] [stderr]    Compiling jsonwebtoken v10.4.0
[INFO] [stderr]    Compiling async-stream v0.3.6
[INFO] [stderr]    Compiling fraction v0.15.4
[INFO] [stderr]    Compiling email_address v0.2.9
[INFO] [stderr]    Compiling serde_regex v1.2.0
[INFO] [stderr]    Compiling hyper-util v0.1.20
[INFO] [stderr]    Compiling secrecy v0.8.0
[INFO] [stderr]    Compiling fancy-regex v0.18.0
[INFO] [stderr]    Compiling secrecy v0.10.3
[INFO] [stderr]    Compiling zstd v0.13.3
[INFO] [stderr]    Compiling clap_derive v4.6.1
[INFO] [stderr]    Compiling indexmap v2.14.0
[INFO] [stderr]    Compiling http-cache v0.20.1
[INFO] [stderr]    Compiling compression-codecs v0.4.38
[INFO] [stderr]    Compiling include-flate-compress v0.3.4
[INFO] [stderr]    Compiling console v0.16.4
[INFO] [stderr]    Compiling async-compression v0.4.42
[INFO] [stderr]    Compiling include-flate-codegen v0.3.4
[INFO] [stderr]    Compiling tower-http v0.6.11
[INFO] [stderr]    Compiling tera v1.20.1
[INFO] [stderr]    Compiling annotate-snippets v0.12.16
[INFO] [stderr]    Compiling encoding_rs_io v0.1.7
[INFO] [stderr]    Compiling include-flate v0.3.4
[INFO] [stderr]    Compiling granit-parser v0.0.7
[INFO] [stderr]    Compiling rust-embed v8.12.0
[INFO] [stderr]    Compiling jsonschema-regex v0.47.0
[INFO] [stderr]    Compiling serde_path_to_error v0.1.20
[INFO] [stderr]    Compiling etcetera v0.11.0
[INFO] [stderr]    Compiling dyn-clone v1.0.20
[INFO] [stderr]    Compiling urlencoding v2.1.3
[INFO] [stderr]    Compiling hyper-rustls v0.27.9
[INFO] [stderr]    Compiling hyper-timeout v0.5.2
[INFO] [stderr]    Compiling unit-prefix v0.5.2
[INFO] [stderr]    Compiling glob v0.3.3
[INFO] [stderr]    Compiling web-time v1.1.0
[INFO] [stderr]    Compiling data-encoding v2.11.0
[INFO] [stderr]    Compiling nohash-hasher v0.2.0
[INFO] [stderr]    Compiling bytecount v0.6.9
[INFO] [stderr]    Compiling num-cmp v0.1.0
[INFO] [stderr]    Compiling indicatif v0.18.6
[INFO] [stderr]    Compiling rayon v1.12.0
[INFO] [stderr]    Compiling reqwest v0.12.28
[INFO] [stderr]    Compiling jsonc-parser v0.33.0
[INFO] [stderr]    Compiling jsonschema v0.47.0
[INFO] [stderr]    Compiling serde-saphyr v0.0.29
[INFO] [stderr]    Compiling glob-match v0.2.1
[INFO] [stderr]    Compiling clap v4.6.1
[INFO] [stderr]    Compiling reqwest-middleware v0.4.2
[INFO] [stderr]    Compiling http-cache-reqwest v0.15.1
[INFO] [stderr]    Compiling git-cliff-core v2.13.1
[INFO] [stderr]    Compiling git2 v0.21.0
[INFO] [stderr]    Compiling super-release v1.11.1 (/opt/rustwide/workdir)
[INFO] [stderr]     Finished `dev` profile [unoptimized + debuginfo] target(s) in 6m 16s
[INFO] running `Command { std: "docker" "inspect" "1815b970491a483744e25573e693663928de8814de6dad2aaee89e2eb40c470f", kill_on_drop: false }`
[INFO] running `Command { std: "docker" "exec" "-e" "SOURCE_DIR=/opt/rustwide/workdir" "-e" "CARGO_HOME=/opt/rustwide/cargo-home" "-e" "RUSTUP_HOME=/opt/rustwide/rustup-home" "-e" "CARGO_TARGET_DIR=/opt/rustwide/target" "-e" "CARGO_INCREMENTAL=0" "-e" "RUST_BACKTRACE=full" "-e" "RUSTFLAGS=--cap-lints=warn" "-e" "RUSTDOCFLAGS=--cap-lints=warn" "-w" "/opt/rustwide/workdir" "--user" "0:0" "1815b970491a483744e25573e693663928de8814de6dad2aaee89e2eb40c470f" "/opt/rustwide/cargo-home/bin/cargo" "+1.97.0-beta.6" "test" "--frozen" "--no-run" "--message-format=json", kill_on_drop: false }`
[INFO] [stderr]    Compiling bstr v1.12.3
[INFO] [stderr]    Compiling predicates-core v1.0.10
[INFO] [stderr]    Compiling float-cmp v0.10.0
[INFO] [stderr]    Compiling difflib v0.4.0
[INFO] [stderr]    Compiling assert_cmd v2.2.2
[INFO] [stderr]    Compiling termtree v0.5.1
[INFO] [stderr]    Compiling normalize-line-endings v0.3.0
[INFO] [stderr]    Compiling wait-timeout v0.2.1
[INFO] [stderr]    Compiling predicates-tree v1.0.13
[INFO] [stderr]    Compiling globset v0.4.18
[INFO] [stderr]    Compiling predicates v3.1.4
[INFO] [stderr]    Compiling ignore v0.4.28
[INFO] [stderr]    Compiling globwalk v0.9.1
[INFO] [stderr]    Compiling tera v1.20.1
[INFO] [stderr]    Compiling git-cliff-core v2.13.1
[INFO] [stderr]    Compiling super-release v1.11.1 (/opt/rustwide/workdir)
[INFO] [stderr]     Finished `test` profile [unoptimized + debuginfo] target(s) in 38.73s
[INFO] running `Command { std: "docker" "inspect" "1815b970491a483744e25573e693663928de8814de6dad2aaee89e2eb40c470f", kill_on_drop: false }`
[INFO] running `Command { std: "docker" "exec" "-e" "SOURCE_DIR=/opt/rustwide/workdir" "-e" "CARGO_HOME=/opt/rustwide/cargo-home" "-e" "RUSTUP_HOME=/opt/rustwide/rustup-home" "-e" "CARGO_TARGET_DIR=/opt/rustwide/target" "-e" "CARGO_INCREMENTAL=0" "-e" "RUST_BACKTRACE=full" "-e" "RUSTFLAGS=--cap-lints=warn" "-e" "RUSTDOCFLAGS=--cap-lints=warn" "-w" "/opt/rustwide/workdir" "--user" "0:0" "1815b970491a483744e25573e693663928de8814de6dad2aaee89e2eb40c470f" "/opt/rustwide/cargo-home/bin/cargo" "+1.97.0-beta.6" "test" "--frozen", kill_on_drop: false }`
[INFO] [stderr]     Finished `test` profile [unoptimized + debuginfo] target(s) in 0.96s
[INFO] [stderr]      Running unittests src/main.rs (/opt/rustwide/target/debug/deps/super_release-8552575982e273a6)
[INFO] [stdout] 
[INFO] [stdout] running 123 tests
[INFO] [stdout] test commit::tests::test_non_conventional_returns_none ... ok
[INFO] [stdout] test config::branch::tests::test_glob_match_patterns ... ok
[INFO] [stdout] test config::branch::tests::test_maintenance ... ok
[INFO] [stdout] test commit::tests::test_parse_feat ... ok
[INFO] [stdout] test commit::tests::test_parse_breaking_footer ... ok
[INFO] [stdout] test commit::tests::test_parse_perf ... ok
[INFO] [stdout] test commit::tests::test_parse_fix_with_scope ... ok
[INFO] [stdout] test commit::tests::test_body_extraction ... ok
[INFO] [stdout] test commit::tests::test_parse_chore ... ok
[INFO] [stdout] test commit::tests::test_breaking_change_footer_on_any_type ... ok
[INFO] [stdout] test commit::tests::test_no_bump_commit_types ... ok
[INFO] [stdout] test commit::tests::test_bump_commit_types ... ok
[INFO] [stdout] test commit::tests::test_parse_breaking_bang ... ok
[INFO] [stdout] test config::branch::tests::test_prerelease_false_is_stable ... ok
[INFO] [stdout] test config::branch::tests::test_prerelease_fixed_channel ... ok
[INFO] [stdout] test config::branch::tests::test_prerelease_true_uses_branch_name ... ok
[INFO] [stdout] test config::branch::tests::test_simple_branch ... ok
[INFO] [stdout] test config::schema::tests::test_detect_format ... ok
[INFO] [stdout] test config::branch::tests::test_parse_maintenance_range ... ok
[INFO] [stdout] test config::schema::tests::test_parse_config_json ... ok
[INFO] [stdout] test config::schema::tests::test_parse_config_jsonc_with_comments ... ok
[INFO] [stdout] test config::tests::test_default_config ... ok
[INFO] [stdout] test config::tests::test_format_tag_root ... ok
[INFO] [stdout] test config::tests::test_format_tag_semantic_release_compat ... ok
[INFO] [stdout] test config::tests::test_format_tag_custom_templates ... ok
[INFO] [stdout] test config::tests::test_format_tag_subpackage ... ok
[INFO] [stdout] test config::tests::test_glob_match ... ok
[INFO] [stdout] test commit::tests::test_referenced_issues_squash_suffix ... ok
[INFO] [stdout] test commit::tests::test_referenced_issues_ignores_plain_mentions ... ok
[INFO] [stdout] test config::tests::test_parse_yaml_config ... ok
[INFO] [stdout] test commit::tests::test_referenced_issues_merge_commit ... ok
[INFO] [stdout] test forge::github::detect::tests::pr_context_absent ... ok
[INFO] [stdout] test commit::tests::test_referenced_issues_dedupes ... ok
[INFO] [stdout] test forge::github::detect::tests::pr_context_from_top_level_number ... ok
[INFO] [stdout] test commit::tests::test_referenced_issues_closing_keywords ... ok
[INFO] [stdout] test forge::tests::parses_enterprise_and_other_hosts ... ok
[INFO] [stdout] test forge::tests::parses_https_url ... ok
[INFO] [stdout] test forge::tests::rejects_non_repo_urls ... ok
[INFO] [stdout] test forge::tests::web_url_is_host_owner_repo ... ok
[INFO] [stdout] test notes::tests::github_enrichment_failure_is_caught_not_crashed ... ignored, makes a network call to api.github.com
[INFO] [stdout] test forge::github::links::tests::release_url_encodes_tag_path_segment ... ok
[INFO] [stdout] test notes::tests::cliff_commits_use_full_sha ... ok
[INFO] [stdout] test forge::tests::parses_scp_ssh_url ... ok
[INFO] [stdout] test forge::github::tests::enterprise_api_base_uri ... ok
[INFO] [stdout] test forge::github::detect::tests::pr_context_from_pull_request_event ... ok
[INFO] [stdout] test package::tests::test_file_to_package ... ok
[INFO] [stdout] test package::tests::test_file_to_package_nested_paths ... ok
[INFO] [stdout] test pm::tests::test_detect_fallback_npm ... ok
[INFO] [stdout] test package::tests::test_circular_dependency_detected ... ok
[INFO] [stdout] test package::tests::test_topological_sort ... ok
[INFO] [stdout] test config::schema::tests::test_validate_invalid_json ... ok
[INFO] [stdout] test config::schema::tests::test_validate_invalid_yaml ... ok
[INFO] [stdout] test config::schema::tests::test_validate_valid_yaml ... ok
[INFO] [stdout] test config::schema::tests::test_validate_valid_json ... ok
[INFO] [stdout] test config::schema::tests::test_validate_valid_jsonc ... ok
[INFO] [stdout] test pm::tests::test_detect_from_lockfile_pnpm ... ok
[INFO] [stdout] test pm::tests::test_detect_from_lockfile_yarn ... ok
[INFO] [stdout] test pm::tests::test_detect_from_lockfile_npm ... ok
[INFO] [stdout] test pm::tests::test_display ... ok
[INFO] [stdout] test preview::tests::empty_releases_render_no_release_message ... ok
[INFO] [stdout] test pm::tests::test_detect_from_package_manager_field ... ok
[INFO] [stdout] test resolver::node::tests::test_parse_invalid_version_returns_warning ... ok
[INFO] [stdout] test resolver::node::tests::test_parse_missing_version_returns_warning ... ok
[INFO] [stdout] test resolver::node::tests::test_parse_valid_package_no_warning ... ok
[INFO] [stdout] test resolver::node::tests::test_parse_missing_name_returns_warning ... ok
[INFO] [stdout] test step::github::comments::tests::success_comment_default_links_releases_by_name ... ok
[INFO] [stdout] test step::github::comments::tests::success_comment_template_substitutes ... ok
[INFO] [stdout] test step::github::tests::options_default_enables_comments_and_released_label ... ok
[INFO] [stdout] test step::github::comments::tests::success_comment_without_repo_lists_names ... ok
[INFO] [stdout] test step::github::tests::release_name_defaults_to_tag ... ok
[INFO] [stdout] test step::github::tests::release_name_template_substitutes ... ok
[INFO] [stdout] test step::npm::tests::test_dependency_levels ... ok
[INFO] [stdout] test step::subprocess::tests::test_truncate ... ok
[INFO] [stdout] test version::tests::test_apply_bump_major ... ok
[INFO] [stdout] test version::tests::test_apply_bump_major_zero ... ok
[INFO] [stdout] test step::github::tests::resolve_assets_expands_globs_and_dedupes ... ok
[INFO] [stdout] test version::tests::test_apply_bump_minor ... ok
[INFO] [stdout] test version::tests::test_apply_bump_none ... ok
[INFO] [stdout] test resolver::node::tests::test_update_missing_version_field_errors ... ok
[INFO] [stdout] test version::tests::test_apply_bump_patch ... ok
[INFO] [stdout] test version::tests::test_breaking_footer_bumps_major ... ok
[INFO] [stdout] test version::tests::test_breaking_bumps_major ... ok
[INFO] [stdout] test version::tests::test_breaking_wins_over_feat ... ok
[INFO] [stdout] test version::tests::test_build_no_bump ... ok
[INFO] [stdout] test resolver::node::tests::test_update_preserves_workspace_protocol ... ok
[INFO] [stdout] test version::tests::test_ci_no_bump ... ok
[INFO] [stdout] test version::tests::test_chore_no_bump ... ok
[INFO] [stdout] test resolver::node::tests::test_update_package_version ... ok
[INFO] [stdout] test version::tests::test_docs_no_bump ... ok
[INFO] [stdout] test resolver::node::tests::test_update_preserves_formatting ... ok
[INFO] [stdout] test version::tests::test_extract_prerelease_number ... ok
[INFO] [stdout] test version::tests::test_fix_bumps_patch ... ok
[INFO] [stdout] test version::tests::test_feat_bumps_minor ... ok
[INFO] [stdout] test version::tests::test_highest_bump_wins ... ok
[INFO] [stdout] test version::tests::test_maintenance_fix_bumps_patch ... ok
[INFO] [stdout] test version::tests::test_maintenance_allows_patch ... ok
[INFO] [stdout] test version::tests::test_maintenance_major_caps_breaking ... ok
[INFO] [stdout] test version::tests::test_maintenance_major_allows_minor ... ok
[INFO] [stdout] test version::tests::test_extract_prerelease_channel ... ok
[INFO] [stdout] test version::tests::test_maintenance_major_minor_caps_breaking_to_patch ... ok
[INFO] [stdout] test version::tests::test_maintenance_major_minor_caps_feat_to_patch ... ok
[INFO] [stdout] test version::tests::test_maintenance_major_range_breaking_capped_to_minor ... ok
[INFO] [stdout] test version::tests::test_prerelease_feat_from_stable ... ok
[INFO] [stdout] test version::tests::test_maintenance_major_range_feat_bumps_minor ... ok
[INFO] [stdout] test version::tests::test_prerelease_breaking_from_stable ... ok
[INFO] [stdout] test version::tests::test_prerelease_fix_from_stable ... ok
[INFO] [stdout] test version::tests::test_prerelease_from_stable ... ok
[INFO] [stdout] test version::tests::test_prerelease_increment ... ok
[INFO] [stdout] test version::tests::test_refactor_no_bump ... ok
[INFO] [stdout] test version::tests::test_style_no_bump ... ok
[INFO] [stdout] test version::tests::test_version_in_maintenance_range ... ok
[INFO] [stdout] test version::tests::test_test_no_bump ... ok
[INFO] [stdout] test resolver::node::tests::test_update_already_at_target_version_is_noop ... ok
[INFO] [stdout] test version::tests::test_perf_bumps_patch ... ok
[INFO] [stdout] test config::tests::test_tag_match_regex_custom ... ok
[INFO] [stdout] test config::tests::test_tag_match_regex ... ok
[INFO] [stdout] test notes::tests::custom_template_overrides_body ... ok
[INFO] [stdout] test step::changelog::tests::test_release_notes_heading_format ... ok
[INFO] [stdout] test preview::tests::notes_shown_only_for_changelog_covered_packages ... ok
[INFO] [stdout] test preview::tests::renders_marker_table_and_details_per_release ... ok
[INFO] [stdout] test notes::tests::grouped_template_renders_grouping_and_compare_link_offline ... ok
[INFO] [stdout] test notes::tests::contributors_and_new_contributors_render ... ok
[INFO] [stderr]      Running tests/dependency_propagation_test.rs (/opt/rustwide/target/debug/deps/dependency_propagation_test-aca5fa51d6780eca)
[INFO] [stdout] test forge::github::api::tests::client_builds_without_panicking ... ok
[INFO] [stdout] 
[INFO] [stdout] test result: ok. 122 passed; 0 failed; 1 ignored; 0 measured; 0 filtered out; finished in 0.28s
[INFO] [stdout] 
[INFO] [stdout] 
[INFO] [stdout] running 7 tests
[INFO] [stdout] test test_dependency_change_propagates_to_dependent ... ok
[INFO] [stdout] test test_no_propagation_without_dependency ... ok
[INFO] [stdout] test test_transitive_dependency_propagation ... ok
[INFO] [stdout] test test_diamond_dependency_propagation ... ok
[INFO] [stdout] test test_optional_dependency_propagation ... ok
[INFO] [stdout] test test_no_double_release_when_both_changed ... ok
[INFO] [stdout] test test_circular_dependency_no_infinite_loop ... ok
[INFO] [stdout] 
[INFO] [stdout] test result: ok. 7 passed; 0 failed; 0 ignored; 0 measured; 0 filtered out; finished in 0.59s
[INFO] [stdout] 
[INFO] [stderr]      Running tests/exec_test.rs (/opt/rustwide/target/debug/deps/exec_test-cb33fdc70a062202)
[INFO] [stdout] 
[INFO] [stdout] running 7 tests
[INFO] [stdout] test test_exec_cargo_toml_version_bump ... ok
[INFO] [stdout] test test_exec_publish_phase ... ok
[INFO] [stdout] test test_exec_prepare_dry_run ... ok
[INFO] [stdout] test test_exec_package_filter ... ok
[INFO] [stdout] test test_exec_multiple_instances ... ok
[INFO] [stdout] test test_exec_glob_filter ... ok
[INFO] [stdout] test test_exec_runs_command ... ok
[INFO] [stdout] 
[INFO] [stderr]      Running tests/github_step_test.rs (/opt/rustwide/target/debug/deps/github_step_test-6888ec44392dde5d)
[INFO] [stdout] test result: ok. 7 passed; 0 failed; 0 ignored; 0 measured; 0 filtered out; finished in 0.62s
[INFO] [stdout] 
[INFO] [stdout] 
[INFO] [stdout] running 5 tests
[INFO] [stdout] test dry_run_reports_would_create_release ... ok
[INFO] [stdout] test changelog_custom_inline_template_is_used ... ok
[INFO] [stdout] test dry_run_reports_resolved_issue_comments ... ok
[INFO] [stdout] test fails_verify_without_token_when_push_enabled ... ok
[INFO] [stderr]      Running tests/idempotent_test.rs (/opt/rustwide/target/debug/deps/idempotent_test-1ddecfe4745d7d8f)
[INFO] [stdout] test skips_when_push_disabled ... ok
[INFO] [stdout] 
[INFO] [stdout] test result: ok. 5 passed; 0 failed; 0 ignored; 0 measured; 0 filtered out; finished in 0.61s
[INFO] [stdout] 
[INFO] [stdout] 
[INFO] [stdout] running 15 tests
[INFO] [stdout] test test_git_commit_handles_nothing_to_commit ... ok
[INFO] [stdout] test test_npm_publish_called_when_not_published ... ok
[INFO] [stdout] test test_npm_skips_already_published_version ... ok
[INFO] [stdout] test test_rerun_when_manifest_already_bumped ... ok
[INFO] [stdout] test test_dry_run_is_readonly ... ok
[INFO] [stdout] test test_idempotent_rerun_monorepo ... ok
[INFO] [stdout] test test_full_release_single_package ... ok
[INFO] [stdout] test test_idempotent_rerun_single_package ... ok
[INFO] [stdout] test test_only_step_files_are_committed ... ok
[INFO] [stdout] test test_release_commit_message_format ... ok
[INFO] [stdout] test test_push_skips_tag_already_on_remote ... ok
[INFO] [stdout] test test_npm_registry_auth_error_blocks_publish ... ok
[INFO] [stdout] test test_git_tag_skips_existing ... ok
[INFO] [stdout] test test_release_commit_message_monorepo ... ok
[INFO] [stdout] test test_atomic_push_leaves_no_tags_when_branch_push_rejected ... ok
[INFO] [stdout] 
[INFO] [stdout] test result: ok. 15 passed; 0 failed; 0 ignored; 0 measured; 0 filtered out; finished in 1.29s
[INFO] [stdout] 
[INFO] [stderr]      Running tests/integration_test.rs (/opt/rustwide/target/debug/deps/integration_test-0bb0839c5487ae46)
[INFO] [stdout] 
[INFO] [stdout] running 25 tests
[INFO] [stdout] test test_help_flag ... ok
[INFO] [stdout] test test_dry_run_no_changes ... ok
[INFO] [stdout] test test_global_dependency_glob_pattern ... ok
[INFO] [stdout] test test_ignore_files_no_release ... ok
[INFO] [stdout] test test_custom_tag_format_package ... ok
[INFO] [stdout] test test_global_dependency_not_triggered_without_config ... ok
[INFO] [stdout] test test_chore_only_commits_no_release ... ok
[INFO] [stdout] test test_unconfigured_branch_skips_release ... ok
[INFO] [stdout] test test_ignore_mixed_with_real_changes ... ok
[INFO] [stdout] test test_merge_with_higher_version_uses_merged_base ... ok
[INFO] [stdout] test test_version_flag ... ok
[INFO] [stdout] test test_package_include_filter ... ok
[INFO] [stdout] test test_first_release_no_prior_tags ... FAILED
[INFO] [stdout] test test_global_dependency_triggers_all_packages ... ok
[INFO] [stdout] test test_dry_run_shows_new_tag_format ... FAILED
[INFO] [stdout] test test_breaking_change_major_bump ... FAILED
[INFO] [stdout] test test_release_detected_for_commit_without_trailing_newline_in_message ... ok
[INFO] [stdout] test test_new_package_ignores_old_global_dependency_commits ... ok
[INFO] [stdout] test test_behind_remote_skipped_in_dry_run ... ok
[INFO] [stdout] test test_monorepo_tag_format_in_dry_run ... FAILED
[INFO] [stdout] test test_dry_run_monorepo ... FAILED
[INFO] [stdout] test test_unreachable_tag_on_other_branch_ignored ... ok
[INFO] [stdout] test test_new_package_added_later_only_gets_own_commits ... ok
[INFO] [stdout] test test_mixed_commits_only_bump_from_relevant ... FAILED
[INFO] [stdout] test test_behind_remote_blocks_release ... ok
[INFO] [stdout] 
[INFO] [stdout] failures:
[INFO] [stdout] 
[INFO] [stdout] ---- test_first_release_no_prior_tags stdout ----
[INFO] [stdout] 
[INFO] [stdout] thread 'test_first_release_no_prior_tags' (8324) panicked at tests/integration_test.rs:388:10:
[INFO] [stdout] Unexpected failure.
[INFO] [stdout] code=1
[INFO] [stdout] stderr=``````
[INFO] [stdout] Error: Registry check failed:
[INFO] [stdout]   Registry check failed for brand-new-pkg: failed to run npm view
[INFO] [stdout] 
[INFO] [stdout] Stack backtrace:
[INFO] [stdout]    0: <anyhow::Error>::msg::<alloc::string::String>
[INFO] [stdout]              at /opt/rustwide/cargo-home/registry/src/index.crates.io-1949cf8c6b5b557f/anyhow-1.0.103/src/backtrace.rs:10:14
[INFO] [stdout]    1: <super_release::step::npm::NpmStep as super_release::step::Step>::publish
[INFO] [stdout]              at ./src/step/npm.rs:151:17
[INFO] [stdout]    2: super_release::main
[INFO] [stdout]              at ./src/main.rs:359:33
[INFO] [stdout]    3: <fn() -> core::result::Result<(), anyhow::Error> as core::ops::function::FnOnce<()>>::call_once
[INFO] [stdout]              at /rustc/b2282dd5646a57d570fc86fbe8df0e8826665ef6/library/core/src/ops/function.rs:250:5
[INFO] [stdout]    4: std::sys::backtrace::__rust_begin_short_backtrace::<fn() -> core::result::Result<(), anyhow::Error>, core::result::Result<(), anyhow::Error>>
[INFO] [stdout]              at /rustc/b2282dd5646a57d570fc86fbe8df0e8826665ef6/library/std/src/sys/backtrace.rs:166:18
[INFO] [stdout]    5: std::rt::lang_start::<core::result::Result<(), anyhow::Error>>::{closure#0}
[INFO] [stdout]              at /rustc/b2282dd5646a57d570fc86fbe8df0e8826665ef6/library/std/src/rt.rs:206:18
[INFO] [stdout]    6: <&dyn core::ops::function::Fn<(), Output = i32> + core::panic::unwind_safe::RefUnwindSafe + core::marker::Sync as core::ops::function::FnOnce<()>>::call_once
[INFO] [stdout]              at /rustc/b2282dd5646a57d570fc86fbe8df0e8826665ef6/library/core/src/ops/function.rs:287:21
[INFO] [stdout]    7: std::panicking::catch_unwind::do_call::<&dyn core::ops::function::Fn<(), Output = i32> + core::panic::unwind_safe::RefUnwindSafe + core::marker::Sync, i32>
[INFO] [stdout]              at /rustc/b2282dd5646a57d570fc86fbe8df0e8826665ef6/library/std/src/panicking.rs:581:40
[INFO] [stdout]    8: std::panicking::catch_unwind::<i32, &dyn core::ops::function::Fn<(), Output = i32> + core::panic::unwind_safe::RefUnwindSafe + core::marker::Sync>
[INFO] [stdout]              at /rustc/b2282dd5646a57d570fc86fbe8df0e8826665ef6/library/std/src/panicking.rs:544:19
[INFO] [stdout]    9: std::panic::catch_unwind::<&dyn core::ops::function::Fn<(), Output = i32> + core::panic::unwind_safe::RefUnwindSafe + core::marker::Sync, i32>
[INFO] [stdout]              at /rustc/b2282dd5646a57d570fc86fbe8df0e8826665ef6/library/std/src/panic.rs:359:14
[INFO] [stdout]   10: std::rt::lang_start_internal::{closure#0}
[INFO] [stdout]              at /rustc/b2282dd5646a57d570fc86fbe8df0e8826665ef6/library/std/src/rt.rs:175:24
[INFO] [stdout]   11: std::panicking::catch_unwind::do_call::<std::rt::lang_start_internal::{closure#0}, isize>
[INFO] [stdout]              at /rustc/b2282dd5646a57d570fc86fbe8df0e8826665ef6/library/std/src/panicking.rs:581:40
[INFO] [stdout]   12: std::panicking::catch_unwind::<isize, std::rt::lang_start_internal::{closure#0}>
[INFO] [stdout]              at /rustc/b2282dd5646a57d570fc86fbe8df0e8826665ef6/library/std/src/panicking.rs:544:19
[INFO] [stdout]   13: std::panic::catch_unwind::<std::rt::lang_start_internal::{closure#0}, isize>
[INFO] [stdout]              at /rustc/b2282dd5646a57d570fc86fbe8df0e8826665ef6/library/std/src/panic.rs:359:14
[INFO] [stdout]   14: std::rt::lang_start_internal
[INFO] [stdout]              at /rustc/b2282dd5646a57d570fc86fbe8df0e8826665ef6/library/std/src/rt.rs:171:5
[INFO] [stdout]   15: std::rt::lang_start::<core::result::Result<(), anyhow::Error>>
[INFO] [stdout]              at /rustc/b2282dd5646a57d570fc86fbe8df0e8826665ef6/library/std/src/rt.rs:205:5
[INFO] [stdout]   16: main
[INFO] [stdout]   17: <unknown>
[INFO] [stdout]   18: __libc_start_main
[INFO] [stdout]   19: _start
[INFO] [stdout] ```
[INFO] [stdout] ```
[INFO] [stdout] command=`"/opt/rustwide/target/debug/super-release" "--dry-run" "-C" "/tmp/.tmpBnUVMg"`
[INFO] [stdout] code=1
[INFO] [stdout] stdout=```
[INFO] [stdout] super-release (dry run)
[INFO] [stdout] 
[INFO] [stdout] >> Discovered 1 package(s):
[INFO] [stdout]    * brand-new-pkg (.)
[INFO] [stdout] 
[INFO] [stdout] >> Branch: main
[INFO] [stdout] 
[INFO] [stdout] >> Release plan (1 package(s) to release):
[INFO] [stdout] 
[INFO] [stdout]    * brand-new-pkg 0.0.0 -> 0.1.0 (minor)
[INFO] [stdout]      6b69e3eb (fix) typo in greeting
[INFO] [stdout]      26801f46 (feat) initial implementation
[INFO] [stdout] 
[INFO] [stdout] >> Bumping package versions
[INFO] [stdout]   [version] Would update package.json: 0.0.0 -> 0.1.0
[INFO] [stdout] >> Running step: changelog
[INFO] [stdout]   [changelog] Would update /tmp/.tmpBnUVMg/CHANGELOG.md (brand-new-pkg)
[INFO] [stdout]     ## [0.1.0] - 2026-07-14
[INFO] [stdout]     
[INFO] [stdout]     ### 🚀 Features
[INFO] [stdout]     
[INFO] [stdout]     - Initial implementation
[INFO] [stdout]     
[INFO] [stdout]     ### 🐛 Bug Fixes
[INFO] [stdout]     
[INFO] [stdout]     - Typo in greeting
[INFO] [stdout] 
[INFO] [stdout] >> Running step: npm
[INFO] [stdout]   [npm] Checking registry for published versions...
[INFO] [stdout]     brand-new-pkg npm view brand-new-pkg@0.1.0 version
[INFO] [stdout]     brand-new-pkg → error: failed to run npm view
[INFO] [stdout] ```
[INFO] [stdout] 
[INFO] [stdout] stderr=```
[INFO] [stdout] Error: Registry check failed:
[INFO] [stdout]   Registry check failed for brand-new-pkg: failed to run npm view
[INFO] [stdout] 
[INFO] [stdout] Stack backtrace:
[INFO] [stdout]    0: <anyhow::Error>::msg::<alloc::string::String>
[INFO] [stdout]              at /opt/rustwide/cargo-home/registry/src/index.crates.io-1949cf8c6b5b557f/anyhow-1.0.103/src/backtrace.rs:10:14
[INFO] [stdout]    1: <super_release::step::npm::NpmStep as super_release::step::Step>::publish
[INFO] [stdout]              at ./src/step/npm.rs:151:17
[INFO] [stdout]    2: super_release::main
[INFO] [stdout]              at ./src/main.rs:359:33
[INFO] [stdout]    3: <fn() -> core::result::Result<(), anyhow::Error> as core::ops::function::FnOnce<()>>::call_once
[INFO] [stdout]              at /rustc/b2282dd5646a57d570fc86fbe8df0e8826665ef6/library/core/src/ops/function.rs:250:5
[INFO] [stdout]    4: std::sys::backtrace::__rust_begin_short_backtrace::<fn() -> core::result::Result<(), anyhow::Error>, core::result::Result<(), anyhow::Error>>
[INFO] [stdout]              at /rustc/b2282dd5646a57d570fc86fbe8df0e8826665ef6/library/std/src/sys/backtrace.rs:166:18
[INFO] [stdout]    5: std::rt::lang_start::<core::result::Result<(), anyhow::Error>>::{closure#0}
[INFO] [stdout]              at /rustc/b2282dd5646a57d570fc86fbe8df0e8826665ef6/library/std/src/rt.rs:206:18
[INFO] [stdout]    6: <&dyn core::ops::function::Fn<(), Output = i32> + core::panic::unwind_safe::RefUnwindSafe + core::marker::Sync as core::ops::function::FnOnce<()>>::call_once
[INFO] [stdout]              at /rustc/b2282dd5646a57d570fc86fbe8df0e8826665ef6/library/core/src/ops/function.rs:287:21
[INFO] [stdout]    7: std::panicking::catch_unwind::do_call::<&dyn core::ops::function::Fn<(), Output = i32> + core::panic::unwind_safe::RefUnwindSafe + core::marker::Sync, i32>
[INFO] [stdout]              at /rustc/b2282dd5646a57d570fc86fbe8df0e8826665ef6/library/std/src/panicking.rs:581:40
[INFO] [stdout]    8: std::panicking::catch_unwind::<i32, &dyn core::ops::function::Fn<(), Output = i32> + core::panic::unwind_safe::RefUnwindSafe + core::marker::Sync>
[INFO] [stdout]              at /rustc/b2282dd5646a57d570fc86fbe8df0e8826665ef6/library/std/src/panicking.rs:544:19
[INFO] [stdout]    9: std::panic::catch_unwind::<&dyn core::ops::function::Fn<(), Output = i32> + core::panic::unwind_safe::RefUnwindSafe + core::marker::Sync, i32>
[INFO] [stdout]              at /rustc/b2282dd5646a57d570fc86fbe8df0e8826665ef6/library/std/src/panic.rs:359:14
[INFO] [stdout]   10: std::rt::lang_start_internal::{closure#0}
[INFO] [stdout]              at /rustc/b2282dd5646a57d570fc86fbe8df0e8826665ef6/library/std/src/rt.rs:175:24
[INFO] [stdout]   11: std::panicking::catch_unwind::do_call::<std::rt::lang_start_internal::{closure#0}, isize>
[INFO] [stdout]              at /rustc/b2282dd5646a57d570fc86fbe8df0e8826665ef6/library/std/src/panicking.rs:581:40
[INFO] [stdout]   12: std::panicking::catch_unwind::<isize, std::rt::lang_start_internal::{closure#0}>
[INFO] [stdout]              at /rustc/b2282dd5646a57d570fc86fbe8df0e8826665ef6/library/std/src/panicking.rs:544:19
[INFO] [stdout]   13: std::panic::catch_unwind::<std::rt::lang_start_internal::{closure#0}, isize>
[INFO] [stdout]              at /rustc/b2282dd5646a57d570fc86fbe8df0e8826665ef6/library/std/src/panic.rs:359:14
[INFO] [stdout]   14: std::rt::lang_start_internal
[INFO] [stdout]              at /rustc/b2282dd5646a57d570fc86fbe8df0e8826665ef6/library/std/src/rt.rs:171:5
[INFO] [stdout]   15: std::rt::lang_start::<core::result::Result<(), anyhow::Error>>
[INFO] [stdout]              at /rustc/b2282dd5646a57d570fc86fbe8df0e8826665ef6/library/std/src/rt.rs:205:5
[INFO] [stdout]   16: main
[INFO] [stdout]   17: <unknown>
[INFO] [stdout]   18: __libc_start_main
[INFO] [stdout]   19: _start
[INFO] [stdout] ```
[INFO] [stdout] 
[INFO] [stdout] 
[INFO] [stdout] stack backtrace:
[INFO] [stdout]    0:     0x5f23e09dc928 - std[10d71ac2c42b111e]::backtrace_rs::backtrace::libunwind::trace
[INFO] [stdout]                                at /rustc/b2282dd5646a57d570fc86fbe8df0e8826665ef6/library/std/src/../../backtrace/src/backtrace/libunwind.rs:117:9
[INFO] [stdout]    1:     0x5f23e09dc928 - std[10d71ac2c42b111e]::backtrace_rs::backtrace::trace_unsynchronized::<std[10d71ac2c42b111e]::sys::backtrace::_print_fmt::{closure#1}>
[INFO] [stdout]                                at /rustc/b2282dd5646a57d570fc86fbe8df0e8826665ef6/library/std/src/../../backtrace/src/backtrace/mod.rs:66:14
[INFO] [stdout]    2:     0x5f23e09dc928 - std[10d71ac2c42b111e]::sys::backtrace::_print_fmt
[INFO] [stdout]                                at /rustc/b2282dd5646a57d570fc86fbe8df0e8826665ef6/library/std/src/sys/backtrace.rs:74:9
[INFO] [stdout]    3:     0x5f23e09dc928 - <<std[10d71ac2c42b111e]::sys::backtrace::BacktraceLock>::print::DisplayBacktrace as core[8fb95b77d25ab6c8]::fmt::Display>::fmt
[INFO] [stdout]                                at /rustc/b2282dd5646a57d570fc86fbe8df0e8826665ef6/library/std/src/sys/backtrace.rs:44:26
[INFO] [stdout]    4:     0x5f23e09f303a - <core[8fb95b77d25ab6c8]::fmt::rt::Argument>::fmt
[INFO] [stdout]                                at /rustc/b2282dd5646a57d570fc86fbe8df0e8826665ef6/library/core/src/fmt/rt.rs:152:76
[INFO] [stdout]    5:     0x5f23e09f303a - core[8fb95b77d25ab6c8]::fmt::write
[INFO] [stdout]    6:     0x5f23e09e2632 - std[10d71ac2c42b111e]::io::default_write_fmt::<alloc[a7ee25936407c584]::vec::Vec<u8>>
[INFO] [stdout]                                at /rustc/b2282dd5646a57d570fc86fbe8df0e8826665ef6/library/std/src/io/mod.rs:622:11
[INFO] [stdout]    7:     0x5f23e09e2632 - <alloc[a7ee25936407c584]::vec::Vec<u8> as std[10d71ac2c42b111e]::io::Write>::write_fmt
[INFO] [stdout]                                at /rustc/b2282dd5646a57d570fc86fbe8df0e8826665ef6/library/std/src/io/mod.rs:1977:13
[INFO] [stdout]    8:     0x5f23e09b9926 - <std[10d71ac2c42b111e]::sys::backtrace::BacktraceLock>::print
[INFO] [stdout]                                at /rustc/b2282dd5646a57d570fc86fbe8df0e8826665ef6/library/std/src/sys/backtrace.rs:47:9
[INFO] [stdout]    9:     0x5f23e09b9926 - std[10d71ac2c42b111e]::panicking::default_hook::{closure#0}
[INFO] [stdout]                                at /rustc/b2282dd5646a57d570fc86fbe8df0e8826665ef6/library/std/src/panicking.rs:292:27
[INFO] [stdout]   10:     0x5f23e09d45f9 - std[10d71ac2c42b111e]::panicking::default_hook
[INFO] [stdout]                                at /rustc/b2282dd5646a57d570fc86fbe8df0e8826665ef6/library/std/src/panicking.rs:316:9
[INFO] [stdout]   11:     0x5f23e091de3c - <alloc[a7ee25936407c584]::boxed::Box<dyn for<'a, 'b> core[8fb95b77d25ab6c8]::ops::function::Fn<(&'a std[10d71ac2c42b111e]::panic::PanicHookInfo<'b>,), Output = ()> + core[8fb95b77d25ab6c8]::marker::Sync + core[8fb95b77d25ab6c8]::marker::Send> as core[8fb95b77d25ab6c8]::ops::function::Fn<(&std[10d71ac2c42b111e]::panic::PanicHookInfo,)>>::call
[INFO] [stdout]                                at /rustc/b2282dd5646a57d570fc86fbe8df0e8826665ef6/library/alloc/src/boxed.rs:2289:9
[INFO] [stdout]   12:     0x5f23e091de3c - test[213991da798b1c03]::test_main_inner::<test[213991da798b1c03]::test_main_static::{closure#0}>::{closure#0}
[INFO] [stdout]                                at /rustc/b2282dd5646a57d570fc86fbe8df0e8826665ef6/library/test/src/lib.rs:155:21
[INFO] [stdout]   13:     0x5f23e09d47b2 - <alloc[a7ee25936407c584]::boxed::Box<dyn for<'a, 'b> core[8fb95b77d25ab6c8]::ops::function::Fn<(&'a std[10d71ac2c42b111e]::panic::PanicHookInfo<'b>,), Output = ()> + core[8fb95b77d25ab6c8]::marker::Sync + core[8fb95b77d25ab6c8]::marker::Send> as core[8fb95b77d25ab6c8]::ops::function::Fn<(&std[10d71ac2c42b111e]::panic::PanicHookInfo,)>>::call
[INFO] [stdout]                                at /rustc/b2282dd5646a57d570fc86fbe8df0e8826665ef6/library/alloc/src/boxed.rs:2289:9
[INFO] [stdout]   14:     0x5f23e09d47b2 - std[10d71ac2c42b111e]::panicking::panic_with_hook
[INFO] [stdout]                                at /rustc/b2282dd5646a57d570fc86fbe8df0e8826665ef6/library/std/src/panicking.rs:833:13
[INFO] [stdout]   15:     0x5f23e09b99e2 - std[10d71ac2c42b111e]::panicking::panic_handler::{closure#0}
[INFO] [stdout]                                at /rustc/b2282dd5646a57d570fc86fbe8df0e8826665ef6/library/std/src/panicking.rs:698:13
[INFO] [stdout]   16:     0x5f23e09aeb09 - std[10d71ac2c42b111e]::sys::backtrace::__rust_end_short_backtrace::<std[10d71ac2c42b111e]::panicking::panic_handler::{closure#0}, !>
[INFO] [stdout]                                at /rustc/b2282dd5646a57d570fc86fbe8df0e8826665ef6/library/std/src/sys/backtrace.rs:182:18
[INFO] [stdout]   17:     0x5f23e09ba6fd - __rustc[3be9ba60078d4c86]::rust_begin_unwind
[INFO] [stdout]                                at /rustc/b2282dd5646a57d570fc86fbe8df0e8826665ef6/library/std/src/panicking.rs:689:5
[INFO] [stdout]   18:     0x5f23e09f384c - core[8fb95b77d25ab6c8]::panicking::panic_fmt
[INFO] [stdout]                                at /rustc/b2282dd5646a57d570fc86fbe8df0e8826665ef6/library/core/src/panicking.rs:80:14
[INFO] [stdout]   19:     0x5f23e0966d88 - core[8fb95b77d25ab6c8]::panicking::panic_display::<assert_cmd[c01efad9325e2b8a]::assert::AssertError>
[INFO] [stdout]                                at /rustc/b2282dd5646a57d570fc86fbe8df0e8826665ef6/library/core/src/panicking.rs:259:5
[INFO] [stdout]   20:     0x5f23e0966ce7 - <assert_cmd[c01efad9325e2b8a]::assert::AssertError>::panic::<assert_cmd[c01efad9325e2b8a]::assert::Assert>
[INFO] [stdout]                                at /opt/rustwide/cargo-home/registry/src/index.crates.io-1949cf8c6b5b557f/assert_cmd-2.2.2/src/assert.rs:1061:9
[INFO] [stdout]   21:     0x5f23e09675bd - <assert_cmd[c01efad9325e2b8a]::assert::Assert>::success
[INFO] [stdout]                                at /opt/rustwide/cargo-home/registry/src/index.crates.io-1949cf8c6b5b557f/assert_cmd-2.2.2/src/assert.rs:165:25
[INFO] [stdout]   22:     0x5f23e08fbe1f - integration_test[db35a020876a09d8]::test_first_release_no_prior_tags
[INFO] [stdout]                                at /opt/rustwide/workdir/tests/integration_test.rs:388:10
[INFO] [stdout]   23:     0x5f23e08f6fc7 - integration_test[db35a020876a09d8]::test_first_release_no_prior_tags::{closure#0}
[INFO] [stdout]                                at /opt/rustwide/workdir/tests/integration_test.rs:361:38
[INFO] [stdout]   24:     0x5f23e09109d6 - <integration_test[db35a020876a09d8]::test_first_release_no_prior_tags::{closure#0} as core[8fb95b77d25ab6c8]::ops::function::FnOnce<()>>::call_once
[INFO] [stdout]                                at /rustc/b2282dd5646a57d570fc86fbe8df0e8826665ef6/library/core/src/ops/function.rs:250:5
[INFO] [stdout]   25:     0x5f23e0910f1b - <fn() -> core[8fb95b77d25ab6c8]::result::Result<(), alloc[a7ee25936407c584]::string::String> as core[8fb95b77d25ab6c8]::ops::function::FnOnce<()>>::call_once
[INFO] [stdout]                                at /rustc/b2282dd5646a57d570fc86fbe8df0e8826665ef6/library/core/src/ops/function.rs:250:5
[INFO] [stdout]   26:     0x5f23e0910f1b - test[213991da798b1c03]::__rust_begin_short_backtrace::<core[8fb95b77d25ab6c8]::result::Result<(), alloc[a7ee25936407c584]::string::String>, fn() -> core[8fb95b77d25ab6c8]::result::Result<(), alloc[a7ee25936407c584]::string::String>>
[INFO] [stdout]                                at /rustc/b2282dd5646a57d570fc86fbe8df0e8826665ef6/library/test/src/lib.rs:724:18
[INFO] [stdout]   27:     0x5f23e091e795 - test[213991da798b1c03]::run_test_in_process::{closure#0}
[INFO] [stdout]                                at /rustc/b2282dd5646a57d570fc86fbe8df0e8826665ef6/library/test/src/lib.rs:747:74
[INFO] [stdout]   28:     0x5f23e091e795 - <core[8fb95b77d25ab6c8]::panic::unwind_safe::AssertUnwindSafe<test[213991da798b1c03]::run_test_in_process::{closure#0}> as core[8fb95b77d25ab6c8]::ops::function::FnOnce<()>>::call_once
[INFO] [stdout]                                at /rustc/b2282dd5646a57d570fc86fbe8df0e8826665ef6/library/core/src/panic/unwind_safe.rs:275:9
[INFO] [stdout]   29:     0x5f23e091e795 - std[10d71ac2c42b111e]::panicking::catch_unwind::do_call::<core[8fb95b77d25ab6c8]::panic::unwind_safe::AssertUnwindSafe<test[213991da798b1c03]::run_test_in_process::{closure#0}>, core[8fb95b77d25ab6c8]::result::Result<(), alloc[a7ee25936407c584]::string::String>>
[INFO] [stdout]                                at /rustc/b2282dd5646a57d570fc86fbe8df0e8826665ef6/library/std/src/panicking.rs:581:40
[INFO] [stdout]   30:     0x5f23e091e795 - std[10d71ac2c42b111e]::panicking::catch_unwind::<core[8fb95b77d25ab6c8]::result::Result<(), alloc[a7ee25936407c584]::string::String>, core[8fb95b77d25ab6c8]::panic::unwind_safe::AssertUnwindSafe<test[213991da798b1c03]::run_test_in_process::{closure#0}>>
[INFO] [stdout]                                at /rustc/b2282dd5646a57d570fc86fbe8df0e8826665ef6/library/std/src/panicking.rs:544:19
[INFO] [stdout]   31:     0x5f23e091e795 - std[10d71ac2c42b111e]::panic::catch_unwind::<core[8fb95b77d25ab6c8]::panic::unwind_safe::AssertUnwindSafe<test[213991da798b1c03]::run_test_in_process::{closure#0}>, core[8fb95b77d25ab6c8]::result::Result<(), alloc[a7ee25936407c584]::string::String>>
[INFO] [stdout]                                at /rustc/b2282dd5646a57d570fc86fbe8df0e8826665ef6/library/std/src/panic.rs:359:14
[INFO] [stdout]   32:     0x5f23e091e795 - test[213991da798b1c03]::run_test_in_process
[INFO] [stdout]                                at /rustc/b2282dd5646a57d570fc86fbe8df0e8826665ef6/library/test/src/lib.rs:747:27
[INFO] [stdout]   33:     0x5f23e091e795 - test[213991da798b1c03]::run_test::{closure#0}
[INFO] [stdout]                                at /rustc/b2282dd5646a57d570fc86fbe8df0e8826665ef6/library/test/src/lib.rs:668:43
[INFO] [stdout]   34:     0x5f23e09180a4 - test[213991da798b1c03]::run_test::{closure#1}
[INFO] [stdout]                                at /rustc/b2282dd5646a57d570fc86fbe8df0e8826665ef6/library/test/src/lib.rs:698:41
[INFO] [stdout]   35:     0x5f23e09180a4 - std[10d71ac2c42b111e]::sys::backtrace::__rust_begin_short_backtrace::<test[213991da798b1c03]::run_test::{closure#1}, ()>
[INFO] [stdout]                                at /rustc/b2282dd5646a57d570fc86fbe8df0e8826665ef6/library/std/src/sys/backtrace.rs:166:18
[INFO] [stdout]   36:     0x5f23e0921812 - std[10d71ac2c42b111e]::thread::lifecycle::spawn_unchecked::<test[213991da798b1c03]::run_test::{closure#1}, ()>::{closure#1}::{closure#0}
[INFO] [stdout]                                at /rustc/b2282dd5646a57d570fc86fbe8df0e8826665ef6/library/std/src/thread/lifecycle.rs:70:13
[INFO] [stdout]   37:     0x5f23e0921812 - <core[8fb95b77d25ab6c8]::panic::unwind_safe::AssertUnwindSafe<std[10d71ac2c42b111e]::thread::lifecycle::spawn_unchecked<test[213991da798b1c03]::run_test::{closure#1}, ()>::{closure#1}::{closure#0}> as core[8fb95b77d25ab6c8]::ops::function::FnOnce<()>>::call_once
[INFO] [stdout]                                at /rustc/b2282dd5646a57d570fc86fbe8df0e8826665ef6/library/core/src/panic/unwind_safe.rs:275:9
[INFO] [stdout]   38:     0x5f23e0921812 - std[10d71ac2c42b111e]::panicking::catch_unwind::do_call::<core[8fb95b77d25ab6c8]::panic::unwind_safe::AssertUnwindSafe<std[10d71ac2c42b111e]::thread::lifecycle::spawn_unchecked<test[213991da798b1c03]::run_test::{closure#1}, ()>::{closure#1}::{closure#0}>, ()>
[INFO] [stdout]                                at /rustc/b2282dd5646a57d570fc86fbe8df0e8826665ef6/library/std/src/panicking.rs:581:40
[INFO] [stdout]   39:     0x5f23e0921812 - std[10d71ac2c42b111e]::panicking::catch_unwind::<(), core[8fb95b77d25ab6c8]::panic::unwind_safe::AssertUnwindSafe<std[10d71ac2c42b111e]::thread::lifecycle::spawn_unchecked<test[213991da798b1c03]::run_test::{closure#1}, ()>::{closure#1}::{closure#0}>>
[INFO] [stdout]                                at /rustc/b2282dd5646a57d570fc86fbe8df0e8826665ef6/library/std/src/panicking.rs:544:19
[INFO] [stdout]   40:     0x5f23e0921812 - std[10d71ac2c42b111e]::panic::catch_unwind::<core[8fb95b77d25ab6c8]::panic::unwind_safe::AssertUnwindSafe<std[10d71ac2c42b111e]::thread::lifecycle::spawn_unchecked<test[213991da798b1c03]::run_test::{closure#1}, ()>::{closure#1}::{closure#0}>, ()>
[INFO] [stdout]                                at /rustc/b2282dd5646a57d570fc86fbe8df0e8826665ef6/library/std/src/panic.rs:359:14
[INFO] [stdout]   41:     0x5f23e0921812 - std[10d71ac2c42b111e]::thread::lifecycle::spawn_unchecked::<test[213991da798b1c03]::run_test::{closure#1}, ()>::{closure#1}
[INFO] [stdout]                                at /rustc/b2282dd5646a57d570fc86fbe8df0e8826665ef6/library/std/src/thread/lifecycle.rs:68:26
[INFO] [stdout]   42:     0x5f23e0921812 - <std[10d71ac2c42b111e]::thread::lifecycle::spawn_unchecked<test[213991da798b1c03]::run_test::{closure#1}, ()>::{closure#1} as core[8fb95b77d25ab6c8]::ops::function::FnOnce<()>>::call_once::{shim:vtable#0}
[INFO] [stdout]                                at /rustc/b2282dd5646a57d570fc86fbe8df0e8826665ef6/library/core/src/ops/function.rs:250:5
[INFO] [stdout]   43:     0x5f23e09dc03f - <alloc[a7ee25936407c584]::boxed::Box<dyn core[8fb95b77d25ab6c8]::ops::function::FnOnce<(), Output = ()> + core[8fb95b77d25ab6c8]::marker::Send> as core[8fb95b77d25ab6c8]::ops::function::FnOnce<()>>::call_once
[INFO] [stdout]                                at /rustc/b2282dd5646a57d570fc86fbe8df0e8826665ef6/library/alloc/src/boxed.rs:2275:9
[INFO] [stdout]   44:     0x5f23e09dc03f - <std[10d71ac2c42b111e]::sys::thread::unix::Thread>::new::thread_start
[INFO] [stdout]                                at /rustc/b2282dd5646a57d570fc86fbe8df0e8826665ef6/library/std/src/sys/thread/unix.rs:118:17
[INFO] [stdout]   45:     0x7af5fe23daa4 - <unknown>
[INFO] [stdout]   46:     0x7af5fe2caa64 - clone
[INFO] [stdout]   47:                0x0 - <unknown>
[INFO] [stdout] 
[INFO] [stdout] ---- test_dry_run_shows_new_tag_format stdout ----
[INFO] [stdout] 
[INFO] [stdout] thread 'test_dry_run_shows_new_tag_format' (8323) panicked at tests/integration_test.rs:640:10:
[INFO] [stdout] Unexpected failure.
[INFO] [stdout] code=1
[INFO] [stdout] stderr=``````
[INFO] [stdout] Error: Registry check failed:
[INFO] [stdout]   Registry check failed for my-app: failed to run npm view
[INFO] [stdout] 
[INFO] [stdout] Stack backtrace:
[INFO] [stdout]    0: <anyhow::Error>::msg::<alloc::string::String>
[INFO] [stdout]              at /opt/rustwide/cargo-home/registry/src/index.crates.io-1949cf8c6b5b557f/anyhow-1.0.103/src/backtrace.rs:10:14
[INFO] [stdout]    1: <super_release::step::npm::NpmStep as super_release::step::Step>::publish
[INFO] [stdout]              at ./src/step/npm.rs:151:17
[INFO] [stdout]    2: super_release::main
[INFO] [stdout]              at ./src/main.rs:359:33
[INFO] [stdout]    3: <fn() -> core::result::Result<(), anyhow::Error> as core::ops::function::FnOnce<()>>::call_once
[INFO] [stdout]              at /rustc/b2282dd5646a57d570fc86fbe8df0e8826665ef6/library/core/src/ops/function.rs:250:5
[INFO] [stdout]    4: std::sys::backtrace::__rust_begin_short_backtrace::<fn() -> core::result::Result<(), anyhow::Error>, core::result::Result<(), anyhow::Error>>
[INFO] [stdout]              at /rustc/b2282dd5646a57d570fc86fbe8df0e8826665ef6/library/std/src/sys/backtrace.rs:166:18
[INFO] [stdout]    5: std::rt::lang_start::<core::result::Result<(), anyhow::Error>>::{closure#0}
[INFO] [stdout]              at /rustc/b2282dd5646a57d570fc86fbe8df0e8826665ef6/library/std/src/rt.rs:206:18
[INFO] [stdout]    6: <&dyn core::ops::function::Fn<(), Output = i32> + core::panic::unwind_safe::RefUnwindSafe + core::marker::Sync as core::ops::function::FnOnce<()>>::call_once
[INFO] [stdout]              at /rustc/b2282dd5646a57d570fc86fbe8df0e8826665ef6/library/core/src/ops/function.rs:287:21
[INFO] [stdout]    7: std::panicking::catch_unwind::do_call::<&dyn core::ops::function::Fn<(), Output = i32> + core::panic::unwind_safe::RefUnwindSafe + core::marker::Sync, i32>
[INFO] [stdout]              at /rustc/b2282dd5646a57d570fc86fbe8df0e8826665ef6/library/std/src/panicking.rs:581:40
[INFO] [stdout]    8: std::panicking::catch_unwind::<i32, &dyn core::ops::function::Fn<(), Output = i32> + core::panic::unwind_safe::RefUnwindSafe + core::marker::Sync>
[INFO] [stdout]              at /rustc/b2282dd5646a57d570fc86fbe8df0e8826665ef6/library/std/src/panicking.rs:544:19
[INFO] [stdout]    9: std::panic::catch_unwind::<&dyn core::ops::function::Fn<(), Output = i32> + core::panic::unwind_safe::RefUnwindSafe + core::marker::Sync, i32>
[INFO] [stdout]              at /rustc/b2282dd5646a57d570fc86fbe8df0e8826665ef6/library/std/src/panic.rs:359:14
[INFO] [stdout]   10: std::rt::lang_start_internal::{closure#0}
[INFO] [stdout]              at /rustc/b2282dd5646a57d570fc86fbe8df0e8826665ef6/library/std/src/rt.rs:175:24
[INFO] [stdout]   11: std::panicking::catch_unwind::do_call::<std::rt::lang_start_internal::{closure#0}, isize>
[INFO] [stdout]              at /rustc/b2282dd5646a57d570fc86fbe8df0e8826665ef6/library/std/src/panicking.rs:581:40
[INFO] [stdout]   12: std::panicking::catch_unwind::<isize, std::rt::lang_start_internal::{closure#0}>
[INFO] [stdout]              at /rustc/b2282dd5646a57d570fc86fbe8df0e8826665ef6/library/std/src/panicking.rs:544:19
[INFO] [stdout]   13: std::panic::catch_unwind::<std::rt::lang_start_internal::{closure#0}, isize>
[INFO] [stdout]              at /rustc/b2282dd5646a57d570fc86fbe8df0e8826665ef6/library/std/src/panic.rs:359:14
[INFO] [stdout]   14: std::rt::lang_start_internal
[INFO] [stdout]              at /rustc/b2282dd5646a57d570fc86fbe8df0e8826665ef6/library/std/src/rt.rs:171:5
[INFO] [stdout]   15: std::rt::lang_start::<core::result::Result<(), anyhow::Error>>
[INFO] [stdout]              at /rustc/b2282dd5646a57d570fc86fbe8df0e8826665ef6/library/std/src/rt.rs:205:5
[INFO] [stdout]   16: main
[INFO] [stdout]   17: <unknown>
[INFO] [stdout]   18: __libc_start_main
[INFO] [stdout]   19: _start
[INFO] [stdout] ```
[INFO] [stdout] ```
[INFO] [stdout] command=`"/opt/rustwide/target/debug/super-release" "--dry-run" "-C" "/tmp/.tmpQVznlx"`
[INFO] [stdout] code=1
[INFO] [stdout] stdout=```
[INFO] [stdout] super-release (dry run)
[INFO] [stdout] 
[INFO] [stdout] >> Discovered 1 package(s):
[INFO] [stdout]    * my-app (.)
[INFO] [stdout] 
[INFO] [stdout] >> Branch: main
[INFO] [stdout] 
[INFO] [stdout] >> Release plan (1 package(s) to release):
[INFO] [stdout] 
[INFO] [stdout]    * my-app 1.0.0 -> 1.1.0 (minor)
[INFO] [stdout]      c66e7d53 (feat) new feature
[INFO] [stdout] 
[INFO] [stdout] >> Bumping package versions
[INFO] [stdout]   [version] Would update package.json: 1.0.0 -> 1.1.0
[INFO] [stdout] >> Running step: changelog
[INFO] [stdout]   [changelog] Would update /tmp/.tmpQVznlx/CHANGELOG.md (my-app)
[INFO] [stdout]     ## [1.1.0] - 2026-07-14
[INFO] [stdout]     
[INFO] [stdout]     ### 🚀 Features
[INFO] [stdout]     
[INFO] [stdout]     - New feature
[INFO] [stdout] 
[INFO] [stdout] >> Running step: npm
[INFO] [stdout]   [npm] Checking registry for published versions...
[INFO] [stdout]     my-app npm view my-app@1.1.0 version
[INFO] [stdout]     my-app → error: failed to run npm view
[INFO] [stdout] ```
[INFO] [stdout] 
[INFO] [stdout] stderr=```
[INFO] [stdout] Error: Registry check failed:
[INFO] [stdout]   Registry check failed for my-app: failed to run npm view
[INFO] [stdout] 
[INFO] [stdout] Stack backtrace:
[INFO] [stdout]    0: <anyhow::Error>::msg::<alloc::string::String>
[INFO] [stdout]              at /opt/rustwide/cargo-home/registry/src/index.crates.io-1949cf8c6b5b557f/anyhow-1.0.103/src/backtrace.rs:10:14
[INFO] [stdout]    1: <super_release::step::npm::NpmStep as super_release::step::Step>::publish
[INFO] [stdout]              at ./src/step/npm.rs:151:17
[INFO] [stdout]    2: super_release::main
[INFO] [stdout]              at ./src/main.rs:359:33
[INFO] [stdout]    3: <fn() -> core::result::Result<(), anyhow::Error> as core::ops::function::FnOnce<()>>::call_once
[INFO] [stdout]              at /rustc/b2282dd5646a57d570fc86fbe8df0e8826665ef6/library/core/src/ops/function.rs:250:5
[INFO] [stdout]    4: std::sys::backtrace::__rust_begin_short_backtrace::<fn() -> core::result::Result<(), anyhow::Error>, core::result::Result<(), anyhow::Error>>
[INFO] [stdout]              at /rustc/b2282dd5646a57d570fc86fbe8df0e8826665ef6/library/std/src/sys/backtrace.rs:166:18
[INFO] [stdout]    5: std::rt::lang_start::<core::result::Result<(), anyhow::Error>>::{closure#0}
[INFO] [stdout]              at /rustc/b2282dd5646a57d570fc86fbe8df0e8826665ef6/library/std/src/rt.rs:206:18
[INFO] [stdout]    6: <&dyn core::ops::function::Fn<(), Output = i32> + core::panic::unwind_safe::RefUnwindSafe + core::marker::Sync as core::ops::function::FnOnce<()>>::call_once
[INFO] [stdout]              at /rustc/b2282dd5646a57d570fc86fbe8df0e8826665ef6/library/core/src/ops/function.rs:287:21
[INFO] [stdout]    7: std::panicking::catch_unwind::do_call::<&dyn core::ops::function::Fn<(), Output = i32> + core::panic::unwind_safe::RefUnwindSafe + core::marker::Sync, i32>
[INFO] [stdout]              at /rustc/b2282dd5646a57d570fc86fbe8df0e8826665ef6/library/std/src/panicking.rs:581:40
[INFO] [stdout]    8: std::panicking::catch_unwind::<i32, &dyn core::ops::function::Fn<(), Output = i32> + core::panic::unwind_safe::RefUnwindSafe + core::marker::Sync>
[INFO] [stdout]              at /rustc/b2282dd5646a57d570fc86fbe8df0e8826665ef6/library/std/src/panicking.rs:544:19
[INFO] [stdout]    9: std::panic::catch_unwind::<&dyn core::ops::function::Fn<(), Output = i32> + core::panic::unwind_safe::RefUnwindSafe + core::marker::Sync, i32>
[INFO] [stdout]              at /rustc/b2282dd5646a57d570fc86fbe8df0e8826665ef6/library/std/src/panic.rs:359:14
[INFO] [stdout]   10: std::rt::lang_start_internal::{closure#0}
[INFO] [stdout]              at /rustc/b2282dd5646a57d570fc86fbe8df0e8826665ef6/library/std/src/rt.rs:175:24
[INFO] [stdout]   11: std::panicking::catch_unwind::do_call::<std::rt::lang_start_internal::{closure#0}, isize>
[INFO] [stdout]              at /rustc/b2282dd5646a57d570fc86fbe8df0e8826665ef6/library/std/src/panicking.rs:581:40
[INFO] [stdout]   12: std::panicking::catch_unwind::<isize, std::rt::lang_start_internal::{closure#0}>
[INFO] [stdout]              at /rustc/b2282dd5646a57d570fc86fbe8df0e8826665ef6/library/std/src/panicking.rs:544:19
[INFO] [stdout]   13: std::panic::catch_unwind::<std::rt::lang_start_internal::{closure#0}, isize>
[INFO] [stdout]              at /rustc/b2282dd5646a57d570fc86fbe8df0e8826665ef6/library/std/src/panic.rs:359:14
[INFO] [stdout]   14: std::rt::lang_start_internal
[INFO] [stdout]              at /rustc/b2282dd5646a57d570fc86fbe8df0e8826665ef6/library/std/src/rt.rs:171:5
[INFO] [stdout]   15: std::rt::lang_start::<core::result::Result<(), anyhow::Error>>
[INFO] [stdout]              at /rustc/b2282dd5646a57d570fc86fbe8df0e8826665ef6/library/std/src/rt.rs:205:5
[INFO] [stdout]   16: main
[INFO] [stdout]   17: <unknown>
[INFO] [stdout]   18: __libc_start_main
[INFO] [stdout]   19: _start
[INFO] [stdout] ```
[INFO] [stdout] 
[INFO] [stdout] 
[INFO] [stdout] stack backtrace:
[INFO] [stdout]    0:     0x5f23e09dc928 - std[10d71ac2c42b111e]::backtrace_rs::backtrace::libunwind::trace
[INFO] [stdout]                                at /rustc/b2282dd5646a57d570fc86fbe8df0e8826665ef6/library/std/src/../../backtrace/src/backtrace/libunwind.rs:117:9
[INFO] [stdout]    1:     0x5f23e09dc928 - std[10d71ac2c42b111e]::backtrace_rs::backtrace::trace_unsynchronized::<std[10d71ac2c42b111e]::sys::backtrace::_print_fmt::{closure#1}>
[INFO] [stdout]                                at /rustc/b2282dd5646a57d570fc86fbe8df0e8826665ef6/library/std/src/../../backtrace/src/backtrace/mod.rs:66:14
[INFO] [stdout]    2:     0x5f23e09dc928 - std[10d71ac2c42b111e]::sys::backtrace::_print_fmt
[INFO] [stdout]                                at /rustc/b2282dd5646a57d570fc86fbe8df0e8826665ef6/library/std/src/sys/backtrace.rs:74:9
[INFO] [stdout]    3:     0x5f23e09dc928 - <<std[10d71ac2c42b111e]::sys::backtrace::BacktraceLock>::print::DisplayBacktrace as core[8fb95b77d25ab6c8]::fmt::Display>::fmt
[INFO] [stdout]                                at /rustc/b2282dd5646a57d570fc86fbe8df0e8826665ef6/library/std/src/sys/backtrace.rs:44:26
[INFO] [stdout]    4:     0x5f23e09f303a - <core[8fb95b77d25ab6c8]::fmt::rt::Argument>::fmt
[INFO] [stdout]                                at /rustc/b2282dd5646a57d570fc86fbe8df0e8826665ef6/library/core/src/fmt/rt.rs:152:76
[INFO] [stdout]    5:     0x5f23e09f303a - core[8fb95b77d25ab6c8]::fmt::write
[INFO] [stdout]    6:     0x5f23e09e2632 - std[10d71ac2c42b111e]::io::default_write_fmt::<alloc[a7ee25936407c584]::vec::Vec<u8>>
[INFO] [stdout]                                at /rustc/b2282dd5646a57d570fc86fbe8df0e8826665ef6/library/std/src/io/mod.rs:622:11
[INFO] [stdout]    7:     0x5f23e09e2632 - <alloc[a7ee25936407c584]::vec::Vec<u8> as std[10d71ac2c42b111e]::io::Write>::write_fmt
[INFO] [stdout]                                at /rustc/b2282dd5646a57d570fc86fbe8df0e8826665ef6/library/std/src/io/mod.rs:1977:13
[INFO] [stdout]    8:     0x5f23e09b9926 - <std[10d71ac2c42b111e]::sys::backtrace::BacktraceLock>::print
[INFO] [stdout]                                at /rustc/b2282dd5646a57d570fc86fbe8df0e8826665ef6/library/std/src/sys/backtrace.rs:47:9
[INFO] [stdout]    9:     0x5f23e09b9926 - std[10d71ac2c42b111e]::panicking::default_hook::{closure#0}
[INFO] [stdout]                                at /rustc/b2282dd5646a57d570fc86fbe8df0e8826665ef6/library/std/src/panicking.rs:292:27
[INFO] [stdout]   10:     0x5f23e09d45f9 - std[10d71ac2c42b111e]::panicking::default_hook
[INFO] [stdout]                                at /rustc/b2282dd5646a57d570fc86fbe8df0e8826665ef6/library/std/src/panicking.rs:316:9
[INFO] [stdout]   11:     0x5f23e091de3c - <alloc[a7ee25936407c584]::boxed::Box<dyn for<'a, 'b> core[8fb95b77d25ab6c8]::ops::function::Fn<(&'a std[10d71ac2c42b111e]::panic::PanicHookInfo<'b>,), Output = ()> + core[8fb95b77d25ab6c8]::marker::Sync + core[8fb95b77d25ab6c8]::marker::Send> as core[8fb95b77d25ab6c8]::ops::function::Fn<(&std[10d71ac2c42b111e]::panic::PanicHookInfo,)>>::call
[INFO] [stdout]                                at /rustc/b2282dd5646a57d570fc86fbe8df0e8826665ef6/library/alloc/src/boxed.rs:2289:9
[INFO] [stdout]   12:     0x5f23e091de3c - test[213991da798b1c03]::test_main_inner::<test[213991da798b1c03]::test_main_static::{closure#0}>::{closure#0}
[INFO] [stdout]                                at /rustc/b2282dd5646a57d570fc86fbe8df0e8826665ef6/library/test/src/lib.rs:155:21
[INFO] [stdout]   13:     0x5f23e09d47b2 - <alloc[a7ee25936407c584]::boxed::Box<dyn for<'a, 'b> core[8fb95b77d25ab6c8]::ops::function::Fn<(&'a std[10d71ac2c42b111e]::panic::PanicHookInfo<'b>,), Output = ()> + core[8fb95b77d25ab6c8]::marker::Sync + core[8fb95b77d25ab6c8]::marker::Send> as core[8fb95b77d25ab6c8]::ops::function::Fn<(&std[10d71ac2c42b111e]::panic::PanicHookInfo,)>>::call
[INFO] [stdout]                                at /rustc/b2282dd5646a57d570fc86fbe8df0e8826665ef6/library/alloc/src/boxed.rs:2289:9
[INFO] [stdout]   14:     0x5f23e09d47b2 - std[10d71ac2c42b111e]::panicking::panic_with_hook
[INFO] [stdout]                                at /rustc/b2282dd5646a57d570fc86fbe8df0e8826665ef6/library/std/src/panicking.rs:833:13
[INFO] [stdout]   15:     0x5f23e09b99e2 - std[10d71ac2c42b111e]::panicking::panic_handler::{closure#0}
[INFO] [stdout]                                at /rustc/b2282dd5646a57d570fc86fbe8df0e8826665ef6/library/std/src/panicking.rs:698:13
[INFO] [stdout]   16:     0x5f23e09aeb09 - std[10d71ac2c42b111e]::sys::backtrace::__rust_end_short_backtrace::<std[10d71ac2c42b111e]::panicking::panic_handler::{closure#0}, !>
[INFO] [stdout]                                at /rustc/b2282dd5646a57d570fc86fbe8df0e8826665ef6/library/std/src/sys/backtrace.rs:182:18
[INFO] [stdout]   17:     0x5f23e09ba6fd - __rustc[3be9ba60078d4c86]::rust_begin_unwind
[INFO] [stdout]                                at /rustc/b2282dd5646a57d570fc86fbe8df0e8826665ef6/library/std/src/panicking.rs:689:5
[INFO] [stdout]   18:     0x5f23e09f384c - core[8fb95b77d25ab6c8]::panicking::panic_fmt
[INFO] [stdout]                                at /rustc/b2282dd5646a57d570fc86fbe8df0e8826665ef6/library/core/src/panicking.rs:80:14
[INFO] [stdout]   19:     0x5f23e0966d88 - core[8fb95b77d25ab6c8]::panicking::panic_display::<assert_cmd[c01efad9325e2b8a]::assert::AssertError>
[INFO] [stdout]                                at /rustc/b2282dd5646a57d570fc86fbe8df0e8826665ef6/library/core/src/panicking.rs:259:5
[INFO] [stdout]   20:     0x5f23e0966ce7 - <assert_cmd[c01efad9325e2b8a]::assert::AssertError>::panic::<assert_cmd[c01efad9325e2b8a]::assert::Assert>
[INFO] [stdout]                                at /opt/rustwide/cargo-home/registry/src/index.crates.io-1949cf8c6b5b557f/assert_cmd-2.2.2/src/assert.rs:1061:9
[INFO] [stdout]   21:     0x5f23e09675bd - <assert_cmd[c01efad9325e2b8a]::assert::Assert>::success
[INFO] [stdout]                                at /opt/rustwide/cargo-home/registry/src/index.crates.io-1949cf8c6b5b557f/assert_cmd-2.2.2/src/assert.rs:165:25
[INFO] [stdout]   22:     0x5f23e08fe1a4 - integration_test[db35a020876a09d8]::test_dry_run_shows_new_tag_format
[INFO] [stdout]                                at /opt/rustwide/workdir/tests/integration_test.rs:640:10
[INFO] [stdout]   23:     0x5f23e08f7027 - integration_test[db35a020876a09d8]::test_dry_run_shows_new_tag_format::{closure#0}
[INFO] [stdout]                                at /opt/rustwide/workdir/tests/integration_test.rs:610:39
[INFO] [stdout]   24:     0x5f23e0910a56 - <integration_test[db35a020876a09d8]::test_dry_run_shows_new_tag_format::{closure#0} as core[8fb95b77d25ab6c8]::ops::function::FnOnce<()>>::call_once
[INFO] [stdout]                                at /rustc/b2282dd5646a57d570fc86fbe8df0e8826665ef6/library/core/src/ops/function.rs:250:5
[INFO] [stdout]   25:     0x5f23e0910f1b - <fn() -> core[8fb95b77d25ab6c8]::result::Result<(), alloc[a7ee25936407c584]::string::String> as core[8fb95b77d25ab6c8]::ops::function::FnOnce<()>>::call_once
[INFO] [stdout]                                at /rustc/b2282dd5646a57d570fc86fbe8df0e8826665ef6/library/core/src/ops/function.rs:250:5
[INFO] [stdout]   26:     0x5f23e0910f1b - test[213991da798b1c03]::__rust_begin_short_backtrace::<core[8fb95b77d25ab6c8]::result::Result<(), alloc[a7ee25936407c584]::string::String>, fn() -> core[8fb95b77d25ab6c8]::result::Result<(), alloc[a7ee25936407c584]::string::String>>
[INFO] [stdout]                                at /rustc/b2282dd5646a57d570fc86fbe8df0e8826665ef6/library/test/src/lib.rs:724:18
[INFO] [stdout]   27:     0x5f23e091e795 - test[213991da798b1c03]::run_test_in_process::{closure#0}
[INFO] [stdout]                                at /rustc/b2282dd5646a57d570fc86fbe8df0e8826665ef6/library/test/src/lib.rs:747:74
[INFO] [stdout]   28:     0x5f23e091e795 - <core[8fb95b77d25ab6c8]::panic::unwind_safe::AssertUnwindSafe<test[213991da798b1c03]::run_test_in_process::{closure#0}> as core[8fb95b77d25ab6c8]::ops::function::FnOnce<()>>::call_once
[INFO] [stdout]                                at /rustc/b2282dd5646a57d570fc86fbe8df0e8826665ef6/library/core/src/panic/unwind_safe.rs:275:9
[INFO] [stdout]   29:     0x5f23e091e795 - std[10d71ac2c42b111e]::panicking::catch_unwind::do_call::<core[8fb95b77d25ab6c8]::panic::unwind_safe::AssertUnwindSafe<test[213991da798b1c03]::run_test_in_process::{closure#0}>, core[8fb95b77d25ab6c8]::result::Result<(), alloc[a7ee25936407c584]::string::String>>
[INFO] [stdout]                                at /rustc/b2282dd5646a57d570fc86fbe8df0e8826665ef6/library/std/src/panicking.rs:581:40
[INFO] [stdout]   30:     0x5f23e091e795 - std[10d71ac2c42b111e]::panicking::catch_unwind::<core[8fb95b77d25ab6c8]::result::Result<(), alloc[a7ee25936407c584]::string::String>, core[8fb95b77d25ab6c8]::panic::unwind_safe::AssertUnwindSafe<test[213991da798b1c03]::run_test_in_process::{closure#0}>>
[INFO] [stdout]                                at /rustc/b2282dd5646a57d570fc86fbe8df0e8826665ef6/library/std/src/panicking.rs:544:19
[INFO] [stdout]   31:     0x5f23e091e795 - std[10d71ac2c42b111e]::panic::catch_unwind::<core[8fb95b77d25ab6c8]::panic::unwind_safe::AssertUnwindSafe<test[213991da798b1c03]::run_test_in_process::{closure#0}>, core[8fb95b77d25ab6c8]::result::Result<(), alloc[a7ee25936407c584]::string::String>>
[INFO] [stdout]                                at /rustc/b2282dd5646a57d570fc86fbe8df0e8826665ef6/library/std/src/panic.rs:359:14
[INFO] [stdout]   32:     0x5f23e091e795 - test[213991da798b1c03]::run_test_in_process
[INFO] [stdout]                                at /rustc/b2282dd5646a57d570fc86fbe8df0e8826665ef6/library/test/src/lib.rs:747:27
[INFO] [stdout]   33:     0x5f23e091e795 - test[213991da798b1c03]::run_test::{closure#0}
[INFO] [stdout]                                at /rustc/b2282dd5646a57d570fc86fbe8df0e8826665ef6/library/test/src/lib.rs:668:43
[INFO] [stdout]   34:     0x5f23e09180a4 - test[213991da798b1c03]::run_test::{closure#1}
[INFO] [stdout]                                at /rustc/b2282dd5646a57d570fc86fbe8df0e8826665ef6/library/test/src/lib.rs:698:41
[INFO] [stdout]   35:     0x5f23e09180a4 - std[10d71ac2c42b111e]::sys::backtrace::__rust_begin_short_backtrace::<test[213991da798b1c03]::run_test::{closure#1}, ()>
[INFO] [stdout]                                at /rustc/b2282dd5646a57d570fc86fbe8df0e8826665ef6/library/std/src/sys/backtrace.rs:166:18
[INFO] [stdout]   36:     0x5f23e0921812 - std[10d71ac2c42b111e]::thread::lifecycle::spawn_unchecked::<test[213991da798b1c03]::run_test::{closure#1}, ()>::{closure#1}::{closure#0}
[INFO] [stdout]                                at /rustc/b2282dd5646a57d570fc86fbe8df0e8826665ef6/library/std/src/thread/lifecycle.rs:70:13
[INFO] [stdout]   37:     0x5f23e0921812 - <core[8fb95b77d25ab6c8]::panic::unwind_safe::AssertUnwindSafe<std[10d71ac2c42b111e]::thread::lifecycle::spawn_unchecked<test[213991da798b1c03]::run_test::{closure#1}, ()>::{closure#1}::{closure#0}> as core[8fb95b77d25ab6c8]::ops::function::FnOnce<()>>::call_once
[INFO] [stdout]                                at /rustc/b2282dd5646a57d570fc86fbe8df0e8826665ef6/library/core/src/panic/unwind_safe.rs:275:9
[INFO] [stdout]   38:     0x5f23e0921812 - std[10d71ac2c42b111e]::panicking::catch_unwind::do_call::<core[8fb95b77d25ab6c8]::panic::unwind_safe::AssertUnwindSafe<std[10d71ac2c42b111e]::thread::lifecycle::spawn_unchecked<test[213991da798b1c03]::run_test::{closure#1}, ()>::{closure#1}::{closure#0}>, ()>
[INFO] [stdout]                                at /rustc/b2282dd5646a57d570fc86fbe8df0e8826665ef6/library/std/src/panicking.rs:581:40
[INFO] [stdout]   39:     0x5f23e0921812 - std[10d71ac2c42b111e]::panicking::catch_unwind::<(), core[8fb95b77d25ab6c8]::panic::unwind_safe::AssertUnwindSafe<std[10d71ac2c42b111e]::thread::lifecycle::spawn_unchecked<test[213991da798b1c03]::run_test::{closure#1}, ()>::{closure#1}::{closure#0}>>
[INFO] [stdout]                                at /rustc/b2282dd5646a57d570fc86fbe8df0e8826665ef6/library/std/src/panicking.rs:544:19
[INFO] [stdout]   40:     0x5f23e0921812 - std[10d71ac2c42b111e]::panic::catch_unwind::<core[8fb95b77d25ab6c8]::panic::unwind_safe::AssertUnwindSafe<std[10d71ac2c42b111e]::thread::lifecycle::spawn_unchecked<test[213991da798b1c03]::run_test::{closure#1}, ()>::{closure#1}::{closure#0}>, ()>
[INFO] [stdout]                                at /rustc/b2282dd5646a57d570fc86fbe8df0e8826665ef6/library/std/src/panic.rs:359:14
[INFO] [stdout]   41:     0x5f23e0921812 - std[10d71ac2c42b111e]::thread::lifecycle::spawn_unchecked::<test[213991da798b1c03]::run_test::{closure#1}, ()>::{closure#1}
[INFO] [stdout]                                at /rustc/b2282dd5646a57d570fc86fbe8df0e8826665ef6/library/std/src/thread/lifecycle.rs:68:26
[INFO] [stdout]   42:     0x5f23e0921812 - <std[10d71ac2c42b111e]::thread::lifecycle::spawn_unchecked<test[213991da798b1c03]::run_test::{closure#1}, ()>::{closure#1} as core[8fb95b77d25ab6c8]::ops::function::FnOnce<()>>::call_once::{shim:vtable#0}
[INFO] [stdout]                                at /rustc/b2282dd5646a57d570fc86fbe8df0e8826665ef6/library/core/src/ops/function.rs:250:5
[INFO] [stdout]   43:     0x5f23e09dc03f - <alloc[a7ee25936407c584]::boxed::Box<dyn core[8fb95b77d25ab6c8]::ops::function::FnOnce<(), Output = ()> + core[8fb95b77d25ab6c8]::marker::Send> as core[8fb95b77d25ab6c8]::ops::function::FnOnce<()>>::call_once
[INFO] [stdout]                                at /rustc/b2282dd5646a57d570fc86fbe8df0e8826665ef6/library/alloc/src/boxed.rs:2275:9
[INFO] [stdout]   44:     0x5f23e09dc03f - <std[10d71ac2c42b111e]::sys::thread::unix::Thread>::new::thread_start
[INFO] [stdout]                                at /rustc/b2282dd5646a57d570fc86fbe8df0e8826665ef6/library/std/src/sys/thread/unix.rs:118:17
[INFO] [stdout]   45:     0x7af5fe23daa4 - <unknown>
[INFO] [stdout]   46:     0x7af5fe2caa64 - clone
[INFO] [stdout]   47:                0x0 - <unknown>
[INFO] [stdout] 
[INFO] [stdout] ---- test_breaking_change_major_bump stdout ----
[INFO] [stdout] 
[INFO] [stdout] thread 'test_breaking_change_major_bump' (8318) panicked at tests/integration_test.rs:355:10:
[INFO] [stdout] Unexpected failure.
[INFO] [stdout] code=1
[INFO] [stdout] stderr=``````
[INFO] [stdout] Error: Registry check failed:
[INFO] [stdout]   Registry check failed for my-lib: failed to run npm view
[INFO] [stdout] 
[INFO] [stdout] Stack backtrace:
[INFO] [stdout]    0: <anyhow::Error>::msg::<alloc::string::String>
[INFO] [stdout]              at /opt/rustwide/cargo-home/registry/src/index.crates.io-1949cf8c6b5b557f/anyhow-1.0.103/src/backtrace.rs:10:14
[INFO] [stdout]    1: <super_release::step::npm::NpmStep as super_release::step::Step>::publish
[INFO] [stdout]              at ./src/step/npm.rs:151:17
[INFO] [stdout]    2: super_release::main
[INFO] [stdout]              at ./src/main.rs:359:33
[INFO] [stdout]    3: <fn() -> core::result::Result<(), anyhow::Error> as core::ops::function::FnOnce<()>>::call_once
[INFO] [stdout]              at /rustc/b2282dd5646a57d570fc86fbe8df0e8826665ef6/library/core/src/ops/function.rs:250:5
[INFO] [stdout]    4: std::sys::backtrace::__rust_begin_short_backtrace::<fn() -> core::result::Result<(), anyhow::Error>, core::result::Result<(), anyhow::Error>>
[INFO] [stdout]              at /rustc/b2282dd5646a57d570fc86fbe8df0e8826665ef6/library/std/src/sys/backtrace.rs:166:18
[INFO] [stdout]    5: std::rt::lang_start::<core::result::Result<(), anyhow::Error>>::{closure#0}
[INFO] [stdout]              at /rustc/b2282dd5646a57d570fc86fbe8df0e8826665ef6/library/std/src/rt.rs:206:18
[INFO] [stdout]    6: <&dyn core::ops::function::Fn<(), Output = i32> + core::panic::unwind_safe::RefUnwindSafe + core::marker::Sync as core::ops::function::FnOnce<()>>::call_once
[INFO] [stdout]              at /rustc/b2282dd5646a57d570fc86fbe8df0e8826665ef6/library/core/src/ops/function.rs:287:21
[INFO] [stdout]    7: std::panicking::catch_unwind::do_call::<&dyn core::ops::function::Fn<(), Output = i32> + core::panic::unwind_safe::RefUnwindSafe + core::marker::Sync, i32>
[INFO] [stdout]              at /rustc/b2282dd5646a57d570fc86fbe8df0e8826665ef6/library/std/src/panicking.rs:581:40
[INFO] [stdout]    8: std::panicking::catch_unwind::<i32, &dyn core::ops::function::Fn<(), Output = i32> + core::panic::unwind_safe::RefUnwindSafe + core::marker::Sync>
[INFO] [stdout]              at /rustc/b2282dd5646a57d570fc86fbe8df0e8826665ef6/library/std/src/panicking.rs:544:19
[INFO] [stdout]    9: std::panic::catch_unwind::<&dyn core::ops::function::Fn<(), Output = i32> + core::panic::unwind_safe::RefUnwindSafe + core::marker::Sync, i32>
[INFO] [stdout]              at /rustc/b2282dd5646a57d570fc86fbe8df0e8826665ef6/library/std/src/panic.rs:359:14
[INFO] [stdout]   10: std::rt::lang_start_internal::{closure#0}
[INFO] [stdout]              at /rustc/b2282dd5646a57d570fc86fbe8df0e8826665ef6/library/std/src/rt.rs:175:24
[INFO] [stdout]   11: std::panicking::catch_unwind::do_call::<std::rt::lang_start_internal::{closure#0}, isize>
[INFO] [stdout]              at /rustc/b2282dd5646a57d570fc86fbe8df0e8826665ef6/library/std/src/panicking.rs:581:40
[INFO] [stdout]   12: std::panicking::catch_unwind::<isize, std::rt::lang_start_internal::{closure#0}>
[INFO] [stdout]              at /rustc/b2282dd5646a57d570fc86fbe8df0e8826665ef6/library/std/src/panicking.rs:544:19
[INFO] [stdout]   13: std::panic::catch_unwind::<std::rt::lang_start_internal::{closure#0}, isize>
[INFO] [stdout]              at /rustc/b2282dd5646a57d570fc86fbe8df0e8826665ef6/library/std/src/panic.rs:359:14
[INFO] [stdout]   14: std::rt::lang_start_internal
[INFO] [stdout]              at /rustc/b2282dd5646a57d570fc86fbe8df0e8826665ef6/library/std/src/rt.rs:171:5
[INFO] [stdout]   15: std::rt::lang_start::<core::result::Result<(), anyhow::Error>>
[INFO] [stdout]              at /rustc/b2282dd5646a57d570fc86fbe8df0e8826665ef6/library/std/src/rt.rs:205:5
[INFO] [stdout]   16: main
[INFO] [stdout]   17: <unknown>
[INFO] [stdout]   18: __libc_start_main
[INFO] [stdout]   19: _start
[INFO] [stdout] ```
[INFO] [stdout] ```
[INFO] [stdout] command=`"/opt/rustwide/target/debug/super-release" "--dry-run" "-C" "/tmp/.tmpzoETCK"`
[INFO] [stdout] code=1
[INFO] [stdout] stdout=```
[INFO] [stdout] super-release (dry run)
[INFO] [stdout] 
[INFO] [stdout] >> Discovered 1 package(s):
[INFO] [stdout]    * my-lib (.)
[INFO] [stdout] 
[INFO] [stdout] >> Branch: main
[INFO] [stdout] 
[INFO] [stdout] >> Release plan (1 package(s) to release):
[INFO] [stdout] 
[INFO] [stdout]    * my-lib 2.0.0 -> 3.0.0 (major)
[INFO] [stdout]      2b8cc8ed (feat!) switch to ESM
[INFO] [stdout] 
[INFO] [stdout] >> Bumping package versions
[INFO] [stdout]   [version] Would update package.json: 2.0.0 -> 3.0.0
[INFO] [stdout] >> Running step: changelog
[INFO] [stdout]   [changelog] Would update /tmp/.tmpzoETCK/CHANGELOG.md (my-lib)
[INFO] [stdout]     ## [3.0.0] - 2026-07-14
[INFO] [stdout]     
[INFO] [stdout]     ### 🚀 Features
[INFO] [stdout]     
[INFO] [stdout]     - [**breaking**] Switch to ESM
[INFO] [stdout] 
[INFO] [stdout] >> Running step: npm
[INFO] [stdout]   [npm] Checking registry for published versions...
[INFO] [stdout]     my-lib npm view my-lib@3.0.0 version
[INFO] [stdout]     my-lib → error: failed to run npm view
[INFO] [stdout] ```
[INFO] [stdout] 
[INFO] [stdout] stderr=```
[INFO] [stdout] Error: Registry check failed:
[INFO] [stdout]   Registry check failed for my-lib: failed to run npm view
[INFO] [stdout] 
[INFO] [stdout] Stack backtrace:
[INFO] [stdout]    0: <anyhow::Error>::msg::<alloc::string::String>
[INFO] [stdout]              at /opt/rustwide/cargo-home/registry/src/index.crates.io-1949cf8c6b5b557f/anyhow-1.0.103/src/backtrace.rs:10:14
[INFO] [stdout]    1: <super_release::step::npm::NpmStep as super_release::step::Step>::publish
[INFO] [stdout]              at ./src/step/npm.rs:151:17
[INFO] [stdout]    2: super_release::main
[INFO] [stdout]              at ./src/main.rs:359:33
[INFO] [stdout]    3: <fn() -> core::result::Result<(), anyhow::Error> as core::ops::function::FnOnce<()>>::call_once
[INFO] [stdout]              at /rustc/b2282dd5646a57d570fc86fbe8df0e8826665ef6/library/core/src/ops/function.rs:250:5
[INFO] [stdout]    4: std::sys::backtrace::__rust_begin_short_backtrace::<fn() -> core::result::Result<(), anyhow::Error>, core::result::Result<(), anyhow::Error>>
[INFO] [stdout]              at /rustc/b2282dd5646a57d570fc86fbe8df0e8826665ef6/library/std/src/sys/backtrace.rs:166:18
[INFO] [stdout]    5: std::rt::lang_start::<core::result::Result<(), anyhow::Error>>::{closure#0}
[INFO] [stdout]              at /rustc/b2282dd5646a57d570fc86fbe8df0e8826665ef6/library/std/src/rt.rs:206:18
[INFO] [stdout]    6: <&dyn core::ops::function::Fn<(), Output = i32> + core::panic::unwind_safe::RefUnwindSafe + core::marker::Sync as core::ops::function::FnOnce<()>>::call_once
[INFO] [stdout]              at /rustc/b2282dd5646a57d570fc86fbe8df0e8826665ef6/library/core/src/ops/function.rs:287:21
[INFO] [stdout]    7: std::panicking::catch_unwind::do_call::<&dyn core::ops::function::Fn<(), Output = i32> + core::panic::unwind_safe::RefUnwindSafe + core::marker::Sync, i32>
[INFO] [stdout]              at /rustc/b2282dd5646a57d570fc86fbe8df0e8826665ef6/library/std/src/panicking.rs:581:40
[INFO] [stdout]    8: std::panicking::catch_unwind::<i32, &dyn core::ops::function::Fn<(), Output = i32> + core::panic::unwind_safe::RefUnwindSafe + core::marker::Sync>
[INFO] [stdout]              at /rustc/b2282dd5646a57d570fc86fbe8df0e8826665ef6/library/std/src/panicking.rs:544:19
[INFO] [stdout]    9: std::panic::catch_unwind::<&dyn core::ops::function::Fn<(), Output = i32> + core::panic::unwind_safe::RefUnwindSafe + core::marker::Sync, i32>
[INFO] [stdout]              at /rustc/b2282dd5646a57d570fc86fbe8df0e8826665ef6/library/std/src/panic.rs:359:14
[INFO] [stdout]   10: std::rt::lang_start_internal::{closure#0}
[INFO] [stdout]              at /rustc/b2282dd5646a57d570fc86fbe8df0e8826665ef6/library/std/src/rt.rs:175:24
[INFO] [stdout]   11: std::panicking::catch_unwind::do_call::<std::rt::lang_start_internal::{closure#0}, isize>
[INFO] [stdout]              at /rustc/b2282dd5646a57d570fc86fbe8df0e8826665ef6/library/std/src/panicking.rs:581:40
[INFO] [stdout]   12: std::panicking::catch_unwind::<isize, std::rt::lang_start_internal::{closure#0}>
[INFO] [stdout]              at /rustc/b2282dd5646a57d570fc86fbe8df0e8826665ef6/library/std/src/panicking.rs:544:19
[INFO] [stdout]   13: std::panic::catch_unwind::<std::rt::lang_start_internal::{closure#0}, isize>
[INFO] [stdout]              at /rustc/b2282dd5646a57d570fc86fbe8df0e8826665ef6/library/std/src/panic.rs:359:14
[INFO] [stdout]   14: std::rt::lang_start_internal
[INFO] [stdout]              at /rustc/b2282dd5646a57d570fc86fbe8df0e8826665ef6/library/std/src/rt.rs:171:5
[INFO] [stdout]   15: std::rt::lang_start::<core::result::Result<(), anyhow::Error>>
[INFO] [stdout]              at /rustc/b2282dd5646a57d570fc86fbe8df0e8826665ef6/library/std/src/rt.rs:205:5
[INFO] [stdout]   16: main
[INFO] [stdout]   17: <unknown>
[INFO] [stdout]   18: __libc_start_main
[INFO] [stdout]   19: _start
[INFO] [stdout] ```
[INFO] [stdout] 
[INFO] [stdout] 
[INFO] [stdout] stack backtrace:
[INFO] [stdout]    0:     0x5f23e09dc928 - std[10d71ac2c42b111e]::backtrace_rs::backtrace::libunwind::trace
[INFO] [stdout]                                at /rustc/b2282dd5646a57d570fc86fbe8df0e8826665ef6/library/std/src/../../backtrace/src/backtrace/libunwind.rs:117:9
[INFO] [stdout]    1:     0x5f23e09dc928 - std[10d71ac2c42b111e]::backtrace_rs::backtrace::trace_unsynchronized::<std[10d71ac2c42b111e]::sys::backtrace::_print_fmt::{closure#1}>
[INFO] [stdout]                                at /rustc/b2282dd5646a57d570fc86fbe8df0e8826665ef6/library/std/src/../../backtrace/src/backtrace/mod.rs:66:14
[INFO] [stdout]    2:     0x5f23e09dc928 - std[10d71ac2c42b111e]::sys::backtrace::_print_fmt
[INFO] [stdout]                                at /rustc/b2282dd5646a57d570fc86fbe8df0e8826665ef6/library/std/src/sys/backtrace.rs:74:9
[INFO] [stdout]    3:     0x5f23e09dc928 - <<std[10d71ac2c42b111e]::sys::backtrace::BacktraceLock>::print::DisplayBacktrace as core[8fb95b77d25ab6c8]::fmt::Display>::fmt
[INFO] [stdout]                                at /rustc/b2282dd5646a57d570fc86fbe8df0e8826665ef6/library/std/src/sys/backtrace.rs:44:26
[INFO] [stdout]    4:     0x5f23e09f303a - <core[8fb95b77d25ab6c8]::fmt::rt::Argument>::fmt
[INFO] [stdout]                                at /rustc/b2282dd5646a57d570fc86fbe8df0e8826665ef6/library/core/src/fmt/rt.rs:152:76
[INFO] [stdout]    5:     0x5f23e09f303a - core[8fb95b77d25ab6c8]::fmt::write
[INFO] [stdout]    6:     0x5f23e09e2632 - std[10d71ac2c42b111e]::io::default_write_fmt::<alloc[a7ee25936407c584]::vec::Vec<u8>>
[INFO] [stdout]                                at /rustc/b2282dd5646a57d570fc86fbe8df0e8826665ef6/library/std/src/io/mod.rs:622:11
[INFO] [stdout]    7:     0x5f23e09e2632 - <alloc[a7ee25936407c584]::vec::Vec<u8> as std[10d71ac2c42b111e]::io::Write>::write_fmt
[INFO] [stdout]                                at /rustc/b2282dd5646a57d570fc86fbe8df0e8826665ef6/library/std/src/io/mod.rs:1977:13
[INFO] [stdout]    8:     0x5f23e09b9926 - <std[10d71ac2c42b111e]::sys::backtrace::BacktraceLock>::print
[INFO] [stdout]                                at /rustc/b2282dd5646a57d570fc86fbe8df0e8826665ef6/library/std/src/sys/backtrace.rs:47:9
[INFO] [stdout]    9:     0x5f23e09b9926 - std[10d71ac2c42b111e]::panicking::default_hook::{closure#0}
[INFO] [stdout]                                at /rustc/b2282dd5646a57d570fc86fbe8df0e8826665ef6/library/std/src/panicking.rs:292:27
[INFO] [stdout]   10:     0x5f23e09d45f9 - std[10d71ac2c42b111e]::panicking::default_hook
[INFO] [stdout]                                at /rustc/b2282dd5646a57d570fc86fbe8df0e8826665ef6/library/std/src/panicking.rs:316:9
[INFO] [stdout]   11:     0x5f23e091de3c - <alloc[a7ee25936407c584]::boxed::Box<dyn for<'a, 'b> core[8fb95b77d25ab6c8]::ops::function::Fn<(&'a std[10d71ac2c42b111e]::panic::PanicHookInfo<'b>,), Output = ()> + core[8fb95b77d25ab6c8]::marker::Sync + core[8fb95b77d25ab6c8]::marker::Send> as core[8fb95b77d25ab6c8]::ops::function::Fn<(&std[10d71ac2c42b111e]::panic::PanicHookInfo,)>>::call
[INFO] [stdout]                                at /rustc/b2282dd5646a57d570fc86fbe8df0e8826665ef6/library/alloc/src/boxed.rs:2289:9
[INFO] [stdout]   12:     0x5f23e091de3c - test[213991da798b1c03]::test_main_inner::<test[213991da798b1c03]::test_main_static::{closure#0}>::{closure#0}
[INFO] [stdout]                                at /rustc/b2282dd5646a57d570fc86fbe8df0e8826665ef6/library/test/src/lib.rs:155:21
[INFO] [stdout]   13:     0x5f23e09d47b2 - <alloc[a7ee25936407c584]::boxed::Box<dyn for<'a, 'b> core[8fb95b77d25ab6c8]::ops::function::Fn<(&'a std[10d71ac2c42b111e]::panic::PanicHookInfo<'b>,), Output = ()> + core[8fb95b77d25ab6c8]::marker::Sync + core[8fb95b77d25ab6c8]::marker::Send> as core[8fb95b77d25ab6c8]::ops::function::Fn<(&std[10d71ac2c42b111e]::panic::PanicHookInfo,)>>::call
[INFO] [stdout]                                at /rustc/b2282dd5646a57d570fc86fbe8df0e8826665ef6/library/alloc/src/boxed.rs:2289:9
[INFO] [stdout]   14:     0x5f23e09d47b2 - std[10d71ac2c42b111e]::panicking::panic_with_hook
[INFO] [stdout]                                at /rustc/b2282dd5646a57d570fc86fbe8df0e8826665ef6/library/std/src/panicking.rs:833:13
[INFO] [stdout]   15:     0x5f23e09b99e2 - std[10d71ac2c42b111e]::panicking::panic_handler::{closure#0}
[INFO] [stdout]                                at /rustc/b2282dd5646a57d570fc86fbe8df0e8826665ef6/library/std/src/panicking.rs:698:13
[INFO] [stdout]   16:     0x5f23e09aeb09 - std[10d71ac2c42b111e]::sys::backtrace::__rust_end_short_backtrace::<std[10d71ac2c42b111e]::panicking::panic_handler::{closure#0}, !>
[INFO] [stdout]                                at /rustc/b2282dd5646a57d570fc86fbe8df0e8826665ef6/library/std/src/sys/backtrace.rs:182:18
[INFO] [stdout]   17:     0x5f23e09ba6fd - __rustc[3be9ba60078d4c86]::rust_begin_unwind
[INFO] [stdout]                                at /rustc/b2282dd5646a57d570fc86fbe8df0e8826665ef6/library/std/src/panicking.rs:689:5
[INFO] [stdout]   18:     0x5f23e09f384c - core[8fb95b77d25ab6c8]::panicking::panic_fmt
[INFO] [stdout]                                at /rustc/b2282dd5646a57d570fc86fbe8df0e8826665ef6/library/core/src/panicking.rs:80:14
[INFO] [stdout]   19:     0x5f23e0966d88 - core[8fb95b77d25ab6c8]::panicking::panic_display::<assert_cmd[c01efad9325e2b8a]::assert::AssertError>
[INFO] [stdout]                                at /rustc/b2282dd5646a57d570fc86fbe8df0e8826665ef6/library/core/src/panicking.rs:259:5
[INFO] [stdout]   20:     0x5f23e0966ce7 - <assert_cmd[c01efad9325e2b8a]::assert::AssertError>::panic::<assert_cmd[c01efad9325e2b8a]::assert::Assert>
[INFO] [stdout]                                at /opt/rustwide/cargo-home/registry/src/index.crates.io-1949cf8c6b5b557f/assert_cmd-2.2.2/src/assert.rs:1061:9
[INFO] [stdout]   21:     0x5f23e09675bd - <assert_cmd[c01efad9325e2b8a]::assert::Assert>::success
[INFO] [stdout]                                at /opt/rustwide/cargo-home/registry/src/index.crates.io-1949cf8c6b5b557f/assert_cmd-2.2.2/src/assert.rs:165:25
[INFO] [stdout]   22:     0x5f23e08fb59c - integration_test[db35a020876a09d8]::test_breaking_change_major_bump
[INFO] [stdout]                                at /opt/rustwide/workdir/tests/integration_test.rs:355:10
[INFO] [stdout]   23:     0x5f23e08f6f97 - integration_test[db35a020876a09d8]::test_breaking_change_major_bump::{closure#0}
[INFO] [stdout]                                at /opt/rustwide/workdir/tests/integration_test.rs:318:37
[INFO] [stdout]   24:     0x5f23e0910996 - <integration_test[db35a020876a09d8]::test_breaking_change_major_bump::{closure#0} as core[8fb95b77d25ab6c8]::ops::function::FnOnce<()>>::call_once
[INFO] [stdout]                                at /rustc/b2282dd5646a57d570fc86fbe8df0e8826665ef6/library/core/src/ops/function.rs:250:5
[INFO] [stdout]   25:     0x5f23e0910f1b - <fn() -> core[8fb95b77d25ab6c8]::result::Result<(), alloc[a7ee25936407c584]::string::String> as core[8fb95b77d25ab6c8]::ops::function::FnOnce<()>>::call_once
[INFO] [stdout]                                at /rustc/b2282dd5646a57d570fc86fbe8df0e8826665ef6/library/core/src/ops/function.rs:250:5
[INFO] [stdout]   26:     0x5f23e0910f1b - test[213991da798b1c03]::__rust_begin_short_backtrace::<core[8fb95b77d25ab6c8]::result::Result<(), alloc[a7ee25936407c584]::string::String>, fn() -> core[8fb95b77d25ab6c8]::result::Result<(), alloc[a7ee25936407c584]::string::String>>
[INFO] [stdout]                                at /rustc/b2282dd5646a57d570fc86fbe8df0e8826665ef6/library/test/src/lib.rs:724:18
[INFO] [stdout]   27:     0x5f23e091e795 - test[213991da798b1c03]::run_test_in_process::{closure#0}
[INFO] [stdout]                                at /rustc/b2282dd5646a57d570fc86fbe8df0e8826665ef6/library/test/src/lib.rs:747:74
[INFO] [stdout]   28:     0x5f23e091e795 - <core[8fb95b77d25ab6c8]::panic::unwind_safe::AssertUnwindSafe<test[213991da798b1c03]::run_test_in_process::{closure#0}> as core[8fb95b77d25ab6c8]::ops::function::FnOnce<()>>::call_once
[INFO] [stdout]                                at /rustc/b2282dd5646a57d570fc86fbe8df0e8826665ef6/library/core/src/panic/unwind_safe.rs:275:9
[INFO] [stderr] error: test failed, to rerun pass `--test integration_test`
[INFO] [stdout]   29:     0x5f23e091e795 - std[10d71ac2c42b111e]::panicking::catch_unwind::do_call::<core[8fb95b77d25ab6c8]::panic::unwind_safe::AssertUnwindSafe<test[213991da798b1c03]::run_test_in_process::{closure#0}>, core[8fb95b77d25ab6c8]::result::Result<(), alloc[a7ee25936407c584]::string::String>>
[INFO] [stdout]                                at /rustc/b2282dd5646a57d570fc86fbe8df0e8826665ef6/library/std/src/panicking.rs:581:40
[INFO] [stdout]   30:     0x5f23e091e795 - std[10d71ac2c42b111e]::panicking::catch_unwind::<core[8fb95b77d25ab6c8]::result::Result<(), alloc[a7ee25936407c584]::string::String>, core[8fb95b77d25ab6c8]::panic::unwind_safe::AssertUnwindSafe<test[213991da798b1c03]::run_test_in_process::{closure#0}>>
[INFO] [stdout]                                at /rustc/b2282dd5646a57d570fc86fbe8df0e8826665ef6/library/std/src/panicking.rs:544:19
[INFO] [stdout]   31:     0x5f23e091e795 - std[10d71ac2c42b111e]::panic::catch_unwind::<core[8fb95b77d25ab6c8]::panic::unwind_safe::AssertUnwindSafe<test[213991da798b1c03]::run_test_in_process::{closure#0}>, core[8fb95b77d25ab6c8]::result::Result<(), alloc[a7ee25936407c584]::string::String>>
[INFO] [stdout]                                at /rustc/b2282dd5646a57d570fc86fbe8df0e8826665ef6/library/std/src/panic.rs:359:14
[INFO] [stdout]   32:     0x5f23e091e795 - test[213991da798b1c03]::run_test_in_process
[INFO] [stdout]                                at /rustc/b2282dd5646a57d570fc86fbe8df0e8826665ef6/library/test/src/lib.rs:747:27
[INFO] [stdout]   33:     0x5f23e091e795 - test[213991da798b1c03]::run_test::{closure#0}
[INFO] [stdout]                                at /rustc/b2282dd5646a57d570fc86fbe8df0e8826665ef6/library/test/src/lib.rs:668:43
[INFO] [stdout]   34:     0x5f23e09180a4 - test[213991da798b1c03]::run_test::{closure#1}
[INFO] [stdout]                                at /rustc/b2282dd5646a57d570fc86fbe8df0e8826665ef6/library/test/src/lib.rs:698:41
[INFO] [stdout]   35:     0x5f23e09180a4 - std[10d71ac2c42b111e]::sys::backtrace::__rust_begin_short_backtrace::<test[213991da798b1c03]::run_test::{closure#1}, ()>
[INFO] [stdout]                                at /rustc/b2282dd5646a57d570fc86fbe8df0e8826665ef6/library/std/src/sys/backtrace.rs:166:18
[INFO] [stdout]   36:     0x5f23e0921812 - std[10d71ac2c42b111e]::thread::lifecycle::spawn_unchecked::<test[213991da798b1c03]::run_test::{closure#1}, ()>::{closure#1}::{closure#0}
[INFO] [stdout]                                at /rustc/b2282dd5646a57d570fc86fbe8df0e8826665ef6/library/std/src/thread/lifecycle.rs:70:13
[INFO] [stdout]   37:     0x5f23e0921812 - <core[8fb95b77d25ab6c8]::panic::unwind_safe::AssertUnwindSafe<std[10d71ac2c42b111e]::thread::lifecycle::spawn_unchecked<test[213991da798b1c03]::run_test::{closure#1}, ()>::{closure#1}::{closure#0}> as core[8fb95b77d25ab6c8]::ops::function::FnOnce<()>>::call_once
[INFO] [stdout]                                at /rustc/b2282dd5646a57d570fc86fbe8df0e8826665ef6/library/core/src/panic/unwind_safe.rs:275:9
[INFO] [stdout]   38:     0x5f23e0921812 - std[10d71ac2c42b111e]::panicking::catch_unwind::do_call::<core[8fb95b77d25ab6c8]::panic::unwind_safe::AssertUnwindSafe<std[10d71ac2c42b111e]::thread::lifecycle::spawn_unchecked<test[213991da798b1c03]::run_test::{closure#1}, ()>::{closure#1}::{closure#0}>, ()>
[INFO] [stdout]                                at /rustc/b2282dd5646a57d570fc86fbe8df0e8826665ef6/library/std/src/panicking.rs:581:40
[INFO] [stdout]   39:     0x5f23e0921812 - std[10d71ac2c42b111e]::panicking::catch_unwind::<(), core[8fb95b77d25ab6c8]::panic::unwind_safe::AssertUnwindSafe<std[10d71ac2c42b111e]::thread::lifecycle::spawn_unchecked<test[213991da798b1c03]::run_test::{closure#1}, ()>::{closure#1}::{closure#0}>>
[INFO] [stdout]                                at /rustc/b2282dd5646a57d570fc86fbe8df0e8826665ef6/library/std/src/panicking.rs:544:19
[INFO] [stdout]   40:     0x5f23e0921812 - std[10d71ac2c42b111e]::panic::catch_unwind::<core[8fb95b77d25ab6c8]::panic::unwind_safe::AssertUnwindSafe<std[10d71ac2c42b111e]::thread::lifecycle::spawn_unchecked<test[213991da798b1c03]::run_test::{closure#1}, ()>::{closure#1}::{closure#0}>, ()>
[INFO] [stdout]                                at /rustc/b2282dd5646a57d570fc86fbe8df0e8826665ef6/library/std/src/panic.rs:359:14
[INFO] [stdout]   41:     0x5f23e0921812 - std[10d71ac2c42b111e]::thread::lifecycle::spawn_unchecked::<test[213991da798b1c03]::run_test::{closure#1}, ()>::{closure#1}
[INFO] [stdout]                                at /rustc/b2282dd5646a57d570fc86fbe8df0e8826665ef6/library/std/src/thread/lifecycle.rs:68:26
[INFO] [stdout]   42:     0x5f23e0921812 - <std[10d71ac2c42b111e]::thread::lifecycle::spawn_unchecked<test[213991da798b1c03]::run_test::{closure#1}, ()>::{closure#1} as core[8fb95b77d25ab6c8]::ops::function::FnOnce<()>>::call_once::{shim:vtable#0}
[INFO] [stdout]                                at /rustc/b2282dd5646a57d570fc86fbe8df0e8826665ef6/library/core/src/ops/function.rs:250:5
[INFO] [stdout]   43:     0x5f23e09dc03f - <alloc[a7ee25936407c584]::boxed::Box<dyn core[8fb95b77d25ab6c8]::ops::function::FnOnce<(), Output = ()> + core[8fb95b77d25ab6c8]::marker::Send> as core[8fb95b77d25ab6c8]::ops::function::FnOnce<()>>::call_once
[INFO] [stdout]                                at /rustc/b2282dd5646a57d570fc86fbe8df0e8826665ef6/library/alloc/src/boxed.rs:2275:9
[INFO] [stdout]   44:     0x5f23e09dc03f - <std[10d71ac2c42b111e]::sys::thread::unix::Thread>::new::thread_start
[INFO] [stdout]                                at /rustc/b2282dd5646a57d570fc86fbe8df0e8826665ef6/library/std/src/sys/thread/unix.rs:118:17
[INFO] [stdout]   45:     0x7af5fe23daa4 - <unknown>
[INFO] [stdout]   46:     0x7af5fe2caa64 - clone
[INFO] [stdout]   47:                0x0 - <unknown>
[INFO] [stdout] 
[INFO] [stdout] ---- test_monorepo_tag_format_in_dry_run stdout ----
[INFO] [stdout] 
[INFO] [stdout] thread 'test_monorepo_tag_format_in_dry_run' (8461) panicked at tests/integration_test.rs:653:10:
[INFO] [stdout] Unexpected failure.
[INFO] [stdout] code=1
[INFO] [stdout] stderr=``````
[INFO] [stdout] Error: Registry check failed:
[INFO] [stdout]   Registry check failed for @myorg/utils: failed to run npm view
[INFO] [stdout]   Registry check failed for @myorg/core: failed to run npm view
[INFO] [stdout] 
[INFO] [stdout] Stack backtrace:
[INFO] [stdout]    0: <anyhow::Error>::msg::<alloc::string::String>
[INFO] [stdout]              at /opt/rustwide/cargo-home/registry/src/index.crates.io-1949cf8c6b5b557f/anyhow-1.0.103/src/backtrace.rs:10:14
[INFO] [stdout]    1: <super_release::step::npm::NpmStep as super_release::step::Step>::publish
[INFO] [stdout]              at ./src/step/npm.rs:151:17
[INFO] [stdout]    2: super_release::main
[INFO] [stdout]              at ./src/main.rs:359:33
[INFO] [stdout]    3: <fn() -> core::result::Result<(), anyhow::Error> as core::ops::function::FnOnce<()>>::call_once
[INFO] [stdout]              at /rustc/b2282dd5646a57d570fc86fbe8df0e8826665ef6/library/core/src/ops/function.rs:250:5
[INFO] [stdout]    4: std::sys::backtrace::__rust_begin_short_backtrace::<fn() -> core::result::Result<(), anyhow::Error>, core::result::Result<(), anyhow::Error>>
[INFO] [stdout]              at /rustc/b2282dd5646a57d570fc86fbe8df0e8826665ef6/library/std/src/sys/backtrace.rs:166:18
[INFO] [stdout]    5: std::rt::lang_start::<core::result::Result<(), anyhow::Error>>::{closure#0}
[INFO] [stdout]              at /rustc/b2282dd5646a57d570fc86fbe8df0e8826665ef6/library/std/src/rt.rs:206:18
[INFO] [stdout]    6: <&dyn core::ops::function::Fn<(), Output = i32> + core::panic::unwind_safe::RefUnwindSafe + core::marker::Sync as core::ops::function::FnOnce<()>>::call_once
[INFO] [stdout]              at /rustc/b2282dd5646a57d570fc86fbe8df0e8826665ef6/library/core/src/ops/function.rs:287:21
[INFO] [stdout]    7: std::panicking::catch_unwind::do_call::<&dyn core::ops::function::Fn<(), Output = i32> + core::panic::unwind_safe::RefUnwindSafe + core::marker::Sync, i32>
[INFO] [stdout]              at /rustc/b2282dd5646a57d570fc86fbe8df0e8826665ef6/library/std/src/panicking.rs:581:40
[INFO] [stdout]    8: std::panicking::catch_unwind::<i32, &dyn core::ops::function::Fn<(), Output = i32> + core::panic::unwind_safe::RefUnwindSafe + core::marker::Sync>
[INFO] [stdout]              at /rustc/b2282dd5646a57d570fc86fbe8df0e8826665ef6/library/std/src/panicking.rs:544:19
[INFO] [stdout]    9: std::panic::catch_unwind::<&dyn core::ops::function::Fn<(), Output = i32> + core::panic::unwind_safe::RefUnwindSafe + core::marker::Sync, i32>
[INFO] [stdout]              at /rustc/b2282dd5646a57d570fc86fbe8df0e8826665ef6/library/std/src/panic.rs:359:14
[INFO] [stdout]   10: std::rt::lang_start_internal::{closure#0}
[INFO] [stdout]              at /rustc/b2282dd5646a57d570fc86fbe8df0e8826665ef6/library/std/src/rt.rs:175:24
[INFO] [stdout]   11: std::panicking::catch_unwind::do_call::<std::rt::lang_start_internal::{closure#0}, isize>
[INFO] [stdout]              at /rustc/b2282dd5646a57d570fc86fbe8df0e8826665ef6/library/std/src/panicking.rs:581:40
[INFO] [stdout]   12: std::panicking::catch_unwind::<isize, std::rt::lang_start_internal::{closure#0}>
[INFO] [stdout]              at /rustc/b2282dd5646a57d570fc86fbe8df0e8826665ef6/library/std/src/panicking.rs:544:19
[INFO] [stdout]   13: std::panic::catch_unwind::<std::rt::lang_start_internal::{closure#0}, isize>
[INFO] [stdout]              at /rustc/b2282dd5646a57d570fc86fbe8df0e8826665ef6/library/std/src/panic.rs:359:14
[INFO] [stdout]   14: std::rt::lang_start_internal
[INFO] [stdout]              at /rustc/b2282dd5646a57d570fc86fbe8df0e8826665ef6/library/std/src/rt.rs:171:5
[INFO] [stdout]   15: std::rt::lang_start::<core::result::Result<(), anyhow::Error>>
[INFO] [stdout]              at /rustc/b2282dd5646a57d570fc86fbe8df0e8826665ef6/library/std/src/rt.rs:205:5
[INFO] [stdout]   16: main
[INFO] [stdout]   17: <unknown>
[INFO] [stdout]   18: __libc_start_main
[INFO] [stdout]   19: _start
[INFO] [stdout] ```
[INFO] [stdout] ```
[INFO] [stdout] command=`"/opt/rustwide/target/debug/super-release" "--dry-run" "-C" "/tmp/.tmpCjUvbF"`
[INFO] [stdout] code=1
[INFO] [stdout] stdout=```
[INFO] [stdout] super-release (dry run)
[INFO] [stdout] 
[INFO] [stdout] >> Discovered 3 package(s):
[INFO] [stdout]    * @myorg/utils (packages/utils)
[INFO] [stdout]    * @myorg/core (packages/core)
[INFO] [stdout]    * monorepo-root (.)
[INFO] [stdout] 
[INFO] [stdout] >> Branch: main
[INFO] [stdout] 
[INFO] [stdout] >> Release plan (2 package(s) to release):
[INFO] [stdout] 
[INFO] [stdout]    * @myorg/utils 1.0.0 -> 1.0.1 (patch)
[INFO] [stdout]      8d4411e2 (fix) fix import issue
[INFO] [stdout]    * @myorg/core 1.0.0 -> 1.1.0 (minor)
[INFO] [stdout]      7eb092c4 (feat) add new export z
[INFO] [stdout] 
[INFO] [stdout] >> Bumping package versions
[INFO] [stdout]   [version] Would update packages/utils/package.json: 1.0.0 -> 1.0.1
[INFO] [stdout]   [version] Would update packages/core/package.json: 1.0.0 -> 1.1.0
[INFO] [stdout] >> Running step: changelog
[INFO] [stdout]   [changelog] Would update /tmp/.tmpCjUvbF/packages/utils/CHANGELOG.md (@myorg/utils)
[INFO] [stdout]     ## [1.0.1] - 2026-07-14
[INFO] [stdout]     
[INFO] [stdout]     ### 🐛 Bug Fixes
[INFO] [stdout]     
[INFO] [stdout]     - *(utils)* Fix import issue
[INFO] [stdout]   [changelog] Would update /tmp/.tmpCjUvbF/packages/core/CHANGELOG.md (@myorg/core)
[INFO] [stdout]     ## [1.1.0] - 2026-07-14
[INFO] [stdout]     
[INFO] [stdout]     ### 🚀 Features
[INFO] [stdout]     
[INFO] [stdout]     - *(core)* Add new export z
[INFO] [stdout] 
[INFO] [stdout] >> Running step: npm
[INFO] [stdout]   [npm] Checking registry for published versions...
[INFO] [stdout]     @myorg/utils npm view @myorg/utils@1.0.1 version
[INFO] [stdout]     @myorg/core npm view @myorg/core@1.1.0 version
[INFO] [stdout]     @myorg/utils → error: failed to run npm view
[INFO] [stdout]     @myorg/core → error: failed to run npm view
[INFO] [stdout] ```
[INFO] [stdout] 
[INFO] [stdout] stderr=```
[INFO] [stdout] Error: Registry check failed:
[INFO] [stdout]   Registry check failed for @myorg/utils: failed to run npm view
[INFO] [stdout]   Registry check failed for @myorg/core: failed to run npm view
[INFO] [stdout] 
[INFO] [stdout] Stack backtrace:
[INFO] [stdout]    0: <anyhow::Error>::msg::<alloc::string::String>
[INFO] [stdout]              at /opt/rustwide/cargo-home/registry/src/index.crates.io-1949cf8c6b5b557f/anyhow-1.0.103/src/backtrace.rs:10:14
[INFO] [stdout]    1: <super_release::step::npm::NpmStep as super_release::step::Step>::publish
[INFO] [stdout]              at ./src/step/npm.rs:151:17
[INFO] [stdout]    2: super_release::main
[INFO] [stdout]              at ./src/main.rs:359:33
[INFO] [stdout]    3: <fn() -> core::result::Result<(), anyhow::Error> as core::ops::function::FnOnce<()>>::call_once
[INFO] [stdout]              at /rustc/b2282dd5646a57d570fc86fbe8df0e8826665ef6/library/core/src/ops/function.rs:250:5
[INFO] [stdout]    4: std::sys::backtrace::__rust_begin_short_backtrace::<fn() -> core::result::Result<(), anyhow::Error>, core::result::Result<(), anyhow::Error>>
[INFO] [stdout]              at /rustc/b2282dd5646a57d570fc86fbe8df0e8826665ef6/library/std/src/sys/backtrace.rs:166:18
[INFO] [stdout]    5: std::rt::lang_start::<core::result::Result<(), anyhow::Error>>::{closure#0}
[INFO] [stdout]              at /rustc/b2282dd5646a57d570fc86fbe8df0e8826665ef6/library/std/src/rt.rs:206:18
[INFO] [stdout]    6: <&dyn core::ops::function::Fn<(), Output = i32> + core::panic::unwind_safe::RefUnwindSafe + core::marker::Sync as core::ops::function::FnOnce<()>>::call_once
[INFO] [stdout]              at /rustc/b2282dd5646a57d570fc86fbe8df0e8826665ef6/library/core/src/ops/function.rs:287:21
[INFO] [stdout]    7: std::panicking::catch_unwind::do_call::<&dyn core::ops::function::Fn<(), Output = i32> + core::panic::unwind_safe::RefUnwindSafe + core::marker::Sync, i32>
[INFO] [stdout]              at /rustc/b2282dd5646a57d570fc86fbe8df0e8826665ef6/library/std/src/panicking.rs:581:40
[INFO] [stdout]    8: std::panicking::catch_unwind::<i32, &dyn core::ops::function::Fn<(), Output = i32> + core::panic::unwind_safe::RefUnwindSafe + core::marker::Sync>
[INFO] [stdout]              at /rustc/b2282dd5646a57d570fc86fbe8df0e8826665ef6/library/std/src/panicking.rs:544:19
[INFO] [stdout]    9: std::panic::catch_unwind::<&dyn core::ops::function::Fn<(), Output = i32> + core::panic::unwind_safe::RefUnwindSafe + core::marker::Sync, i32>
[INFO] [stdout]              at /rustc/b2282dd5646a57d570fc86fbe8df0e8826665ef6/library/std/src/panic.rs:359:14
[INFO] [stdout]   10: std::rt::lang_start_internal::{closure#0}
[INFO] [stdout]              at /rustc/b2282dd5646a57d570fc86fbe8df0e8826665ef6/library/std/src/rt.rs:175:24
[INFO] [stdout]   11: std::panicking::catch_unwind::do_call::<std::rt::lang_start_internal::{closure#0}, isize>
[INFO] [stdout]              at /rustc/b2282dd5646a57d570fc86fbe8df0e8826665ef6/library/std/src/panicking.rs:581:40
[INFO] [stdout]   12: std::panicking::catch_unwind::<isize, std::rt::lang_start_internal::{closure#0}>
[INFO] [stdout]              at /rustc/b2282dd5646a57d570fc86fbe8df0e8826665ef6/library/std/src/panicking.rs:544:19
[INFO] [stdout]   13: std::panic::catch_unwind::<std::rt::lang_start_internal::{closure#0}, isize>
[INFO] [stdout]              at /rustc/b2282dd5646a57d570fc86fbe8df0e8826665ef6/library/std/src/panic.rs:359:14
[INFO] [stdout]   14: std::rt::lang_start_internal
[INFO] [stdout]              at /rustc/b2282dd5646a57d570fc86fbe8df0e8826665ef6/library/std/src/rt.rs:171:5
[INFO] [stdout]   15: std::rt::lang_start::<core::result::Result<(), anyhow::Error>>
[INFO] [stdout]              at /rustc/b2282dd5646a57d570fc86fbe8df0e8826665ef6/library/std/src/rt.rs:205:5
[INFO] [stdout]   16: main
[INFO] [stdout]   17: <unknown>
[INFO] [stdout]   18: __libc_start_main
[INFO] [stdout]   19: _start
[INFO] [stdout] ```
[INFO] [stdout] 
[INFO] [stdout] 
[INFO] [stdout] stack backtrace:
[INFO] [stdout]    0:     0x5f23e09dc928 - std[10d71ac2c42b111e]::backtrace_rs::backtrace::libunwind::trace
[INFO] [stdout]                                at /rustc/b2282dd5646a57d570fc86fbe8df0e8826665ef6/library/std/src/../../backtrace/src/backtrace/libunwind.rs:117:9
[INFO] [stdout]    1:     0x5f23e09dc928 - std[10d71ac2c42b111e]::backtrace_rs::backtrace::trace_unsynchronized::<std[10d71ac2c42b111e]::sys::backtrace::_print_fmt::{closure#1}>
[INFO] [stdout]                                at /rustc/b2282dd5646a57d570fc86fbe8df0e8826665ef6/library/std/src/../../backtrace/src/backtrace/mod.rs:66:14
[INFO] [stdout]    2:     0x5f23e09dc928 - std[10d71ac2c42b111e]::sys::backtrace::_print_fmt
[INFO] [stdout]                                at /rustc/b2282dd5646a57d570fc86fbe8df0e8826665ef6/library/std/src/sys/backtrace.rs:74:9
[INFO] [stdout]    3:     0x5f23e09dc928 - <<std[10d71ac2c42b111e]::sys::backtrace::BacktraceLock>::print::DisplayBacktrace as core[8fb95b77d25ab6c8]::fmt::Display>::fmt
[INFO] [stdout]                                at /rustc/b2282dd5646a57d570fc86fbe8df0e8826665ef6/library/std/src/sys/backtrace.rs:44:26
[INFO] [stdout]    4:     0x5f23e09f303a - <core[8fb95b77d25ab6c8]::fmt::rt::Argument>::fmt
[INFO] [stdout]                                at /rustc/b2282dd5646a57d570fc86fbe8df0e8826665ef6/library/core/src/fmt/rt.rs:152:76
[INFO] [stdout]    5:     0x5f23e09f303a - core[8fb95b77d25ab6c8]::fmt::write
[INFO] [stdout]    6:     0x5f23e09e2632 - std[10d71ac2c42b111e]::io::default_write_fmt::<alloc[a7ee25936407c584]::vec::Vec<u8>>
[INFO] [stdout]                                at /rustc/b2282dd5646a57d570fc86fbe8df0e8826665ef6/library/std/src/io/mod.rs:622:11
[INFO] [stdout]    7:     0x5f23e09e2632 - <alloc[a7ee25936407c584]::vec::Vec<u8> as std[10d71ac2c42b111e]::io::Write>::write_fmt
[INFO] [stdout]                                at /rustc/b2282dd5646a57d570fc86fbe8df0e8826665ef6/library/std/src/io/mod.rs:1977:13
[INFO] [stdout]    8:     0x5f23e09b9926 - <std[10d71ac2c42b111e]::sys::backtrace::BacktraceLock>::print
[INFO] [stdout]                                at /rustc/b2282dd5646a57d570fc86fbe8df0e8826665ef6/library/std/src/sys/backtrace.rs:47:9
[INFO] [stdout]    9:     0x5f23e09b9926 - std[10d71ac2c42b111e]::panicking::default_hook::{closure#0}
[INFO] [stdout]                                at /rustc/b2282dd5646a57d570fc86fbe8df0e8826665ef6/library/std/src/panicking.rs:292:27
[INFO] [stdout]   10:     0x5f23e09d45f9 - std[10d71ac2c42b111e]::panicking::default_hook
[INFO] [stdout]                                at /rustc/b2282dd5646a57d570fc86fbe8df0e8826665ef6/library/std/src/panicking.rs:316:9
[INFO] [stdout]   11:     0x5f23e091de3c - <alloc[a7ee25936407c584]::boxed::Box<dyn for<'a, 'b> core[8fb95b77d25ab6c8]::ops::function::Fn<(&'a std[10d71ac2c42b111e]::panic::PanicHookInfo<'b>,), Output = ()> + core[8fb95b77d25ab6c8]::marker::Sync + core[8fb95b77d25ab6c8]::marker::Send> as core[8fb95b77d25ab6c8]::ops::function::Fn<(&std[10d71ac2c42b111e]::panic::PanicHookInfo,)>>::call
[INFO] [stdout]                                at /rustc/b2282dd5646a57d570fc86fbe8df0e8826665ef6/library/alloc/src/boxed.rs:2289:9
[INFO] [stdout]   12:     0x5f23e091de3c - test[213991da798b1c03]::test_main_inner::<test[213991da798b1c03]::test_main_static::{closure#0}>::{closure#0}
[INFO] [stdout]                                at /rustc/b2282dd5646a57d570fc86fbe8df0e8826665ef6/library/test/src/lib.rs:155:21
[INFO] [stdout]   13:     0x5f23e09d47b2 - <alloc[a7ee25936407c584]::boxed::Box<dyn for<'a, 'b> core[8fb95b77d25ab6c8]::ops::function::Fn<(&'a std[10d71ac2c42b111e]::panic::PanicHookInfo<'b>,), Output = ()> + core[8fb95b77d25ab6c8]::marker::Sync + core[8fb95b77d25ab6c8]::marker::Send> as core[8fb95b77d25ab6c8]::ops::function::Fn<(&std[10d71ac2c42b111e]::panic::PanicHookInfo,)>>::call
[INFO] [stdout]                                at /rustc/b2282dd5646a57d570fc86fbe8df0e8826665ef6/library/alloc/src/boxed.rs:2289:9
[INFO] [stdout]   14:     0x5f23e09d47b2 - std[10d71ac2c42b111e]::panicking::panic_with_hook
[INFO] [stdout]                                at /rustc/b2282dd5646a57d570fc86fbe8df0e8826665ef6/library/std/src/panicking.rs:833:13
[INFO] [stdout]   15:     0x5f23e09b99e2 - std[10d71ac2c42b111e]::panicking::panic_handler::{closure#0}
[INFO] [stdout]                                at /rustc/b2282dd5646a57d570fc86fbe8df0e8826665ef6/library/std/src/panicking.rs:698:13
[INFO] [stdout]   16:     0x5f23e09aeb09 - std[10d71ac2c42b111e]::sys::backtrace::__rust_end_short_backtrace::<std[10d71ac2c42b111e]::panicking::panic_handler::{closure#0}, !>
[INFO] [stdout]                                at /rustc/b2282dd5646a57d570fc86fbe8df0e8826665ef6/library/std/src/sys/backtrace.rs:182:18
[INFO] [stdout]   17:     0x5f23e09ba6fd - __rustc[3be9ba60078d4c86]::rust_begin_unwind
[INFO] [stdout]                                at /rustc/b2282dd5646a57d570fc86fbe8df0e8826665ef6/library/std/src/panicking.rs:689:5
[INFO] [stdout]   18:     0x5f23e09f384c - core[8fb95b77d25ab6c8]::panicking::panic_fmt
[INFO] [stdout]                                at /rustc/b2282dd5646a57d570fc86fbe8df0e8826665ef6/library/core/src/panicking.rs:80:14
[INFO] [stdout]   19:     0x5f23e0966d88 - core[8fb95b77d25ab6c8]::panicking::panic_display::<assert_cmd[c01efad9325e2b8a]::assert::AssertError>
[INFO] [stdout]                                at /rustc/b2282dd5646a57d570fc86fbe8df0e8826665ef6/library/core/src/panicking.rs:259:5
[INFO] [stdout]   20:     0x5f23e0966ce7 - <assert_cmd[c01efad9325e2b8a]::assert::AssertError>::panic::<assert_cmd[c01efad9325e2b8a]::assert::Assert>
[INFO] [stdout]                                at /opt/rustwide/cargo-home/registry/src/index.crates.io-1949cf8c6b5b557f/assert_cmd-2.2.2/src/assert.rs:1061:9
[INFO] [stdout]   21:     0x5f23e09675bd - <assert_cmd[c01efad9325e2b8a]::assert::Assert>::success
[INFO] [stdout]                                at /opt/rustwide/cargo-home/registry/src/index.crates.io-1949cf8c6b5b557f/assert_cmd-2.2.2/src/assert.rs:165:25
[INFO] [stdout]   22:     0x5f23e0900dbf - integration_test[db35a020876a09d8]::test_monorepo_tag_format_in_dry_run
[INFO] [stdout]                                at /opt/rustwide/workdir/tests/integration_test.rs:653:10
[INFO] [stdout]   23:     0x5f23e08f70e7 - integration_test[db35a020876a09d8]::test_monorepo_tag_format_in_dry_run::{closure#0}
[INFO] [stdout]                                at /opt/rustwide/workdir/tests/integration_test.rs:645:41
[INFO] [stdout]   24:     0x5f23e0910b56 - <integration_test[db35a020876a09d8]::test_monorepo_tag_format_in_dry_run::{closure#0} as core[8fb95b77d25ab6c8]::ops::function::FnOnce<()>>::call_once
[INFO] [stdout]                                at /rustc/b2282dd5646a57d570fc86fbe8df0e8826665ef6/library/core/src/ops/function.rs:250:5
[INFO] [stdout]   25:     0x5f23e0910f1b - <fn() -> core[8fb95b77d25ab6c8]::result::Result<(), alloc[a7ee25936407c584]::string::String> as core[8fb95b77d25ab6c8]::ops::function::FnOnce<()>>::call_once
[INFO] [stdout]                                at /rustc/b2282dd5646a57d570fc86fbe8df0e8826665ef6/library/core/src/ops/function.rs:250:5
[INFO] [stdout]   26:     0x5f23e0910f1b - test[213991da798b1c03]::__rust_begin_short_backtrace::<core[8fb95b77d25ab6c8]::result::Result<(), alloc[a7ee25936407c584]::string::String>, fn() -> core[8fb95b77d25ab6c8]::result::Result<(), alloc[a7ee25936407c584]::string::String>>
[INFO] [stdout]                                at /rustc/b2282dd5646a57d570fc86fbe8df0e8826665ef6/library/test/src/lib.rs:724:18
[INFO] [stdout]   27:     0x5f23e091e795 - test[213991da798b1c03]::run_test_in_process::{closure#0}
[INFO] [stdout]                                at /rustc/b2282dd5646a57d570fc86fbe8df0e8826665ef6/library/test/src/lib.rs:747:74
[INFO] [stdout]   28:     0x5f23e091e795 - <core[8fb95b77d25ab6c8]::panic::unwind_safe::AssertUnwindSafe<test[213991da798b1c03]::run_test_in_process::{closure#0}> as core[8fb95b77d25ab6c8]::ops::function::FnOnce<()>>::call_once
[INFO] [stdout]                                at /rustc/b2282dd5646a57d570fc86fbe8df0e8826665ef6/library/core/src/panic/unwind_safe.rs:275:9
[INFO] [stdout]   29:     0x5f23e091e795 - std[10d71ac2c42b111e]::panicking::catch_unwind::do_call::<core[8fb95b77d25ab6c8]::panic::unwind_safe::AssertUnwindSafe<test[213991da798b1c03]::run_test_in_process::{closure#0}>, core[8fb95b77d25ab6c8]::result::Result<(), alloc[a7ee25936407c584]::string::String>>
[INFO] [stdout]                                at /rustc/b2282dd5646a57d570fc86fbe8df0e8826665ef6/library/std/src/panicking.rs:581:40
[INFO] [stdout]   30:     0x5f23e091e795 - std[10d71ac2c42b111e]::panicking::catch_unwind::<core[8fb95b77d25ab6c8]::result::Result<(), alloc[a7ee25936407c584]::string::String>, core[8fb95b77d25ab6c8]::panic::unwind_safe::AssertUnwindSafe<test[213991da798b1c03]::run_test_in_process::{closure#0}>>
[INFO] [stdout]                                at /rustc/b2282dd5646a57d570fc86fbe8df0e8826665ef6/library/std/src/panicking.rs:544:19
[INFO] [stdout]   31:     0x5f23e091e795 - std[10d71ac2c42b111e]::panic::catch_unwind::<core[8fb95b77d25ab6c8]::panic::unwind_safe::AssertUnwindSafe<test[213991da798b1c03]::run_test_in_process::{closure#0}>, core[8fb95b77d25ab6c8]::result::Result<(), alloc[a7ee25936407c584]::string::String>>
[INFO] [stdout]                                at /rustc/b2282dd5646a57d570fc86fbe8df0e8826665ef6/library/std/src/panic.rs:359:14
[INFO] [stdout]   32:     0x5f23e091e795 - test[213991da798b1c03]::run_test_in_process
[INFO] [stdout]                                at /rustc/b2282dd5646a57d570fc86fbe8df0e8826665ef6/library/test/src/lib.rs:747:27
[INFO] [stdout]   33:     0x5f23e091e795 - test[213991da798b1c03]::run_test::{closure#0}
[INFO] [stdout]                                at /rustc/b2282dd5646a57d570fc86fbe8df0e8826665ef6/library/test/src/lib.rs:668:43
[INFO] [stdout]   34:     0x5f23e09180a4 - test[213991da798b1c03]::run_test::{closure#1}
[INFO] [stdout]                                at /rustc/b2282dd5646a57d570fc86fbe8df0e8826665ef6/library/test/src/lib.rs:698:41
[INFO] [stdout]   35:     0x5f23e09180a4 - std[10d71ac2c42b111e]::sys::backtrace::__rust_begin_short_backtrace::<test[213991da798b1c03]::run_test::{closure#1}, ()>
[INFO] [stdout]                                at /rustc/b2282dd5646a57d570fc86fbe8df0e8826665ef6/library/std/src/sys/backtrace.rs:166:18
[INFO] [stdout]   36:     0x5f23e0921812 - std[10d71ac2c42b111e]::thread::lifecycle::spawn_unchecked::<test[213991da798b1c03]::run_test::{closure#1}, ()>::{closure#1}::{closure#0}
[INFO] [stdout]                                at /rustc/b2282dd5646a57d570fc86fbe8df0e8826665ef6/library/std/src/thread/lifecycle.rs:70:13
[INFO] [stdout]   37:     0x5f23e0921812 - <core[8fb95b77d25ab6c8]::panic::unwind_safe::AssertUnwindSafe<std[10d71ac2c42b111e]::thread::lifecycle::spawn_unchecked<test[213991da798b1c03]::run_test::{closure#1}, ()>::{closure#1}::{closure#0}> as core[8fb95b77d25ab6c8]::ops::function::FnOnce<()>>::call_once
[INFO] [stdout]                                at /rustc/b2282dd5646a57d570fc86fbe8df0e8826665ef6/library/core/src/panic/unwind_safe.rs:275:9
[INFO] [stdout]   38:     0x5f23e0921812 - std[10d71ac2c42b111e]::panicking::catch_unwind::do_call::<core[8fb95b77d25ab6c8]::panic::unwind_safe::AssertUnwindSafe<std[10d71ac2c42b111e]::thread::lifecycle::spawn_unchecked<test[213991da798b1c03]::run_test::{closure#1}, ()>::{closure#1}::{closure#0}>, ()>
[INFO] [stdout]                                at /rustc/b2282dd5646a57d570fc86fbe8df0e8826665ef6/library/std/src/panicking.rs:581:40
[INFO] [stdout]   39:     0x5f23e0921812 - std[10d71ac2c42b111e]::panicking::catch_unwind::<(), core[8fb95b77d25ab6c8]::panic::unwind_safe::AssertUnwindSafe<std[10d71ac2c42b111e]::thread::lifecycle::spawn_unchecked<test[213991da798b1c03]::run_test::{closure#1}, ()>::{closure#1}::{closure#0}>>
[INFO] [stdout]                                at /rustc/b2282dd5646a57d570fc86fbe8df0e8826665ef6/library/std/src/panicking.rs:544:19
[INFO] [stdout]   40:     0x5f23e0921812 - std[10d71ac2c42b111e]::panic::catch_unwind::<core[8fb95b77d25ab6c8]::panic::unwind_safe::AssertUnwindSafe<std[10d71ac2c42b111e]::thread::lifecycle::spawn_unchecked<test[213991da798b1c03]::run_test::{closure#1}, ()>::{closure#1}::{closure#0}>, ()>
[INFO] [stdout]                                at /rustc/b2282dd5646a57d570fc86fbe8df0e8826665ef6/library/std/src/panic.rs:359:14
[INFO] [stdout]   41:     0x5f23e0921812 - std[10d71ac2c42b111e]::thread::lifecycle::spawn_unchecked::<test[213991da798b1c03]::run_test::{closure#1}, ()>::{closure#1}
[INFO] [stdout]                                at /rustc/b2282dd5646a57d570fc86fbe8df0e8826665ef6/library/std/src/thread/lifecycle.rs:68:26
[INFO] [stdout]   42:     0x5f23e0921812 - <std[10d71ac2c42b111e]::thread::lifecycle::spawn_unchecked<test[213991da798b1c03]::run_test::{closure#1}, ()>::{closure#1} as core[8fb95b77d25ab6c8]::ops::function::FnOnce<()>>::call_once::{shim:vtable#0}
[INFO] [stdout]                                at /rustc/b2282dd5646a57d570fc86fbe8df0e8826665ef6/library/core/src/ops/function.rs:250:5
[INFO] [stdout]   43:     0x5f23e09dc03f - <alloc[a7ee25936407c584]::boxed::Box<dyn core[8fb95b77d25ab6c8]::ops::function::FnOnce<(), Output = ()> + core[8fb95b77d25ab6c8]::marker::Send> as core[8fb95b77d25ab6c8]::ops::function::FnOnce<()>>::call_once
[INFO] [stdout]                                at /rustc/b2282dd5646a57d570fc86fbe8df0e8826665ef6/library/alloc/src/boxed.rs:2275:9
[INFO] [stdout]   44:     0x5f23e09dc03f - <std[10d71ac2c42b111e]::sys::thread::unix::Thread>::new::thread_start
[INFO] [stdout]                                at /rustc/b2282dd5646a57d570fc86fbe8df0e8826665ef6/library/std/src/sys/thread/unix.rs:118:17
[INFO] [stdout]   45:     0x7af5fe23daa4 - <unknown>
[INFO] [stdout]   46:     0x7af5fe2caa64 - clone
[INFO] [stdout]   47:                0x0 - <unknown>
[INFO] [stdout] 
[INFO] [stdout] ---- test_dry_run_monorepo stdout ----
[INFO] [stdout] 
[INFO] [stdout] thread 'test_dry_run_monorepo' (8321) panicked at tests/integration_test.rs:142:10:
[INFO] [stdout] Unexpected failure.
[INFO] [stdout] code=1
[INFO] [stdout] stderr=``````
[INFO] [stdout] Error: Registry check failed:
[INFO] [stdout]   Registry check failed for @myorg/utils: failed to run npm view
[INFO] [stdout]   Registry check failed for @myorg/core: failed to run npm view
[INFO] [stdout] 
[INFO] [stdout] Stack backtrace:
[INFO] [stdout]    0: <anyhow::Error>::msg::<alloc::string::String>
[INFO] [stdout]              at /opt/rustwide/cargo-home/registry/src/index.crates.io-1949cf8c6b5b557f/anyhow-1.0.103/src/backtrace.rs:10:14
[INFO] [stdout]    1: <super_release::step::npm::NpmStep as super_release::step::Step>::publish
[INFO] [stdout]              at ./src/step/npm.rs:151:17
[INFO] [stdout]    2: super_release::main
[INFO] [stdout]              at ./src/main.rs:359:33
[INFO] [stdout]    3: <fn() -> core::result::Result<(), anyhow::Error> as core::ops::function::FnOnce<()>>::call_once
[INFO] [stdout]              at /rustc/b2282dd5646a57d570fc86fbe8df0e8826665ef6/library/core/src/ops/function.rs:250:5
[INFO] [stdout]    4: std::sys::backtrace::__rust_begin_short_backtrace::<fn() -> core::result::Result<(), anyhow::Error>, core::result::Result<(), anyhow::Error>>
[INFO] [stdout]              at /rustc/b2282dd5646a57d570fc86fbe8df0e8826665ef6/library/std/src/sys/backtrace.rs:166:18
[INFO] [stdout]    5: std::rt::lang_start::<core::result::Result<(), anyhow::Error>>::{closure#0}
[INFO] [stdout]              at /rustc/b2282dd5646a57d570fc86fbe8df0e8826665ef6/library/std/src/rt.rs:206:18
[INFO] [stdout]    6: <&dyn core::ops::function::Fn<(), Output = i32> + core::panic::unwind_safe::RefUnwindSafe + core::marker::Sync as core::ops::function::FnOnce<()>>::call_once
[INFO] [stdout]              at /rustc/b2282dd5646a57d570fc86fbe8df0e8826665ef6/library/core/src/ops/function.rs:287:21
[INFO] [stdout]    7: std::panicking::catch_unwind::do_call::<&dyn core::ops::function::Fn<(), Output = i32> + core::panic::unwind_safe::RefUnwindSafe + core::marker::Sync, i32>
[INFO] [stdout]              at /rustc/b2282dd5646a57d570fc86fbe8df0e8826665ef6/library/std/src/panicking.rs:581:40
[INFO] [stdout]    8: std::panicking::catch_unwind::<i32, &dyn core::ops::function::Fn<(), Output = i32> + core::panic::unwind_safe::RefUnwindSafe + core::marker::Sync>
[INFO] [stdout]              at /rustc/b2282dd5646a57d570fc86fbe8df0e8826665ef6/library/std/src/panicking.rs:544:19
[INFO] [stdout]    9: std::panic::catch_unwind::<&dyn core::ops::function::Fn<(), Output = i32> + core::panic::unwind_safe::RefUnwindSafe + core::marker::Sync, i32>
[INFO] [stdout]              at /rustc/b2282dd5646a57d570fc86fbe8df0e8826665ef6/library/std/src/panic.rs:359:14
[INFO] [stdout]   10: std::rt::lang_start_internal::{closure#0}
[INFO] [stdout]              at /rustc/b2282dd5646a57d570fc86fbe8df0e8826665ef6/library/std/src/rt.rs:175:24
[INFO] [stdout]   11: std::panicking::catch_unwind::do_call::<std::rt::lang_start_internal::{closure#0}, isize>
[INFO] [stdout]              at /rustc/b2282dd5646a57d570fc86fbe8df0e8826665ef6/library/std/src/panicking.rs:581:40
[INFO] [stdout]   12: std::panicking::catch_unwind::<isize, std::rt::lang_start_internal::{closure#0}>
[INFO] [stdout]              at /rustc/b2282dd5646a57d570fc86fbe8df0e8826665ef6/library/std/src/panicking.rs:544:19
[INFO] [stdout]   13: std::panic::catch_unwind::<std::rt::lang_start_internal::{closure#0}, isize>
[INFO] [stdout]              at /rustc/b2282dd5646a57d570fc86fbe8df0e8826665ef6/library/std/src/panic.rs:359:14
[INFO] [stdout]   14: std::rt::lang_start_internal
[INFO] [stdout]              at /rustc/b2282dd5646a57d570fc86fbe8df0e8826665ef6/library/std/src/rt.rs:171:5
[INFO] [stdout]   15: std::rt::lang_start::<core::result::Result<(), anyhow::Error>>
[INFO] [stdout]              at /rustc/b2282dd5646a57d570fc86fbe8df0e8826665ef6/library/std/src/rt.rs:205:5
[INFO] [stdout]   16: main
[INFO] [stdout]   17: <unknown>
[INFO] [stdout]   18: __libc_start_main
[INFO] [stdout]   19: _start
[INFO] [stdout] ```
[INFO] [stdout] ```
[INFO] [stdout] command=`"/opt/rustwide/target/debug/super-release" "--dry-run" "-C" "/tmp/.tmpo7i6Cr"`
[INFO] [stdout] code=1
[INFO] [stdout] stdout=```
[INFO] [stdout] super-release (dry run)
[INFO] [stdout] 
[INFO] [stdout] >> Discovered 3 package(s):
[INFO] [stdout]    * @myorg/utils (packages/utils)
[INFO] [stdout]    * @myorg/core (packages/core)
[INFO] [stdout]    * monorepo-root (.)
[INFO] [stdout] 
[INFO] [stdout] >> Branch: main
[INFO] [stdout] 
[INFO] [stdout] >> Release plan (2 package(s) to release):
[INFO] [stdout] 
[INFO] [stdout]    * @myorg/utils 1.0.0 -> 1.0.1 (patch)
[INFO] [stdout]      8d4411e2 (fix) fix import issue
[INFO] [stdout]    * @myorg/core 1.0.0 -> 1.1.0 (minor)
[INFO] [stdout]      7eb092c4 (feat) add new export z
[INFO] [stdout] 
[INFO] [stdout] >> Bumping package versions
[INFO] [stdout]   [version] Would update packages/utils/package.json: 1.0.0 -> 1.0.1
[INFO] [stdout]   [version] Would update packages/core/package.json: 1.0.0 -> 1.1.0
[INFO] [stdout] >> Running step: changelog
[INFO] [stdout]   [changelog] Would update /tmp/.tmpo7i6Cr/packages/utils/CHANGELOG.md (@myorg/utils)
[INFO] [stdout]     ## [1.0.1] - 2026-07-14
[INFO] [stdout]     
[INFO] [stdout]     ### 🐛 Bug Fixes
[INFO] [stdout]     
[INFO] [stdout]     - *(utils)* Fix import issue
[INFO] [stdout]   [changelog] Would update /tmp/.tmpo7i6Cr/packages/core/CHANGELOG.md (@myorg/core)
[INFO] [stdout]     ## [1.1.0] - 2026-07-14
[INFO] [stdout]     
[INFO] [stdout]     ### 🚀 Features
[INFO] [stdout]     
[INFO] [stdout]     - *(core)* Add new export z
[INFO] [stdout] 
[INFO] [stdout] >> Running step: npm
[INFO] [stdout]   [npm] Checking registry for published versions...
[INFO] [stdout]     @myorg/utils npm view @myorg/utils@1.0.1 version
[INFO] [stdout]     @myorg/core npm view @myorg/core@1.1.0 version
[INFO] [stdout]     @myorg/utils → error: failed to run npm view
[INFO] [stdout]     @myorg/core → error: failed to run npm view
[INFO] [stdout] ```
[INFO] [stdout] 
[INFO] [stdout] stderr=```
[INFO] [stdout] Error: Registry check failed:
[INFO] [stdout]   Registry check failed for @myorg/utils: failed to run npm view
[INFO] [stdout]   Registry check failed for @myorg/core: failed to run npm view
[INFO] [stdout] 
[INFO] [stdout] Stack backtrace:
[INFO] [stdout]    0: <anyhow::Error>::msg::<alloc::string::String>
[INFO] [stdout]              at /opt/rustwide/cargo-home/registry/src/index.crates.io-1949cf8c6b5b557f/anyhow-1.0.103/src/backtrace.rs:10:14
[INFO] [stdout]    1: <super_release::step::npm::NpmStep as super_release::step::Step>::publish
[INFO] [stdout]              at ./src/step/npm.rs:151:17
[INFO] [stdout]    2: super_release::main
[INFO] [stdout]              at ./src/main.rs:359:33
[INFO] [stdout]    3: <fn() -> core::result::Result<(), anyhow::Error> as core::ops::function::FnOnce<()>>::call_once
[INFO] [stdout]              at /rustc/b2282dd5646a57d570fc86fbe8df0e8826665ef6/library/core/src/ops/function.rs:250:5
[INFO] [stdout]    4: std::sys::backtrace::__rust_begin_short_backtrace::<fn() -> core::result::Result<(), anyhow::Error>, core::result::Result<(), anyhow::Error>>
[INFO] [stdout]              at /rustc/b2282dd5646a57d570fc86fbe8df0e8826665ef6/library/std/src/sys/backtrace.rs:166:18
[INFO] [stdout]    5: std::rt::lang_start::<core::result::Result<(), anyhow::Error>>::{closure#0}
[INFO] [stdout]              at /rustc/b2282dd5646a57d570fc86fbe8df0e8826665ef6/library/std/src/rt.rs:206:18
[INFO] [stdout]    6: <&dyn core::ops::function::Fn<(), Output = i32> + core::panic::unwind_safe::RefUnwindSafe + core::marker::Sync as core::ops::function::FnOnce<()>>::call_once
[INFO] [stdout]              at /rustc/b2282dd5646a57d570fc86fbe8df0e8826665ef6/library/core/src/ops/function.rs:287:21
[INFO] [stdout]    7: std::panicking::catch_unwind::do_call::<&dyn core::ops::function::Fn<(), Output = i32> + core::panic::unwind_safe::RefUnwindSafe + core::marker::Sync, i32>
[INFO] [stdout]              at /rustc/b2282dd5646a57d570fc86fbe8df0e8826665ef6/library/std/src/panicking.rs:581:40
[INFO] [stdout]    8: std::panicking::catch_unwind::<i32, &dyn core::ops::function::Fn<(), Output = i32> + core::panic::unwind_safe::RefUnwindSafe + core::marker::Sync>
[INFO] [stdout]              at /rustc/b2282dd5646a57d570fc86fbe8df0e8826665ef6/library/std/src/panicking.rs:544:19
[INFO] [stdout]    9: std::panic::catch_unwind::<&dyn core::ops::function::Fn<(), Output = i32> + core::panic::unwind_safe::RefUnwindSafe + core::marker::Sync, i32>
[INFO] [stdout]              at /rustc/b2282dd5646a57d570fc86fbe8df0e8826665ef6/library/std/src/panic.rs:359:14
[INFO] [stdout]   10: std::rt::lang_start_internal::{closure#0}
[INFO] [stdout]              at /rustc/b2282dd5646a57d570fc86fbe8df0e8826665ef6/library/std/src/rt.rs:175:24
[INFO] [stdout]   11: std::panicking::catch_unwind::do_call::<std::rt::lang_start_internal::{closure#0}, isize>
[INFO] [stdout]              at /rustc/b2282dd5646a57d570fc86fbe8df0e8826665ef6/library/std/src/panicking.rs:581:40
[INFO] [stdout]   12: std::panicking::catch_unwind::<isize, std::rt::lang_start_internal::{closure#0}>
[INFO] [stdout]              at /rustc/b2282dd5646a57d570fc86fbe8df0e8826665ef6/library/std/src/panicking.rs:544:19
[INFO] [stdout]   13: std::panic::catch_unwind::<std::rt::lang_start_internal::{closure#0}, isize>
[INFO] [stdout]              at /rustc/b2282dd5646a57d570fc86fbe8df0e8826665ef6/library/std/src/panic.rs:359:14
[INFO] [stdout]   14: std::rt::lang_start_internal
[INFO] [stdout]              at /rustc/b2282dd5646a57d570fc86fbe8df0e8826665ef6/library/std/src/rt.rs:171:5
[INFO] [stdout]   15: std::rt::lang_start::<core::result::Result<(), anyhow::Error>>
[INFO] [stdout]              at /rustc/b2282dd5646a57d570fc86fbe8df0e8826665ef6/library/std/src/rt.rs:205:5
[INFO] [stdout]   16: main
[INFO] [stdout]   17: <unknown>
[INFO] [stdout]   18: __libc_start_main
[INFO] [stdout]   19: _start
[INFO] [stdout] ```
[INFO] [stdout] 
[INFO] [stdout] 
[INFO] [stdout] stack backtrace:
[INFO] [stdout]    0:     0x5f23e09dc928 - std[10d71ac2c42b111e]::backtrace_rs::backtrace::libunwind::trace
[INFO] [stdout]                                at /rustc/b2282dd5646a57d570fc86fbe8df0e8826665ef6/library/std/src/../../backtrace/src/backtrace/libunwind.rs:117:9
[INFO] [stdout]    1:     0x5f23e09dc928 - std[10d71ac2c42b111e]::backtrace_rs::backtrace::trace_unsynchronized::<std[10d71ac2c42b111e]::sys::backtrace::_print_fmt::{closure#1}>
[INFO] [stdout]                                at /rustc/b2282dd5646a57d570fc86fbe8df0e8826665ef6/library/std/src/../../backtrace/src/backtrace/mod.rs:66:14
[INFO] [stdout]    2:     0x5f23e09dc928 - std[10d71ac2c42b111e]::sys::backtrace::_print_fmt
[INFO] [stdout]                                at /rustc/b2282dd5646a57d570fc86fbe8df0e8826665ef6/library/std/src/sys/backtrace.rs:74:9
[INFO] [stdout]    3:     0x5f23e09dc928 - <<std[10d71ac2c42b111e]::sys::backtrace::BacktraceLock>::print::DisplayBacktrace as core[8fb95b77d25ab6c8]::fmt::Display>::fmt
[INFO] [stdout]                                at /rustc/b2282dd5646a57d570fc86fbe8df0e8826665ef6/library/std/src/sys/backtrace.rs:44:26
[INFO] [stdout]    4:     0x5f23e09f303a - <core[8fb95b77d25ab6c8]::fmt::rt::Argument>::fmt
[INFO] [stdout]                                at /rustc/b2282dd5646a57d570fc86fbe8df0e8826665ef6/library/core/src/fmt/rt.rs:152:76
[INFO] [stdout]    5:     0x5f23e09f303a - core[8fb95b77d25ab6c8]::fmt::write
[INFO] [stdout]    6:     0x5f23e09e2632 - std[10d71ac2c42b111e]::io::default_write_fmt::<alloc[a7ee25936407c584]::vec::Vec<u8>>
[INFO] [stdout]                                at /rustc/b2282dd5646a57d570fc86fbe8df0e8826665ef6/library/std/src/io/mod.rs:622:11
[INFO] [stdout]    7:     0x5f23e09e2632 - <alloc[a7ee25936407c584]::vec::Vec<u8> as std[10d71ac2c42b111e]::io::Write>::write_fmt
[INFO] [stdout]                                at /rustc/b2282dd5646a57d570fc86fbe8df0e8826665ef6/library/std/src/io/mod.rs:1977:13
[INFO] [stdout]    8:     0x5f23e09b9926 - <std[10d71ac2c42b111e]::sys::backtrace::BacktraceLock>::print
[INFO] [stdout]                                at /rustc/b2282dd5646a57d570fc86fbe8df0e8826665ef6/library/std/src/sys/backtrace.rs:47:9
[INFO] [stdout]    9:     0x5f23e09b9926 - std[10d71ac2c42b111e]::panicking::default_hook::{closure#0}
[INFO] [stdout]                                at /rustc/b2282dd5646a57d570fc86fbe8df0e8826665ef6/library/std/src/panicking.rs:292:27
[INFO] [stdout]   10:     0x5f23e09d45f9 - std[10d71ac2c42b111e]::panicking::default_hook
[INFO] [stdout]                                at /rustc/b2282dd5646a57d570fc86fbe8df0e8826665ef6/library/std/src/panicking.rs:316:9
[INFO] [stdout]   11:     0x5f23e091de3c - <alloc[a7ee25936407c584]::boxed::Box<dyn for<'a, 'b> core[8fb95b77d25ab6c8]::ops::function::Fn<(&'a std[10d71ac2c42b111e]::panic::PanicHookInfo<'b>,), Output = ()> + core[8fb95b77d25ab6c8]::marker::Sync + core[8fb95b77d25ab6c8]::marker::Send> as core[8fb95b77d25ab6c8]::ops::function::Fn<(&std[10d71ac2c42b111e]::panic::PanicHookInfo,)>>::call
[INFO] [stdout]                                at /rustc/b2282dd5646a57d570fc86fbe8df0e8826665ef6/library/alloc/src/boxed.rs:2289:9
[INFO] [stdout]   12:     0x5f23e091de3c - test[213991da798b1c03]::test_main_inner::<test[213991da798b1c03]::test_main_static::{closure#0}>::{closure#0}
[INFO] [stdout]                                at /rustc/b2282dd5646a57d570fc86fbe8df0e8826665ef6/library/test/src/lib.rs:155:21
[INFO] [stdout]   13:     0x5f23e09d47b2 - <alloc[a7ee25936407c584]::boxed::Box<dyn for<'a, 'b> core[8fb95b77d25ab6c8]::ops::function::Fn<(&'a std[10d71ac2c42b111e]::panic::PanicHookInfo<'b>,), Output = ()> + core[8fb95b77d25ab6c8]::marker::Sync + core[8fb95b77d25ab6c8]::marker::Send> as core[8fb95b77d25ab6c8]::ops::function::Fn<(&std[10d71ac2c42b111e]::panic::PanicHookInfo,)>>::call
[INFO] [stdout]                                at /rustc/b2282dd5646a57d570fc86fbe8df0e8826665ef6/library/alloc/src/boxed.rs:2289:9
[INFO] [stdout]   14:     0x5f23e09d47b2 - std[10d71ac2c42b111e]::panicking::panic_with_hook
[INFO] [stdout]                                at /rustc/b2282dd5646a57d570fc86fbe8df0e8826665ef6/library/std/src/panicking.rs:833:13
[INFO] [stdout]   15:     0x5f23e09b99e2 - std[10d71ac2c42b111e]::panicking::panic_handler::{closure#0}
[INFO] [stdout]                                at /rustc/b2282dd5646a57d570fc86fbe8df0e8826665ef6/library/std/src/panicking.rs:698:13
[INFO] [stdout]   16:     0x5f23e09aeb09 - std[10d71ac2c42b111e]::sys::backtrace::__rust_end_short_backtrace::<std[10d71ac2c42b111e]::panicking::panic_handler::{closure#0}, !>
[INFO] [stdout]                                at /rustc/b2282dd5646a57d570fc86fbe8df0e8826665ef6/library/std/src/sys/backtrace.rs:182:18
[INFO] [stdout]   17:     0x5f23e09ba6fd - __rustc[3be9ba60078d4c86]::rust_begin_unwind
[INFO] [stdout]                                at /rustc/b2282dd5646a57d570fc86fbe8df0e8826665ef6/library/std/src/panicking.rs:689:5
[INFO] [stdout]   18:     0x5f23e09f384c - core[8fb95b77d25ab6c8]::panicking::panic_fmt
[INFO] [stdout]                                at /rustc/b2282dd5646a57d570fc86fbe8df0e8826665ef6/library/core/src/panicking.rs:80:14
[INFO] [stdout]   19:     0x5f23e0966d88 - core[8fb95b77d25ab6c8]::panicking::panic_display::<assert_cmd[c01efad9325e2b8a]::assert::AssertError>
[INFO] [stdout]                                at /rustc/b2282dd5646a57d570fc86fbe8df0e8826665ef6/library/core/src/panicking.rs:259:5
[INFO] [stdout]   20:     0x5f23e0966ce7 - <assert_cmd[c01efad9325e2b8a]::assert::AssertError>::panic::<assert_cmd[c01efad9325e2b8a]::assert::Assert>
[INFO] [stdout]                                at /opt/rustwide/cargo-home/registry/src/index.crates.io-1949cf8c6b5b557f/assert_cmd-2.2.2/src/assert.rs:1061:9
[INFO] [stdout]   21:     0x5f23e09675bd - <assert_cmd[c01efad9325e2b8a]::assert::Assert>::success
[INFO] [stdout]                                at /opt/rustwide/cargo-home/registry/src/index.crates.io-1949cf8c6b5b557f/assert_cmd-2.2.2/src/assert.rs:165:25
[INFO] [stdout]   22:     0x5f23e08f88ce - integration_test[db35a020876a09d8]::test_dry_run_monorepo
[INFO] [stdout]                                at /opt/rustwide/workdir/tests/integration_test.rs:142:10
[INFO] [stdout]   23:     0x5f23e08f6ea7 - integration_test[db35a020876a09d8]::test_dry_run_monorepo::{closure#0}
[INFO] [stdout]                                at /opt/rustwide/workdir/tests/integration_test.rs:121:27
[INFO] [stdout]   24:     0x5f23e0910856 - <integration_test[db35a020876a09d8]::test_dry_run_monorepo::{closure#0} as core[8fb95b77d25ab6c8]::ops::function::FnOnce<()>>::call_once
[INFO] [stdout]                                at /rustc/b2282dd5646a57d570fc86fbe8df0e8826665ef6/library/core/src/ops/function.rs:250:5
[INFO] [stdout]   25:     0x5f23e0910f1b - <fn() -> core[8fb95b77d25ab6c8]::result::Result<(), alloc[a7ee25936407c584]::string::String> as core[8fb95b77d25ab6c8]::ops::function::FnOnce<()>>::call_once
[INFO] [stdout]                                at /rustc/b2282dd5646a57d570fc86fbe8df0e8826665ef6/library/core/src/ops/function.rs:250:5
[INFO] [stdout]   26:     0x5f23e0910f1b - test[213991da798b1c03]::__rust_begin_short_backtrace::<core[8fb95b77d25ab6c8]::result::Result<(), alloc[a7ee25936407c584]::string::String>, fn() -> core[8fb95b77d25ab6c8]::result::Result<(), alloc[a7ee25936407c584]::string::String>>
[INFO] [stdout]                                at /rustc/b2282dd5646a57d570fc86fbe8df0e8826665ef6/library/test/src/lib.rs:724:18
[INFO] [stdout]   27:     0x5f23e091e795 - test[213991da798b1c03]::run_test_in_process::{closure#0}
[INFO] [stdout]                                at /rustc/b2282dd5646a57d570fc86fbe8df0e8826665ef6/library/test/src/lib.rs:747:74
[INFO] [stdout]   28:     0x5f23e091e795 - <core[8fb95b77d25ab6c8]::panic::unwind_safe::AssertUnwindSafe<test[213991da798b1c03]::run_test_in_process::{closure#0}> as core[8fb95b77d25ab6c8]::ops::function::FnOnce<()>>::call_once
[INFO] [stdout]                                at /rustc/b2282dd5646a57d570fc86fbe8df0e8826665ef6/library/core/src/panic/unwind_safe.rs:275:9
[INFO] [stdout]   29:     0x5f23e091e795 - std[10d71ac2c42b111e]::panicking::catch_unwind::do_call::<core[8fb95b77d25ab6c8]::panic::unwind_safe::AssertUnwindSafe<test[213991da798b1c03]::run_test_in_process::{closure#0}>, core[8fb95b77d25ab6c8]::result::Result<(), alloc[a7ee25936407c584]::string::String>>
[INFO] [stdout]                                at /rustc/b2282dd5646a57d570fc86fbe8df0e8826665ef6/library/std/src/panicking.rs:581:40
[INFO] [stdout]   30:     0x5f23e091e795 - std[10d71ac2c42b111e]::panicking::catch_unwind::<core[8fb95b77d25ab6c8]::result::Result<(), alloc[a7ee25936407c584]::string::String>, core[8fb95b77d25ab6c8]::panic::unwind_safe::AssertUnwindSafe<test[213991da798b1c03]::run_test_in_process::{closure#0}>>
[INFO] [stdout]                                at /rustc/b2282dd5646a57d570fc86fbe8df0e8826665ef6/library/std/src/panicking.rs:544:19
[INFO] [stdout]   31:     0x5f23e091e795 - std[10d71ac2c42b111e]::panic::catch_unwind::<core[8fb95b77d25ab6c8]::panic::unwind_safe::AssertUnwindSafe<test[213991da798b1c03]::run_test_in_process::{closure#0}>, core[8fb95b77d25ab6c8]::result::Result<(), alloc[a7ee25936407c584]::string::String>>
[INFO] [stdout]                                at /rustc/b2282dd5646a57d570fc86fbe8df0e8826665ef6/library/std/src/panic.rs:359:14
[INFO] [stdout]   32:     0x5f23e091e795 - test[213991da798b1c03]::run_test_in_process
[INFO] [stdout]                                at /rustc/b2282dd5646a57d570fc86fbe8df0e8826665ef6/library/test/src/lib.rs:747:27
[INFO] [stdout]   33:     0x5f23e091e795 - test[213991da798b1c03]::run_test::{closure#0}
[INFO] [stdout]                                at /rustc/b2282dd5646a57d570fc86fbe8df0e8826665ef6/library/test/src/lib.rs:668:43
[INFO] [stdout]   34:     0x5f23e09180a4 - test[213991da798b1c03]::run_test::{closure#1}
[INFO] [stdout]                                at /rustc/b2282dd5646a57d570fc86fbe8df0e8826665ef6/library/test/src/lib.rs:698:41
[INFO] [stdout]   35:     0x5f23e09180a4 - std[10d71ac2c42b111e]::sys::backtrace::__rust_begin_short_backtrace::<test[213991da798b1c03]::run_test::{closure#1}, ()>
[INFO] [stdout]                                at /rustc/b2282dd5646a57d570fc86fbe8df0e8826665ef6/library/std/src/sys/backtrace.rs:166:18
[INFO] [stdout]   36:     0x5f23e0921812 - std[10d71ac2c42b111e]::thread::lifecycle::spawn_unchecked::<test[213991da798b1c03]::run_test::{closure#1}, ()>::{closure#1}::{closure#0}
[INFO] [stdout]                                at /rustc/b2282dd5646a57d570fc86fbe8df0e8826665ef6/library/std/src/thread/lifecycle.rs:70:13
[INFO] [stdout]   37:     0x5f23e0921812 - <core[8fb95b77d25ab6c8]::panic::unwind_safe::AssertUnwindSafe<std[10d71ac2c42b111e]::thread::lifecycle::spawn_unchecked<test[213991da798b1c03]::run_test::{closure#1}, ()>::{closure#1}::{closure#0}> as core[8fb95b77d25ab6c8]::ops::function::FnOnce<()>>::call_once
[INFO] [stdout]                                at /rustc/b2282dd5646a57d570fc86fbe8df0e8826665ef6/library/core/src/panic/unwind_safe.rs:275:9
[INFO] [stdout]   38:     0x5f23e0921812 - std[10d71ac2c42b111e]::panicking::catch_unwind::do_call::<core[8fb95b77d25ab6c8]::panic::unwind_safe::AssertUnwindSafe<std[10d71ac2c42b111e]::thread::lifecycle::spawn_unchecked<test[213991da798b1c03]::run_test::{closure#1}, ()>::{closure#1}::{closure#0}>, ()>
[INFO] [stdout]                                at /rustc/b2282dd5646a57d570fc86fbe8df0e8826665ef6/library/std/src/panicking.rs:581:40
[INFO] [stdout]   39:     0x5f23e0921812 - std[10d71ac2c42b111e]::panicking::catch_unwind::<(), core[8fb95b77d25ab6c8]::panic::unwind_safe::AssertUnwindSafe<std[10d71ac2c42b111e]::thread::lifecycle::spawn_unchecked<test[213991da798b1c03]::run_test::{closure#1}, ()>::{closure#1}::{closure#0}>>
[INFO] [stdout]                                at /rustc/b2282dd5646a57d570fc86fbe8df0e8826665ef6/library/std/src/panicking.rs:544:19
[INFO] [stdout]   40:     0x5f23e0921812 - std[10d71ac2c42b111e]::panic::catch_unwind::<core[8fb95b77d25ab6c8]::panic::unwind_safe::AssertUnwindSafe<std[10d71ac2c42b111e]::thread::lifecycle::spawn_unchecked<test[213991da798b1c03]::run_test::{closure#1}, ()>::{closure#1}::{closure#0}>, ()>
[INFO] [stdout]                                at /rustc/b2282dd5646a57d570fc86fbe8df0e8826665ef6/library/std/src/panic.rs:359:14
[INFO] [stdout]   41:     0x5f23e0921812 - std[10d71ac2c42b111e]::thread::lifecycle::spawn_unchecked::<test[213991da798b1c03]::run_test::{closure#1}, ()>::{closure#1}
[INFO] [stdout]                                at /rustc/b2282dd5646a57d570fc86fbe8df0e8826665ef6/library/std/src/thread/lifecycle.rs:68:26
[INFO] [stdout]   42:     0x5f23e0921812 - <std[10d71ac2c42b111e]::thread::lifecycle::spawn_unchecked<test[213991da798b1c03]::run_test::{closure#1}, ()>::{closure#1} as core[8fb95b77d25ab6c8]::ops::function::FnOnce<()>>::call_once::{shim:vtable#0}
[INFO] [stdout]                                at /rustc/b2282dd5646a57d570fc86fbe8df0e8826665ef6/library/core/src/ops/function.rs:250:5
[INFO] [stdout]   43:     0x5f23e09dc03f - <alloc[a7ee25936407c584]::boxed::Box<dyn core[8fb95b77d25ab6c8]::ops::function::FnOnce<(), Output = ()> + core[8fb95b77d25ab6c8]::marker::Send> as core[8fb95b77d25ab6c8]::ops::function::FnOnce<()>>::call_once
[INFO] [stdout]                                at /rustc/b2282dd5646a57d570fc86fbe8df0e8826665ef6/library/alloc/src/boxed.rs:2275:9
[INFO] [stdout]   44:     0x5f23e09dc03f - <std[10d71ac2c42b111e]::sys::thread::unix::Thread>::new::thread_start
[INFO] [stdout]                                at /rustc/b2282dd5646a57d570fc86fbe8df0e8826665ef6/library/std/src/sys/thread/unix.rs:118:17
[INFO] [stdout]   45:     0x7af5fe23daa4 - <unknown>
[INFO] [stdout]   46:     0x7af5fe2caa64 - clone
[INFO] [stdout]   47:                0x0 - <unknown>
[INFO] [stdout] 
[INFO] [stdout] ---- test_mixed_commits_only_bump_from_relevant stdout ----
[INFO] [stdout] 
[INFO] [stdout] thread 'test_mixed_commits_only_bump_from_relevant' (8411) panicked at tests/integration_test.rs:265:5:
[INFO] [stdout] Failed:
[INFO] [stdout] super-release (dry run)
[INFO] [stdout] 
[INFO] [stdout] >> Discovered 1 package(s):
[INFO] [stdout]    * my-pkg (.)
[INFO] [stdout] 
[INFO] [stdout] >> Branch: main
[INFO] [stdout] 
[INFO] [stdout] >> Release plan (1 package(s) to release):
[INFO] [stdout] 
[INFO] [stdout]    * my-pkg 1.0.0 -> 1.1.0 (minor)
[INFO] [stdout]      ac093daf (docs) update readme
[INFO] [stdout]      cff7e7ab (feat) add feature
[INFO] [stdout]      e81235c7 (chore) update deps
[INFO] [stdout] 
[INFO] [stdout] >> Bumping package versions
[INFO] [stdout]   [version] Would update package.json: 1.0.0 -> 1.1.0
[INFO] [stdout] >> Running step: changelog
[INFO] [stdout]   [changelog] Would update /tmp/.tmpgnv6R4/CHANGELOG.md (my-pkg)
[INFO] [stdout]     ## [1.1.0] - 2026-07-14
[INFO] [stdout]     
[INFO] [stdout]     ### 🚀 Features
[INFO] [stdout]     
[INFO] [stdout]     - Add feature
[INFO] [stdout]     
[INFO] [stdout]     ### 📚 Documentation
[INFO] [stdout]     
[INFO] [stdout]     - Update readme
[INFO] [stdout]     
[INFO] [stdout]     ### ⚙️ Miscellaneous Tasks
[INFO] [stdout]     
[INFO] [stdout]     - Update deps
[INFO] [stdout] 
[INFO] [stdout] >> Running step: npm
[INFO] [stdout]   [npm] Checking registry for published versions...
[INFO] [stdout]     my-pkg npm view my-pkg@1.1.0 version
[INFO] [stdout]     my-pkg → error: failed to run npm view
[INFO] [stdout] 
[INFO] [stdout] stack backtrace:
[INFO] [stdout]    0:     0x5f23e09dc928 - std[10d71ac2c42b111e]::backtrace_rs::backtrace::libunwind::trace
[INFO] [stdout]                                at /rustc/b2282dd5646a57d570fc86fbe8df0e8826665ef6/library/std/src/../../backtrace/src/backtrace/libunwind.rs:117:9
[INFO] [stdout]    1:     0x5f23e09dc928 - std[10d71ac2c42b111e]::backtrace_rs::backtrace::trace_unsynchronized::<std[10d71ac2c42b111e]::sys::backtrace::_print_fmt::{closure#1}>
[INFO] [stdout]                                at /rustc/b2282dd5646a57d570fc86fbe8df0e8826665ef6/library/std/src/../../backtrace/src/backtrace/mod.rs:66:14
[INFO] [stdout]    2:     0x5f23e09dc928 - std[10d71ac2c42b111e]::sys::backtrace::_print_fmt
[INFO] [stdout]                                at /rustc/b2282dd5646a57d570fc86fbe8df0e8826665ef6/library/std/src/sys/backtrace.rs:74:9
[INFO] [stdout]    3:     0x5f23e09dc928 - <<std[10d71ac2c42b111e]::sys::backtrace::BacktraceLock>::print::DisplayBacktrace as core[8fb95b77d25ab6c8]::fmt::Display>::fmt
[INFO] [stdout]                                at /rustc/b2282dd5646a57d570fc86fbe8df0e8826665ef6/library/std/src/sys/backtrace.rs:44:26
[INFO] [stdout]    4:     0x5f23e09f303a - <core[8fb95b77d25ab6c8]::fmt::rt::Argument>::fmt
[INFO] [stdout]                                at /rustc/b2282dd5646a57d570fc86fbe8df0e8826665ef6/library/core/src/fmt/rt.rs:152:76
[INFO] [stdout]    5:     0x5f23e09f303a - core[8fb95b77d25ab6c8]::fmt::write
[INFO] [stdout]    6:     0x5f23e09e2632 - std[10d71ac2c42b111e]::io::default_write_fmt::<alloc[a7ee25936407c584]::vec::Vec<u8>>
[INFO] [stdout]                                at /rustc/b2282dd5646a57d570fc86fbe8df0e8826665ef6/library/std/src/io/mod.rs:622:11
[INFO] [stdout]    7:     0x5f23e09e2632 - <alloc[a7ee25936407c584]::vec::Vec<u8> as std[10d71ac2c42b111e]::io::Write>::write_fmt
[INFO] [stdout]                                at /rustc/b2282dd5646a57d570fc86fbe8df0e8826665ef6/library/std/src/io/mod.rs:1977:13
[INFO] [stdout]    8:     0x5f23e09b9926 - <std[10d71ac2c42b111e]::sys::backtrace::BacktraceLock>::print
[INFO] [stdout]                                at /rustc/b2282dd5646a57d570fc86fbe8df0e8826665ef6/library/std/src/sys/backtrace.rs:47:9
[INFO] [stdout]    9:     0x5f23e09b9926 - std[10d71ac2c42b111e]::panicking::default_hook::{closure#0}
[INFO] [stdout]                                at /rustc/b2282dd5646a57d570fc86fbe8df0e8826665ef6/library/std/src/panicking.rs:292:27
[INFO] [stdout]   10:     0x5f23e09d45f9 - std[10d71ac2c42b111e]::panicking::default_hook
[INFO] [stdout]                                at /rustc/b2282dd5646a57d570fc86fbe8df0e8826665ef6/library/std/src/panicking.rs:316:9
[INFO] [stdout]   11:     0x5f23e091de3c - <alloc[a7ee25936407c584]::boxed::Box<dyn for<'a, 'b> core[8fb95b77d25ab6c8]::ops::function::Fn<(&'a std[10d71ac2c42b111e]::panic::PanicHookInfo<'b>,), Output = ()> + core[8fb95b77d25ab6c8]::marker::Sync + core[8fb95b77d25ab6c8]::marker::Send> as core[8fb95b77d25ab6c8]::ops::function::Fn<(&std[10d71ac2c42b111e]::panic::PanicHookInfo,)>>::call
[INFO] [stdout]                                at /rustc/b2282dd5646a57d570fc86fbe8df0e8826665ef6/library/alloc/src/boxed.rs:2289:9
[INFO] [stdout]   12:     0x5f23e091de3c - test[213991da798b1c03]::test_main_inner::<test[213991da798b1c03]::test_main_static::{closure#0}>::{closure#0}
[INFO] [stdout]                                at /rustc/b2282dd5646a57d570fc86fbe8df0e8826665ef6/library/test/src/lib.rs:155:21
[INFO] [stdout]   13:     0x5f23e09d47b2 - <alloc[a7ee25936407c584]::boxed::Box<dyn for<'a, 'b> core[8fb95b77d25ab6c8]::ops::function::Fn<(&'a std[10d71ac2c42b111e]::panic::PanicHookInfo<'b>,), Output = ()> + core[8fb95b77d25ab6c8]::marker::Sync + core[8fb95b77d25ab6c8]::marker::Send> as core[8fb95b77d25ab6c8]::ops::function::Fn<(&std[10d71ac2c42b111e]::panic::PanicHookInfo,)>>::call
[INFO] [stdout]                                at /rustc/b2282dd5646a57d570fc86fbe8df0e8826665ef6/library/alloc/src/boxed.rs:2289:9
[INFO] [stdout]   14:     0x5f23e09d47b2 - std[10d71ac2c42b111e]::panicking::panic_with_hook
[INFO] [stdout]                                at /rustc/b2282dd5646a57d570fc86fbe8df0e8826665ef6/library/std/src/panicking.rs:833:13
[INFO] [stdout]   15:     0x5f23e09b99e2 - std[10d71ac2c42b111e]::panicking::panic_handler::{closure#0}
[INFO] [stdout]                                at /rustc/b2282dd5646a57d570fc86fbe8df0e8826665ef6/library/std/src/panicking.rs:698:13
[INFO] [stdout]   16:     0x5f23e09aeb09 - std[10d71ac2c42b111e]::sys::backtrace::__rust_end_short_backtrace::<std[10d71ac2c42b111e]::panicking::panic_handler::{closure#0}, !>
[INFO] [stdout]                                at /rustc/b2282dd5646a57d570fc86fbe8df0e8826665ef6/library/std/src/sys/backtrace.rs:182:18
[INFO] [stdout]   17:     0x5f23e09ba6fd - __rustc[3be9ba60078d4c86]::rust_begin_unwind
[INFO] [stdout]                                at /rustc/b2282dd5646a57d570fc86fbe8df0e8826665ef6/library/std/src/panicking.rs:689:5
[INFO] [stdout]   18:     0x5f23e09f384c - core[8fb95b77d25ab6c8]::panicking::panic_fmt
[INFO] [stdout]                                at /rustc/b2282dd5646a57d570fc86fbe8df0e8826665ef6/library/core/src/panicking.rs:80:14
[INFO] [stdout]   19:     0x5f23e0903a9b - integration_test[db35a020876a09d8]::test_mixed_commits_only_bump_from_relevant
[INFO] [stdout]                                at /opt/rustwide/workdir/tests/integration_test.rs:265:5
[INFO] [stdout]   20:     0x5f23e08f7177 - integration_test[db35a020876a09d8]::test_mixed_commits_only_bump_from_relevant::{closure#0}
[INFO] [stdout]                                at /opt/rustwide/workdir/tests/integration_test.rs:222:48
[INFO] [stdout]   21:     0x5f23e0910c16 - <integration_test[db35a020876a09d8]::test_mixed_commits_only_bump_from_relevant::{closure#0} as core[8fb95b77d25ab6c8]::ops::function::FnOnce<()>>::call_once
[INFO] [stdout]                                at /rustc/b2282dd5646a57d570fc86fbe8df0e8826665ef6/library/core/src/ops/function.rs:250:5
[INFO] [stdout]   22:     0x5f23e0910f1b - <fn() -> core[8fb95b77d25ab6c8]::result::Result<(), alloc[a7ee25936407c584]::string::String> as core[8fb95b77d25ab6c8]::ops::function::FnOnce<()>>::call_once
[INFO] [stdout]                                at /rustc/b2282dd5646a57d570fc86fbe8df0e8826665ef6/library/core/src/ops/function.rs:250:5
[INFO] [stdout]   23:     0x5f23e0910f1b - test[213991da798b1c03]::__rust_begin_short_backtrace::<core[8fb95b77d25ab6c8]::result::Result<(), alloc[a7ee25936407c584]::string::String>, fn() -> core[8fb95b77d25ab6c8]::result::Result<(), alloc[a7ee25936407c584]::string::String>>
[INFO] [stdout]                                at /rustc/b2282dd5646a57d570fc86fbe8df0e8826665ef6/library/test/src/lib.rs:724:18
[INFO] [stdout]   24:     0x5f23e091e795 - test[213991da798b1c03]::run_test_in_process::{closure#0}
[INFO] [stdout]                                at /rustc/b2282dd5646a57d570fc86fbe8df0e8826665ef6/library/test/src/lib.rs:747:74
[INFO] [stdout]   25:     0x5f23e091e795 - <core[8fb95b77d25ab6c8]::panic::unwind_safe::AssertUnwindSafe<test[213991da798b1c03]::run_test_in_process::{closure#0}> as core[8fb95b77d25ab6c8]::ops::function::FnOnce<()>>::call_once
[INFO] [stdout]                                at /rustc/b2282dd5646a57d570fc86fbe8df0e8826665ef6/library/core/src/panic/unwind_safe.rs:275:9
[INFO] [stdout]   26:     0x5f23e091e795 - std[10d71ac2c42b111e]::panicking::catch_unwind::do_call::<core[8fb95b77d25ab6c8]::panic::unwind_safe::AssertUnwindSafe<test[213991da798b1c03]::run_test_in_process::{closure#0}>, core[8fb95b77d25ab6c8]::result::Result<(), alloc[a7ee25936407c584]::string::String>>
[INFO] [stdout]                                at /rustc/b2282dd5646a57d570fc86fbe8df0e8826665ef6/library/std/src/panicking.rs:581:40
[INFO] [stdout]   27:     0x5f23e091e795 - std[10d71ac2c42b111e]::panicking::catch_unwind::<core[8fb95b77d25ab6c8]::result::Result<(), alloc[a7ee25936407c584]::string::String>, core[8fb95b77d25ab6c8]::panic::unwind_safe::AssertUnwindSafe<test[213991da798b1c03]::run_test_in_process::{closure#0}>>
[INFO] [stdout]                                at /rustc/b2282dd5646a57d570fc86fbe8df0e8826665ef6/library/std/src/panicking.rs:544:19
[INFO] [stdout]   28:     0x5f23e091e795 - std[10d71ac2c42b111e]::panic::catch_unwind::<core[8fb95b77d25ab6c8]::panic::unwind_safe::AssertUnwindSafe<test[213991da798b1c03]::run_test_in_process::{closure#0}>, core[8fb95b77d25ab6c8]::result::Result<(), alloc[a7ee25936407c584]::string::String>>
[INFO] [stdout]                                at /rustc/b2282dd5646a57d570fc86fbe8df0e8826665ef6/library/std/src/panic.rs:359:14
[INFO] [stdout]   29:     0x5f23e091e795 - test[213991da798b1c03]::run_test_in_process
[INFO] [stdout]                                at /rustc/b2282dd5646a57d570fc86fbe8df0e8826665ef6/library/test/src/lib.rs:747:27
[INFO] [stdout]   30:     0x5f23e091e795 - test[213991da798b1c03]::run_test::{closure#0}
[INFO] [stdout]                                at /rustc/b2282dd5646a57d570fc86fbe8df0e8826665ef6/library/test/src/lib.rs:668:43
[INFO] [stdout]   31:     0x5f23e09180a4 - test[213991da798b1c03]::run_test::{closure#1}
[INFO] [stdout]                                at /rustc/b2282dd5646a57d570fc86fbe8df0e8826665ef6/library/test/src/lib.rs:698:41
[INFO] [stdout]   32:     0x5f23e09180a4 - std[10d71ac2c42b111e]::sys::backtrace::__rust_begin_short_backtrace::<test[213991da798b1c03]::run_test::{closure#1}, ()>
[INFO] [stdout]                                at /rustc/b2282dd5646a57d570fc86fbe8df0e8826665ef6/library/std/src/sys/backtrace.rs:166:18
[INFO] [stdout]   33:     0x5f23e0921812 - std[10d71ac2c42b111e]::thread::lifecycle::spawn_unchecked::<test[213991da798b1c03]::run_test::{closure#1}, ()>::{closure#1}::{closure#0}
[INFO] [stdout]                                at /rustc/b2282dd5646a57d570fc86fbe8df0e8826665ef6/library/std/src/thread/lifecycle.rs:70:13
[INFO] [stdout]   34:     0x5f23e0921812 - <core[8fb95b77d25ab6c8]::panic::unwind_safe::AssertUnwindSafe<std[10d71ac2c42b111e]::thread::lifecycle::spawn_unchecked<test[213991da798b1c03]::run_test::{closure#1}, ()>::{closure#1}::{closure#0}> as core[8fb95b77d25ab6c8]::ops::function::FnOnce<()>>::call_once
[INFO] [stdout]                                at /rustc/b2282dd5646a57d570fc86fbe8df0e8826665ef6/library/core/src/panic/unwind_safe.rs:275:9
[INFO] [stdout]   35:     0x5f23e0921812 - std[10d71ac2c42b111e]::panicking::catch_unwind::do_call::<core[8fb95b77d25ab6c8]::panic::unwind_safe::AssertUnwindSafe<std[10d71ac2c42b111e]::thread::lifecycle::spawn_unchecked<test[213991da798b1c03]::run_test::{closure#1}, ()>::{closure#1}::{closure#0}>, ()>
[INFO] [stdout]                                at /rustc/b2282dd5646a57d570fc86fbe8df0e8826665ef6/library/std/src/panicking.rs:581:40
[INFO] [stdout]   36:     0x5f23e0921812 - std[10d71ac2c42b111e]::panicking::catch_unwind::<(), core[8fb95b77d25ab6c8]::panic::unwind_safe::AssertUnwindSafe<std[10d71ac2c42b111e]::thread::lifecycle::spawn_unchecked<test[213991da798b1c03]::run_test::{closure#1}, ()>::{closure#1}::{closure#0}>>
[INFO] [stdout]                                at /rustc/b2282dd5646a57d570fc86fbe8df0e8826665ef6/library/std/src/panicking.rs:544:19
[INFO] [stdout]   37:     0x5f23e0921812 - std[10d71ac2c42b111e]::panic::catch_unwind::<core[8fb95b77d25ab6c8]::panic::unwind_safe::AssertUnwindSafe<std[10d71ac2c42b111e]::thread::lifecycle::spawn_unchecked<test[213991da798b1c03]::run_test::{closure#1}, ()>::{closure#1}::{closure#0}>, ()>
[INFO] [stdout]                                at /rustc/b2282dd5646a57d570fc86fbe8df0e8826665ef6/library/std/src/panic.rs:359:14
[INFO] [stdout]   38:     0x5f23e0921812 - std[10d71ac2c42b111e]::thread::lifecycle::spawn_unchecked::<test[213991da798b1c03]::run_test::{closure#1}, ()>::{closure#1}
[INFO] [stdout]                                at /rustc/b2282dd5646a57d570fc86fbe8df0e8826665ef6/library/std/src/thread/lifecycle.rs:68:26
[INFO] [stdout]   39:     0x5f23e0921812 - <std[10d71ac2c42b111e]::thread::lifecycle::spawn_unchecked<test[213991da798b1c03]::run_test::{closure#1}, ()>::{closure#1} as core[8fb95b77d25ab6c8]::ops::function::FnOnce<()>>::call_once::{shim:vtable#0}
[INFO] [stdout]                                at /rustc/b2282dd5646a57d570fc86fbe8df0e8826665ef6/library/core/src/ops/function.rs:250:5
[INFO] [stdout]   40:     0x5f23e09dc03f - <alloc[a7ee25936407c584]::boxed::Box<dyn core[8fb95b77d25ab6c8]::ops::function::FnOnce<(), Output = ()> + core[8fb95b77d25ab6c8]::marker::Send> as core[8fb95b77d25ab6c8]::ops::function::FnOnce<()>>::call_once
[INFO] [stdout]                                at /rustc/b2282dd5646a57d570fc86fbe8df0e8826665ef6/library/alloc/src/boxed.rs:2275:9
[INFO] [stdout]   41:     0x5f23e09dc03f - <std[10d71ac2c42b111e]::sys::thread::unix::Thread>::new::thread_start
[INFO] [stdout]                                at /rustc/b2282dd5646a57d570fc86fbe8df0e8826665ef6/library/std/src/sys/thread/unix.rs:118:17
[INFO] [stdout]   42:     0x7af5fe23daa4 - <unknown>
[INFO] [stdout]   43:     0x7af5fe2caa64 - clone
[INFO] [stdout]   44:                0x0 - <unknown>
[INFO] [stdout] 
[INFO] [stdout] 
[INFO] [stdout] failures:
[INFO] [stdout]     test_breaking_change_major_bump
[INFO] [stdout]     test_dry_run_monorepo
[INFO] [stdout]     test_dry_run_shows_new_tag_format
[INFO] [stdout]     test_first_release_no_prior_tags
[INFO] [stdout]     test_mixed_commits_only_bump_from_relevant
[INFO] [stdout]     test_monorepo_tag_format_in_dry_run
[INFO] [stdout] 
[INFO] [stdout] test result: FAILED. 19 passed; 6 failed; 0 ignored; 0 measured; 0 filtered out; finished in 1.49s
[INFO] [stdout] 
[INFO] running `Command { std: "docker" "inspect" "1815b970491a483744e25573e693663928de8814de6dad2aaee89e2eb40c470f", kill_on_drop: false }`
[INFO] running `Command { std: "docker" "rm" "-f" "1815b970491a483744e25573e693663928de8814de6dad2aaee89e2eb40c470f", kill_on_drop: false }`
[INFO] [stdout] 1815b970491a483744e25573e693663928de8814de6dad2aaee89e2eb40c470f
