[INFO] cloning repository https://github.com/dlf-dds/DesertBreadProto
[INFO] running `Command { std: "git" "-c" "credential.helper=" "-c" "credential.helper=/workspace/cargo-home/bin/git-credential-null" "clone" "--bare" "https://github.com/dlf-dds/DesertBreadProto" "/workspace/cache/git-repos/https%3A%2F%2Fgithub.com%2Fdlf-dds%2FDesertBreadProto", kill_on_drop: false }`
[INFO] [stderr] Cloning into bare repository '/workspace/cache/git-repos/https%3A%2F%2Fgithub.com%2Fdlf-dds%2FDesertBreadProto'...
[INFO] running `Command { std: "git" "rev-parse" "HEAD", kill_on_drop: false }`
[INFO] [stdout] b9a24e909d76a3e98f13f6144bc2a21ef951e6dd
[INFO] testing dlf-dds/DesertBreadProto against 1.98.0-beta.1 for beta-1.98-2
[INFO] running `Command { std: "git" "clone" "/workspace/cache/git-repos/https%3A%2F%2Fgithub.com%2Fdlf-dds%2FDesertBreadProto" "/workspace/builds/worker-2-tc2/source", kill_on_drop: false }`
[INFO] [stderr] Cloning into '/workspace/builds/worker-2-tc2/source'...
[INFO] [stderr] done.
[INFO] started tweaking git repo https://github.com/dlf-dds/DesertBreadProto
[INFO] finished tweaking git repo https://github.com/dlf-dds/DesertBreadProto
[INFO] tweaked toml for git repo https://github.com/dlf-dds/DesertBreadProto written to /workspace/builds/worker-2-tc2/source/Cargo.toml
[INFO] validating manifest of git repo https://github.com/dlf-dds/DesertBreadProto on toolchain 1.98.0-beta.1
[INFO] running `Command { std: CARGO_HOME="/workspace/cargo-home" RUSTUP_HOME="/workspace/rustup-home" "/workspace/cargo-home/bin/cargo" "+1.98.0-beta.1" "metadata" "--manifest-path" "Cargo.toml" "--no-deps", kill_on_drop: false }`
[INFO] crate git repo https://github.com/dlf-dds/DesertBreadProto already has a lockfile, it will not be regenerated
[INFO] running `Command { std: CARGO_HOME="/workspace/cargo-home" RUSTUP_HOME="/workspace/rustup-home" "/workspace/cargo-home/bin/cargo" "+1.98.0-beta.1" "fetch" "--manifest-path" "Cargo.toml", kill_on_drop: false }`
[INFO] running `Command { std: "docker" "create" "-v" "/var/lib/crater-agent-workspace/builds/worker-2-tc2/source:/opt/rustwide/workdir:ro,Z" "-v" "/var/lib/crater-agent-workspace/builds/worker-2-tc2/target:/opt/rustwide/target:rw,Z" "-v" "/var/lib/crater-agent-workspace/cargo-home:/opt/rustwide/cargo-home:ro,Z" "-v" "/var/lib/crater-agent-workspace/rustup-home:/opt/rustwide/rustup-home:ro,Z" "-m" "1610612736" "--network" "none" "ghcr.io/rust-lang/crates-build-env/linux@sha256:3d5ced03c013a94a2f102a4510f48a6e9184255caf5fd8244f58017bde7f5210" "sleep" "infinity", kill_on_drop: false }`
[INFO] [stdout] 9f224df724e6bf441a13416c01f36000d15ed6e561a7252d1e158ca8d8157a21
[INFO] running `Command { std: "docker" "start" "9f224df724e6bf441a13416c01f36000d15ed6e561a7252d1e158ca8d8157a21", kill_on_drop: false }`
[INFO] running `Command { std: "docker" "inspect" "9f224df724e6bf441a13416c01f36000d15ed6e561a7252d1e158ca8d8157a21", kill_on_drop: false }`
[INFO] running `Command { std: "docker" "exec" "-e" "SOURCE_DIR=/opt/rustwide/workdir" "-e" "CARGO_HOME=/opt/rustwide/cargo-home" "-e" "RUSTUP_HOME=/opt/rustwide/rustup-home" "-e" "CARGO_TARGET_DIR=/opt/rustwide/target" "-w" "/opt/rustwide/workdir" "--user" "0:0" "9f224df724e6bf441a13416c01f36000d15ed6e561a7252d1e158ca8d8157a21" "/opt/rustwide/cargo-home/bin/cargo" "+1.98.0-beta.1" "metadata" "--no-deps" "--format-version=1", kill_on_drop: false }`
[INFO] running `Command { std: "docker" "inspect" "9f224df724e6bf441a13416c01f36000d15ed6e561a7252d1e158ca8d8157a21", kill_on_drop: false }`
[INFO] running `Command { std: "docker" "exec" "-e" "SOURCE_DIR=/opt/rustwide/workdir" "-e" "CARGO_HOME=/opt/rustwide/cargo-home" "-e" "RUSTUP_HOME=/opt/rustwide/rustup-home" "-e" "CARGO_TARGET_DIR=/opt/rustwide/target" "-e" "CARGO_INCREMENTAL=0" "-e" "RUST_BACKTRACE=full" "-e" "RUSTFLAGS=--cap-lints=warn" "-e" "RUSTDOCFLAGS=--cap-lints=warn" "-w" "/opt/rustwide/workdir" "--user" "0:0" "9f224df724e6bf441a13416c01f36000d15ed6e561a7252d1e158ca8d8157a21" "/opt/rustwide/cargo-home/bin/cargo" "+1.98.0-beta.1" "build" "--frozen" "--message-format=json", kill_on_drop: false }`
[INFO] [stderr]    Compiling libc v0.2.183
[INFO] [stderr]    Compiling serde_core v1.0.228
[INFO] [stderr]    Compiling serde v1.0.228
[INFO] [stderr]    Compiling parking_lot_core v0.9.12
[INFO] [stderr]    Compiling portable-atomic v1.13.1
[INFO] [stderr]    Compiling futures-io v0.3.32
[INFO] [stderr]    Compiling lock_api v0.4.14
[INFO] [stderr]    Compiling typenum v1.19.0
[INFO] [stderr]    Compiling critical-section v1.2.0
[INFO] [stderr]    Compiling slab v0.4.12
[INFO] [stderr]    Compiling subtle v2.6.1
[INFO] [stderr]    Compiling tokio-macros v2.6.1
[INFO] [stderr]    Compiling zeroize_derive v1.4.3
[INFO] [stderr]    Compiling zerofrom-derive v0.1.6
[INFO] [stderr]    Compiling yoke-derive v0.8.1
[INFO] [stderr]    Compiling zerovec-derive v0.11.2
[INFO] [stderr]    Compiling cc v1.2.58
[INFO] [stderr]    Compiling semver v1.0.27
[INFO] [stderr]    Compiling zerocopy v0.8.47
[INFO] [stderr]    Compiling futures-util v0.3.32
[INFO] [stderr]    Compiling thiserror-impl v2.0.18
[INFO] [stderr]    Compiling foldhash v0.2.0
[INFO] [stderr]    Compiling darling_core v0.20.11
[INFO] [stderr]    Compiling rustc_version v0.4.1
[INFO] [stderr]    Compiling unicode-segmentation v1.13.2
[INFO] [stderr]    Compiling zeroize v1.8.2
[INFO] [stderr]    Compiling hashbrown v0.16.1
[INFO] [stderr]    Compiling rustls v0.23.37
[INFO] [stderr]    Compiling rustls-pki-types v1.14.0
[INFO] [stderr]    Compiling unicode-xid v0.2.6
[INFO] [stderr]    Compiling base64ct v1.8.3
[INFO] [stderr]    Compiling fastrand v2.3.0
[INFO] [stderr]    Compiling convert_case v0.10.0
[INFO] [stderr]    Compiling pem-rfc7468 v1.0.0
[INFO] [stderr]    Compiling deranged v0.5.8
[INFO] [stderr]    Compiling derive_more-impl v2.1.1
[INFO] [stderr]    Compiling generic-array v0.14.7
[INFO] [stderr]    Compiling hybrid-array v0.4.8
[INFO] [stderr]    Compiling zerofrom v0.1.6
[INFO] [stderr]    Compiling pin-project-internal v1.1.11
[INFO] [stderr]    Compiling n0-error-macros v0.1.3
[INFO] [stderr]    Compiling yoke v0.8.1
[INFO] [stderr]    Compiling spez v0.1.2
[INFO] [stderr]    Compiling socket2 v0.6.3
[INFO] [stderr]    Compiling errno v0.3.14
[INFO] [stderr]    Compiling parking_lot v0.12.5
[INFO] [stderr]    Compiling mio v1.1.1
[INFO] [stderr]    Compiling signal-hook-registry v1.4.8
[INFO] [stderr]    Compiling zerovec v0.11.5
[INFO] [stderr]    Compiling getrandom v0.3.4
[INFO] [stderr]    Compiling zerotrie v0.2.3
[INFO] [stderr]    Compiling getrandom v0.2.17
[INFO] [stderr]    Compiling thiserror v2.0.18
[INFO] [stderr]    Compiling ring v0.17.14
[INFO] [stderr]    Compiling crypto-common v0.1.7
[INFO] [stderr]    Compiling indexmap v2.13.0
[INFO] [stderr]    Compiling rand_core v0.9.5
[INFO] [stderr]    Compiling futures-lite v2.6.1
[INFO] [stderr]    Compiling crypto-common v0.2.1
[INFO] [stderr]    Compiling block-buffer v0.11.0
[INFO] [stderr]    Compiling n0-error v0.1.3
[INFO] [stderr]    Compiling pin-project v1.1.11
[INFO] [stderr]    Compiling inout v0.1.4
[INFO] [stderr]    Compiling der v0.8.0
[INFO] [stderr]    Compiling vergen-lib v9.1.0
[INFO] [stderr]    Compiling n0-future v0.3.2
[INFO] [stderr]    Compiling cordyceps v0.3.4
[INFO] [stderr]    Compiling spin v0.10.0
[INFO] [stderr]    Compiling diatomic-waker v0.2.3
[INFO] [stderr]    Compiling winnow v1.0.0
[INFO] [stderr]    Compiling tinyvec v1.11.0
[INFO] [stderr]    Compiling futures-buffered v0.2.13
[INFO] [stderr]    Compiling cipher v0.4.4
[INFO] [stderr]    Compiling tinystr v0.8.2
[INFO] [stderr]    Compiling potential_utf v0.1.4
[INFO] [stderr]    Compiling universal-hash v0.5.1
[INFO] [stderr]    Compiling icu_locale_core v2.1.1
[INFO] [stderr]    Compiling icu_collections v2.1.1
[INFO] [stderr]    Compiling heapless v0.7.17
[INFO] [stderr]    Compiling curve25519-dalek v5.0.0-pre.1
[INFO] [stderr]    Compiling vergen-lib v0.1.6
[INFO] [stderr]    Compiling vergen v9.1.0
[INFO] [stderr]    Compiling digest v0.11.0-rc.10
[INFO] [stderr]    Compiling async-trait v0.1.89
[INFO] [stderr]    Compiling noq-udp v0.9.0
[INFO] [stderr]    Compiling byteorder v1.5.0
[INFO] [stderr]    Compiling toml_datetime v1.1.0+spec-1.1.0
[INFO] [stderr]    Compiling libm v0.2.16
[INFO] [stderr]    Compiling opaque-debug v0.3.1
[INFO] [stderr]    Compiling darling_macro v0.20.11
[INFO] [stderr]    Compiling polyval v0.6.2
[INFO] [stderr]    Compiling hash32 v0.2.1
[INFO] [stderr]    Compiling spki v0.8.0-rc.4
[INFO] [stderr]    Compiling darling v0.20.11
[INFO] [stderr]    Compiling derive_builder_core v0.20.2
[INFO] [stderr]    Compiling netlink-packet-core v0.8.1
[INFO] [stderr]    Compiling getrandom v0.4.2
[INFO] [stderr]    Compiling icu_provider v2.1.1
[INFO] [stderr]    Compiling pkcs8 v0.11.0-rc.11
[INFO] [stderr]    Compiling spin v0.9.8
[INFO] [stderr]    Compiling vergen-gitcl v1.0.8
[INFO] [stderr]    Compiling toml_parser v1.1.0+spec-1.1.0
[INFO] [stderr]    Compiling curve25519-dalek-derive v0.1.1
[INFO] [stderr]    Compiling signature v3.0.0-rc.10
[INFO] [stderr]    Compiling data-encoding v2.10.0
[INFO] [stderr]    Compiling num_threads v0.1.7
[INFO] [stderr]    Compiling icu_normalizer v2.1.1
[INFO] [stderr]    Compiling icu_properties v2.1.2
[INFO] [stderr]    Compiling time v0.3.47
[INFO] [stderr]    Compiling ghash v0.5.1
[INFO] [stderr]    Compiling bytes v1.11.1
[INFO] [stderr]    Compiling ed25519 v3.0.0-rc.4
[INFO] [stderr]    Compiling derive_builder_macro v0.20.2
[INFO] [stderr]    Compiling futures-executor v0.3.32
[INFO] [stderr]    Compiling derive_builder v0.20.2
[INFO] [stderr]    Compiling toml_edit v0.25.8+spec-1.1.0
[INFO] [stderr]    Compiling futures v0.3.32
[INFO] [stderr]    Compiling sha2 v0.11.0-rc.2
[INFO] [stderr]    Compiling ctr v0.9.2
[INFO] [stderr]    Compiling aes v0.8.4
[INFO] [stderr]    Compiling aead v0.5.2
[INFO] [stderr]    Compiling tokio v1.50.0
[INFO] [stderr]    Compiling once_cell v1.21.4
[INFO] [stderr]    Compiling http v1.4.0
[INFO] [stderr]    Compiling cobs v0.3.0
[INFO] [stderr]    Compiling enum-as-inner v0.6.1
[INFO] [stderr]    Compiling postcard-derive v0.2.2
[INFO] [stderr]    Compiling tracing-core v0.1.36
[INFO] [stderr]    Compiling litrs v1.0.0
[INFO] [stderr]    Compiling siphasher v1.0.2
[INFO] [stderr]    Compiling ppv-lite86 v0.2.21
[INFO] [stderr]    Compiling idna_adapter v1.2.1
[INFO] [stderr]    Compiling tracing v0.1.44
[INFO] [stderr]    Compiling idna v1.1.0
[INFO] [stderr]    Compiling http-body v1.0.1
[INFO] [stderr]    Compiling proc-macro-crate v3.5.0
[INFO] [stderr]    Compiling http-body-util v0.1.3
[INFO] [stderr]    Compiling document-features v0.2.12
[INFO] [stderr]    Compiling rand_chacha v0.9.0
[INFO] [stderr]    Compiling aes-gcm v0.10.3
[INFO] [stderr]    Compiling ed25519-dalek v3.0.0-pre.1
[INFO] [stderr]    Compiling postcard v1.1.3
[INFO] [stderr]    Compiling rustls-webpki v0.103.10
[INFO] [stderr]    Compiling rand v0.9.2
[INFO] [stderr]    Compiling url v2.5.8
[INFO] [stderr]    Compiling num_enum_derive v0.7.6
[INFO] [stderr]    Compiling netlink-packet-route v0.29.0
[INFO] [stderr]    Compiling crossbeam-epoch v0.9.18
[INFO] [stderr]    Compiling crossbeam-channel v0.5.15
[INFO] [stderr]    Compiling uuid v1.23.0
[INFO] [stderr]    Compiling blake3 v1.8.3
[INFO] [stderr]    Compiling derive_more v2.1.1
[INFO] [stderr]    Compiling webpki-roots v1.0.6
[INFO] [stderr]    Compiling acto v0.8.0
[INFO] [stderr]    Compiling iroh-metrics-derive v0.4.1
[INFO] [stderr]    Compiling enum-assoc v1.3.0
[INFO] [stderr]    Compiling netwatch v0.15.0
[INFO] [stderr]    Compiling noq v0.17.0
[INFO] [stderr]    Compiling pkarr v5.0.4
[INFO] [stderr]    Compiling rustc-hash v2.1.1
[INFO] [stderr]    Compiling mac-addr v0.3.0
[INFO] [stderr]    Compiling base32 v0.5.1
[INFO] [stderr]    Compiling fastbloom v0.14.1
[INFO] [stderr]    Compiling sorted-index-buffer v0.2.1
[INFO] [stderr]    Compiling iri-string v0.7.11
[INFO] [stderr]    Compiling tagptr v0.2.0
[INFO] [stderr]    Compiling xml-rs v0.8.28
[INFO] [stderr]    Compiling identity-hash v0.1.0
[INFO] [stderr]    Compiling lru-slab v0.1.2
[INFO] [stderr]    Compiling attohttpc v0.30.1
[INFO] [stderr]    Compiling moka v0.12.15
[INFO] [stderr]    Compiling ntimestamp v1.0.0
[INFO] [stderr]    Compiling iroh-metrics v0.38.3
[INFO] [stderr]    Compiling iroh-relay v0.97.0
[INFO] [stderr]    Compiling serde_urlencoded v0.7.1
[INFO] [stderr]    Compiling simple-dns v0.11.2
[INFO] [stderr]    Compiling strum_macros v0.28.0
[INFO] [stderr]    Compiling num_enum v0.7.6
[INFO] [stderr]    Compiling resolv-conf v0.7.6
[INFO] [stderr]    Compiling self_cell v1.2.2
[INFO] [stderr]    Compiling constant_time_eq v0.4.2
[INFO] [stderr]    Compiling simdutf8 v0.1.5
[INFO] [stderr]    Compiling arrayvec v0.7.6
[INFO] [stderr]    Compiling smol_str v0.1.24
[INFO] [stderr]    Compiling arrayref v0.3.9
[INFO] [stderr]    Compiling iroh-base v0.97.0
[INFO] [stderr]    Compiling xmltree v0.10.3
[INFO] [stderr]    Compiling serde_bytes v0.11.19
[INFO] [stderr]    Compiling lru v0.16.3
[INFO] [stderr]    Compiling seize v0.5.1
[INFO] [stderr]    Compiling iroh v0.97.0
[INFO] [stderr]    Compiling z32 v1.3.0
[INFO] [stderr]    Compiling papaya v0.2.3
[INFO] [stderr]    Compiling tracing-log v0.2.0
[INFO] [stderr]    Compiling block-buffer v0.10.4
[INFO] [stderr]    Compiling clap_derive v4.6.0
[INFO] [stderr]    Compiling tracing-subscriber v0.3.23
[INFO] [stderr]    Compiling digest v0.10.7
[INFO] [stderr]    Compiling serde_json v1.0.149
[INFO] [stderr]    Compiling irpc-derive v0.10.0
[INFO] [stderr]    Compiling fixedbitset v0.5.7
[INFO] [stderr]    Compiling sha2 v0.10.9
[INFO] [stderr]    Compiling futures-concurrency v7.7.1
[INFO] [stderr]    Compiling strum v0.28.0
[INFO] [stderr]    Compiling clap v4.6.0
[INFO] [stderr]    Compiling tokio-util v0.7.18
[INFO] [stderr]    Compiling netlink-sys v0.8.8
[INFO] [stderr]    Compiling tower v0.5.3
[INFO] [stderr]    Compiling backon v1.6.0
[INFO] [stderr]    Compiling netlink-proto v0.12.0
[INFO] [stderr]    Compiling tower-http v0.6.8
[INFO] [stderr]    Compiling h2 v0.4.13
[INFO] [stderr]    Compiling tokio-stream v0.1.18
[INFO] [stderr]    Compiling n0-watcher v0.6.1
[INFO] [stderr]    Compiling tokio-rustls v0.26.4
[INFO] [stderr]    Compiling noq-proto v0.16.0
[INFO] [stderr]    Compiling tokio-websockets v0.12.3
[INFO] [stderr]    Compiling irpc v0.13.0
[INFO] [stderr]    Compiling netdev v0.40.1
[INFO] [stderr]    Compiling hyper v1.8.1
[INFO] [stderr]    Compiling hickory-proto v0.25.2
[INFO] [stderr]    Compiling hyper-util v0.1.20
[INFO] [stderr]    Compiling hyper-rustls v0.27.7
[INFO] [stderr]    Compiling igd-next v0.16.2
[INFO] [stderr]    Compiling reqwest v0.12.28
[INFO] [stderr]    Compiling hickory-resolver v0.25.2
[INFO] [stderr]    Compiling swarm-discovery v0.5.0
[INFO] [stderr]    Compiling portmapper v0.15.0
[INFO] [stderr]    Compiling iroh-gossip v0.97.0
[INFO] [stderr]    Compiling provision v0.1.0 (/opt/rustwide/workdir/crates/provision)
[INFO] [stderr]    Compiling fabric-cli v0.1.0 (/opt/rustwide/workdir/crates/fabric-cli)
[INFO] [stderr]    Compiling meshd v0.1.0 (/opt/rustwide/workdir/crates/meshd)
[INFO] [stderr]     Finished `dev` profile [unoptimized + debuginfo] target(s) in 3m 07s
[INFO] running `Command { std: "docker" "inspect" "9f224df724e6bf441a13416c01f36000d15ed6e561a7252d1e158ca8d8157a21", kill_on_drop: false }`
[INFO] running `Command { std: "docker" "exec" "-e" "SOURCE_DIR=/opt/rustwide/workdir" "-e" "CARGO_HOME=/opt/rustwide/cargo-home" "-e" "RUSTUP_HOME=/opt/rustwide/rustup-home" "-e" "CARGO_TARGET_DIR=/opt/rustwide/target" "-e" "CARGO_INCREMENTAL=0" "-e" "RUST_BACKTRACE=full" "-e" "RUSTFLAGS=--cap-lints=warn" "-e" "RUSTDOCFLAGS=--cap-lints=warn" "-w" "/opt/rustwide/workdir" "--user" "0:0" "9f224df724e6bf441a13416c01f36000d15ed6e561a7252d1e158ca8d8157a21" "/opt/rustwide/cargo-home/bin/cargo" "+1.98.0-beta.1" "test" "--frozen" "--no-run" "--message-format=json", kill_on_drop: false }`
[INFO] [stderr]    Compiling fabric-cli v0.1.0 (/opt/rustwide/workdir/crates/fabric-cli)
[INFO] [stderr]    Compiling meshd v0.1.0 (/opt/rustwide/workdir/crates/meshd)
[INFO] [stderr]    Compiling provision v0.1.0 (/opt/rustwide/workdir/crates/provision)
[INFO] [stderr]     Finished `test` profile [unoptimized + debuginfo] target(s) in 12.73s
[INFO] running `Command { std: "docker" "inspect" "9f224df724e6bf441a13416c01f36000d15ed6e561a7252d1e158ca8d8157a21", kill_on_drop: false }`
[INFO] running `Command { std: "docker" "exec" "-e" "SOURCE_DIR=/opt/rustwide/workdir" "-e" "CARGO_HOME=/opt/rustwide/cargo-home" "-e" "RUSTUP_HOME=/opt/rustwide/rustup-home" "-e" "CARGO_TARGET_DIR=/opt/rustwide/target" "-e" "CARGO_INCREMENTAL=0" "-e" "RUST_BACKTRACE=full" "-e" "RUSTFLAGS=--cap-lints=warn" "-e" "RUSTDOCFLAGS=--cap-lints=warn" "-w" "/opt/rustwide/workdir" "--user" "0:0" "9f224df724e6bf441a13416c01f36000d15ed6e561a7252d1e158ca8d8157a21" "/opt/rustwide/cargo-home/bin/cargo" "+1.98.0-beta.1" "test" "--frozen", kill_on_drop: false }`
[INFO] [stderr]     Finished `test` profile [unoptimized + debuginfo] target(s) in 0.82s
[INFO] [stderr]      Running unittests src/main.rs (/opt/rustwide/target/debug/deps/fabric_cli-e71db389a4ef483a)
[INFO] [stderr]      Running unittests src/lib.rs (/opt/rustwide/target/debug/deps/meshd-90c0c013d6d48f0c)
[INFO] [stdout] 
[INFO] [stdout] running 0 tests
[INFO] [stdout] 
[INFO] [stdout] test result: ok. 0 passed; 0 failed; 0 ignored; 0 measured; 0 filtered out; finished in 0.00s
[INFO] [stdout] 
[INFO] [stdout] 
[INFO] [stdout] running 4 tests
[INFO] [stdout] test overlay_ip::tests::deterministic_same_key ... ok
[INFO] [stdout] test overlay_ip::tests::different_keys_different_ips ... ok
[INFO] [stdout] test overlay_ip::tests::ip_in_cgnat_range ... ok
[INFO] [stdout] test overlay_ip::tests::no_broadcast_or_network_addresses ... ok
[INFO] [stdout] 
[INFO] [stdout] test result: ok. 4 passed; 0 failed; 0 ignored; 0 measured; 0 filtered out; finished in 0.32s
[INFO] [stdout] 
[INFO] [stderr]      Running unittests src/main.rs (/opt/rustwide/target/debug/deps/meshd-6d238e68b426b4ca)
[INFO] [stdout] 
[INFO] [stdout] running 0 tests
[INFO] [stdout] 
[INFO] [stdout] test result: ok. 0 passed; 0 failed; 0 ignored; 0 measured; 0 filtered out; finished in 0.00s
[INFO] [stdout] 
[INFO] [stderr]      Running tests/island_mode.rs (/opt/rustwide/target/debug/deps/island_mode-ae9a24266f591bf7)
[INFO] [stdout] 
[INFO] [stdout] running 2 tests
[INFO] [stdout] [2m2026-07-14T03:35:45.633574Z[0m [33m WARN[0m [1mpkarr_publish[0m[1m{[0m[3mme[0m[2m=[0meb9c4b6635[1m}[0m[2m:[0m [2miroh::address_lookup::pkarr[0m[2m:[0m Failed to publish to pkarr [3merr[0m[2m=[0mError sending http request: error sending request for url (https://dns.iroh.link/pkarr/7qqrs3ti79676zp4g74hs35ci16qb3szo93cdop66warnpgs3gyo): client error (Connect): dns error: Resolve failed ipv4: proto error: io error: Network is unreachable (os error 101), ipv6 proto error: io error: Network is unreachable (os error 101) [3murl[0m[2m=[0mhttps://dns.iroh.link/pkarr [3mretry_after[0m[2m=[0m1s [3mfailed_attempts[0m[2m=[0m1
[INFO] [stdout] [2m2026-07-14T03:35:45.636358Z[0m [33m WARN[0m [1mpkarr_publish[0m[1m{[0m[3mme[0m[2m=[0m7ee0fef37b[1m}[0m[2m:[0m [2miroh::address_lookup::pkarr[0m[2m:[0m Failed to publish to pkarr [3merr[0m[2m=[0mError sending http request: error sending request for url (https://dns.iroh.link/pkarr/x5ox7h55yriw4tekhkkxc1k69db7ydaceqbytc9xzcp345axq9fy): client error (Connect): dns error: Resolve failed ipv4: proto error: io error: Network is unreachable (os error 101), ipv6 proto error: io error: Network is unreachable (os error 101) [3murl[0m[2m=[0mhttps://dns.iroh.link/pkarr [3mretry_after[0m[2m=[0m1s [3mfailed_attempts[0m[2m=[0m1
[INFO] [stdout] [2m2026-07-14T03:35:45.644371Z[0m [33m WARN[0m [1mpkarr_publish[0m[1m{[0m[3mme[0m[2m=[0mf62c75ae43[1m}[0m[2m:[0m [2miroh::address_lookup::pkarr[0m[2m:[0m Failed to publish to pkarr [3merr[0m[2m=[0mError sending http request: error sending request for url (https://dns.iroh.link/pkarr/6as8mm1dbhey1gs66wag5zf9xjbgg5mayddxs7x9c65u6g56zyay): client error (Connect): dns error: Resolve failed ipv4: proto error: io error: Network is unreachable (os error 101), ipv6 proto error: io error: Network is unreachable (os error 101) [3murl[0m[2m=[0mhttps://dns.iroh.link/pkarr [3mretry_after[0m[2m=[0m1s [3mfailed_attempts[0m[2m=[0m1
[INFO] [stdout] [2m2026-07-14T03:35:45.648776Z[0m [33m WARN[0m [1mpkarr_publish[0m[1m{[0m[3mme[0m[2m=[0m364221c312[1m}[0m[2m:[0m [2miroh::address_lookup::pkarr[0m[2m:[0m Failed to publish to pkarr [3merr[0m[2m=[0mError sending http request: error sending request for url (https://dns.iroh.link/pkarr/g3bndoa1s4qgtb4s3jkrhjgjy45u47ynkoozryifbsq49ffhamky): client error (Connect): dns error: Resolve failed ipv4: proto error: io error: Network is unreachable (os error 101), ipv6 proto error: io error: Network is unreachable (os error 101) [3murl[0m[2m=[0mhttps://dns.iroh.link/pkarr [3mretry_after[0m[2m=[0m1s [3mfailed_attempts[0m[2m=[0m1
[INFO] [stdout] [2m2026-07-14T03:35:45.652734Z[0m [33m WARN[0m [1mpkarr_publish[0m[1m{[0m[3mme[0m[2m=[0ma40a22048e[1m}[0m[2m:[0m [2miroh::address_lookup::pkarr[0m[2m:[0m Failed to publish to pkarr [3merr[0m[2m=[0mError sending http request: error sending request for url (https://dns.iroh.link/pkarr/wofnrbrqasxwiat749ro97hh6kfr33x9q8wd9hh9c4wuqfpmqfjy): client error (Connect): dns error: Resolve failed ipv4: proto error: io error: Network is unreachable (os error 101), ipv6 proto error: io error: Network is unreachable (os error 101) [3murl[0m[2m=[0mhttps://dns.iroh.link/pkarr [3mretry_after[0m[2m=[0m1s [3mfailed_attempts[0m[2m=[0m1
[INFO] [stdout] [2m2026-07-14T03:35:46.679337Z[0m [33m WARN[0m [1mpkarr_publish[0m[1m{[0m[3mme[0m[2m=[0mf62c75ae43[1m}[0m[2m:[0m [2miroh::address_lookup::pkarr[0m[2m:[0m Failed to publish to pkarr [3merr[0m[2m=[0mError sending http request: error sending request for url (https://dns.iroh.link/pkarr/6as8mm1dbhey1gs66wag5zf9xjbgg5mayddxs7x9c65u6g56zyay): client error (Connect): dns error: Resolve failed ipv4: proto error: io error: Network is unreachable (os error 101), ipv6 proto error: io error: Network is unreachable (os error 101) [3murl[0m[2m=[0mhttps://dns.iroh.link/pkarr [3mretry_after[0m[2m=[0m2s [3mfailed_attempts[0m[2m=[0m2
[INFO] [stdout] [2m2026-07-14T03:35:46.686994Z[0m [33m WARN[0m [1mpkarr_publish[0m[1m{[0m[3mme[0m[2m=[0m364221c312[1m}[0m[2m:[0m [2miroh::address_lookup::pkarr[0m[2m:[0m Failed to publish to pkarr [3merr[0m[2m=[0mError sending http request: error sending request for url (https://dns.iroh.link/pkarr/g3bndoa1s4qgtb4s3jkrhjgjy45u47ynkoozryifbsq49ffhamky): client error (Connect): dns error: Resolve failed ipv4: proto error: io error: Network is unreachable (os error 101), ipv6 proto error: io error: Network is unreachable (os error 101) [3murl[0m[2m=[0mhttps://dns.iroh.link/pkarr [3mretry_after[0m[2m=[0m2s [3mfailed_attempts[0m[2m=[0m2
[INFO] [stdout] [2m2026-07-14T03:35:46.687972Z[0m [33m WARN[0m [1mpkarr_publish[0m[1m{[0m[3mme[0m[2m=[0ma40a22048e[1m}[0m[2m:[0m [2miroh::address_lookup::pkarr[0m[2m:[0m Failed to publish to pkarr [3merr[0m[2m=[0mError sending http request: error sending request for url (https://dns.iroh.link/pkarr/wofnrbrqasxwiat749ro97hh6kfr33x9q8wd9hh9c4wuqfpmqfjy): client error (Connect): dns error: Resolve failed ipv4: proto error: io error: Network is unreachable (os error 101), ipv6 proto error: io error: Network is unreachable (os error 101) [3murl[0m[2m=[0mhttps://dns.iroh.link/pkarr [3mretry_after[0m[2m=[0m2s [3mfailed_attempts[0m[2m=[0m2
[INFO] [stdout] [2m2026-07-14T03:35:48.014356Z[0m [33m WARN[0m [2miroh::socket::remote_map::remote_state[0m[2m:[0m Address Lookup failed: Service 'dns' error: no calls succeeded: [Failed to resolve TXT recordFailed to resolve TXT recordFailed to resolve TXT recordFailed to resolve TXT recordFailed to resolve TXT recordFailed to resolve TXT recordFailed to resolve TXT record]
[INFO] [stdout] [2m2026-07-14T03:35:48.707013Z[0m [33m WARN[0m [1mpkarr_publish[0m[1m{[0m[3mme[0m[2m=[0mf62c75ae43[1m}[0m[2m:[0m [2miroh::address_lookup::pkarr[0m[2m:[0m Failed to publish to pkarr [3merr[0m[2m=[0mError sending http request: error sending request for url (https://dns.iroh.link/pkarr/6as8mm1dbhey1gs66wag5zf9xjbgg5mayddxs7x9c65u6g56zyay): client error (Connect): dns error: Resolve failed ipv4: proto error: io error: Network is unreachable (os error 101), ipv6 proto error: io error: Network is unreachable (os error 101) [3murl[0m[2m=[0mhttps://dns.iroh.link/pkarr [3mretry_after[0m[2m=[0m3s [3mfailed_attempts[0m[2m=[0m3
[INFO] [stdout] [2m2026-07-14T03:35:48.728478Z[0m [33m WARN[0m [1mpkarr_publish[0m[1m{[0m[3mme[0m[2m=[0m364221c312[1m}[0m[2m:[0m [2miroh::address_lookup::pkarr[0m[2m:[0m Failed to publish to pkarr [3merr[0m[2m=[0mError sending http request: error sending request for url (https://dns.iroh.link/pkarr/g3bndoa1s4qgtb4s3jkrhjgjy45u47ynkoozryifbsq49ffhamky): client error (Connect): dns error: Resolve failed ipv4: proto error: io error: Network is unreachable (os error 101), ipv6 proto error: io error: Network is unreachable (os error 101) [3murl[0m[2m=[0mhttps://dns.iroh.link/pkarr [3mretry_after[0m[2m=[0m3s [3mfailed_attempts[0m[2m=[0m3
[INFO] [stdout] [2m2026-07-14T03:35:48.729194Z[0m [33m WARN[0m [1mpkarr_publish[0m[1m{[0m[3mme[0m[2m=[0ma40a22048e[1m}[0m[2m:[0m [2miroh::address_lookup::pkarr[0m[2m:[0m Failed to publish to pkarr [3merr[0m[2m=[0mError sending http request: error sending request for url (https://dns.iroh.link/pkarr/wofnrbrqasxwiat749ro97hh6kfr33x9q8wd9hh9c4wuqfpmqfjy): client error (Connect): dns error: Resolve failed ipv4: proto error: io error: Network is unreachable (os error 101), ipv6 proto error: io error: Network is unreachable (os error 101) [3murl[0m[2m=[0mhttps://dns.iroh.link/pkarr [3mretry_after[0m[2m=[0m3s [3mfailed_attempts[0m[2m=[0m3
[INFO] [stdout] test peer_disconnect_detection ... ok
[INFO] [stdout] test three_node_island_mode ... ok
[INFO] [stdout] 
[INFO] [stdout] test result: ok. 2 passed; 0 failed; 0 ignored; 0 measured; 0 filtered out; finished in 3.54s
[INFO] [stdout] 
[INFO] [stderr]      Running tests/lan_discovery.rs (/opt/rustwide/target/debug/deps/lan_discovery-7d1902d066cc577c)
[INFO] [stdout] 
[INFO] [stdout] running 3 tests
[INFO] [stdout] test overlay_ip_determinism ... ok
[INFO] [stdout] [2m2026-07-14T03:35:49.025323Z[0m [33m WARN[0m [1mpkarr_publish[0m[1m{[0m[3mme[0m[2m=[0mb71544913f[1m}[0m[2m:[0m [2miroh::address_lookup::pkarr[0m[2m:[0m Failed to publish to pkarr [3merr[0m[2m=[0mError sending http request: error sending request for url (https://dns.iroh.link/pkarr/shkwjrj9ekfixx1pudqn6sz75afzst4fw7zzhkayw396fiy7he6y): client error (Connect): dns error: Resolve failed ipv4: proto error: io error: Network is unreachable (os error 101), ipv6 proto error: io error: Network is unreachable (os error 101) [3murl[0m[2m=[0mhttps://dns.iroh.link/pkarr [3mretry_after[0m[2m=[0m1s [3mfailed_attempts[0m[2m=[0m1
[INFO] [stdout] [2m2026-07-14T03:35:49.026485Z[0m [33m WARN[0m [1mpkarr_publish[0m[1m{[0m[3mme[0m[2m=[0me781b98866[1m}[0m[2m:[0m [2miroh::address_lookup::pkarr[0m[2m:[0m Failed to publish to pkarr [3merr[0m[2m=[0mError sending http request: error sending request for url (https://dns.iroh.link/pkarr/h6y5undgtcp5fh3uf8frxgst6himmwjibpc5jmbcpoh634f3p1oy): client error (Connect): dns error: Resolve failed ipv4: proto error: io error: Network is unreachable (os error 101), ipv6 proto error: io error: Network is unreachable (os error 101) [3murl[0m[2m=[0mhttps://dns.iroh.link/pkarr [3mretry_after[0m[2m=[0m1s [3mfailed_attempts[0m[2m=[0m1
[INFO] [stdout] test overlay_ip_always_in_cgnat_range ... ok
[INFO] [stdout] [2m2026-07-14T03:35:50.037748Z[0m [33m WARN[0m [1mpkarr_publish[0m[1m{[0m[3mme[0m[2m=[0me781b98866[1m}[0m[2m:[0m [2miroh::address_lookup::pkarr[0m[2m:[0m Failed to publish to pkarr [3merr[0m[2m=[0mError sending http request: error sending request for url (https://dns.iroh.link/pkarr/h6y5undgtcp5fh3uf8frxgst6himmwjibpc5jmbcpoh634f3p1oy): client error (Connect): dns error: Resolve failed ipv4: proto error: io error: Network is unreachable (os error 101), ipv6 proto error: io error: Network is unreachable (os error 101) [3murl[0m[2m=[0mhttps://dns.iroh.link/pkarr [3mretry_after[0m[2m=[0m2s [3mfailed_attempts[0m[2m=[0m2
[INFO] [stdout] [2m2026-07-14T03:35:52.055715Z[0m [33m WARN[0m [1mpkarr_publish[0m[1m{[0m[3mme[0m[2m=[0me781b98866[1m}[0m[2m:[0m [2miroh::address_lookup::pkarr[0m[2m:[0m Failed to publish to pkarr [3merr[0m[2m=[0mError sending http request: error sending request for url (https://dns.iroh.link/pkarr/h6y5undgtcp5fh3uf8frxgst6himmwjibpc5jmbcpoh634f3p1oy): client error (Connect): dns error: Resolve failed ipv4: proto error: io error: Network is unreachable (os error 101), ipv6 proto error: io error: Network is unreachable (os error 101) [3murl[0m[2m=[0mhttps://dns.iroh.link/pkarr [3mretry_after[0m[2m=[0m3s [3mfailed_attempts[0m[2m=[0m3
[INFO] [stdout] test two_nodes_connect_and_handshake ... ok
[INFO] [stdout] 
[INFO] [stdout] test result: ok. 3 passed; 0 failed; 0 ignored; 0 measured; 0 filtered out; finished in 3.17s
[INFO] [stdout] 
[INFO] [stderr]      Running unittests src/main.rs (/opt/rustwide/target/debug/deps/provision-b33c15c759188c44)
[INFO] [stdout] 
[INFO] [stderr]    Doc-tests meshd
[INFO] [stdout] running 0 tests
[INFO] [stdout] 
[INFO] [stdout] test result: ok. 0 passed; 0 failed; 0 ignored; 0 measured; 0 filtered out; finished in 0.00s
[INFO] [stdout] 
[INFO] [stdout] 
[INFO] [stdout] running 0 tests
[INFO] [stdout] 
[INFO] [stdout] test result: ok. 0 passed; 0 failed; 0 ignored; 0 measured; 0 filtered out; finished in 0.00s
[INFO] [stdout] 
[INFO] running `Command { std: "docker" "inspect" "9f224df724e6bf441a13416c01f36000d15ed6e561a7252d1e158ca8d8157a21", kill_on_drop: false }`
[INFO] running `Command { std: "docker" "rm" "-f" "9f224df724e6bf441a13416c01f36000d15ed6e561a7252d1e158ca8d8157a21", kill_on_drop: false }`
[INFO] [stdout] 9f224df724e6bf441a13416c01f36000d15ed6e561a7252d1e158ca8d8157a21
