[INFO] cloning repository https://github.com/ThatOneShortGuy/cacheshfs
[INFO] running `Command { std: "git" "-c" "credential.helper=" "-c" "credential.helper=/workspace/cargo-home/bin/git-credential-null" "clone" "--bare" "https://github.com/ThatOneShortGuy/cacheshfs" "/workspace/cache/git-repos/https%3A%2F%2Fgithub.com%2FThatOneShortGuy%2Fcacheshfs", kill_on_drop: false }`
[INFO] [stderr] Cloning into bare repository '/workspace/cache/git-repos/https%3A%2F%2Fgithub.com%2FThatOneShortGuy%2Fcacheshfs'...
[INFO] running `Command { std: "git" "rev-parse" "HEAD", kill_on_drop: false }`
[INFO] [stdout] 82e75ee00b7fc084f91b17acffc4e62b9af5c92a
[INFO] testing ThatOneShortGuy/cacheshfs against 1.98.0-beta.1 for beta-1.98-2
[INFO] running `Command { std: "git" "clone" "/workspace/cache/git-repos/https%3A%2F%2Fgithub.com%2FThatOneShortGuy%2Fcacheshfs" "/workspace/builds/worker-6-tc2/source", kill_on_drop: false }`
[INFO] [stderr] Cloning into '/workspace/builds/worker-6-tc2/source'...
[INFO] [stderr] done.
[INFO] started tweaking git repo https://github.com/ThatOneShortGuy/cacheshfs
[INFO] finished tweaking git repo https://github.com/ThatOneShortGuy/cacheshfs
[INFO] tweaked toml for git repo https://github.com/ThatOneShortGuy/cacheshfs written to /workspace/builds/worker-6-tc2/source/Cargo.toml
[INFO] validating manifest of git repo https://github.com/ThatOneShortGuy/cacheshfs on toolchain 1.98.0-beta.1
[INFO] running `Command { std: CARGO_HOME="/workspace/cargo-home" RUSTUP_HOME="/workspace/rustup-home" "/workspace/cargo-home/bin/cargo" "+1.98.0-beta.1" "metadata" "--manifest-path" "Cargo.toml" "--no-deps", kill_on_drop: false }`
[INFO] crate git repo https://github.com/ThatOneShortGuy/cacheshfs already has a lockfile, it will not be regenerated
[INFO] running `Command { std: CARGO_HOME="/workspace/cargo-home" RUSTUP_HOME="/workspace/rustup-home" "/workspace/cargo-home/bin/cargo" "+1.98.0-beta.1" "fetch" "--manifest-path" "Cargo.toml", kill_on_drop: false }`
[INFO] running `Command { std: "docker" "create" "-v" "/var/lib/crater-agent-workspace/builds/worker-6-tc2/source:/opt/rustwide/workdir:ro,Z" "-v" "/var/lib/crater-agent-workspace/builds/worker-6-tc2/target:/opt/rustwide/target:rw,Z" "-v" "/var/lib/crater-agent-workspace/cargo-home:/opt/rustwide/cargo-home:ro,Z" "-v" "/var/lib/crater-agent-workspace/rustup-home:/opt/rustwide/rustup-home:ro,Z" "-m" "1610612736" "--network" "none" "ghcr.io/rust-lang/crates-build-env/linux@sha256:3d5ced03c013a94a2f102a4510f48a6e9184255caf5fd8244f58017bde7f5210" "sleep" "infinity", kill_on_drop: false }`
[INFO] [stdout] 07f2a8bab9bc65282423cd3b5f24d301e35d4b41a8cee53fa602799693fab6a5
[INFO] running `Command { std: "docker" "start" "07f2a8bab9bc65282423cd3b5f24d301e35d4b41a8cee53fa602799693fab6a5", kill_on_drop: false }`
[INFO] running `Command { std: "docker" "inspect" "07f2a8bab9bc65282423cd3b5f24d301e35d4b41a8cee53fa602799693fab6a5", kill_on_drop: false }`
[INFO] running `Command { std: "docker" "exec" "-e" "SOURCE_DIR=/opt/rustwide/workdir" "-e" "CARGO_HOME=/opt/rustwide/cargo-home" "-e" "RUSTUP_HOME=/opt/rustwide/rustup-home" "-e" "CARGO_TARGET_DIR=/opt/rustwide/target" "-w" "/opt/rustwide/workdir" "--user" "0:0" "07f2a8bab9bc65282423cd3b5f24d301e35d4b41a8cee53fa602799693fab6a5" "/opt/rustwide/cargo-home/bin/cargo" "+1.98.0-beta.1" "metadata" "--no-deps" "--format-version=1", kill_on_drop: false }`
[INFO] running `Command { std: "docker" "inspect" "07f2a8bab9bc65282423cd3b5f24d301e35d4b41a8cee53fa602799693fab6a5", kill_on_drop: false }`
[INFO] running `Command { std: "docker" "exec" "-e" "SOURCE_DIR=/opt/rustwide/workdir" "-e" "CARGO_HOME=/opt/rustwide/cargo-home" "-e" "RUSTUP_HOME=/opt/rustwide/rustup-home" "-e" "CARGO_TARGET_DIR=/opt/rustwide/target" "-e" "CARGO_INCREMENTAL=0" "-e" "RUST_BACKTRACE=full" "-e" "RUSTFLAGS=--cap-lints=warn" "-e" "RUSTDOCFLAGS=--cap-lints=warn" "-w" "/opt/rustwide/workdir" "--user" "0:0" "07f2a8bab9bc65282423cd3b5f24d301e35d4b41a8cee53fa602799693fab6a5" "/opt/rustwide/cargo-home/bin/cargo" "+1.98.0-beta.1" "build" "--frozen" "--message-format=json", kill_on_drop: false }`
[INFO] [stderr]    Compiling libc v0.2.186
[INFO] [stderr]    Compiling subtle v2.6.1
[INFO] [stderr]    Compiling zeroize v1.9.0
[INFO] [stderr]    Compiling typenum v1.20.1
[INFO] [stderr]    Compiling cmov v0.5.4
[INFO] [stderr]    Compiling rand_core v0.10.1
[INFO] [stderr]    Compiling getrandom v0.4.3
[INFO] [stderr]    Compiling quote v1.0.46
[INFO] [stderr]    Compiling const-oid v0.10.2
[INFO] [stderr]    Compiling autocfg v1.5.1
[INFO] [stderr]    Compiling cpufeatures v0.3.0
[INFO] [stderr]    Compiling cpubits v0.1.1
[INFO] [stderr]    Compiling base64ct v1.8.3
[INFO] [stderr]    Compiling serde_core v1.0.228
[INFO] [stderr]    Compiling bytes v1.12.0
[INFO] [stderr]    Compiling cfg_aliases v0.2.1
[INFO] [stderr]    Compiling memchr v2.8.2
[INFO] [stderr]    Compiling base16ct v1.0.0
[INFO] [stderr]    Compiling semver v1.0.28
[INFO] [stderr]    Compiling futures-channel v0.3.32
[INFO] [stderr]    Compiling nix v0.31.3
[INFO] [stderr]    Compiling ctutils v0.4.2
[INFO] [stderr]    Compiling smallvec v1.15.2
[INFO] [stderr]    Compiling hashbrown v0.17.1
[INFO] [stderr]    Compiling ff v0.14.0
[INFO] [stderr]    Compiling equivalent v1.0.2
[INFO] [stderr]    Compiling winnow v1.0.3
[INFO] [stderr]    Compiling rustc_version v0.4.1
[INFO] [stderr]    Compiling serde v1.0.228
[INFO] [stderr]    Compiling slab v0.4.12
[INFO] [stderr]    Compiling syn v2.0.118
[INFO] [stderr]    Compiling num-traits v0.2.19
[INFO] [stderr]    Compiling group v0.14.0
[INFO] [stderr]    Compiling shlex v2.0.1
[INFO] [stderr]    Compiling toml_datetime v1.1.1+spec-1.1.0
[INFO] [stderr]    Compiling pem-rfc7468 v1.0.0
[INFO] [stderr]    Compiling log v0.4.33
[INFO] [stderr]    Compiling serde_json v1.0.150
[INFO] [stderr]    Compiling generic-array v0.14.9
[INFO] [stderr]    Compiling cc v1.2.65
[INFO] [stderr]    Compiling der v0.8.0
[INFO] [stderr]    Compiling memoffset v0.9.1
[INFO] [stderr]    Compiling curve25519-dalek v5.0.0-rc.0
[INFO] [stderr]    Compiling itoa v1.0.18
[INFO] [stderr]    Compiling thiserror v2.0.18
[INFO] [stderr]    Compiling crossbeam-utils v0.8.21
[INFO] [stderr]    Compiling nix v0.30.1
[INFO] [stderr]    Compiling indexmap v2.14.0
[INFO] [stderr]    Compiling keccak v0.2.0
[INFO] [stderr]    Compiling ref-cast v1.0.25
[INFO] [stderr]    Compiling hybrid-array v0.4.13
[INFO] [stderr]    Compiling zerocopy v0.8.52
[INFO] [stderr]    Compiling pkg-config v0.3.33
[INFO] [stderr]    Compiling simd-adler32 v0.3.9
[INFO] [stderr]    Compiling fiat-crypto v0.3.0
[INFO] [stderr]    Compiling miniz_oxide v0.8.9
[INFO] [stderr]    Compiling hashbrown v0.14.5
[INFO] [stderr]    Compiling hex v0.4.3
[INFO] [stderr]    Compiling num-integer v0.1.46
[INFO] [stderr]    Compiling fuser v0.17.0
[INFO] [stderr]    Compiling toml_parser v1.1.2+spec-1.1.0
[INFO] [stderr]    Compiling generic-array v1.4.3
[INFO] [stderr]    Compiling chrono v0.4.45
[INFO] [stderr]    Compiling hex-literal v1.1.0
[INFO] [stderr]    Compiling flate2 v1.1.9
[INFO] [stderr]    Compiling num-bigint v0.4.6
[INFO] [stderr]    Compiling md5 v0.8.0
[INFO] [stderr]    Compiling data-encoding v2.11.0
[INFO] [stderr]    Compiling cacheshfs v0.1.0 (/opt/rustwide/workdir/crates/cacheshfs-cli)
[INFO] [stderr]    Compiling cacheshfs-windows v0.1.0 (/opt/rustwide/workdir/crates/cacheshfs-windows)
[INFO] [stderr]    Compiling socket2 v0.6.4
[INFO] [stderr]    Compiling mio v1.2.1
[INFO] [stderr]    Compiling parking_lot_core v0.9.12
[INFO] [stderr]    Compiling block-buffer v0.12.1
[INFO] [stderr]    Compiling crypto-common v0.2.2
[INFO] [stderr]    Compiling block-padding v0.4.2
[INFO] [stderr]    Compiling crypto-bigint v0.7.5
[INFO] [stderr]    Compiling spki v0.8.0
[INFO] [stderr]    Compiling inout v0.2.2
[INFO] [stderr]    Compiling sec1 v0.8.1
[INFO] [stderr]    Compiling toml_edit v0.25.12+spec-1.1.0
[INFO] [stderr]    Compiling ring v0.17.14
[INFO] [stderr]    Compiling pkcs1 v0.8.0-rc.4
[INFO] [stderr]    Compiling module-lattice v0.2.3
[INFO] [stderr]    Compiling getrandom v0.2.17
[INFO] [stderr]    Compiling dashmap v6.2.1
[INFO] [stderr]    Compiling parking_lot v0.12.5
[INFO] [stderr]    Compiling page_size v0.6.0
[INFO] [stderr]    Compiling bitflags v2.13.0
[INFO] [stderr]    Compiling serde_bytes v0.11.19
[INFO] [stderr]    Compiling digest v0.11.3
[INFO] [stderr]    Compiling cipher v0.5.2
[INFO] [stderr]    Compiling universal-hash v0.6.1
[INFO] [stderr]    Compiling aead v0.6.1
[INFO] [stderr]    Compiling polyval v0.7.1
[INFO] [stderr]    Compiling proc-macro-crate v3.5.0
[INFO] [stderr]    Compiling poly1305 v0.9.0
[INFO] [stderr]    Compiling hmac v0.13.0
[INFO] [stderr]    Compiling aes v0.9.1
[INFO] [stderr]    Compiling sha2 v0.11.0
[INFO] [stderr]    Compiling pbkdf2 v0.13.0
[INFO] [stderr]    Compiling cbc v0.2.1
[INFO] [stderr]    Compiling salsa20 v0.11.0
[INFO] [stderr]    Compiling signature v3.0.0
[INFO] [stderr]    Compiling hkdf v0.13.0
[INFO] [stderr]    Compiling rfc6979 v0.5.0
[INFO] [stderr]    Compiling chacha20 v0.10.1
[INFO] [stderr]    Compiling ghash v0.6.0
[INFO] [stderr]    Compiling ctr v0.10.1
[INFO] [stderr]    Compiling blowfish v0.10.0
[INFO] [stderr]    Compiling blake2 v0.11.0-rc.6
[INFO] [stderr]    Compiling sha3 v0.11.0
[INFO] [stderr]    Compiling sha1 v0.11.0
[INFO] [stderr]    Compiling aes-gcm v0.11.0-rc.4
[INFO] [stderr]    Compiling rand v0.10.1
[INFO] [stderr]    Compiling kem v0.3.0
[INFO] [stderr]    Compiling argon2 v0.6.0-rc.8
[INFO] [stderr]    Compiling scrypt v0.12.0
[INFO] [stderr]    Compiling bcrypt-pbkdf v0.11.0
[INFO] [stderr]    Compiling pkcs5 v0.8.0
[INFO] [stderr]    Compiling ml-kem v0.3.2
[INFO] [stderr]    Compiling pkcs8 v0.11.0
[INFO] [stderr]    Compiling ctrlc v3.5.2
[INFO] [stderr]    Compiling ed25519 v3.0.0
[INFO] [stderr]    Compiling internal-russh-num-bigint v0.5.0
[INFO] [stderr]    Compiling tokio-macros v2.7.0
[INFO] [stderr]    Compiling futures-macro v0.3.32
[INFO] [stderr]    Compiling serde_derive v1.0.228
[INFO] [stderr]    Compiling curve25519-dalek-derive v0.1.1
[INFO] [stderr]    Compiling thiserror-impl v2.0.18
[INFO] [stderr]    Compiling num_enum_derive v0.7.6
[INFO] [stderr]    Compiling ref-cast-impl v1.0.25
[INFO] [stderr]    Compiling zerocopy-derive v0.8.52
[INFO] [stderr]    Compiling delegate v0.13.5
[INFO] [stderr]    Compiling enum_dispatch v0.3.13
[INFO] [stderr]    Compiling elliptic-curve v0.14.0-rc.33
[INFO] [stderr]    Compiling primefield v0.14.0
[INFO] [stderr]    Compiling ssh-encoding v0.3.0-rc.9
[INFO] [stderr]    Compiling tokio v1.52.3
[INFO] [stderr]    Compiling futures-util v0.3.32
[INFO] [stderr]    Compiling crypto-primes v0.7.2
[INFO] [stderr]    Compiling ssh-cipher v0.3.0-rc.9
[INFO] [stderr]    Compiling russh-cryptovec v0.61.0
[INFO] [stderr]    Compiling num_enum v0.7.6
[INFO] [stderr]    Compiling clap_derive v4.6.1
[INFO] [stderr]    Compiling ecdsa v0.17.0-rc.18
[INFO] [stderr]    Compiling primeorder v0.14.0-rc.10
[INFO] [stderr]    Compiling p521 v0.14.0-rc.10
[INFO] [stderr]    Compiling p256 v0.14.0-rc.10
[INFO] [stderr]    Compiling ed25519-dalek v3.0.0-rc.0
[INFO] [stderr]    Compiling rsa v0.10.0-rc.18
[INFO] [stderr]    Compiling clap v4.6.1
[INFO] [stderr]    Compiling futures-executor v0.3.32
[INFO] [stderr]    Compiling futures v0.3.32
[INFO] [stderr]    Compiling p384 v0.14.0-rc.10
[INFO] [stderr]    Compiling cacheshfs-core v0.1.0 (/opt/rustwide/workdir/crates/cacheshfs-core)
[INFO] [stderr]    Compiling tokio-util v0.7.18
[INFO] [stderr]    Compiling russh-util v0.52.0
[INFO] [stderr]    Compiling russh-sftp v2.3.0
[INFO] [stderr]    Compiling ssh-key v0.7.0-rc.10
[INFO] [stderr]    Compiling cacheshfs-linux v0.1.0 (/opt/rustwide/workdir/crates/cacheshfs-linux)
[INFO] [stderr]    Compiling russh v0.61.2
[INFO] [stderr]    Compiling cacheshfs-sftp v0.1.0 (/opt/rustwide/workdir/crates/cacheshfs-sftp)
[INFO] [stderr]     Finished `dev` profile [unoptimized + debuginfo] target(s) in 1m 18s
[INFO] running `Command { std: "docker" "inspect" "07f2a8bab9bc65282423cd3b5f24d301e35d4b41a8cee53fa602799693fab6a5", kill_on_drop: false }`
[INFO] running `Command { std: "docker" "exec" "-e" "SOURCE_DIR=/opt/rustwide/workdir" "-e" "CARGO_HOME=/opt/rustwide/cargo-home" "-e" "RUSTUP_HOME=/opt/rustwide/rustup-home" "-e" "CARGO_TARGET_DIR=/opt/rustwide/target" "-e" "CARGO_INCREMENTAL=0" "-e" "RUST_BACKTRACE=full" "-e" "RUSTFLAGS=--cap-lints=warn" "-e" "RUSTDOCFLAGS=--cap-lints=warn" "-w" "/opt/rustwide/workdir" "--user" "0:0" "07f2a8bab9bc65282423cd3b5f24d301e35d4b41a8cee53fa602799693fab6a5" "/opt/rustwide/cargo-home/bin/cargo" "+1.98.0-beta.1" "test" "--frozen" "--no-run" "--message-format=json", kill_on_drop: false }`
[INFO] [stderr]    Compiling bitflags v2.13.0
[INFO] [stderr]    Compiling rustix v1.1.4
[INFO] [stderr]    Compiling linux-raw-sys v0.12.1
[INFO] [stderr]    Compiling fastrand v2.4.1
[INFO] [stderr]    Compiling cacheshfs-windows v0.1.0 (/opt/rustwide/workdir/crates/cacheshfs-windows)
[INFO] [stderr]    Compiling nix v0.31.3
[INFO] [stderr]    Compiling nix v0.30.1
[INFO] [stderr]    Compiling russh-sftp v2.3.0
[INFO] [stderr]    Compiling ctrlc v3.5.2
[INFO] [stderr]    Compiling russh-cryptovec v0.61.0
[INFO] [stderr]    Compiling russh v0.61.2
[INFO] [stderr]    Compiling tempfile v3.27.0
[INFO] [stderr]    Compiling cacheshfs-core v0.1.0 (/opt/rustwide/workdir/crates/cacheshfs-core)
[INFO] [stderr]    Compiling fuser v0.17.0
[INFO] [stderr]    Compiling cacheshfs-linux v0.1.0 (/opt/rustwide/workdir/crates/cacheshfs-linux)
[INFO] [stderr]    Compiling cacheshfs-sftp v0.1.0 (/opt/rustwide/workdir/crates/cacheshfs-sftp)
[INFO] [stderr]    Compiling cacheshfs v0.1.0 (/opt/rustwide/workdir/crates/cacheshfs-cli)
[INFO] [stderr]     Finished `test` profile [unoptimized + debuginfo] target(s) in 20.78s
[INFO] running `Command { std: "docker" "inspect" "07f2a8bab9bc65282423cd3b5f24d301e35d4b41a8cee53fa602799693fab6a5", kill_on_drop: false }`
[INFO] running `Command { std: "docker" "exec" "-e" "SOURCE_DIR=/opt/rustwide/workdir" "-e" "CARGO_HOME=/opt/rustwide/cargo-home" "-e" "RUSTUP_HOME=/opt/rustwide/rustup-home" "-e" "CARGO_TARGET_DIR=/opt/rustwide/target" "-e" "CARGO_INCREMENTAL=0" "-e" "RUST_BACKTRACE=full" "-e" "RUSTFLAGS=--cap-lints=warn" "-e" "RUSTDOCFLAGS=--cap-lints=warn" "-w" "/opt/rustwide/workdir" "--user" "0:0" "07f2a8bab9bc65282423cd3b5f24d301e35d4b41a8cee53fa602799693fab6a5" "/opt/rustwide/cargo-home/bin/cargo" "+1.98.0-beta.1" "test" "--frozen", kill_on_drop: false }`
[INFO] [stderr]     Finished `test` profile [unoptimized + debuginfo] target(s) in 0.31s
[INFO] [stderr]      Running unittests src/main.rs (/opt/rustwide/target/debug/deps/cacheshfs-daf981c86e5c1457)
[INFO] [stdout] 
[INFO] [stdout] running 36 tests
[INFO] [stdout] test cli::parse_tests::applies_defaults ... ok
[INFO] [stdout] test cli::parse_tests::connect_options_accept_unknown_host_key ... ok
[INFO] [stdout] test cli::parse_tests::cache_chunk_size_defaults_and_parses ... ok
[INFO] [stdout] test cli::parse_tests::end_to_end_builds_mount_config ... ok
[INFO] [stdout] test cli::parse_tests::connect_options_apply_port_and_identity ... ok
[INFO] [stdout] test cli::parse_tests::each_cache_mode_value_parses ... ok
[INFO] [stdout] test cli::parse_tests::metadata_ttl_defaults_and_parses ... ok
[INFO] [stdout] test cli::parse_tests::missing_explicit_ssh_config_is_an_error ... ok
[INFO] [stdout] test cli::parse_tests::cache_chunk_size_rejects_invalid_values ... ok
[INFO] [stdout] test cli::parse_tests::parse_duration_accepts_units_and_bare_seconds ... ok
[INFO] [stdout] test cli::parse_tests::parse_duration_rejects_garbage ... ok
[INFO] [stdout] test cli::parse_tests::port_and_identity_are_not_reported_as_unwired ... ok
[INFO] [stdout] test cli::parse_tests::explicit_values_override_ssh_config ... ok
[INFO] [stdout] test cli::parse_tests::rejects_unknown_cache_mode ... ok
[INFO] [stdout] test cli::tests::accepts_cache_dir_outside_mountpoint ... ok
[INFO] [stdout] test cli::tests::parses_user_host_path ... ok
[INFO] [stdout] test cli::tests::cache_mode_maps_to_core ... ok
[INFO] [stdout] test cli::tests::parses_host_without_user ... ok
[INFO] [stdout] test cli::tests::rejects_empty_sides ... ok
[INFO] [stdout] test cli::parse_tests::parses_all_options ... ok
[INFO] [stdout] test cli::parse_tests::requires_both_positionals ... ok
[INFO] [stdout] test cli::parse_tests::unwired_options_reports_only_supplied_flags ... ok
[INFO] [stdout] test ssh_config::tests::multiple_identity_files_accumulate ... ok
[INFO] [stdout] test cli::parse_tests::rejects_non_numeric_port ... ok
[INFO] [stdout] test ssh_config::tests::equals_separator_and_comments_and_quotes ... ok
[INFO] [stdout] test cli::tests::rejects_missing_colon ... ok
[INFO] [stdout] test ssh_config::tests::first_value_wins_and_later_blocks_do_not_override ... ok
[INFO] [stdout] test cli::tests::rejects_cache_dir_inside_mountpoint ... ok
[INFO] [stdout] test ssh_config::tests::non_matching_alias_gets_nothing ... ok
[INFO] [stdout] test ssh_config::tests::resolves_a_simple_host_block ... ok
[INFO] [stdout] test ssh_config::tests::negated_pattern_vetoes_a_match ... ok
[INFO] [stdout] test ssh_config::tests::match_block_settings_are_ignored ... ok
[INFO] [stdout] test ssh_config::tests::wildcard_and_question_patterns_match ... ok
[INFO] [stdout] test ssh_config::tests::settings_before_first_host_apply_globally ... ok
[INFO] [stdout] test cli::tests::preserves_windows_drive_root ... ok
[INFO] [stdout] test cli::parse_tests::ssh_config_resolves_host_alias ... FAILED
[INFO] [stdout] 
[INFO] [stdout] failures:
[INFO] [stdout] 
[INFO] [stdout] ---- cli::parse_tests::ssh_config_resolves_host_alias stdout ----
[INFO] [stdout] 
[INFO] [stdout] thread 'cli::parse_tests::ssh_config_resolves_host_alias' (3238) panicked at crates/cacheshfs-cli/src/cli.rs:675:53:
[INFO] [stdout] called `Result::unwrap()` on an `Err` value: "sftp target must include a username"
[INFO] [stdout] stack backtrace:
[INFO] [stdout]    0:     0x5c0d1f6b8c71 - std[73adb7dc35730857]::backtrace_rs::backtrace::libunwind::trace
[INFO] [stdout]                                at /rustc/6b3fa26749ab40e159b2dd5cf577acaaf5902772/library/std/src/../../backtrace/src/backtrace/libunwind.rs:117:9
[INFO] [stdout]    1:     0x5c0d1f6b8c71 - std[73adb7dc35730857]::backtrace_rs::backtrace::trace_unsynchronized::<std[73adb7dc35730857]::sys::backtrace::_print_fmt::{closure#1}>
[INFO] [stdout]                                at /rustc/6b3fa26749ab40e159b2dd5cf577acaaf5902772/library/std/src/../../backtrace/src/backtrace/mod.rs:66:14
[INFO] [stdout]    2:     0x5c0d1f6b8c71 - std[73adb7dc35730857]::sys::backtrace::_print_fmt
[INFO] [stdout]                                at /rustc/6b3fa26749ab40e159b2dd5cf577acaaf5902772/library/std/src/sys/backtrace.rs:74:9
[INFO] [stdout]    3:     0x5c0d1f6b8c71 - <<std[73adb7dc35730857]::sys::backtrace::BacktraceLock>::print::DisplayBacktrace as core[6883ba1bc0fe4ed1]::fmt::Display>::fmt
[INFO] [stdout]                                at /rustc/6b3fa26749ab40e159b2dd5cf577acaaf5902772/library/std/src/sys/backtrace.rs:44:26
[INFO] [stdout]    4:     0x5c0d1f6cd68a - <core[6883ba1bc0fe4ed1]::fmt::rt::Argument>::fmt
[INFO] [stdout]                                at /rustc/6b3fa26749ab40e159b2dd5cf577acaaf5902772/library/core/src/fmt/rt.rs:152:76
[INFO] [stdout]    5:     0x5c0d1f6cd68a - core[6883ba1bc0fe4ed1]::fmt::write
[INFO] [stdout]    6:     0x5c0d1f6bd3ac - std[73adb7dc35730857]::io::default_write_fmt::<alloc[55a36b64bcbf2c0d]::vec::Vec<u8>>
[INFO] [stdout]                                at /rustc/6b3fa26749ab40e159b2dd5cf577acaaf5902772/library/std/src/io/mod.rs:626:11
[INFO] [stdout]    7:     0x5c0d1f6bd3ac - <alloc[55a36b64bcbf2c0d]::vec::Vec<u8> as std[73adb7dc35730857]::io::Write>::write_fmt
[INFO] [stdout]                                at /rustc/6b3fa26749ab40e159b2dd5cf577acaaf5902772/library/std/src/io/mod.rs:1730:13
[INFO] [stdout]    8:     0x5c0d1f695946 - <std[73adb7dc35730857]::sys::backtrace::BacktraceLock>::print
[INFO] [stdout]                                at /rustc/6b3fa26749ab40e159b2dd5cf577acaaf5902772/library/std/src/sys/backtrace.rs:47:9
[INFO] [stdout]    9:     0x5c0d1f695946 - std[73adb7dc35730857]::panicking::default_hook::{closure#0}
[INFO] [stdout]                                at /rustc/6b3fa26749ab40e159b2dd5cf577acaaf5902772/library/std/src/panicking.rs:292:27
[INFO] [stdout]   10:     0x5c0d1f6b0209 - std[73adb7dc35730857]::panicking::default_hook
[INFO] [stdout]                                at /rustc/6b3fa26749ab40e159b2dd5cf577acaaf5902772/library/std/src/panicking.rs:316:9
[INFO] [stdout]   11:     0x5c0d1f55c350 - <alloc[55a36b64bcbf2c0d]::boxed::Box<dyn for<'a, 'b> core[6883ba1bc0fe4ed1]::ops::function::Fn<(&'a std[73adb7dc35730857]::panic::PanicHookInfo<'b>,), Output = ()> + core[6883ba1bc0fe4ed1]::marker::Send + core[6883ba1bc0fe4ed1]::marker::Sync> as core[6883ba1bc0fe4ed1]::ops::function::Fn<(&std[73adb7dc35730857]::panic::PanicHookInfo,)>>::call
[INFO] [stdout]                                at /rustc/6b3fa26749ab40e159b2dd5cf577acaaf5902772/library/alloc/src/boxed.rs:2333:9
[INFO] [stdout]   12:     0x5c0d1f55c350 - test[980ffaebd391d06d]::test_main_inner::<test[980ffaebd391d06d]::test_main_static::{closure#0}>::{closure#0}
[INFO] [stdout]                                at /rustc/6b3fa26749ab40e159b2dd5cf577acaaf5902772/library/test/src/lib.rs:155:21
[INFO] [stdout]   13:     0x5c0d1f6b03c2 - <alloc[55a36b64bcbf2c0d]::boxed::Box<dyn for<'a, 'b> core[6883ba1bc0fe4ed1]::ops::function::Fn<(&'a std[73adb7dc35730857]::panic::PanicHookInfo<'b>,), Output = ()> + core[6883ba1bc0fe4ed1]::marker::Send + core[6883ba1bc0fe4ed1]::marker::Sync> as core[6883ba1bc0fe4ed1]::ops::function::Fn<(&std[73adb7dc35730857]::panic::PanicHookInfo,)>>::call
[INFO] [stdout]                                at /rustc/6b3fa26749ab40e159b2dd5cf577acaaf5902772/library/alloc/src/boxed.rs:2333:9
[INFO] [stdout]   14:     0x5c0d1f6b03c2 - std[73adb7dc35730857]::panicking::panic_with_hook
[INFO] [stdout]                                at /rustc/6b3fa26749ab40e159b2dd5cf577acaaf5902772/library/std/src/panicking.rs:823:13
[INFO] [stdout]   15:     0x5c0d1f6959f2 - std[73adb7dc35730857]::panicking::panic_handler::{closure#0}
[INFO] [stdout]                                at /rustc/6b3fa26749ab40e159b2dd5cf577acaaf5902772/library/std/src/panicking.rs:688:13
[INFO] [stdout]   16:     0x5c0d1f68d0a9 - std[73adb7dc35730857]::sys::backtrace::__rust_end_short_backtrace::<std[73adb7dc35730857]::panicking::panic_handler::{closure#0}, !>
[INFO] [stdout]                                at /rustc/6b3fa26749ab40e159b2dd5cf577acaaf5902772/library/std/src/sys/backtrace.rs:182:18
[INFO] [stdout]   17:     0x5c0d1f6965ed - __rustc[a7b7b02e776dd976]::rust_begin_unwind
[INFO] [stdout]                                at /rustc/6b3fa26749ab40e159b2dd5cf577acaaf5902772/library/std/src/panicking.rs:679:5
[INFO] [stdout]   18:     0x5c0d1f6cde5c - core[6883ba1bc0fe4ed1]::panicking::panic_fmt
[INFO] [stdout]                                at /rustc/6b3fa26749ab40e159b2dd5cf577acaaf5902772/library/core/src/panicking.rs:80:14
[INFO] [stdout]   19:     0x5c0d1f6cdbd2 - core[6883ba1bc0fe4ed1]::result::unwrap_failed
[INFO] [stdout]                                at /rustc/6b3fa26749ab40e159b2dd5cf577acaaf5902772/library/core/src/result.rs:1870:5
[INFO] [stdout]   20:     0x5c0d1f522ed8 - <core[6883ba1bc0fe4ed1]::result::Result<cacheshfs_sftp[8af84ed5b70f1c27]::SftpConnectOptions, alloc[55a36b64bcbf2c0d]::string::String>>::unwrap
[INFO] [stdout]                                at /rustc/6b3fa26749ab40e159b2dd5cf577acaaf5902772/library/core/src/result.rs:1231:23
[INFO] [stdout]   21:     0x5c0d1f522ed8 - cacheshfs[18f7ea1df9c541b6]::cli::parse_tests::ssh_config_resolves_host_alias
[INFO] [stdout]                                at /opt/rustwide/workdir/crates/cacheshfs-cli/src/cli.rs:675:53
[INFO] [stdout]   22:     0x5c0d1f51cc57 - cacheshfs[18f7ea1df9c541b6]::cli::parse_tests::ssh_config_resolves_host_alias::{closure#0}
[INFO] [stdout]                                at /opt/rustwide/workdir/crates/cacheshfs-cli/src/cli.rs:670:40
[INFO] [stdout]   23:     0x5c0d1f546c16 - <cacheshfs[18f7ea1df9c541b6]::cli::parse_tests::ssh_config_resolves_host_alias::{closure#0} as core[6883ba1bc0fe4ed1]::ops::function::FnOnce<()>>::call_once
[INFO] [stdout]                                at /rustc/6b3fa26749ab40e159b2dd5cf577acaaf5902772/library/core/src/ops/function.rs:250:5
[INFO] [stdout]   24:     0x5c0d1f54f68b - <fn() -> core[6883ba1bc0fe4ed1]::result::Result<(), alloc[55a36b64bcbf2c0d]::string::String> as core[6883ba1bc0fe4ed1]::ops::function::FnOnce<()>>::call_once
[INFO] [stdout]                                at /rustc/6b3fa26749ab40e159b2dd5cf577acaaf5902772/library/core/src/ops/function.rs:250:5
[INFO] [stdout]   25:     0x5c0d1f54f68b - test[980ffaebd391d06d]::__rust_begin_short_backtrace::<core[6883ba1bc0fe4ed1]::result::Result<(), alloc[55a36b64bcbf2c0d]::string::String>, fn() -> core[6883ba1bc0fe4ed1]::result::Result<(), alloc[55a36b64bcbf2c0d]::string::String>>
[INFO] [stdout]                                at /rustc/6b3fa26749ab40e159b2dd5cf577acaaf5902772/library/test/src/lib.rs:724:18
[INFO] [stdout]   26:     0x5c0d1f55ccd5 - test[980ffaebd391d06d]::run_test_in_process::{closure#0}
[INFO] [stdout]                                at /rustc/6b3fa26749ab40e159b2dd5cf577acaaf5902772/library/test/src/lib.rs:747:74
[INFO] [stdout]   27:     0x5c0d1f55ccd5 - <core[6883ba1bc0fe4ed1]::panic::unwind_safe::AssertUnwindSafe<test[980ffaebd391d06d]::run_test_in_process::{closure#0}> as core[6883ba1bc0fe4ed1]::ops::function::FnOnce<()>>::call_once
[INFO] [stdout]                                at /rustc/6b3fa26749ab40e159b2dd5cf577acaaf5902772/library/core/src/panic/unwind_safe.rs:275:9
[INFO] [stdout]   28:     0x5c0d1f55ccd5 - std[73adb7dc35730857]::panicking::catch_unwind::do_call::<core[6883ba1bc0fe4ed1]::panic::unwind_safe::AssertUnwindSafe<test[980ffaebd391d06d]::run_test_in_process::{closure#0}>, core[6883ba1bc0fe4ed1]::result::Result<(), alloc[55a36b64bcbf2c0d]::string::String>>
[INFO] [stdout]                                at /rustc/6b3fa26749ab40e159b2dd5cf577acaaf5902772/library/std/src/panicking.rs:576:43
[INFO] [stdout]   29:     0x5c0d1f55ccd5 - std[73adb7dc35730857]::panicking::catch_unwind::<core[6883ba1bc0fe4ed1]::result::Result<(), alloc[55a36b64bcbf2c0d]::string::String>, core[6883ba1bc0fe4ed1]::panic::unwind_safe::AssertUnwindSafe<test[980ffaebd391d06d]::run_test_in_process::{closure#0}>>
[INFO] [stdout]                                at /rustc/6b3fa26749ab40e159b2dd5cf577acaaf5902772/library/std/src/panicking.rs:544:19
[INFO] [stdout]   30:     0x5c0d1f55ccd5 - std[73adb7dc35730857]::panic::catch_unwind::<core[6883ba1bc0fe4ed1]::panic::unwind_safe::AssertUnwindSafe<test[980ffaebd391d06d]::run_test_in_process::{closure#0}>, core[6883ba1bc0fe4ed1]::result::Result<(), alloc[55a36b64bcbf2c0d]::string::String>>
[INFO] [stdout]                                at /rustc/6b3fa26749ab40e159b2dd5cf577acaaf5902772/library/std/src/panic.rs:359:14
[INFO] [stdout]   31:     0x5c0d1f55ccd5 - test[980ffaebd391d06d]::run_test_in_process
[INFO] [stdout]                                at /rustc/6b3fa26749ab40e159b2dd5cf577acaaf5902772/library/test/src/lib.rs:747:27
[INFO] [stdout]   32:     0x5c0d1f55ccd5 - test[980ffaebd391d06d]::run_test::{closure#0}
[INFO] [stdout]                                at /rustc/6b3fa26749ab40e159b2dd5cf577acaaf5902772/library/test/src/lib.rs:668:43
[INFO] [stdout]   33:     0x5c0d1f557784 - test[980ffaebd391d06d]::run_test::{closure#1}
[INFO] [stdout]                                at /rustc/6b3fa26749ab40e159b2dd5cf577acaaf5902772/library/test/src/lib.rs:698:41
[INFO] [stdout]   34:     0x5c0d1f557784 - std[73adb7dc35730857]::sys::backtrace::__rust_begin_short_backtrace::<test[980ffaebd391d06d]::run_test::{closure#1}, ()>
[INFO] [stdout]                                at /rustc/6b3fa26749ab40e159b2dd5cf577acaaf5902772/library/std/src/sys/backtrace.rs:166:18
[INFO] [stdout]   35:     0x5c0d1f55fe22 - std[73adb7dc35730857]::thread::lifecycle::spawn_unchecked::<test[980ffaebd391d06d]::run_test::{closure#1}, ()>::{closure#1}::{closure#0}
[INFO] [stdout]                                at /rustc/6b3fa26749ab40e159b2dd5cf577acaaf5902772/library/std/src/thread/lifecycle.rs:70:13
[INFO] [stdout]   36:     0x5c0d1f55fe22 - <core[6883ba1bc0fe4ed1]::panic::unwind_safe::AssertUnwindSafe<std[73adb7dc35730857]::thread::lifecycle::spawn_unchecked<test[980ffaebd391d06d]::run_test::{closure#1}, ()>::{closure#1}::{closure#0}> as core[6883ba1bc0fe4ed1]::ops::function::FnOnce<()>>::call_once
[INFO] [stdout]                                at /rustc/6b3fa26749ab40e159b2dd5cf577acaaf5902772/library/core/src/panic/unwind_safe.rs:275:9
[INFO] [stdout]   37:     0x5c0d1f55fe22 - std[73adb7dc35730857]::panicking::catch_unwind::do_call::<core[6883ba1bc0fe4ed1]::panic::unwind_safe::AssertUnwindSafe<std[73adb7dc35730857]::thread::lifecycle::spawn_unchecked<test[980ffaebd391d06d]::run_test::{closure#1}, ()>::{closure#1}::{closure#0}>, ()>
[INFO] [stdout]                                at /rustc/6b3fa26749ab40e159b2dd5cf577acaaf5902772/library/std/src/panicking.rs:576:43
[INFO] [stdout]   38:     0x5c0d1f55fe22 - std[73adb7dc35730857]::panicking::catch_unwind::<(), core[6883ba1bc0fe4ed1]::panic::unwind_safe::AssertUnwindSafe<std[73adb7dc35730857]::thread::lifecycle::spawn_unchecked<test[980ffaebd391d06d]::run_test::{closure#1}, ()>::{closure#1}::{closure#0}>>
[INFO] [stdout]                                at /rustc/6b3fa26749ab40e159b2dd5cf577acaaf5902772/library/std/src/panicking.rs:544:19
[INFO] [stdout]   39:     0x5c0d1f55fe22 - std[73adb7dc35730857]::panic::catch_unwind::<core[6883ba1bc0fe4ed1]::panic::unwind_safe::AssertUnwindSafe<std[73adb7dc35730857]::thread::lifecycle::spawn_unchecked<test[980ffaebd391d06d]::run_test::{closure#1}, ()>::{closure#1}::{closure#0}>, ()>
[INFO] [stdout]                                at /rustc/6b3fa26749ab40e159b2dd5cf577acaaf5902772/library/std/src/panic.rs:359:14
[INFO] [stdout]   40:     0x5c0d1f55fe22 - std[73adb7dc35730857]::thread::lifecycle::spawn_unchecked::<test[980ffaebd391d06d]::run_test::{closure#1}, ()>::{closure#1}
[INFO] [stdout]                                at /rustc/6b3fa26749ab40e159b2dd5cf577acaaf5902772/library/std/src/thread/lifecycle.rs:68:26
[INFO] [stdout]   41:     0x5c0d1f55fe22 - <std[73adb7dc35730857]::thread::lifecycle::spawn_unchecked<test[980ffaebd391d06d]::run_test::{closure#1}, ()>::{closure#1} as core[6883ba1bc0fe4ed1]::ops::function::FnOnce<()>>::call_once::{shim:vtable#0}
[INFO] [stdout]                                at /rustc/6b3fa26749ab40e159b2dd5cf577acaaf5902772/library/core/src/ops/function.rs:250:5
[INFO] [stdout]   42:     0x5c0d1f6b7f8f - <alloc[55a36b64bcbf2c0d]::boxed::Box<dyn core[6883ba1bc0fe4ed1]::ops::function::FnOnce<(), Output = ()> + core[6883ba1bc0fe4ed1]::marker::Send> as core[6883ba1bc0fe4ed1]::ops::function::FnOnce<()>>::call_once
[INFO] [stdout]                                at /rustc/6b3fa26749ab40e159b2dd5cf577acaaf5902772/library/alloc/src/boxed.rs:2319:9
[INFO] [stdout]   43:     0x5c0d1f6b7f8f - <std[73adb7dc35730857]::sys::thread::unix::Thread>::new::thread_start
[INFO] [stdout]                                at /rustc/6b3fa26749ab40e159b2dd5cf577acaaf5902772/library/std/src/sys/thread/unix.rs:123:17
[INFO] [stdout]   44:     0x7ef3f27beaa4 - <unknown>
[INFO] [stdout]   45:     0x7ef3f284ba64 - clone
[INFO] [stdout]   46:                0x0 - <unknown>
[INFO] [stdout] 
[INFO] [stdout] 
[INFO] [stdout] failures:
[INFO] [stdout]     cli::parse_tests::ssh_config_resolves_host_alias
[INFO] [stdout] 
[INFO] [stdout] test result: FAILED. 35 passed; 1 failed; 0 ignored; 0 measured; 0 filtered out; finished in 0.19s
[INFO] [stdout] 
[INFO] [stderr] error: test failed, to rerun pass `-p cacheshfs --bin cacheshfs`
[INFO] running `Command { std: "docker" "inspect" "07f2a8bab9bc65282423cd3b5f24d301e35d4b41a8cee53fa602799693fab6a5", kill_on_drop: false }`
[INFO] running `Command { std: "docker" "rm" "-f" "07f2a8bab9bc65282423cd3b5f24d301e35d4b41a8cee53fa602799693fab6a5", kill_on_drop: false }`
[INFO] [stdout] 07f2a8bab9bc65282423cd3b5f24d301e35d4b41a8cee53fa602799693fab6a5
