[INFO] fetching crate noxu-xa 7.5.1...
[INFO] testing noxu-xa-7.5.1 against 1.98.0-beta.1 for beta-1.98-2
[INFO] extracting crate noxu-xa 7.5.1 into /workspace/builds/worker-3-tc2/source
[INFO] started tweaking crates.io crate noxu-xa 7.5.1
[INFO] removed 0 missing tests
[INFO] finished tweaking crates.io crate noxu-xa 7.5.1
[INFO] tweaked toml for crates.io crate noxu-xa 7.5.1 written to /workspace/builds/worker-3-tc2/source/Cargo.toml
[INFO] validating manifest of crates.io crate noxu-xa 7.5.1 on toolchain 1.98.0-beta.1
[INFO] running `Command { std: CARGO_HOME="/workspace/cargo-home" RUSTUP_HOME="/workspace/rustup-home" "/workspace/cargo-home/bin/cargo" "+1.98.0-beta.1" "metadata" "--manifest-path" "Cargo.toml" "--no-deps", kill_on_drop: false }`
[INFO] crate crates.io crate noxu-xa 7.5.1 already has a lockfile, it will not be regenerated
[INFO] running `Command { std: CARGO_HOME="/workspace/cargo-home" RUSTUP_HOME="/workspace/rustup-home" "/workspace/cargo-home/bin/cargo" "+1.98.0-beta.1" "fetch" "--manifest-path" "Cargo.toml", kill_on_drop: false }`
[INFO] running `Command { std: "docker" "create" "-v" "/var/lib/crater-agent-workspace/builds/worker-3-tc2/source:/opt/rustwide/workdir:ro,Z" "-v" "/var/lib/crater-agent-workspace/builds/worker-3-tc2/target:/opt/rustwide/target:rw,Z" "-v" "/var/lib/crater-agent-workspace/cargo-home:/opt/rustwide/cargo-home:ro,Z" "-v" "/var/lib/crater-agent-workspace/rustup-home:/opt/rustwide/rustup-home:ro,Z" "-m" "1610612736" "--network" "none" "ghcr.io/rust-lang/crates-build-env/linux@sha256:3d5ced03c013a94a2f102a4510f48a6e9184255caf5fd8244f58017bde7f5210" "sleep" "infinity", kill_on_drop: false }`
[INFO] [stdout] 22be93f9df5e27c3a6ce11c214f30f2270619318e6583329e9fd84079b61588d
[INFO] running `Command { std: "docker" "start" "22be93f9df5e27c3a6ce11c214f30f2270619318e6583329e9fd84079b61588d", kill_on_drop: false }`
[INFO] running `Command { std: "docker" "inspect" "22be93f9df5e27c3a6ce11c214f30f2270619318e6583329e9fd84079b61588d", kill_on_drop: false }`
[INFO] running `Command { std: "docker" "exec" "-e" "SOURCE_DIR=/opt/rustwide/workdir" "-e" "CARGO_HOME=/opt/rustwide/cargo-home" "-e" "RUSTUP_HOME=/opt/rustwide/rustup-home" "-e" "CARGO_TARGET_DIR=/opt/rustwide/target" "-w" "/opt/rustwide/workdir" "--user" "0:0" "22be93f9df5e27c3a6ce11c214f30f2270619318e6583329e9fd84079b61588d" "/opt/rustwide/cargo-home/bin/cargo" "+1.98.0-beta.1" "metadata" "--no-deps" "--format-version=1", kill_on_drop: false }`
[INFO] running `Command { std: "docker" "inspect" "22be93f9df5e27c3a6ce11c214f30f2270619318e6583329e9fd84079b61588d", kill_on_drop: false }`
[INFO] running `Command { std: "docker" "exec" "-e" "SOURCE_DIR=/opt/rustwide/workdir" "-e" "CARGO_HOME=/opt/rustwide/cargo-home" "-e" "RUSTUP_HOME=/opt/rustwide/rustup-home" "-e" "CARGO_TARGET_DIR=/opt/rustwide/target" "-e" "CARGO_INCREMENTAL=0" "-e" "RUST_BACKTRACE=full" "-e" "RUSTFLAGS=--cap-lints=warn" "-e" "RUSTDOCFLAGS=--cap-lints=warn" "-w" "/opt/rustwide/workdir" "--user" "0:0" "22be93f9df5e27c3a6ce11c214f30f2270619318e6583329e9fd84079b61588d" "/opt/rustwide/cargo-home/bin/cargo" "+1.98.0-beta.1" "build" "--frozen" "--message-format=json", kill_on_drop: false }`
[INFO] [stderr]    Compiling lock_api v0.4.14
[INFO] [stderr]    Compiling hashbrown v0.16.1
[INFO] [stderr]    Compiling parking_lot_core v0.9.12
[INFO] [stderr]    Compiling memmap2 v0.9.10
[INFO] [stderr]    Compiling fs2 v0.4.3
[INFO] [stderr]    Compiling thiserror v2.0.18
[INFO] [stderr]    Compiling noxu-sync v7.5.1
[INFO] [stderr]    Compiling parking_lot v0.12.5
[INFO] [stderr]    Compiling noxu-util v7.5.1
[INFO] [stderr]    Compiling noxu-latch v7.5.1
[INFO] [stderr]    Compiling noxu-config v7.5.1
[INFO] [stderr]    Compiling lru v0.16.4
[INFO] [stderr]    Compiling noxu-log v7.5.1
[INFO] [stderr]    Compiling noxu-tree v7.5.1
[INFO] [stderr]    Compiling noxu-txn v7.5.1
[INFO] [stderr]    Compiling noxu-cleaner v7.5.1
[INFO] [stderr]    Compiling noxu-recovery v7.5.1
[INFO] [stderr]    Compiling noxu-evictor v7.5.1
[INFO] [stderr]    Compiling noxu-dbi v7.5.1
[INFO] [stderr]    Compiling noxu-engine v7.5.1
[INFO] [stderr]    Compiling noxu-db v7.5.1
[INFO] [stderr]    Compiling noxu-xa v7.5.1 (/opt/rustwide/workdir)
[INFO] [stderr]     Finished `dev` profile [unoptimized + debuginfo] target(s) in 15.37s
[INFO] running `Command { std: "docker" "inspect" "22be93f9df5e27c3a6ce11c214f30f2270619318e6583329e9fd84079b61588d", kill_on_drop: false }`
[INFO] running `Command { std: "docker" "exec" "-e" "SOURCE_DIR=/opt/rustwide/workdir" "-e" "CARGO_HOME=/opt/rustwide/cargo-home" "-e" "RUSTUP_HOME=/opt/rustwide/rustup-home" "-e" "CARGO_TARGET_DIR=/opt/rustwide/target" "-e" "CARGO_INCREMENTAL=0" "-e" "RUST_BACKTRACE=full" "-e" "RUSTFLAGS=--cap-lints=warn" "-e" "RUSTDOCFLAGS=--cap-lints=warn" "-w" "/opt/rustwide/workdir" "--user" "0:0" "22be93f9df5e27c3a6ce11c214f30f2270619318e6583329e9fd84079b61588d" "/opt/rustwide/cargo-home/bin/cargo" "+1.98.0-beta.1" "test" "--frozen" "--no-run" "--message-format=json", kill_on_drop: false }`
[INFO] [stderr]    Compiling zerocopy v0.8.48
[INFO] [stderr]    Compiling once_cell v1.21.4
[INFO] [stderr]    Compiling getrandom v0.4.2
[INFO] [stderr]    Compiling tempfile v3.27.0
[INFO] [stderr]    Compiling ppv-lite86 v0.2.21
[INFO] [stderr]    Compiling rand_chacha v0.3.1
[INFO] [stderr]    Compiling rand v0.8.6
[INFO] [stderr]    Compiling noxu-xa v7.5.1 (/opt/rustwide/workdir)
[INFO] [stderr]     Finished `test` profile [unoptimized + debuginfo] target(s) in 10.60s
[INFO] running `Command { std: "docker" "inspect" "22be93f9df5e27c3a6ce11c214f30f2270619318e6583329e9fd84079b61588d", kill_on_drop: false }`
[INFO] running `Command { std: "docker" "exec" "-e" "SOURCE_DIR=/opt/rustwide/workdir" "-e" "CARGO_HOME=/opt/rustwide/cargo-home" "-e" "RUSTUP_HOME=/opt/rustwide/rustup-home" "-e" "CARGO_TARGET_DIR=/opt/rustwide/target" "-e" "CARGO_INCREMENTAL=0" "-e" "RUST_BACKTRACE=full" "-e" "RUSTFLAGS=--cap-lints=warn" "-e" "RUSTDOCFLAGS=--cap-lints=warn" "-w" "/opt/rustwide/workdir" "--user" "0:0" "22be93f9df5e27c3a6ce11c214f30f2270619318e6583329e9fd84079b61588d" "/opt/rustwide/cargo-home/bin/cargo" "+1.98.0-beta.1" "test" "--frozen", kill_on_drop: false }`
[INFO] [stderr]     Finished `test` profile [unoptimized + debuginfo] target(s) in 0.10s
[INFO] [stderr]      Running unittests src/lib.rs (/opt/rustwide/target/debug/deps/noxu_xa-0d329e5bb4d45acf)
[INFO] [stdout] 
[INFO] [stdout] running 24 tests
[INFO] [stdout] test flags::tests::test_contains ... ok
[INFO] [stdout] test flags::tests::test_no_flags ... ok
[INFO] [stdout] test prepared_log::tests::test_roundtrip_xid_serialization ... ok
[INFO] [stdout] test xid::tests::test_bqual_too_long ... ok
[INFO] [stdout] test xid::tests::test_display ... ok
[INFO] [stdout] test xid::tests::test_equality ... ok
[INFO] [stdout] test xid::tests::test_gtrid_too_long ... ok
[INFO] [stdout] test xid::tests::test_new_valid ... ok
[INFO] [stdout] test xid::tests::test_null_xid ... ok
[INFO] [stdout] test prepared_log::tests::test_recover_empty ... ok
[INFO] [stdout] test environment::tests::test_protocol_error_prepare_before_end ... ok
[INFO] [stdout] test environment::tests::test_duplicate_xid_rejected ... ok
[INFO] [stdout] test environment::tests::test_full_2pc ... ok
[INFO] [stdout] test environment::tests::test_recover_pagination_no_duplicates ... ok
[INFO] [stdout] test environment::tests::test_rollback ... ok
[INFO] [stdout] test environment::tests::test_suspend_resume ... ok
[INFO] [stdout] test environment::tests::test_xa4_join_on_recovered_xid_returns_protocol_not_notfound ... ok
[INFO] [stdout] test environment::tests::test_one_phase_commit ... ok
[INFO] [stdout] test environment::tests::test_read_only_optimization ... ok
[INFO] [stdout] test environment::tests::test_xa4_join_active_branch_still_works ... ok
[INFO] [stdout] test prepared_log::tests::test_record_and_recover ... ok
[INFO] [stdout] test environment::tests::test_recover_returns_prepared ... ok
[INFO] [stdout] test prepared_log::tests::test_remove_clears_record ... ok
[INFO] [stdout] test prepared_log::tests::test_persist_across_reopen ... ok
[INFO] [stdout] 
[INFO] [stdout] test result: ok. 24 passed; 0 failed; 0 ignored; 0 measured; 0 filtered out; finished in 0.20s
[INFO] [stdout] 
[INFO] [stderr]      Running tests/tck_two_pc_test.rs (/opt/rustwide/target/debug/deps/tck_two_pc_test-9bc3ac17ca9171c3)
[INFO] [stdout] 
[INFO] [stdout] running 3 tests
[INFO] [stdout] test tck_two_pc_test_ro_prepare ... ok
[INFO] [stdout] test tck_two_pc_test_twice_prepared_transaction ... ok
[INFO] [stdout] test tck_two_pc_test_basic_two_pc ... ok
[INFO] [stdout] 
[INFO] [stdout] test result: ok. 3 passed; 0 failed; 0 ignored; 0 measured; 0 filtered out; finished in 0.05s
[INFO] [stdout] 
[INFO] [stderr]      Running tests/xa_adversarial_test.rs (/opt/rustwide/target/debug/deps/xa_adversarial_test-21c0d056f1bcda70)
[INFO] [stdout] 
[INFO] [stdout] running 17 tests
[INFO] [stdout] test test_concurrent_branches_disjoint_keys ... ok
[INFO] [stdout] test test_onephase_after_suspend_resume ... ok
[INFO] [stdout] test test_abandoned_active_branches_not_in_recover ... ok
[INFO] [stdout] test test_crash_recovery_prepared_log_persists ... ok
[INFO] [stdout] test test_rollback_prepared_frees_locks_completely ... ok
[INFO] [stdout] test test_prepared_log_binary_max_length_xids ... ok
[INFO] [stdout] test test_forget_persistent_only_xid ... ok
[INFO] [stdout] test test_prepared_log_empty_xid_components ... ok
[INFO] [stdout] test test_forget_removes_from_persistent_log ... ok
[INFO] [stdout] test test_crash_recovery_rolled_back_not_recovered ... ok
[INFO] [stdout] test test_crash_recovery_committed_not_recovered ... ok
[INFO] [stdout] test test_concurrent_xid_reuse_race ... ok
[INFO] [stdout] test test_prepared_log_500_branches ... ok
[INFO] [stdout] test test_adversarial_mixed_operations_timed ... ok
[INFO] [stdout] test test_concurrent_prepared_log_stress ... ok
[INFO] [stdout] test test_rapid_fire_10k_cycles ... ok
[INFO] [stdout] test test_rapid_fire_10k_with_prepared_log has been running for over 60 seconds
[INFO] [stdout] test test_rapid_fire_10k_with_prepared_log ... ok
[INFO] [stdout] 
[INFO] [stdout] test result: ok. 17 passed; 0 failed; 0 ignored; 0 measured; 0 filtered out; finished in 63.45s
[INFO] [stdout] 
[INFO] [stderr]      Running tests/xa_chaos_test.rs (/opt/rustwide/target/debug/deps/xa_chaos_test-f4f0e994744b52a8)
[INFO] [stdout] 
[INFO] [stdout] running 12 tests
[INFO] [stdout] test test_xa_chaos_concurrent ... ignored, stress: concurrent XA chaos (60 s by default, configurable via XA_CHAOS_SECS); run with --ignored
[INFO] [stdout] test test_xa_perf_2pc_vs_single_phase ... ignored, perf-benchmark: XA 2PC vs single-phase throughput (5000 ops); run with --ignored
[INFO] [stdout] test test_xa_perf_concurrent_multi_cluster ... ignored, perf-benchmark: concurrent XA 2PC across 2 clusters, 8 threads; run with --ignored
[INFO] [stdout] test test_xa_interleaved_suspend_resume ... ok
[INFO] [stdout] test test_xa_tmfail_branches_rollback_only ... ok
[INFO] [stdout] test test_xa_multi_cluster_rollback ... ok
[INFO] [stdout] test test_xa_mixed_readonly_write ... ok
[INFO] [stdout] test test_xa_recover_multi_cluster ... ok
[INFO] [stdout] test test_xa_multi_cluster_2pc ... ok
[INFO] [stdout] test test_xa_many_independent_branches ... ok
[INFO] [stdout] test test_xa_scale_concurrent_threads ... ok
[INFO] [stdout] test test_xa_scale_1000_branches ... ok
[INFO] [stdout] 
[INFO] [stdout] test result: ok. 9 passed; 0 failed; 3 ignored; 0 measured; 0 filtered out; finished in 2.95s
[INFO] [stdout] 
[INFO] [stderr]      Running tests/xa_crash_durable_test.rs (/opt/rustwide/target/debug/deps/xa_crash_durable_test-a5cd4dda4a629e6c)
[INFO] [stdout] 
[INFO] [stdout] running 8 tests
[INFO] [stdout] test prepare_before_end_is_protocol_error ... ok
[INFO] [stdout] test prepare_after_commit_is_protocol_error ... ok
[INFO] [stdout] test resolved_xid_disappears_from_xa_recover ... ok
[INFO] [stdout] test prepare_crash_recover_rollback_data_not_visible ... FAILED
[INFO] [stdout] test two_prepared_txns_crash_recover_mixed_resolution ... ok
[INFO] [stdout] test prepare_crash_recover_commit_data_visible ... ok
[INFO] [stdout] test double_crash_before_resolution_keeps_xid_in_doubt ... ok
[INFO] [stdout] test xa_start_on_recovered_xid_is_duplicate ... ok
[INFO] [stdout] 
[INFO] [stdout] failures:
[INFO] [stdout] 
[INFO] [stdout] ---- prepare_crash_recover_rollback_data_not_visible stdout ----
[INFO] [stdout] 
[INFO] [stdout] thread 'prepare_crash_recover_rollback_data_not_visible' (1112) panicked at tests/xa_crash_durable_test.rs:40:42:
[INFO] [stdout] called `Result::unwrap()` on an `Err` value: EnvironmentFailure { reason: UnexpectedState, msg: "environment failure: failed to init FileManager: Environment locked: Environment is locked by another process: /tmp/.tmpTTZnbl" }
[INFO] [stdout] stack backtrace:
[INFO] [stdout]    0:     0x5dfd7c2cf661 - std[73adb7dc35730857]::backtrace_rs::backtrace::libunwind::trace
[INFO] [stdout]                                at /rustc/6b3fa26749ab40e159b2dd5cf577acaaf5902772/library/std/src/../../backtrace/src/backtrace/libunwind.rs:117:9
[INFO] [stdout]    1:     0x5dfd7c2cf661 - std[73adb7dc35730857]::backtrace_rs::backtrace::trace_unsynchronized::<std[73adb7dc35730857]::sys::backtrace::_print_fmt::{closure#1}>
[INFO] [stdout]                                at /rustc/6b3fa26749ab40e159b2dd5cf577acaaf5902772/library/std/src/../../backtrace/src/backtrace/mod.rs:66:14
[INFO] [stdout]    2:     0x5dfd7c2cf661 - std[73adb7dc35730857]::sys::backtrace::_print_fmt
[INFO] [stdout]                                at /rustc/6b3fa26749ab40e159b2dd5cf577acaaf5902772/library/std/src/sys/backtrace.rs:74:9
[INFO] [stdout]    3:     0x5dfd7c2cf661 - <<std[73adb7dc35730857]::sys::backtrace::BacktraceLock>::print::DisplayBacktrace as core[6883ba1bc0fe4ed1]::fmt::Display>::fmt
[INFO] [stdout]                                at /rustc/6b3fa26749ab40e159b2dd5cf577acaaf5902772/library/std/src/sys/backtrace.rs:44:26
[INFO] [stdout]    4:     0x5dfd7c2e535a - <core[6883ba1bc0fe4ed1]::fmt::rt::Argument>::fmt
[INFO] [stdout]                                at /rustc/6b3fa26749ab40e159b2dd5cf577acaaf5902772/library/core/src/fmt/rt.rs:152:76
[INFO] [stdout]    5:     0x5dfd7c2e535a - core[6883ba1bc0fe4ed1]::fmt::write
[INFO] [stdout]    6:     0x5dfd7c2d3ecc - std[73adb7dc35730857]::io::default_write_fmt::<alloc[55a36b64bcbf2c0d]::vec::Vec<u8>>
[INFO] [stdout]                                at /rustc/6b3fa26749ab40e159b2dd5cf577acaaf5902772/library/std/src/io/mod.rs:626:11
[INFO] [stdout]    7:     0x5dfd7c2d3ecc - <alloc[55a36b64bcbf2c0d]::vec::Vec<u8> as std[73adb7dc35730857]::io::Write>::write_fmt
[INFO] [stdout]                                at /rustc/6b3fa26749ab40e159b2dd5cf577acaaf5902772/library/std/src/io/mod.rs:1730:13
[INFO] [stdout]    8:     0x5dfd7c2abb16 - <std[73adb7dc35730857]::sys::backtrace::BacktraceLock>::print
[INFO] [stdout]                                at /rustc/6b3fa26749ab40e159b2dd5cf577acaaf5902772/library/std/src/sys/backtrace.rs:47:9
[INFO] [stdout]    9:     0x5dfd7c2abb16 - std[73adb7dc35730857]::panicking::default_hook::{closure#0}
[INFO] [stdout]                                at /rustc/6b3fa26749ab40e159b2dd5cf577acaaf5902772/library/std/src/panicking.rs:292:27
[INFO] [stdout]   10:     0x5dfd7c2c6a19 - std[73adb7dc35730857]::panicking::default_hook
[INFO] [stdout]                                at /rustc/6b3fa26749ab40e159b2dd5cf577acaaf5902772/library/std/src/panicking.rs:316:9
[INFO] [stdout]   11:     0x5dfd7bf1d830 - <alloc[55a36b64bcbf2c0d]::boxed::Box<dyn for<'a, 'b> core[6883ba1bc0fe4ed1]::ops::function::Fn<(&'a std[73adb7dc35730857]::panic::PanicHookInfo<'b>,), Output = ()> + core[6883ba1bc0fe4ed1]::marker::Send + core[6883ba1bc0fe4ed1]::marker::Sync> as core[6883ba1bc0fe4ed1]::ops::function::Fn<(&std[73adb7dc35730857]::panic::PanicHookInfo,)>>::call
[INFO] [stdout]                                at /rustc/6b3fa26749ab40e159b2dd5cf577acaaf5902772/library/alloc/src/boxed.rs:2333:9
[INFO] [stdout]   12:     0x5dfd7bf1d830 - test[980ffaebd391d06d]::test_main_inner::<test[980ffaebd391d06d]::test_main_static::{closure#0}>::{closure#0}
[INFO] [stdout]                                at /rustc/6b3fa26749ab40e159b2dd5cf577acaaf5902772/library/test/src/lib.rs:155:21
[INFO] [stdout]   13:     0x5dfd7c2c6bd2 - <alloc[55a36b64bcbf2c0d]::boxed::Box<dyn for<'a, 'b> core[6883ba1bc0fe4ed1]::ops::function::Fn<(&'a std[73adb7dc35730857]::panic::PanicHookInfo<'b>,), Output = ()> + core[6883ba1bc0fe4ed1]::marker::Send + core[6883ba1bc0fe4ed1]::marker::Sync> as core[6883ba1bc0fe4ed1]::ops::function::Fn<(&std[73adb7dc35730857]::panic::PanicHookInfo,)>>::call
[INFO] [stdout]                                at /rustc/6b3fa26749ab40e159b2dd5cf577acaaf5902772/library/alloc/src/boxed.rs:2333:9
[INFO] [stdout]   14:     0x5dfd7c2c6bd2 - std[73adb7dc35730857]::panicking::panic_with_hook
[INFO] [stdout]                                at /rustc/6b3fa26749ab40e159b2dd5cf577acaaf5902772/library/std/src/panicking.rs:823:13
[INFO] [stdout]   15:     0x5dfd7c2abbc2 - std[73adb7dc35730857]::panicking::panic_handler::{closure#0}
[INFO] [stdout]                                at /rustc/6b3fa26749ab40e159b2dd5cf577acaaf5902772/library/std/src/panicking.rs:688:13
[INFO] [stdout]   16:     0x5dfd7c2a3369 - std[73adb7dc35730857]::sys::backtrace::__rust_end_short_backtrace::<std[73adb7dc35730857]::panicking::panic_handler::{closure#0}, !>
[INFO] [stdout]                                at /rustc/6b3fa26749ab40e159b2dd5cf577acaaf5902772/library/std/src/sys/backtrace.rs:182:18
[INFO] [stdout]   17:     0x5dfd7c2ac7bd - __rustc[a7b7b02e776dd976]::rust_begin_unwind
[INFO] [stdout]                                at /rustc/6b3fa26749ab40e159b2dd5cf577acaaf5902772/library/std/src/panicking.rs:679:5
[INFO] [stdout]   18:     0x5dfd7c2e5b2c - core[6883ba1bc0fe4ed1]::panicking::panic_fmt
[INFO] [stdout]                                at /rustc/6b3fa26749ab40e159b2dd5cf577acaaf5902772/library/core/src/panicking.rs:80:14
[INFO] [stdout]   19:     0x5dfd7c2e58a2 - core[6883ba1bc0fe4ed1]::result::unwrap_failed
[INFO] [stdout]                                at /rustc/6b3fa26749ab40e159b2dd5cf577acaaf5902772/library/core/src/result.rs:1870:5
[INFO] [stdout]   20:     0x5dfd7bf04466 - <core[6883ba1bc0fe4ed1]::result::Result<noxu_db[97e850089444290f]::environment::Environment, noxu_db[97e850089444290f]::error::NoxuError>>::unwrap
[INFO] [stdout]                                at /rustc/6b3fa26749ab40e159b2dd5cf577acaaf5902772/library/core/src/result.rs:1231:23
[INFO] [stdout]   21:     0x5dfd7bf04466 - xa_crash_durable_test[1b060dbe61d95298]::open_xa
[INFO] [stdout]                                at /opt/rustwide/workdir/tests/xa_crash_durable_test.rs:40:42
[INFO] [stdout]   22:     0x5dfd7bf0a222 - xa_crash_durable_test[1b060dbe61d95298]::prepare_crash_recover_rollback_data_not_visible
[INFO] [stdout]                                at /opt/rustwide/workdir/tests/xa_crash_durable_test.rs:136:24
[INFO] [stdout]   23:     0x5dfd7bf04267 - xa_crash_durable_test[1b060dbe61d95298]::prepare_crash_recover_rollback_data_not_visible::{closure#0}
[INFO] [stdout]                                at /opt/rustwide/workdir/tests/xa_crash_durable_test.rs:119:53
[INFO] [stdout]   24:     0x5dfd7bf10a26 - <xa_crash_durable_test[1b060dbe61d95298]::prepare_crash_recover_rollback_data_not_visible::{closure#0} as core[6883ba1bc0fe4ed1]::ops::function::FnOnce<()>>::call_once
[INFO] [stdout]                                at /rustc/6b3fa26749ab40e159b2dd5cf577acaaf5902772/library/core/src/ops/function.rs:250:5
[INFO] [stdout]   25:     0x5dfd7bf10b6b - <fn() -> core[6883ba1bc0fe4ed1]::result::Result<(), alloc[55a36b64bcbf2c0d]::string::String> as core[6883ba1bc0fe4ed1]::ops::function::FnOnce<()>>::call_once
[INFO] [stdout]                                at /rustc/6b3fa26749ab40e159b2dd5cf577acaaf5902772/library/core/src/ops/function.rs:250:5
[INFO] [stdout]   26:     0x5dfd7bf10b6b - test[980ffaebd391d06d]::__rust_begin_short_backtrace::<core[6883ba1bc0fe4ed1]::result::Result<(), alloc[55a36b64bcbf2c0d]::string::String>, fn() -> core[6883ba1bc0fe4ed1]::result::Result<(), alloc[55a36b64bcbf2c0d]::string::String>>
[INFO] [stdout]                                at /rustc/6b3fa26749ab40e159b2dd5cf577acaaf5902772/library/test/src/lib.rs:724:18
[INFO] [stdout]   27:     0x5dfd7bf1e1b5 - test[980ffaebd391d06d]::run_test_in_process::{closure#0}
[INFO] [stdout]                                at /rustc/6b3fa26749ab40e159b2dd5cf577acaaf5902772/library/test/src/lib.rs:747:74
[INFO] [stdout]   28:     0x5dfd7bf1e1b5 - <core[6883ba1bc0fe4ed1]::panic::unwind_safe::AssertUnwindSafe<test[980ffaebd391d06d]::run_test_in_process::{closure#0}> as core[6883ba1bc0fe4ed1]::ops::function::FnOnce<()>>::call_once
[INFO] [stdout]                                at /rustc/6b3fa26749ab40e159b2dd5cf577acaaf5902772/library/core/src/panic/unwind_safe.rs:275:9
[INFO] [stdout]   29:     0x5dfd7bf1e1b5 - std[73adb7dc35730857]::panicking::catch_unwind::do_call::<core[6883ba1bc0fe4ed1]::panic::unwind_safe::AssertUnwindSafe<test[980ffaebd391d06d]::run_test_in_process::{closure#0}>, core[6883ba1bc0fe4ed1]::result::Result<(), alloc[55a36b64bcbf2c0d]::string::String>>
[INFO] [stdout]                                at /rustc/6b3fa26749ab40e159b2dd5cf577acaaf5902772/library/std/src/panicking.rs:576:43
[INFO] [stdout]   30:     0x5dfd7bf1e1b5 - std[73adb7dc35730857]::panicking::catch_unwind::<core[6883ba1bc0fe4ed1]::result::Result<(), alloc[55a36b64bcbf2c0d]::string::String>, core[6883ba1bc0fe4ed1]::panic::unwind_safe::AssertUnwindSafe<test[980ffaebd391d06d]::run_test_in_process::{closure#0}>>
[INFO] [stdout]                                at /rustc/6b3fa26749ab40e159b2dd5cf577acaaf5902772/library/std/src/panicking.rs:544:19
[INFO] [stdout]   31:     0x5dfd7bf1e1b5 - std[73adb7dc35730857]::panic::catch_unwind::<core[6883ba1bc0fe4ed1]::panic::unwind_safe::AssertUnwindSafe<test[980ffaebd391d06d]::run_test_in_process::{closure#0}>, core[6883ba1bc0fe4ed1]::result::Result<(), alloc[55a36b64bcbf2c0d]::string::String>>
[INFO] [stdout]                                at /rustc/6b3fa26749ab40e159b2dd5cf577acaaf5902772/library/std/src/panic.rs:359:14
[INFO] [stdout]   32:     0x5dfd7bf1e1b5 - test[980ffaebd391d06d]::run_test_in_process
[INFO] [stdout]                                at /rustc/6b3fa26749ab40e159b2dd5cf577acaaf5902772/library/test/src/lib.rs:747:27
[INFO] [stdout]   33:     0x5dfd7bf1e1b5 - test[980ffaebd391d06d]::run_test::{closure#0}
[INFO] [stdout]                                at /rustc/6b3fa26749ab40e159b2dd5cf577acaaf5902772/library/test/src/lib.rs:668:43
[INFO] [stdout]   34:     0x5dfd7bf18c64 - test[980ffaebd391d06d]::run_test::{closure#1}
[INFO] [stdout]                                at /rustc/6b3fa26749ab40e159b2dd5cf577acaaf5902772/library/test/src/lib.rs:698:41
[INFO] [stdout]   35:     0x5dfd7bf18c64 - std[73adb7dc35730857]::sys::backtrace::__rust_begin_short_backtrace::<test[980ffaebd391d06d]::run_test::{closure#1}, ()>
[INFO] [stdout]                                at /rustc/6b3fa26749ab40e159b2dd5cf577acaaf5902772/library/std/src/sys/backtrace.rs:166:18
[INFO] [stdout]   36:     0x5dfd7bf21302 - std[73adb7dc35730857]::thread::lifecycle::spawn_unchecked::<test[980ffaebd391d06d]::run_test::{closure#1}, ()>::{closure#1}::{closure#0}
[INFO] [stdout]                                at /rustc/6b3fa26749ab40e159b2dd5cf577acaaf5902772/library/std/src/thread/lifecycle.rs:70:13
[INFO] [stdout]   37:     0x5dfd7bf21302 - <core[6883ba1bc0fe4ed1]::panic::unwind_safe::AssertUnwindSafe<std[73adb7dc35730857]::thread::lifecycle::spawn_unchecked<test[980ffaebd391d06d]::run_test::{closure#1}, ()>::{closure#1}::{closure#0}> as core[6883ba1bc0fe4ed1]::ops::function::FnOnce<()>>::call_once
[INFO] [stdout]                                at /rustc/6b3fa26749ab40e159b2dd5cf577acaaf5902772/library/core/src/panic/unwind_safe.rs:275:9
[INFO] [stdout]   38:     0x5dfd7bf21302 - std[73adb7dc35730857]::panicking::catch_unwind::do_call::<core[6883ba1bc0fe4ed1]::panic::unwind_safe::AssertUnwindSafe<std[73adb7dc35730857]::thread::lifecycle::spawn_unchecked<test[980ffaebd391d06d]::run_test::{closure#1}, ()>::{closure#1}::{closure#0}>, ()>
[INFO] [stdout]                                at /rustc/6b3fa26749ab40e159b2dd5cf577acaaf5902772/library/std/src/panicking.rs:576:43
[INFO] [stdout]   39:     0x5dfd7bf21302 - std[73adb7dc35730857]::panicking::catch_unwind::<(), core[6883ba1bc0fe4ed1]::panic::unwind_safe::AssertUnwindSafe<std[73adb7dc35730857]::thread::lifecycle::spawn_unchecked<test[980ffaebd391d06d]::run_test::{closure#1}, ()>::{closure#1}::{closure#0}>>
[INFO] [stdout]                                at /rustc/6b3fa26749ab40e159b2dd5cf577acaaf5902772/library/std/src/panicking.rs:544:19
[INFO] [stdout]   40:     0x5dfd7bf21302 - std[73adb7dc35730857]::panic::catch_unwind::<core[6883ba1bc0fe4ed1]::panic::unwind_safe::AssertUnwindSafe<std[73adb7dc35730857]::thread::lifecycle::spawn_unchecked<test[980ffaebd391d06d]::run_test::{closure#1}, ()>::{closure#1}::{closure#0}>, ()>
[INFO] [stdout]                                at /rustc/6b3fa26749ab40e159b2dd5cf577acaaf5902772/library/std/src/panic.rs:359:14
[INFO] [stdout]   41:     0x5dfd7bf21302 - std[73adb7dc35730857]::thread::lifecycle::spawn_unchecked::<test[980ffaebd391d06d]::run_test::{closure#1}, ()>::{closure#1}
[INFO] [stdout]                                at /rustc/6b3fa26749ab40e159b2dd5cf577acaaf5902772/library/std/src/thread/lifecycle.rs:68:26
[INFO] [stdout]   42:     0x5dfd7bf21302 - <std[73adb7dc35730857]::thread::lifecycle::spawn_unchecked<test[980ffaebd391d06d]::run_test::{closure#1}, ()>::{closure#1} as core[6883ba1bc0fe4ed1]::ops::function::FnOnce<()>>::call_once::{shim:vtable#0}
[INFO] [stdout]                                at /rustc/6b3fa26749ab40e159b2dd5cf577acaaf5902772/library/core/src/ops/function.rs:250:5
[INFO] [stdout]   43:     0x5dfd7c2cec0f - <alloc[55a36b64bcbf2c0d]::boxed::Box<dyn core[6883ba1bc0fe4ed1]::ops::function::FnOnce<(), Output = ()> + core[6883ba1bc0fe4ed1]::marker::Send> as core[6883ba1bc0fe4ed1]::ops::function::FnOnce<()>>::call_once
[INFO] [stdout]                                at /rustc/6b3fa26749ab40e159b2dd5cf577acaaf5902772/library/alloc/src/boxed.rs:2319:9
[INFO] [stdout]   44:     0x5dfd7c2cec0f - <std[73adb7dc35730857]::sys::thread::unix::Thread>::new::thread_start
[INFO] [stdout]                                at /rustc/6b3fa26749ab40e159b2dd5cf577acaaf5902772/library/std/src/sys/thread/unix.rs:123:17
[INFO] [stdout]   45:     0x7cfa95d16aa4 - <unknown>
[INFO] [stdout]   46:     0x7cfa95da3a64 - clone
[INFO] [stdout]   47:                0x0 - <unknown>
[INFO] [stdout] 
[INFO] [stdout] 
[INFO] [stdout] failures:
[INFO] [stdout]     prepare_crash_recover_rollback_data_not_visible
[INFO] [stdout] 
[INFO] [stdout] test result: FAILED. 7 passed; 1 failed; 0 ignored; 0 measured; 0 filtered out; finished in 0.25s
[INFO] [stdout] 
[INFO] [stderr] error: test failed, to rerun pass `--test xa_crash_durable_test`
[INFO] running `Command { std: "docker" "inspect" "22be93f9df5e27c3a6ce11c214f30f2270619318e6583329e9fd84079b61588d", kill_on_drop: false }`
[INFO] running `Command { std: "docker" "rm" "-f" "22be93f9df5e27c3a6ce11c214f30f2270619318e6583329e9fd84079b61588d", kill_on_drop: false }`
[INFO] [stdout] 22be93f9df5e27c3a6ce11c214f30f2270619318e6583329e9fd84079b61588d
