[INFO] fetching crate egui_mobius 0.5.0...
[INFO] testing egui_mobius-0.5.0 against 1.98.0-beta.1 for beta-1.98-2
[INFO] extracting crate egui_mobius 0.5.0 into /workspace/builds/worker-2-tc2/source
[INFO] started tweaking crates.io crate egui_mobius 0.5.0
[INFO] finished tweaking crates.io crate egui_mobius 0.5.0
[INFO] tweaked toml for crates.io crate egui_mobius 0.5.0 written to /workspace/builds/worker-2-tc2/source/Cargo.toml
[INFO] validating manifest of crates.io crate egui_mobius 0.5.0 on toolchain 1.98.0-beta.1
[INFO] running `Command { std: CARGO_HOME="/workspace/cargo-home" RUSTUP_HOME="/workspace/rustup-home" "/workspace/cargo-home/bin/cargo" "+1.98.0-beta.1" "metadata" "--manifest-path" "Cargo.toml" "--no-deps", kill_on_drop: false }`
[INFO] crate crates.io crate egui_mobius 0.5.0 already has a lockfile, it will not be regenerated
[INFO] running `Command { std: CARGO_HOME="/workspace/cargo-home" RUSTUP_HOME="/workspace/rustup-home" "/workspace/cargo-home/bin/cargo" "+1.98.0-beta.1" "fetch" "--manifest-path" "Cargo.toml", kill_on_drop: false }`
[INFO] running `Command { std: "docker" "create" "-v" "/var/lib/crater-agent-workspace/builds/worker-2-tc2/source:/opt/rustwide/workdir:ro,Z" "-v" "/var/lib/crater-agent-workspace/builds/worker-2-tc2/target:/opt/rustwide/target:rw,Z" "-v" "/var/lib/crater-agent-workspace/cargo-home:/opt/rustwide/cargo-home:ro,Z" "-v" "/var/lib/crater-agent-workspace/rustup-home:/opt/rustwide/rustup-home:ro,Z" "-m" "1610612736" "--network" "none" "ghcr.io/rust-lang/crates-build-env/linux@sha256:3d5ced03c013a94a2f102a4510f48a6e9184255caf5fd8244f58017bde7f5210" "sleep" "infinity", kill_on_drop: false }`
[INFO] [stdout] 71180b0504bf85a05476db5c3a370dbbe2099da2fdaf034755e48b0c9ad19687
[INFO] running `Command { std: "docker" "start" "71180b0504bf85a05476db5c3a370dbbe2099da2fdaf034755e48b0c9ad19687", kill_on_drop: false }`
[INFO] running `Command { std: "docker" "inspect" "71180b0504bf85a05476db5c3a370dbbe2099da2fdaf034755e48b0c9ad19687", kill_on_drop: false }`
[INFO] running `Command { std: "docker" "exec" "-e" "SOURCE_DIR=/opt/rustwide/workdir" "-e" "CARGO_HOME=/opt/rustwide/cargo-home" "-e" "RUSTUP_HOME=/opt/rustwide/rustup-home" "-e" "CARGO_TARGET_DIR=/opt/rustwide/target" "-w" "/opt/rustwide/workdir" "--user" "0:0" "71180b0504bf85a05476db5c3a370dbbe2099da2fdaf034755e48b0c9ad19687" "/opt/rustwide/cargo-home/bin/cargo" "+1.98.0-beta.1" "metadata" "--no-deps" "--format-version=1", kill_on_drop: false }`
[INFO] running `Command { std: "docker" "inspect" "71180b0504bf85a05476db5c3a370dbbe2099da2fdaf034755e48b0c9ad19687", kill_on_drop: false }`
[INFO] running `Command { std: "docker" "exec" "-e" "SOURCE_DIR=/opt/rustwide/workdir" "-e" "CARGO_HOME=/opt/rustwide/cargo-home" "-e" "RUSTUP_HOME=/opt/rustwide/rustup-home" "-e" "CARGO_TARGET_DIR=/opt/rustwide/target" "-e" "CARGO_INCREMENTAL=0" "-e" "RUST_BACKTRACE=full" "-e" "RUSTFLAGS=--cap-lints=warn" "-e" "RUSTDOCFLAGS=--cap-lints=warn" "-w" "/opt/rustwide/workdir" "--user" "0:0" "71180b0504bf85a05476db5c3a370dbbe2099da2fdaf034755e48b0c9ad19687" "/opt/rustwide/cargo-home/bin/cargo" "+1.98.0-beta.1" "build" "--frozen" "--message-format=json", kill_on_drop: false }`
[INFO] [stderr]    Compiling unicode-ident v1.0.18
[INFO] [stderr]    Compiling autocfg v1.4.0
[INFO] [stderr]    Compiling futures-core v0.3.31
[INFO] [stderr]    Compiling pin-project-lite v0.2.16
[INFO] [stderr]    Compiling futures-sink v0.3.31
[INFO] [stderr]    Compiling smallvec v1.15.1
[INFO] [stderr]    Compiling pin-utils v0.1.0
[INFO] [stderr]    Compiling futures-io v0.3.31
[INFO] [stderr]    Compiling cfg-if v1.0.0
[INFO] [stderr]    Compiling futures-task v0.3.31
[INFO] [stderr]    Compiling memchr v2.7.4
[INFO] [stderr]    Compiling bytes v1.10.1
[INFO] [stderr]    Compiling signal-hook-registry v1.4.2
[INFO] [stderr]    Compiling parking_lot_core v0.9.12
[INFO] [stderr]    Compiling futures-channel v0.3.31
[INFO] [stderr]    Compiling proc-macro2 v1.0.106
[INFO] [stderr]    Compiling parking_lot v0.12.5
[INFO] [stderr]    Compiling slab v0.4.9
[INFO] [stderr]    Compiling quote v1.0.40
[INFO] [stderr]    Compiling syn v2.0.100
[INFO] [stderr]    Compiling futures-macro v0.3.31
[INFO] [stderr]    Compiling tokio-macros v2.7.0
[INFO] [stderr]    Compiling tokio v1.52.1
[INFO] [stderr]    Compiling futures-util v0.3.31
[INFO] [stderr]    Compiling futures-executor v0.3.31
[INFO] [stderr]    Compiling futures v0.3.31
[INFO] [stderr]    Compiling egui_mobius v0.5.0 (/opt/rustwide/workdir)
[INFO] [stderr]     Finished `dev` profile [unoptimized + debuginfo] target(s) in 15.62s
[INFO] running `Command { std: "docker" "inspect" "71180b0504bf85a05476db5c3a370dbbe2099da2fdaf034755e48b0c9ad19687", kill_on_drop: false }`
[INFO] running `Command { std: "docker" "exec" "-e" "SOURCE_DIR=/opt/rustwide/workdir" "-e" "CARGO_HOME=/opt/rustwide/cargo-home" "-e" "RUSTUP_HOME=/opt/rustwide/rustup-home" "-e" "CARGO_TARGET_DIR=/opt/rustwide/target" "-e" "CARGO_INCREMENTAL=0" "-e" "RUST_BACKTRACE=full" "-e" "RUSTFLAGS=--cap-lints=warn" "-e" "RUSTDOCFLAGS=--cap-lints=warn" "-w" "/opt/rustwide/workdir" "--user" "0:0" "71180b0504bf85a05476db5c3a370dbbe2099da2fdaf034755e48b0c9ad19687" "/opt/rustwide/cargo-home/bin/cargo" "+1.98.0-beta.1" "test" "--frozen" "--no-run" "--message-format=json", kill_on_drop: false }`
[INFO] [stderr]    Compiling egui_mobius v0.5.0 (/opt/rustwide/workdir)
[INFO] [stderr]     Finished `test` profile [unoptimized + debuginfo] target(s) in 4.21s
[INFO] running `Command { std: "docker" "inspect" "71180b0504bf85a05476db5c3a370dbbe2099da2fdaf034755e48b0c9ad19687", kill_on_drop: false }`
[INFO] running `Command { std: "docker" "exec" "-e" "SOURCE_DIR=/opt/rustwide/workdir" "-e" "CARGO_HOME=/opt/rustwide/cargo-home" "-e" "RUSTUP_HOME=/opt/rustwide/rustup-home" "-e" "CARGO_TARGET_DIR=/opt/rustwide/target" "-e" "CARGO_INCREMENTAL=0" "-e" "RUST_BACKTRACE=full" "-e" "RUSTFLAGS=--cap-lints=warn" "-e" "RUSTDOCFLAGS=--cap-lints=warn" "-w" "/opt/rustwide/workdir" "--user" "0:0" "71180b0504bf85a05476db5c3a370dbbe2099da2fdaf034755e48b0c9ad19687" "/opt/rustwide/cargo-home/bin/cargo" "+1.98.0-beta.1" "test" "--frozen", kill_on_drop: false }`
[INFO] [stderr]     Finished `test` profile [unoptimized + debuginfo] target(s) in 0.07s
[INFO] [stderr]      Running unittests src/lib.rs (/opt/rustwide/target/debug/deps/egui_mobius-4d67e4bf0160c861)
[INFO] [stdout] 
[INFO] [stdout] running 14 tests
[INFO] [stdout] test dispatching::tests::dispatcher_send_to_unregistered_channel_does_nothing ... ok
[INFO] [stdout] test dispatching::tests::dispatcher_handles_multiple_channels_independently ... ok
[INFO] [stdout] test dispatching::tests::dispatcher_should_invoke_slot_on_send ... ok
[INFO] [stdout] test dispatching::tests::dispatcher_supports_multiple_slots_per_channel ... ok
[INFO] [stdout] test types::tests::test_value ... ok
[INFO] [stdout] test types::tests::test_edge ... ok
[INFO] [stdout] test slot::tests::test_async_slot_tokio_single_message ... ok
[INFO] [stdout] test slot::tests::test_async_slot_empty_queue ... ok
[INFO] [stdout] test runtime::tests::should_successfully_handle_ping_event ... ok
[INFO] [stdout] test slot::tests::test_async_slot_tokio_multiple_messages ... ok
[INFO] [stdout] test runtime::tests::should_handle_unregistered_message_gracefully ... ok
[INFO] [stdout] test slot::tests::test_threaded_slot ... ok
[INFO] [stdout] test slot::tests::test_multiple_async_slots_run_independently ... ok
[INFO] [stdout] test slot::tests::test_async_slot_handler_panics ... FAILED
[INFO] [stdout] 
[INFO] [stdout] failures:
[INFO] [stderr] error: test failed, to rerun pass `--lib`
[INFO] [stdout] 
[INFO] [stdout] ---- slot::tests::test_async_slot_handler_panics stdout ----
[INFO] [stdout] 
[INFO] [stdout] thread 'slot::tests::test_async_slot_handler_panics' (503) panicked at src/slot.rs:213:21:
[INFO] [stdout] Simulated handler panic
[INFO] [stdout] stack backtrace:
[INFO] [stdout]    0:     0x64894a0d9251 - std[73adb7dc35730857]::backtrace_rs::backtrace::libunwind::trace
[INFO] [stdout]                                at /rustc/6b3fa26749ab40e159b2dd5cf577acaaf5902772/library/std/src/../../backtrace/src/backtrace/libunwind.rs:117:9
[INFO] [stdout]    1:     0x64894a0d9251 - std[73adb7dc35730857]::backtrace_rs::backtrace::trace_unsynchronized::<std[73adb7dc35730857]::sys::backtrace::_print_fmt::{closure#1}>
[INFO] [stdout]                                at /rustc/6b3fa26749ab40e159b2dd5cf577acaaf5902772/library/std/src/../../backtrace/src/backtrace/mod.rs:66:14
[INFO] [stdout]    2:     0x64894a0d9251 - std[73adb7dc35730857]::sys::backtrace::_print_fmt
[INFO] [stdout]                                at /rustc/6b3fa26749ab40e159b2dd5cf577acaaf5902772/library/std/src/sys/backtrace.rs:74:9
[INFO] [stdout]    3:     0x64894a0d9251 - <<std[73adb7dc35730857]::sys::backtrace::BacktraceLock>::print::DisplayBacktrace as core[6883ba1bc0fe4ed1]::fmt::Display>::fmt
[INFO] [stdout]                                at /rustc/6b3fa26749ab40e159b2dd5cf577acaaf5902772/library/std/src/sys/backtrace.rs:44:26
[INFO] [stdout]    4:     0x64894a0ed25a - <core[6883ba1bc0fe4ed1]::fmt::rt::Argument>::fmt
[INFO] [stdout]                                at /rustc/6b3fa26749ab40e159b2dd5cf577acaaf5902772/library/core/src/fmt/rt.rs:152:76
[INFO] [stdout]    5:     0x64894a0ed25a - core[6883ba1bc0fe4ed1]::fmt::write
[INFO] [stdout]    6:     0x64894a0dd8ac - std[73adb7dc35730857]::io::default_write_fmt::<alloc[55a36b64bcbf2c0d]::vec::Vec<u8>>
[INFO] [stdout]                                at /rustc/6b3fa26749ab40e159b2dd5cf577acaaf5902772/library/std/src/io/mod.rs:626:11
[INFO] [stdout]    7:     0x64894a0dd8ac - <alloc[55a36b64bcbf2c0d]::vec::Vec<u8> as std[73adb7dc35730857]::io::Write>::write_fmt
[INFO] [stdout]                                at /rustc/6b3fa26749ab40e159b2dd5cf577acaaf5902772/library/std/src/io/mod.rs:1730:13
[INFO] [stdout]    8:     0x64894a0b73b6 - <std[73adb7dc35730857]::sys::backtrace::BacktraceLock>::print
[INFO] [stdout]                                at /rustc/6b3fa26749ab40e159b2dd5cf577acaaf5902772/library/std/src/sys/backtrace.rs:47:9
[INFO] [stdout]    9:     0x64894a0b73b6 - std[73adb7dc35730857]::panicking::default_hook::{closure#0}
[INFO] [stdout]                                at /rustc/6b3fa26749ab40e159b2dd5cf577acaaf5902772/library/std/src/panicking.rs:292:27
[INFO] [stdout]   10:     0x64894a0d1139 - std[73adb7dc35730857]::panicking::default_hook
[INFO] [stdout]                                at /rustc/6b3fa26749ab40e159b2dd5cf577acaaf5902772/library/std/src/panicking.rs:316:9
[INFO] [stdout]   11:     0x648949fda1b0 - <alloc[55a36b64bcbf2c0d]::boxed::Box<dyn for<'a, 'b> core[6883ba1bc0fe4ed1]::ops::function::Fn<(&'a std[73adb7dc35730857]::panic::PanicHookInfo<'b>,), Output = ()> + core[6883ba1bc0fe4ed1]::marker::Send + core[6883ba1bc0fe4ed1]::marker::Sync> as core[6883ba1bc0fe4ed1]::ops::function::Fn<(&std[73adb7dc35730857]::panic::PanicHookInfo,)>>::call
[INFO] [stdout]                                at /rustc/6b3fa26749ab40e159b2dd5cf577acaaf5902772/library/alloc/src/boxed.rs:2333:9
[INFO] [stdout]   12:     0x648949fda1b0 - test[980ffaebd391d06d]::test_main_inner::<test[980ffaebd391d06d]::test_main_static::{closure#0}>::{closure#0}
[INFO] [stdout]                                at /rustc/6b3fa26749ab40e159b2dd5cf577acaaf5902772/library/test/src/lib.rs:155:21
[INFO] [stdout]   13:     0x64894a0d1462 - <alloc[55a36b64bcbf2c0d]::boxed::Box<dyn for<'a, 'b> core[6883ba1bc0fe4ed1]::ops::function::Fn<(&'a std[73adb7dc35730857]::panic::PanicHookInfo<'b>,), Output = ()> + core[6883ba1bc0fe4ed1]::marker::Send + core[6883ba1bc0fe4ed1]::marker::Sync> as core[6883ba1bc0fe4ed1]::ops::function::Fn<(&std[73adb7dc35730857]::panic::PanicHookInfo,)>>::call
[INFO] [stdout]                                at /rustc/6b3fa26749ab40e159b2dd5cf577acaaf5902772/library/alloc/src/boxed.rs:2333:9
[INFO] [stdout]   14:     0x64894a0d1462 - std[73adb7dc35730857]::panicking::panic_with_hook
[INFO] [stdout]                                at /rustc/6b3fa26749ab40e159b2dd5cf577acaaf5902772/library/std/src/panicking.rs:823:13
[INFO] [stdout]   15:     0x64894a0b7494 - std[73adb7dc35730857]::panicking::panic_handler::{closure#0}
[INFO] [stdout]                                at /rustc/6b3fa26749ab40e159b2dd5cf577acaaf5902772/library/std/src/panicking.rs:681:13
[INFO] [stdout]   16:     0x64894a0aedc9 - std[73adb7dc35730857]::sys::backtrace::__rust_end_short_backtrace::<std[73adb7dc35730857]::panicking::panic_handler::{closure#0}, !>
[INFO] [stdout]                                at /rustc/6b3fa26749ab40e159b2dd5cf577acaaf5902772/library/std/src/sys/backtrace.rs:182:18
[INFO] [stdout]   17:     0x64894a0b805d - __rustc[a7b7b02e776dd976]::rust_begin_unwind
[INFO] [stdout]                                at /rustc/6b3fa26749ab40e159b2dd5cf577acaaf5902772/library/std/src/panicking.rs:679:5
[INFO] [stdout]   18:     0x64894a0eda5c - core[6883ba1bc0fe4ed1]::panicking::panic_fmt
[INFO] [stdout]                                at /rustc/6b3fa26749ab40e159b2dd5cf577acaaf5902772/library/core/src/panicking.rs:80:14
[INFO] [stdout]   19:     0x648949fbb66a - egui_mobius[e022e3f4305cc2b6]::slot::tests::test_async_slot_handler_panics::{closure#0}::{closure#0}::{closure#0}
[INFO] [stdout]                                at /opt/rustwide/workdir/src/slot.rs:213:21
[INFO] [stdout]   20:     0x648949f5d742 - <core[6883ba1bc0fe4ed1]::panic::unwind_safe::AssertUnwindSafe<egui_mobius[e022e3f4305cc2b6]::slot::tests::test_async_slot_handler_panics::{closure#0}::{closure#0}::{closure#0}> as core[6883ba1bc0fe4ed1]::future::future::Future>::poll
[INFO] [stdout]                                at /rustc/6b3fa26749ab40e159b2dd5cf577acaaf5902772/library/core/src/panic/unwind_safe.rs:300:9
[INFO] [stdout]   21:     0x648949f6d186 - <futures_util[ee4853771e76a535]::future::future::catch_unwind::CatchUnwind<core[6883ba1bc0fe4ed1]::panic::unwind_safe::AssertUnwindSafe<egui_mobius[e022e3f4305cc2b6]::slot::tests::test_async_slot_handler_panics::{closure#0}::{closure#0}::{closure#0}>> as core[6883ba1bc0fe4ed1]::future::future::Future>::poll::{closure#0}
[INFO] [stdout]                                at /opt/rustwide/cargo-home/registry/src/index.crates.io-1949cf8c6b5b557f/futures-util-0.3.31/src/future/future/catch_unwind.rs:37:44
[INFO] [stdout]   22:     0x648949f5d633 - <core[6883ba1bc0fe4ed1]::panic::unwind_safe::AssertUnwindSafe<<futures_util[ee4853771e76a535]::future::future::catch_unwind::CatchUnwind<core[6883ba1bc0fe4ed1]::panic::unwind_safe::AssertUnwindSafe<egui_mobius[e022e3f4305cc2b6]::slot::tests::test_async_slot_handler_panics::{closure#0}::{closure#0}::{closure#0}>> as core[6883ba1bc0fe4ed1]::future::future::Future>::poll::{closure#0}> as core[6883ba1bc0fe4ed1]::ops::function::FnOnce<()>>::call_once
[INFO] [stdout]                                at /rustc/6b3fa26749ab40e159b2dd5cf577acaaf5902772/library/core/src/panic/unwind_safe.rs:275:9
[INFO] [stdout]   23:     0x648949fae076 - std[73adb7dc35730857]::panicking::catch_unwind::do_call::<core[6883ba1bc0fe4ed1]::panic::unwind_safe::AssertUnwindSafe<<futures_util[ee4853771e76a535]::future::future::catch_unwind::CatchUnwind<core[6883ba1bc0fe4ed1]::panic::unwind_safe::AssertUnwindSafe<egui_mobius[e022e3f4305cc2b6]::slot::tests::test_async_slot_handler_panics::{closure#0}::{closure#0}::{closure#0}>> as core[6883ba1bc0fe4ed1]::future::future::Future>::poll::{closure#0}>, core[6883ba1bc0fe4ed1]::task::poll::Poll<()>>
[INFO] [stdout]                                at /rustc/6b3fa26749ab40e159b2dd5cf577acaaf5902772/library/std/src/panicking.rs:576:43
[INFO] [stdout]   24:     0x648949f395bb - __rust_try
[INFO] [stdout]   25:     0x648949f392b9 - std[73adb7dc35730857]::panicking::catch_unwind::<core[6883ba1bc0fe4ed1]::task::poll::Poll<()>, core[6883ba1bc0fe4ed1]::panic::unwind_safe::AssertUnwindSafe<<futures_util[ee4853771e76a535]::future::future::catch_unwind::CatchUnwind<core[6883ba1bc0fe4ed1]::panic::unwind_safe::AssertUnwindSafe<egui_mobius[e022e3f4305cc2b6]::slot::tests::test_async_slot_handler_panics::{closure#0}::{closure#0}::{closure#0}>> as core[6883ba1bc0fe4ed1]::future::future::Future>::poll::{closure#0}>>
[INFO] [stdout]                                at /rustc/6b3fa26749ab40e159b2dd5cf577acaaf5902772/library/std/src/panicking.rs:544:19
[INFO] [stdout]   26:     0x648949f392b9 - std[73adb7dc35730857]::panic::catch_unwind::<core[6883ba1bc0fe4ed1]::panic::unwind_safe::AssertUnwindSafe<<futures_util[ee4853771e76a535]::future::future::catch_unwind::CatchUnwind<core[6883ba1bc0fe4ed1]::panic::unwind_safe::AssertUnwindSafe<egui_mobius[e022e3f4305cc2b6]::slot::tests::test_async_slot_handler_panics::{closure#0}::{closure#0}::{closure#0}>> as core[6883ba1bc0fe4ed1]::future::future::Future>::poll::{closure#0}>, core[6883ba1bc0fe4ed1]::task::poll::Poll<()>>
[INFO] [stdout]                                at /rustc/6b3fa26749ab40e159b2dd5cf577acaaf5902772/library/std/src/panic.rs:359:14
[INFO] [stdout]   27:     0x648949f71d0f - <futures_util[ee4853771e76a535]::future::future::catch_unwind::CatchUnwind<core[6883ba1bc0fe4ed1]::panic::unwind_safe::AssertUnwindSafe<egui_mobius[e022e3f4305cc2b6]::slot::tests::test_async_slot_handler_panics::{closure#0}::{closure#0}::{closure#0}>> as core[6883ba1bc0fe4ed1]::future::future::Future>::poll
[INFO] [stdout]                                at /opt/rustwide/cargo-home/registry/src/index.crates.io-1949cf8c6b5b557f/futures-util-0.3.31/src/future/future/catch_unwind.rs:37:9
[INFO] [stdout]   28:     0x648949f87a8d - <egui_mobius[e022e3f4305cc2b6]::slot::Slot<egui_mobius[e022e3f4305cc2b6]::slot::tests::Event>>::start_async::<egui_mobius[e022e3f4305cc2b6]::slot::tests::test_async_slot_handler_panics::{closure#0}::{closure#0}, egui_mobius[e022e3f4305cc2b6]::slot::tests::test_async_slot_handler_panics::{closure#0}::{closure#0}::{closure#0}>::{closure#0}::{closure#0}
[INFO] [stdout]                                at /opt/rustwide/workdir/src/slot.rs:85:80
[INFO] [stdout]   29:     0x648949f07228 - <tokio[12db2a0f61c9c242]::runtime::task::core::Core<<egui_mobius[e022e3f4305cc2b6]::slot::Slot<egui_mobius[e022e3f4305cc2b6]::slot::tests::Event>>::start_async<egui_mobius[e022e3f4305cc2b6]::slot::tests::test_async_slot_handler_panics::{closure#0}::{closure#0}, egui_mobius[e022e3f4305cc2b6]::slot::tests::test_async_slot_handler_panics::{closure#0}::{closure#0}::{closure#0}>::{closure#0}::{closure#0}, alloc[55a36b64bcbf2c0d]::sync::Arc<tokio[12db2a0f61c9c242]::runtime::scheduler::current_thread::Handle>>>::poll::{closure#0}
[INFO] [stdout]                                at /opt/rustwide/cargo-home/registry/src/index.crates.io-1949cf8c6b5b557f/tokio-1.52.1/src/runtime/task/core.rs:375:24
[INFO] [stdout]   30:     0x648949f2ab38 - <tokio[12db2a0f61c9c242]::loom::std::unsafe_cell::UnsafeCell<tokio[12db2a0f61c9c242]::runtime::task::core::Stage<<egui_mobius[e022e3f4305cc2b6]::slot::Slot<egui_mobius[e022e3f4305cc2b6]::slot::tests::Event>>::start_async<egui_mobius[e022e3f4305cc2b6]::slot::tests::test_async_slot_handler_panics::{closure#0}::{closure#0}, egui_mobius[e022e3f4305cc2b6]::slot::tests::test_async_slot_handler_panics::{closure#0}::{closure#0}::{closure#0}>::{closure#0}::{closure#0}>>>::with_mut::<core[6883ba1bc0fe4ed1]::task::poll::Poll<()>, <tokio[12db2a0f61c9c242]::runtime::task::core::Core<<egui_mobius[e022e3f4305cc2b6]::slot::Slot<egui_mobius[e022e3f4305cc2b6]::slot::tests::Event>>::start_async<egui_mobius[e022e3f4305cc2b6]::slot::tests::test_async_slot_handler_panics::{closure#0}::{closure#0}, egui_mobius[e022e3f4305cc2b6]::slot::tests::test_async_slot_handler_panics::{closure#0}::{closure#0}::{closure#0}>::{closure#0}::{closure#0}, alloc[55a36b64bcbf2c0d]::sync::Arc<tokio[12db2a0f61c9c242]::runtime::scheduler::current_thread::Handle>>>::poll::{closure#0}>
[INFO] [stdout]                                at /opt/rustwide/cargo-home/registry/src/index.crates.io-1949cf8c6b5b557f/tokio-1.52.1/src/loom/std/unsafe_cell.rs:16:9
[INFO] [stdout]   31:     0x648949f2ab38 - <tokio[12db2a0f61c9c242]::runtime::task::core::Core<<egui_mobius[e022e3f4305cc2b6]::slot::Slot<egui_mobius[e022e3f4305cc2b6]::slot::tests::Event>>::start_async<egui_mobius[e022e3f4305cc2b6]::slot::tests::test_async_slot_handler_panics::{closure#0}::{closure#0}, egui_mobius[e022e3f4305cc2b6]::slot::tests::test_async_slot_handler_panics::{closure#0}::{closure#0}::{closure#0}>::{closure#0}::{closure#0}, alloc[55a36b64bcbf2c0d]::sync::Arc<tokio[12db2a0f61c9c242]::runtime::scheduler::current_thread::Handle>>>::poll
[INFO] [stdout]                                at /opt/rustwide/cargo-home/registry/src/index.crates.io-1949cf8c6b5b557f/tokio-1.52.1/src/runtime/task/core.rs:364:30
[INFO] [stdout]   32:     0x648949edd29a - tokio[12db2a0f61c9c242]::runtime::task::harness::poll_future::<<egui_mobius[e022e3f4305cc2b6]::slot::Slot<egui_mobius[e022e3f4305cc2b6]::slot::tests::Event>>::start_async<egui_mobius[e022e3f4305cc2b6]::slot::tests::test_async_slot_handler_panics::{closure#0}::{closure#0}, egui_mobius[e022e3f4305cc2b6]::slot::tests::test_async_slot_handler_panics::{closure#0}::{closure#0}::{closure#0}>::{closure#0}::{closure#0}, alloc[55a36b64bcbf2c0d]::sync::Arc<tokio[12db2a0f61c9c242]::runtime::scheduler::current_thread::Handle>>::{closure#0}
[INFO] [stdout]                                at /opt/rustwide/cargo-home/registry/src/index.crates.io-1949cf8c6b5b557f/tokio-1.52.1/src/runtime/task/harness.rs:535:30
[INFO] [stdout]   33:     0x648949f5c0b0 - <core[6883ba1bc0fe4ed1]::panic::unwind_safe::AssertUnwindSafe<tokio[12db2a0f61c9c242]::runtime::task::harness::poll_future<<egui_mobius[e022e3f4305cc2b6]::slot::Slot<egui_mobius[e022e3f4305cc2b6]::slot::tests::Event>>::start_async<egui_mobius[e022e3f4305cc2b6]::slot::tests::test_async_slot_handler_panics::{closure#0}::{closure#0}, egui_mobius[e022e3f4305cc2b6]::slot::tests::test_async_slot_handler_panics::{closure#0}::{closure#0}::{closure#0}>::{closure#0}::{closure#0}, alloc[55a36b64bcbf2c0d]::sync::Arc<tokio[12db2a0f61c9c242]::runtime::scheduler::current_thread::Handle>>::{closure#0}> as core[6883ba1bc0fe4ed1]::ops::function::FnOnce<()>>::call_once
[INFO] [stdout]                                at /rustc/6b3fa26749ab40e159b2dd5cf577acaaf5902772/library/core/src/panic/unwind_safe.rs:275:9
[INFO] [stdout]   34:     0x648949fac52a - std[73adb7dc35730857]::panicking::catch_unwind::do_call::<core[6883ba1bc0fe4ed1]::panic::unwind_safe::AssertUnwindSafe<tokio[12db2a0f61c9c242]::runtime::task::harness::poll_future<<egui_mobius[e022e3f4305cc2b6]::slot::Slot<egui_mobius[e022e3f4305cc2b6]::slot::tests::Event>>::start_async<egui_mobius[e022e3f4305cc2b6]::slot::tests::test_async_slot_handler_panics::{closure#0}::{closure#0}, egui_mobius[e022e3f4305cc2b6]::slot::tests::test_async_slot_handler_panics::{closure#0}::{closure#0}::{closure#0}>::{closure#0}::{closure#0}, alloc[55a36b64bcbf2c0d]::sync::Arc<tokio[12db2a0f61c9c242]::runtime::scheduler::current_thread::Handle>>::{closure#0}>, core[6883ba1bc0fe4ed1]::task::poll::Poll<()>>
[INFO] [stdout]                                at /rustc/6b3fa26749ab40e159b2dd5cf577acaaf5902772/library/std/src/panicking.rs:576:43
[INFO] [stdout]   35:     0x648949f395bb - __rust_try
[INFO] [stdout]   36:     0x648949f341c6 - std[73adb7dc35730857]::panicking::catch_unwind::<core[6883ba1bc0fe4ed1]::task::poll::Poll<()>, core[6883ba1bc0fe4ed1]::panic::unwind_safe::AssertUnwindSafe<tokio[12db2a0f61c9c242]::runtime::task::harness::poll_future<<egui_mobius[e022e3f4305cc2b6]::slot::Slot<egui_mobius[e022e3f4305cc2b6]::slot::tests::Event>>::start_async<egui_mobius[e022e3f4305cc2b6]::slot::tests::test_async_slot_handler_panics::{closure#0}::{closure#0}, egui_mobius[e022e3f4305cc2b6]::slot::tests::test_async_slot_handler_panics::{closure#0}::{closure#0}::{closure#0}>::{closure#0}::{closure#0}, alloc[55a36b64bcbf2c0d]::sync::Arc<tokio[12db2a0f61c9c242]::runtime::scheduler::current_thread::Handle>>::{closure#0}>>
[INFO] [stdout]                                at /rustc/6b3fa26749ab40e159b2dd5cf577acaaf5902772/library/std/src/panicking.rs:544:19
[INFO] [stdout]   37:     0x648949f341c6 - std[73adb7dc35730857]::panic::catch_unwind::<core[6883ba1bc0fe4ed1]::panic::unwind_safe::AssertUnwindSafe<tokio[12db2a0f61c9c242]::runtime::task::harness::poll_future<<egui_mobius[e022e3f4305cc2b6]::slot::Slot<egui_mobius[e022e3f4305cc2b6]::slot::tests::Event>>::start_async<egui_mobius[e022e3f4305cc2b6]::slot::tests::test_async_slot_handler_panics::{closure#0}::{closure#0}, egui_mobius[e022e3f4305cc2b6]::slot::tests::test_async_slot_handler_panics::{closure#0}::{closure#0}::{closure#0}>::{closure#0}::{closure#0}, alloc[55a36b64bcbf2c0d]::sync::Arc<tokio[12db2a0f61c9c242]::runtime::scheduler::current_thread::Handle>>::{closure#0}>, core[6883ba1bc0fe4ed1]::task::poll::Poll<()>>
[INFO] [stdout]                                at /rustc/6b3fa26749ab40e159b2dd5cf577acaaf5902772/library/std/src/panic.rs:359:14
[INFO] [stdout]   38:     0x648949ed82bf - tokio[12db2a0f61c9c242]::runtime::task::harness::poll_future::<<egui_mobius[e022e3f4305cc2b6]::slot::Slot<egui_mobius[e022e3f4305cc2b6]::slot::tests::Event>>::start_async<egui_mobius[e022e3f4305cc2b6]::slot::tests::test_async_slot_handler_panics::{closure#0}::{closure#0}, egui_mobius[e022e3f4305cc2b6]::slot::tests::test_async_slot_handler_panics::{closure#0}::{closure#0}::{closure#0}>::{closure#0}::{closure#0}, alloc[55a36b64bcbf2c0d]::sync::Arc<tokio[12db2a0f61c9c242]::runtime::scheduler::current_thread::Handle>>
[INFO] [stdout]                                at /opt/rustwide/cargo-home/registry/src/index.crates.io-1949cf8c6b5b557f/tokio-1.52.1/src/runtime/task/harness.rs:523:18
[INFO] [stdout]   39:     0x648949ef58a0 - <tokio[12db2a0f61c9c242]::runtime::task::harness::Harness<<egui_mobius[e022e3f4305cc2b6]::slot::Slot<egui_mobius[e022e3f4305cc2b6]::slot::tests::Event>>::start_async<egui_mobius[e022e3f4305cc2b6]::slot::tests::test_async_slot_handler_panics::{closure#0}::{closure#0}, egui_mobius[e022e3f4305cc2b6]::slot::tests::test_async_slot_handler_panics::{closure#0}::{closure#0}::{closure#0}>::{closure#0}::{closure#0}, alloc[55a36b64bcbf2c0d]::sync::Arc<tokio[12db2a0f61c9c242]::runtime::scheduler::current_thread::Handle>>>::poll_inner
[INFO] [stdout]                                at /opt/rustwide/cargo-home/registry/src/index.crates.io-1949cf8c6b5b557f/tokio-1.52.1/src/runtime/task/harness.rs:210:27
[INFO] [stdout]   40:     0x648949ef5b53 - <tokio[12db2a0f61c9c242]::runtime::task::harness::Harness<<egui_mobius[e022e3f4305cc2b6]::slot::Slot<egui_mobius[e022e3f4305cc2b6]::slot::tests::Event>>::start_async<egui_mobius[e022e3f4305cc2b6]::slot::tests::test_async_slot_handler_panics::{closure#0}::{closure#0}, egui_mobius[e022e3f4305cc2b6]::slot::tests::test_async_slot_handler_panics::{closure#0}::{closure#0}::{closure#0}>::{closure#0}::{closure#0}, alloc[55a36b64bcbf2c0d]::sync::Arc<tokio[12db2a0f61c9c242]::runtime::scheduler::current_thread::Handle>>>::poll
[INFO] [stdout]                                at /opt/rustwide/cargo-home/registry/src/index.crates.io-1949cf8c6b5b557f/tokio-1.52.1/src/runtime/task/harness.rs:155:20
[INFO] [stdout]   41:     0x648949fa070b - tokio[12db2a0f61c9c242]::runtime::task::raw::poll::<<egui_mobius[e022e3f4305cc2b6]::slot::Slot<egui_mobius[e022e3f4305cc2b6]::slot::tests::Event>>::start_async<egui_mobius[e022e3f4305cc2b6]::slot::tests::test_async_slot_handler_panics::{closure#0}::{closure#0}, egui_mobius[e022e3f4305cc2b6]::slot::tests::test_async_slot_handler_panics::{closure#0}::{closure#0}::{closure#0}>::{closure#0}::{closure#0}, alloc[55a36b64bcbf2c0d]::sync::Arc<tokio[12db2a0f61c9c242]::runtime::scheduler::current_thread::Handle>>
[INFO] [stdout]                                at /opt/rustwide/cargo-home/registry/src/index.crates.io-1949cf8c6b5b557f/tokio-1.52.1/src/runtime/task/raw.rs:337:13
[INFO] [stdout]   42:     0x64894a01a167 - <tokio[12db2a0f61c9c242]::runtime::task::raw::RawTask>::poll
[INFO] [stdout]                                at /opt/rustwide/cargo-home/registry/src/index.crates.io-1949cf8c6b5b557f/tokio-1.52.1/src/runtime/task/raw.rs:267:18
[INFO] [stdout]   43:     0x648949f7b331 - <tokio[12db2a0f61c9c242]::runtime::task::LocalNotified<alloc[55a36b64bcbf2c0d]::sync::Arc<tokio[12db2a0f61c9c242]::runtime::scheduler::current_thread::Handle>>>::run
[INFO] [stdout]                                at /opt/rustwide/cargo-home/registry/src/index.crates.io-1949cf8c6b5b557f/tokio-1.52.1/src/runtime/task/mod.rs:515:13
[INFO] [stdout]   44:     0x648949f5318a - <tokio[12db2a0f61c9c242]::runtime::scheduler::current_thread::CoreGuard>::block_on::<core[6883ba1bc0fe4ed1]::pin::Pin<&mut core[6883ba1bc0fe4ed1]::pin::Pin<&mut dyn core[6883ba1bc0fe4ed1]::future::future::Future<Output = ()>>>>::{closure#0}::{closure#1}
[INFO] [stdout]                                at /opt/rustwide/cargo-home/registry/src/index.crates.io-1949cf8c6b5b557f/tokio-1.52.1/src/runtime/scheduler/current_thread/mod.rs:825:30
[INFO] [stdout]   45:     0x648949f51575 - tokio[12db2a0f61c9c242]::task::coop::with_budget::<(), <tokio[12db2a0f61c9c242]::runtime::scheduler::current_thread::CoreGuard>::block_on<core[6883ba1bc0fe4ed1]::pin::Pin<&mut core[6883ba1bc0fe4ed1]::pin::Pin<&mut dyn core[6883ba1bc0fe4ed1]::future::future::Future<Output = ()>>>>::{closure#0}::{closure#1}>
[INFO] [stdout]                                at /opt/rustwide/cargo-home/registry/src/index.crates.io-1949cf8c6b5b557f/tokio-1.52.1/src/task/coop/mod.rs:167:5
[INFO] [stdout]   46:     0x648949f51575 - tokio[12db2a0f61c9c242]::task::coop::budget::<(), <tokio[12db2a0f61c9c242]::runtime::scheduler::current_thread::CoreGuard>::block_on<core[6883ba1bc0fe4ed1]::pin::Pin<&mut core[6883ba1bc0fe4ed1]::pin::Pin<&mut dyn core[6883ba1bc0fe4ed1]::future::future::Future<Output = ()>>>>::{closure#0}::{closure#1}>
[INFO] [stdout]                                at /opt/rustwide/cargo-home/registry/src/index.crates.io-1949cf8c6b5b557f/tokio-1.52.1/src/task/coop/mod.rs:133:5
[INFO] [stdout]   47:     0x648949f51575 - <tokio[12db2a0f61c9c242]::runtime::scheduler::current_thread::Context>::run_task::<(), <tokio[12db2a0f61c9c242]::runtime::scheduler::current_thread::CoreGuard>::block_on<core[6883ba1bc0fe4ed1]::pin::Pin<&mut core[6883ba1bc0fe4ed1]::pin::Pin<&mut dyn core[6883ba1bc0fe4ed1]::future::future::Future<Output = ()>>>>::{closure#0}::{closure#1}>::{closure#0}
[INFO] [stdout]                                at /opt/rustwide/cargo-home/registry/src/index.crates.io-1949cf8c6b5b557f/tokio-1.52.1/src/runtime/scheduler/current_thread/mod.rs:373:43
[INFO] [stdout]   48:     0x648949f485e6 - <tokio[12db2a0f61c9c242]::runtime::scheduler::current_thread::Context>::enter::<(), <tokio[12db2a0f61c9c242]::runtime::scheduler::current_thread::Context>::run_task<(), <tokio[12db2a0f61c9c242]::runtime::scheduler::current_thread::CoreGuard>::block_on<core[6883ba1bc0fe4ed1]::pin::Pin<&mut core[6883ba1bc0fe4ed1]::pin::Pin<&mut dyn core[6883ba1bc0fe4ed1]::future::future::Future<Output = ()>>>>::{closure#0}::{closure#1}>::{closure#0}>
[INFO] [stdout]                                at /opt/rustwide/cargo-home/registry/src/index.crates.io-1949cf8c6b5b557f/tokio-1.52.1/src/runtime/scheduler/current_thread/mod.rs:451:19
[INFO] [stdout]   49:     0x648949f489bc - <tokio[12db2a0f61c9c242]::runtime::scheduler::current_thread::Context>::run_task::<(), <tokio[12db2a0f61c9c242]::runtime::scheduler::current_thread::CoreGuard>::block_on<core[6883ba1bc0fe4ed1]::pin::Pin<&mut core[6883ba1bc0fe4ed1]::pin::Pin<&mut dyn core[6883ba1bc0fe4ed1]::future::future::Future<Output = ()>>>>::{closure#0}::{closure#1}>
[INFO] [stdout]                                at /opt/rustwide/cargo-home/registry/src/index.crates.io-1949cf8c6b5b557f/tokio-1.52.1/src/runtime/scheduler/current_thread/mod.rs:373:28
[INFO] [stdout]   50:     0x648949f52c66 - <tokio[12db2a0f61c9c242]::runtime::scheduler::current_thread::CoreGuard>::block_on::<core[6883ba1bc0fe4ed1]::pin::Pin<&mut core[6883ba1bc0fe4ed1]::pin::Pin<&mut dyn core[6883ba1bc0fe4ed1]::future::future::Future<Output = ()>>>>::{closure#0}
[INFO] [stdout]                                at /opt/rustwide/cargo-home/registry/src/index.crates.io-1949cf8c6b5b557f/tokio-1.52.1/src/runtime/scheduler/current_thread/mod.rs:821:43
[INFO] [stdout]   51:     0x648949f51724 - <tokio[12db2a0f61c9c242]::runtime::scheduler::current_thread::CoreGuard>::enter::<<tokio[12db2a0f61c9c242]::runtime::scheduler::current_thread::CoreGuard>::block_on<core[6883ba1bc0fe4ed1]::pin::Pin<&mut core[6883ba1bc0fe4ed1]::pin::Pin<&mut dyn core[6883ba1bc0fe4ed1]::future::future::Future<Output = ()>>>>::{closure#0}, core[6883ba1bc0fe4ed1]::option::Option<()>>::{closure#0}
[INFO] [stdout]                                at /opt/rustwide/cargo-home/registry/src/index.crates.io-1949cf8c6b5b557f/tokio-1.52.1/src/runtime/scheduler/current_thread/mod.rs:865:68
[INFO] [stdout]   52:     0x648949f97e9b - <tokio[12db2a0f61c9c242]::runtime::context::scoped::Scoped<tokio[12db2a0f61c9c242]::runtime::scheduler::Context>>::set::<<tokio[12db2a0f61c9c242]::runtime::scheduler::current_thread::CoreGuard>::enter<<tokio[12db2a0f61c9c242]::runtime::scheduler::current_thread::CoreGuard>::block_on<core[6883ba1bc0fe4ed1]::pin::Pin<&mut core[6883ba1bc0fe4ed1]::pin::Pin<&mut dyn core[6883ba1bc0fe4ed1]::future::future::Future<Output = ()>>>>::{closure#0}, core[6883ba1bc0fe4ed1]::option::Option<()>>::{closure#0}, (alloc[55a36b64bcbf2c0d]::boxed::Box<tokio[12db2a0f61c9c242]::runtime::scheduler::current_thread::Core>, core[6883ba1bc0fe4ed1]::option::Option<()>)>
[INFO] [stdout]                                at /opt/rustwide/cargo-home/registry/src/index.crates.io-1949cf8c6b5b557f/tokio-1.52.1/src/runtime/context/scoped.rs:40:9
[INFO] [stdout]   53:     0x648949f57f79 - tokio[12db2a0f61c9c242]::runtime::context::set_scheduler::<(alloc[55a36b64bcbf2c0d]::boxed::Box<tokio[12db2a0f61c9c242]::runtime::scheduler::current_thread::Core>, core[6883ba1bc0fe4ed1]::option::Option<()>), <tokio[12db2a0f61c9c242]::runtime::scheduler::current_thread::CoreGuard>::enter<<tokio[12db2a0f61c9c242]::runtime::scheduler::current_thread::CoreGuard>::block_on<core[6883ba1bc0fe4ed1]::pin::Pin<&mut core[6883ba1bc0fe4ed1]::pin::Pin<&mut dyn core[6883ba1bc0fe4ed1]::future::future::Future<Output = ()>>>>::{closure#0}, core[6883ba1bc0fe4ed1]::option::Option<()>>::{closure#0}>::{closure#0}
[INFO] [stdout]                                at /opt/rustwide/cargo-home/registry/src/index.crates.io-1949cf8c6b5b557f/tokio-1.52.1/src/runtime/context.rs:181:38
[INFO] [stdout]   54:     0x648949fb68c2 - <std[73adb7dc35730857]::thread::local::LocalKey<tokio[12db2a0f61c9c242]::runtime::context::Context>>::try_with::<tokio[12db2a0f61c9c242]::runtime::context::set_scheduler<(alloc[55a36b64bcbf2c0d]::boxed::Box<tokio[12db2a0f61c9c242]::runtime::scheduler::current_thread::Core>, core[6883ba1bc0fe4ed1]::option::Option<()>), <tokio[12db2a0f61c9c242]::runtime::scheduler::current_thread::CoreGuard>::enter<<tokio[12db2a0f61c9c242]::runtime::scheduler::current_thread::CoreGuard>::block_on<core[6883ba1bc0fe4ed1]::pin::Pin<&mut core[6883ba1bc0fe4ed1]::pin::Pin<&mut dyn core[6883ba1bc0fe4ed1]::future::future::Future<Output = ()>>>>::{closure#0}, core[6883ba1bc0fe4ed1]::option::Option<()>>::{closure#0}>::{closure#0}, (alloc[55a36b64bcbf2c0d]::boxed::Box<tokio[12db2a0f61c9c242]::runtime::scheduler::current_thread::Core>, core[6883ba1bc0fe4ed1]::option::Option<()>)>
[INFO] [stdout]                                at /rustc/6b3fa26749ab40e159b2dd5cf577acaaf5902772/library/std/src/thread/local.rs:463:12
[INFO] [stdout]   55:     0x648949fb644e - <std[73adb7dc35730857]::thread::local::LocalKey<tokio[12db2a0f61c9c242]::runtime::context::Context>>::with::<tokio[12db2a0f61c9c242]::runtime::context::set_scheduler<(alloc[55a36b64bcbf2c0d]::boxed::Box<tokio[12db2a0f61c9c242]::runtime::scheduler::current_thread::Core>, core[6883ba1bc0fe4ed1]::option::Option<()>), <tokio[12db2a0f61c9c242]::runtime::scheduler::current_thread::CoreGuard>::enter<<tokio[12db2a0f61c9c242]::runtime::scheduler::current_thread::CoreGuard>::block_on<core[6883ba1bc0fe4ed1]::pin::Pin<&mut core[6883ba1bc0fe4ed1]::pin::Pin<&mut dyn core[6883ba1bc0fe4ed1]::future::future::Future<Output = ()>>>>::{closure#0}, core[6883ba1bc0fe4ed1]::option::Option<()>>::{closure#0}>::{closure#0}, (alloc[55a36b64bcbf2c0d]::boxed::Box<tokio[12db2a0f61c9c242]::runtime::scheduler::current_thread::Core>, core[6883ba1bc0fe4ed1]::option::Option<()>)>
[INFO] [stdout]                                at /rustc/6b3fa26749ab40e159b2dd5cf577acaaf5902772/library/std/src/thread/local.rs:427:20
[INFO] [stdout]   56:     0x648949f57ded - tokio[12db2a0f61c9c242]::runtime::context::set_scheduler::<(alloc[55a36b64bcbf2c0d]::boxed::Box<tokio[12db2a0f61c9c242]::runtime::scheduler::current_thread::Core>, core[6883ba1bc0fe4ed1]::option::Option<()>), <tokio[12db2a0f61c9c242]::runtime::scheduler::current_thread::CoreGuard>::enter<<tokio[12db2a0f61c9c242]::runtime::scheduler::current_thread::CoreGuard>::block_on<core[6883ba1bc0fe4ed1]::pin::Pin<&mut core[6883ba1bc0fe4ed1]::pin::Pin<&mut dyn core[6883ba1bc0fe4ed1]::future::future::Future<Output = ()>>>>::{closure#0}, core[6883ba1bc0fe4ed1]::option::Option<()>>::{closure#0}>
[INFO] [stdout]                                at /opt/rustwide/cargo-home/registry/src/index.crates.io-1949cf8c6b5b557f/tokio-1.52.1/src/runtime/context.rs:181:17
[INFO] [stdout]   57:     0x648949f4ef60 - <tokio[12db2a0f61c9c242]::runtime::scheduler::current_thread::CoreGuard>::enter::<<tokio[12db2a0f61c9c242]::runtime::scheduler::current_thread::CoreGuard>::block_on<core[6883ba1bc0fe4ed1]::pin::Pin<&mut core[6883ba1bc0fe4ed1]::pin::Pin<&mut dyn core[6883ba1bc0fe4ed1]::future::future::Future<Output = ()>>>>::{closure#0}, core[6883ba1bc0fe4ed1]::option::Option<()>>
[INFO] [stdout]                                at /opt/rustwide/cargo-home/registry/src/index.crates.io-1949cf8c6b5b557f/tokio-1.52.1/src/runtime/scheduler/current_thread/mod.rs:865:27
[INFO] [stdout]   58:     0x648949f4f256 - <tokio[12db2a0f61c9c242]::runtime::scheduler::current_thread::CoreGuard>::block_on::<core[6883ba1bc0fe4ed1]::pin::Pin<&mut core[6883ba1bc0fe4ed1]::pin::Pin<&mut dyn core[6883ba1bc0fe4ed1]::future::future::Future<Output = ()>>>>
[INFO] [stdout]                                at /opt/rustwide/cargo-home/registry/src/index.crates.io-1949cf8c6b5b557f/tokio-1.52.1/src/runtime/scheduler/current_thread/mod.rs:765:24
[INFO] [stdout]   59:     0x648949f51230 - <tokio[12db2a0f61c9c242]::runtime::scheduler::current_thread::CurrentThread>::block_on::<core[6883ba1bc0fe4ed1]::pin::Pin<&mut dyn core[6883ba1bc0fe4ed1]::future::future::Future<Output = ()>>>::{closure#0}
[INFO] [stdout]                                at /opt/rustwide/cargo-home/registry/src/index.crates.io-1949cf8c6b5b557f/tokio-1.52.1/src/runtime/scheduler/current_thread/mod.rs:205:33
[INFO] [stdout]   60:     0x648949fba6b3 - tokio[12db2a0f61c9c242]::runtime::context::runtime::enter_runtime::<<tokio[12db2a0f61c9c242]::runtime::scheduler::current_thread::CurrentThread>::block_on<core[6883ba1bc0fe4ed1]::pin::Pin<&mut dyn core[6883ba1bc0fe4ed1]::future::future::Future<Output = ()>>>::{closure#0}, ()>
[INFO] [stdout]                                at /opt/rustwide/cargo-home/registry/src/index.crates.io-1949cf8c6b5b557f/tokio-1.52.1/src/runtime/context/runtime.rs:65:16
[INFO] [stdout]   61:     0x648949f47b21 - <tokio[12db2a0f61c9c242]::runtime::scheduler::current_thread::CurrentThread>::block_on::<core[6883ba1bc0fe4ed1]::pin::Pin<&mut dyn core[6883ba1bc0fe4ed1]::future::future::Future<Output = ()>>>
[INFO] [stdout]                                at /opt/rustwide/cargo-home/registry/src/index.crates.io-1949cf8c6b5b557f/tokio-1.52.1/src/runtime/scheduler/current_thread/mod.rs:193:9
[INFO] [stdout]   62:     0x648949f47774 - <tokio[12db2a0f61c9c242]::runtime::runtime::Runtime>::block_on_inner::<core[6883ba1bc0fe4ed1]::pin::Pin<&mut dyn core[6883ba1bc0fe4ed1]::future::future::Future<Output = ()>>>
[INFO] [stdout]                                at /opt/rustwide/cargo-home/registry/src/index.crates.io-1949cf8c6b5b557f/tokio-1.52.1/src/runtime/runtime.rs:371:52
[INFO] [stdout]   63:     0x648949f4793f - <tokio[12db2a0f61c9c242]::runtime::runtime::Runtime>::block_on::<core[6883ba1bc0fe4ed1]::pin::Pin<&mut dyn core[6883ba1bc0fe4ed1]::future::future::Future<Output = ()>>>
[INFO] [stdout]                                at /opt/rustwide/cargo-home/registry/src/index.crates.io-1949cf8c6b5b557f/tokio-1.52.1/src/runtime/runtime.rs:345:18
[INFO] [stdout]   64:     0x648949fc0f21 - egui_mobius[e022e3f4305cc2b6]::slot::tests::test_async_slot_handler_panics
[INFO] [stdout]                                at /opt/rustwide/workdir/src/slot.rs:225:27
[INFO] [stdout]   65:     0x648949fbc837 - egui_mobius[e022e3f4305cc2b6]::slot::tests::test_async_slot_handler_panics::{closure#0}
[INFO] [stdout]                                at /opt/rustwide/workdir/src/slot.rs:203:46
[INFO] [stdout]   66:     0x648949f472c6 - <egui_mobius[e022e3f4305cc2b6]::slot::tests::test_async_slot_handler_panics::{closure#0} as core[6883ba1bc0fe4ed1]::ops::function::FnOnce<()>>::call_once
[INFO] [stdout]                                at /rustc/6b3fa26749ab40e159b2dd5cf577acaaf5902772/library/core/src/ops/function.rs:250:5
[INFO] [stdout]   67:     0x648949fcd4eb - <fn() -> core[6883ba1bc0fe4ed1]::result::Result<(), alloc[55a36b64bcbf2c0d]::string::String> as core[6883ba1bc0fe4ed1]::ops::function::FnOnce<()>>::call_once
[INFO] [stdout]                                at /rustc/6b3fa26749ab40e159b2dd5cf577acaaf5902772/library/core/src/ops/function.rs:250:5
[INFO] [stdout]   68:     0x648949fcd4eb - test[980ffaebd391d06d]::__rust_begin_short_backtrace::<core[6883ba1bc0fe4ed1]::result::Result<(), alloc[55a36b64bcbf2c0d]::string::String>, fn() -> core[6883ba1bc0fe4ed1]::result::Result<(), alloc[55a36b64bcbf2c0d]::string::String>>
[INFO] [stdout]                                at /rustc/6b3fa26749ab40e159b2dd5cf577acaaf5902772/library/test/src/lib.rs:724:18
[INFO] [stdout]   69:     0x648949fdab35 - test[980ffaebd391d06d]::run_test_in_process::{closure#0}
[INFO] [stdout]                                at /rustc/6b3fa26749ab40e159b2dd5cf577acaaf5902772/library/test/src/lib.rs:747:74
[INFO] [stdout]   70:     0x648949fdab35 - <core[6883ba1bc0fe4ed1]::panic::unwind_safe::AssertUnwindSafe<test[980ffaebd391d06d]::run_test_in_process::{closure#0}> as core[6883ba1bc0fe4ed1]::ops::function::FnOnce<()>>::call_once
[INFO] [stdout]                                at /rustc/6b3fa26749ab40e159b2dd5cf577acaaf5902772/library/core/src/panic/unwind_safe.rs:275:9
[INFO] [stdout]   71:     0x648949fdab35 - std[73adb7dc35730857]::panicking::catch_unwind::do_call::<core[6883ba1bc0fe4ed1]::panic::unwind_safe::AssertUnwindSafe<test[980ffaebd391d06d]::run_test_in_process::{closure#0}>, core[6883ba1bc0fe4ed1]::result::Result<(), alloc[55a36b64bcbf2c0d]::string::String>>
[INFO] [stdout]                                at /rustc/6b3fa26749ab40e159b2dd5cf577acaaf5902772/library/std/src/panicking.rs:576:43
[INFO] [stdout]   72:     0x648949fdab35 - std[73adb7dc35730857]::panicking::catch_unwind::<core[6883ba1bc0fe4ed1]::result::Result<(), alloc[55a36b64bcbf2c0d]::string::String>, core[6883ba1bc0fe4ed1]::panic::unwind_safe::AssertUnwindSafe<test[980ffaebd391d06d]::run_test_in_process::{closure#0}>>
[INFO] [stdout]                                at /rustc/6b3fa26749ab40e159b2dd5cf577acaaf5902772/library/std/src/panicking.rs:544:19
[INFO] [stdout]   73:     0x648949fdab35 - std[73adb7dc35730857]::panic::catch_unwind::<core[6883ba1bc0fe4ed1]::panic::unwind_safe::AssertUnwindSafe<test[980ffaebd391d06d]::run_test_in_process::{closure#0}>, core[6883ba1bc0fe4ed1]::result::Result<(), alloc[55a36b64bcbf2c0d]::string::String>>
[INFO] [stdout]                                at /rustc/6b3fa26749ab40e159b2dd5cf577acaaf5902772/library/std/src/panic.rs:359:14
[INFO] [stdout]   74:     0x648949fdab35 - test[980ffaebd391d06d]::run_test_in_process
[INFO] [stdout]                                at /rustc/6b3fa26749ab40e159b2dd5cf577acaaf5902772/library/test/src/lib.rs:747:27
[INFO] [stdout]   75:     0x648949fdab35 - test[980ffaebd391d06d]::run_test::{closure#0}
[INFO] [stdout]                                at /rustc/6b3fa26749ab40e159b2dd5cf577acaaf5902772/library/test/src/lib.rs:668:43
[INFO] [stdout]   76:     0x648949fd55e4 - test[980ffaebd391d06d]::run_test::{closure#1}
[INFO] [stdout]                                at /rustc/6b3fa26749ab40e159b2dd5cf577acaaf5902772/library/test/src/lib.rs:698:41
[INFO] [stdout]   77:     0x648949fd55e4 - std[73adb7dc35730857]::sys::backtrace::__rust_begin_short_backtrace::<test[980ffaebd391d06d]::run_test::{closure#1}, ()>
[INFO] [stdout]                                at /rustc/6b3fa26749ab40e159b2dd5cf577acaaf5902772/library/std/src/sys/backtrace.rs:166:18
[INFO] [stdout]   78:     0x648949fddc82 - std[73adb7dc35730857]::thread::lifecycle::spawn_unchecked::<test[980ffaebd391d06d]::run_test::{closure#1}, ()>::{closure#1}::{closure#0}
[INFO] [stdout]                                at /rustc/6b3fa26749ab40e159b2dd5cf577acaaf5902772/library/std/src/thread/lifecycle.rs:70:13
[INFO] [stdout]   79:     0x648949fddc82 - <core[6883ba1bc0fe4ed1]::panic::unwind_safe::AssertUnwindSafe<std[73adb7dc35730857]::thread::lifecycle::spawn_unchecked<test[980ffaebd391d06d]::run_test::{closure#1}, ()>::{closure#1}::{closure#0}> as core[6883ba1bc0fe4ed1]::ops::function::FnOnce<()>>::call_once
[INFO] [stdout]                                at /rustc/6b3fa26749ab40e159b2dd5cf577acaaf5902772/library/core/src/panic/unwind_safe.rs:275:9
[INFO] [stdout]   80:     0x648949fddc82 - std[73adb7dc35730857]::panicking::catch_unwind::do_call::<core[6883ba1bc0fe4ed1]::panic::unwind_safe::AssertUnwindSafe<std[73adb7dc35730857]::thread::lifecycle::spawn_unchecked<test[980ffaebd391d06d]::run_test::{closure#1}, ()>::{closure#1}::{closure#0}>, ()>
[INFO] [stdout]                                at /rustc/6b3fa26749ab40e159b2dd5cf577acaaf5902772/library/std/src/panicking.rs:576:43
[INFO] [stdout]   81:     0x648949fddc82 - std[73adb7dc35730857]::panicking::catch_unwind::<(), core[6883ba1bc0fe4ed1]::panic::unwind_safe::AssertUnwindSafe<std[73adb7dc35730857]::thread::lifecycle::spawn_unchecked<test[980ffaebd391d06d]::run_test::{closure#1}, ()>::{closure#1}::{closure#0}>>
[INFO] [stdout]                                at /rustc/6b3fa26749ab40e159b2dd5cf577acaaf5902772/library/std/src/panicking.rs:544:19
[INFO] [stdout]   82:     0x648949fddc82 - std[73adb7dc35730857]::panic::catch_unwind::<core[6883ba1bc0fe4ed1]::panic::unwind_safe::AssertUnwindSafe<std[73adb7dc35730857]::thread::lifecycle::spawn_unchecked<test[980ffaebd391d06d]::run_test::{closure#1}, ()>::{closure#1}::{closure#0}>, ()>
[INFO] [stdout]                                at /rustc/6b3fa26749ab40e159b2dd5cf577acaaf5902772/library/std/src/panic.rs:359:14
[INFO] [stdout]   83:     0x648949fddc82 - std[73adb7dc35730857]::thread::lifecycle::spawn_unchecked::<test[980ffaebd391d06d]::run_test::{closure#1}, ()>::{closure#1}
[INFO] [stdout]                                at /rustc/6b3fa26749ab40e159b2dd5cf577acaaf5902772/library/std/src/thread/lifecycle.rs:68:26
[INFO] [stdout]   84:     0x648949fddc82 - <std[73adb7dc35730857]::thread::lifecycle::spawn_unchecked<test[980ffaebd391d06d]::run_test::{closure#1}, ()>::{closure#1} as core[6883ba1bc0fe4ed1]::ops::function::FnOnce<()>>::call_once::{shim:vtable#0}
[INFO] [stdout]                                at /rustc/6b3fa26749ab40e159b2dd5cf577acaaf5902772/library/core/src/ops/function.rs:250:5
[INFO] [stdout]   85:     0x64894a0d8acf - <alloc[55a36b64bcbf2c0d]::boxed::Box<dyn core[6883ba1bc0fe4ed1]::ops::function::FnOnce<(), Output = ()> + core[6883ba1bc0fe4ed1]::marker::Send> as core[6883ba1bc0fe4ed1]::ops::function::FnOnce<()>>::call_once
[INFO] [stdout]                                at /rustc/6b3fa26749ab40e159b2dd5cf577acaaf5902772/library/alloc/src/boxed.rs:2319:9
[INFO] [stdout]   86:     0x64894a0d8acf - <std[73adb7dc35730857]::sys::thread::unix::Thread>::new::thread_start
[INFO] [stdout]                                at /rustc/6b3fa26749ab40e159b2dd5cf577acaaf5902772/library/std/src/sys/thread/unix.rs:123:17
[INFO] [stdout]   87:     0x7c0aa36a1aa4 - <unknown>
[INFO] [stdout]   88:     0x7c0aa372ea64 - clone
[INFO] [stdout]   89:                0x0 - <unknown>
[INFO] [stdout] ⚠️  async handler panicked: Any { .. }
[INFO] [stdout] 
[INFO] [stdout] thread 'slot::tests::test_async_slot_handler_panics' (503) panicked at src/slot.rs:225:9:
[INFO] [stdout] assertion `left == right` failed
[INFO] [stdout]   left: 0
[INFO] [stdout]  right: 1
[INFO] [stdout] stack backtrace:
[INFO] [stdout]    0:     0x64894a0d9251 - std[73adb7dc35730857]::backtrace_rs::backtrace::libunwind::trace
[INFO] [stdout]                                at /rustc/6b3fa26749ab40e159b2dd5cf577acaaf5902772/library/std/src/../../backtrace/src/backtrace/libunwind.rs:117:9
[INFO] [stdout]    1:     0x64894a0d9251 - std[73adb7dc35730857]::backtrace_rs::backtrace::trace_unsynchronized::<std[73adb7dc35730857]::sys::backtrace::_print_fmt::{closure#1}>
[INFO] [stdout]                                at /rustc/6b3fa26749ab40e159b2dd5cf577acaaf5902772/library/std/src/../../backtrace/src/backtrace/mod.rs:66:14
[INFO] [stdout]    2:     0x64894a0d9251 - std[73adb7dc35730857]::sys::backtrace::_print_fmt
[INFO] [stdout]                                at /rustc/6b3fa26749ab40e159b2dd5cf577acaaf5902772/library/std/src/sys/backtrace.rs:74:9
[INFO] [stdout]    3:     0x64894a0d9251 - <<std[73adb7dc35730857]::sys::backtrace::BacktraceLock>::print::DisplayBacktrace as core[6883ba1bc0fe4ed1]::fmt::Display>::fmt
[INFO] [stdout]                                at /rustc/6b3fa26749ab40e159b2dd5cf577acaaf5902772/library/std/src/sys/backtrace.rs:44:26
[INFO] [stdout]    4:     0x64894a0ed25a - <core[6883ba1bc0fe4ed1]::fmt::rt::Argument>::fmt
[INFO] [stdout]                                at /rustc/6b3fa26749ab40e159b2dd5cf577acaaf5902772/library/core/src/fmt/rt.rs:152:76
[INFO] [stdout]    5:     0x64894a0ed25a - core[6883ba1bc0fe4ed1]::fmt::write
[INFO] [stdout]    6:     0x64894a0dd8ac - std[73adb7dc35730857]::io::default_write_fmt::<alloc[55a36b64bcbf2c0d]::vec::Vec<u8>>
[INFO] [stdout]                                at /rustc/6b3fa26749ab40e159b2dd5cf577acaaf5902772/library/std/src/io/mod.rs:626:11
[INFO] [stdout]    7:     0x64894a0dd8ac - <alloc[55a36b64bcbf2c0d]::vec::Vec<u8> as std[73adb7dc35730857]::io::Write>::write_fmt
[INFO] [stdout]                                at /rustc/6b3fa26749ab40e159b2dd5cf577acaaf5902772/library/std/src/io/mod.rs:1730:13
[INFO] [stdout]    8:     0x64894a0b73b6 - <std[73adb7dc35730857]::sys::backtrace::BacktraceLock>::print
[INFO] [stdout]                                at /rustc/6b3fa26749ab40e159b2dd5cf577acaaf5902772/library/std/src/sys/backtrace.rs:47:9
[INFO] [stdout]    9:     0x64894a0b73b6 - std[73adb7dc35730857]::panicking::default_hook::{closure#0}
[INFO] [stdout]                                at /rustc/6b3fa26749ab40e159b2dd5cf577acaaf5902772/library/std/src/panicking.rs:292:27
[INFO] [stdout]   10:     0x64894a0d1139 - std[73adb7dc35730857]::panicking::default_hook
[INFO] [stdout]                                at /rustc/6b3fa26749ab40e159b2dd5cf577acaaf5902772/library/std/src/panicking.rs:316:9
[INFO] [stdout]   11:     0x648949fda1b0 - <alloc[55a36b64bcbf2c0d]::boxed::Box<dyn for<'a, 'b> core[6883ba1bc0fe4ed1]::ops::function::Fn<(&'a std[73adb7dc35730857]::panic::PanicHookInfo<'b>,), Output = ()> + core[6883ba1bc0fe4ed1]::marker::Send + core[6883ba1bc0fe4ed1]::marker::Sync> as core[6883ba1bc0fe4ed1]::ops::function::Fn<(&std[73adb7dc35730857]::panic::PanicHookInfo,)>>::call
[INFO] [stdout]                                at /rustc/6b3fa26749ab40e159b2dd5cf577acaaf5902772/library/alloc/src/boxed.rs:2333:9
[INFO] [stdout]   12:     0x648949fda1b0 - test[980ffaebd391d06d]::test_main_inner::<test[980ffaebd391d06d]::test_main_static::{closure#0}>::{closure#0}
[INFO] [stdout]                                at /rustc/6b3fa26749ab40e159b2dd5cf577acaaf5902772/library/test/src/lib.rs:155:21
[INFO] [stdout]   13:     0x64894a0d1462 - <alloc[55a36b64bcbf2c0d]::boxed::Box<dyn for<'a, 'b> core[6883ba1bc0fe4ed1]::ops::function::Fn<(&'a std[73adb7dc35730857]::panic::PanicHookInfo<'b>,), Output = ()> + core[6883ba1bc0fe4ed1]::marker::Send + core[6883ba1bc0fe4ed1]::marker::Sync> as core[6883ba1bc0fe4ed1]::ops::function::Fn<(&std[73adb7dc35730857]::panic::PanicHookInfo,)>>::call
[INFO] [stdout]                                at /rustc/6b3fa26749ab40e159b2dd5cf577acaaf5902772/library/alloc/src/boxed.rs:2333:9
[INFO] [stdout]   14:     0x64894a0d1462 - std[73adb7dc35730857]::panicking::panic_with_hook
[INFO] [stdout]                                at /rustc/6b3fa26749ab40e159b2dd5cf577acaaf5902772/library/std/src/panicking.rs:823:13
[INFO] [stdout]   15:     0x64894a0b7462 - std[73adb7dc35730857]::panicking::panic_handler::{closure#0}
[INFO] [stdout]                                at /rustc/6b3fa26749ab40e159b2dd5cf577acaaf5902772/library/std/src/panicking.rs:688:13
[INFO] [stdout]   16:     0x64894a0aedc9 - std[73adb7dc35730857]::sys::backtrace::__rust_end_short_backtrace::<std[73adb7dc35730857]::panicking::panic_handler::{closure#0}, !>
[INFO] [stdout]                                at /rustc/6b3fa26749ab40e159b2dd5cf577acaaf5902772/library/std/src/sys/backtrace.rs:182:18
[INFO] [stdout]   17:     0x64894a0b805d - __rustc[a7b7b02e776dd976]::rust_begin_unwind
[INFO] [stdout]                                at /rustc/6b3fa26749ab40e159b2dd5cf577acaaf5902772/library/std/src/panicking.rs:679:5
[INFO] [stdout]   18:     0x64894a0eda5c - core[6883ba1bc0fe4ed1]::panicking::panic_fmt
[INFO] [stdout]                                at /rustc/6b3fa26749ab40e159b2dd5cf577acaaf5902772/library/core/src/panicking.rs:80:14
[INFO] [stdout]   19:     0x64894a0ed913 - core[6883ba1bc0fe4ed1]::panicking::assert_failed_inner
[INFO] [stdout]                                at /rustc/6b3fa26749ab40e159b2dd5cf577acaaf5902772/library/core/src/panicking.rs:439:17
[INFO] [stdout]   20:     0x64894a0ab8d5 - core[6883ba1bc0fe4ed1]::panicking::assert_failed::<i32, i32>
[INFO] [stdout]                                at /rustc/6b3fa26749ab40e159b2dd5cf577acaaf5902772/library/core/src/panicking.rs:394:5
[INFO] [stdout]   21:     0x648949fbd39f - egui_mobius[e022e3f4305cc2b6]::slot::tests::test_async_slot_handler_panics::{closure#0}
[INFO] [stdout]                                at /opt/rustwide/workdir/src/slot.rs:225:9
[INFO] [stdout]   22:     0x648949f71ab2 - <core[6883ba1bc0fe4ed1]::pin::Pin<&mut dyn core[6883ba1bc0fe4ed1]::future::future::Future<Output = ()>> as core[6883ba1bc0fe4ed1]::future::future::Future>::poll
[INFO] [stdout]                                at /rustc/6b3fa26749ab40e159b2dd5cf577acaaf5902772/library/core/src/future/future.rs:133:9
[INFO] [stdout]   23:     0x648949f71b2d - <core[6883ba1bc0fe4ed1]::pin::Pin<&mut core[6883ba1bc0fe4ed1]::pin::Pin<&mut dyn core[6883ba1bc0fe4ed1]::future::future::Future<Output = ()>>> as core[6883ba1bc0fe4ed1]::future::future::Future>::poll
[INFO] [stdout]                                at /rustc/6b3fa26749ab40e159b2dd5cf577acaaf5902772/library/core/src/future/future.rs:133:9
[INFO] [stdout]   24:     0x648949f531fd - <tokio[12db2a0f61c9c242]::runtime::scheduler::current_thread::CoreGuard>::block_on::<core[6883ba1bc0fe4ed1]::pin::Pin<&mut core[6883ba1bc0fe4ed1]::pin::Pin<&mut dyn core[6883ba1bc0fe4ed1]::future::future::Future<Output = ()>>>>::{closure#0}::{closure#0}::{closure#0}
[INFO] [stdout]                                at /opt/rustwide/cargo-home/registry/src/index.crates.io-1949cf8c6b5b557f/tokio-1.52.1/src/runtime/scheduler/current_thread/mod.rs:778:70
[INFO] [stdout]   25:     0x648949f530fb - tokio[12db2a0f61c9c242]::task::coop::with_budget::<core[6883ba1bc0fe4ed1]::task::poll::Poll<()>, <tokio[12db2a0f61c9c242]::runtime::scheduler::current_thread::CoreGuard>::block_on<core[6883ba1bc0fe4ed1]::pin::Pin<&mut core[6883ba1bc0fe4ed1]::pin::Pin<&mut dyn core[6883ba1bc0fe4ed1]::future::future::Future<Output = ()>>>>::{closure#0}::{closure#0}::{closure#0}>
[INFO] [stdout]                                at /opt/rustwide/cargo-home/registry/src/index.crates.io-1949cf8c6b5b557f/tokio-1.52.1/src/task/coop/mod.rs:167:5
[INFO] [stdout]   26:     0x648949f530fb - tokio[12db2a0f61c9c242]::task::coop::budget::<core[6883ba1bc0fe4ed1]::task::poll::Poll<()>, <tokio[12db2a0f61c9c242]::runtime::scheduler::current_thread::CoreGuard>::block_on<core[6883ba1bc0fe4ed1]::pin::Pin<&mut core[6883ba1bc0fe4ed1]::pin::Pin<&mut dyn core[6883ba1bc0fe4ed1]::future::future::Future<Output = ()>>>>::{closure#0}::{closure#0}::{closure#0}>
[INFO] [stdout]                                at /opt/rustwide/cargo-home/registry/src/index.crates.io-1949cf8c6b5b557f/tokio-1.52.1/src/task/coop/mod.rs:133:5
[INFO] [stdout]   27:     0x648949f530fb - <tokio[12db2a0f61c9c242]::runtime::scheduler::current_thread::CoreGuard>::block_on::<core[6883ba1bc0fe4ed1]::pin::Pin<&mut core[6883ba1bc0fe4ed1]::pin::Pin<&mut dyn core[6883ba1bc0fe4ed1]::future::future::Future<Output = ()>>>>::{closure#0}::{closure#0}
[INFO] [stdout]                                at /opt/rustwide/cargo-home/registry/src/index.crates.io-1949cf8c6b5b557f/tokio-1.52.1/src/runtime/scheduler/current_thread/mod.rs:778:25
[INFO] [stdout]   28:     0x648949f47ff0 - <tokio[12db2a0f61c9c242]::runtime::scheduler::current_thread::Context>::enter::<core[6883ba1bc0fe4ed1]::task::poll::Poll<()>, <tokio[12db2a0f61c9c242]::runtime::scheduler::current_thread::CoreGuard>::block_on<core[6883ba1bc0fe4ed1]::pin::Pin<&mut core[6883ba1bc0fe4ed1]::pin::Pin<&mut dyn core[6883ba1bc0fe4ed1]::future::future::Future<Output = ()>>>>::{closure#0}::{closure#0}>
[INFO] [stdout]                                at /opt/rustwide/cargo-home/registry/src/index.crates.io-1949cf8c6b5b557f/tokio-1.52.1/src/runtime/scheduler/current_thread/mod.rs:451:19
[INFO] [stdout]   29:     0x648949f5247d - <tokio[12db2a0f61c9c242]::runtime::scheduler::current_thread::CoreGuard>::block_on::<core[6883ba1bc0fe4ed1]::pin::Pin<&mut core[6883ba1bc0fe4ed1]::pin::Pin<&mut dyn core[6883ba1bc0fe4ed1]::future::future::Future<Output = ()>>>>::{closure#0}
[INFO] [stdout]                                at /opt/rustwide/cargo-home/registry/src/index.crates.io-1949cf8c6b5b557f/tokio-1.52.1/src/runtime/scheduler/current_thread/mod.rs:777:44
[INFO] [stdout]   30:     0x648949f51724 - <tokio[12db2a0f61c9c242]::runtime::scheduler::current_thread::CoreGuard>::enter::<<tokio[12db2a0f61c9c242]::runtime::scheduler::current_thread::CoreGuard>::block_on<core[6883ba1bc0fe4ed1]::pin::Pin<&mut core[6883ba1bc0fe4ed1]::pin::Pin<&mut dyn core[6883ba1bc0fe4ed1]::future::future::Future<Output = ()>>>>::{closure#0}, core[6883ba1bc0fe4ed1]::option::Option<()>>::{closure#0}
[INFO] [stdout]                                at /opt/rustwide/cargo-home/registry/src/index.crates.io-1949cf8c6b5b557f/tokio-1.52.1/src/runtime/scheduler/current_thread/mod.rs:865:68
[INFO] [stdout]   31:     0x648949f97e9b - <tokio[12db2a0f61c9c242]::runtime::context::scoped::Scoped<tokio[12db2a0f61c9c242]::runtime::scheduler::Context>>::set::<<tokio[12db2a0f61c9c242]::runtime::scheduler::current_thread::CoreGuard>::enter<<tokio[12db2a0f61c9c242]::runtime::scheduler::current_thread::CoreGuard>::block_on<core[6883ba1bc0fe4ed1]::pin::Pin<&mut core[6883ba1bc0fe4ed1]::pin::Pin<&mut dyn core[6883ba1bc0fe4ed1]::future::future::Future<Output = ()>>>>::{closure#0}, core[6883ba1bc0fe4ed1]::option::Option<()>>::{closure#0}, (alloc[55a36b64bcbf2c0d]::boxed::Box<tokio[12db2a0f61c9c242]::runtime::scheduler::current_thread::Core>, core[6883ba1bc0fe4ed1]::option::Option<()>)>
[INFO] [stdout]                                at /opt/rustwide/cargo-home/registry/src/index.crates.io-1949cf8c6b5b557f/tokio-1.52.1/src/runtime/context/scoped.rs:40:9
[INFO] [stdout]   32:     0x648949f57f79 - tokio[12db2a0f61c9c242]::runtime::context::set_scheduler::<(alloc[55a36b64bcbf2c0d]::boxed::Box<tokio[12db2a0f61c9c242]::runtime::scheduler::current_thread::Core>, core[6883ba1bc0fe4ed1]::option::Option<()>), <tokio[12db2a0f61c9c242]::runtime::scheduler::current_thread::CoreGuard>::enter<<tokio[12db2a0f61c9c242]::runtime::scheduler::current_thread::CoreGuard>::block_on<core[6883ba1bc0fe4ed1]::pin::Pin<&mut core[6883ba1bc0fe4ed1]::pin::Pin<&mut dyn core[6883ba1bc0fe4ed1]::future::future::Future<Output = ()>>>>::{closure#0}, core[6883ba1bc0fe4ed1]::option::Option<()>>::{closure#0}>::{closure#0}
[INFO] [stdout]                                at /opt/rustwide/cargo-home/registry/src/index.crates.io-1949cf8c6b5b557f/tokio-1.52.1/src/runtime/context.rs:181:38
[INFO] [stdout]   33:     0x648949fb68c2 - <std[73adb7dc35730857]::thread::local::LocalKey<tokio[12db2a0f61c9c242]::runtime::context::Context>>::try_with::<tokio[12db2a0f61c9c242]::runtime::context::set_scheduler<(alloc[55a36b64bcbf2c0d]::boxed::Box<tokio[12db2a0f61c9c242]::runtime::scheduler::current_thread::Core>, core[6883ba1bc0fe4ed1]::option::Option<()>), <tokio[12db2a0f61c9c242]::runtime::scheduler::current_thread::CoreGuard>::enter<<tokio[12db2a0f61c9c242]::runtime::scheduler::current_thread::CoreGuard>::block_on<core[6883ba1bc0fe4ed1]::pin::Pin<&mut core[6883ba1bc0fe4ed1]::pin::Pin<&mut dyn core[6883ba1bc0fe4ed1]::future::future::Future<Output = ()>>>>::{closure#0}, core[6883ba1bc0fe4ed1]::option::Option<()>>::{closure#0}>::{closure#0}, (alloc[55a36b64bcbf2c0d]::boxed::Box<tokio[12db2a0f61c9c242]::runtime::scheduler::current_thread::Core>, core[6883ba1bc0fe4ed1]::option::Option<()>)>
[INFO] [stdout]                                at /rustc/6b3fa26749ab40e159b2dd5cf577acaaf5902772/library/std/src/thread/local.rs:463:12
[INFO] [stdout]   34:     0x648949fb644e - <std[73adb7dc35730857]::thread::local::LocalKey<tokio[12db2a0f61c9c242]::runtime::context::Context>>::with::<tokio[12db2a0f61c9c242]::runtime::context::set_scheduler<(alloc[55a36b64bcbf2c0d]::boxed::Box<tokio[12db2a0f61c9c242]::runtime::scheduler::current_thread::Core>, core[6883ba1bc0fe4ed1]::option::Option<()>), <tokio[12db2a0f61c9c242]::runtime::scheduler::current_thread::CoreGuard>::enter<<tokio[12db2a0f61c9c242]::runtime::scheduler::current_thread::CoreGuard>::block_on<core[6883ba1bc0fe4ed1]::pin::Pin<&mut core[6883ba1bc0fe4ed1]::pin::Pin<&mut dyn core[6883ba1bc0fe4ed1]::future::future::Future<Output = ()>>>>::{closure#0}, core[6883ba1bc0fe4ed1]::option::Option<()>>::{closure#0}>::{closure#0}, (alloc[55a36b64bcbf2c0d]::boxed::Box<tokio[12db2a0f61c9c242]::runtime::scheduler::current_thread::Core>, core[6883ba1bc0fe4ed1]::option::Option<()>)>
[INFO] [stdout]                                at /rustc/6b3fa26749ab40e159b2dd5cf577acaaf5902772/library/std/src/thread/local.rs:427:20
[INFO] [stdout]   35:     0x648949f57ded - tokio[12db2a0f61c9c242]::runtime::context::set_scheduler::<(alloc[55a36b64bcbf2c0d]::boxed::Box<tokio[12db2a0f61c9c242]::runtime::scheduler::current_thread::Core>, core[6883ba1bc0fe4ed1]::option::Option<()>), <tokio[12db2a0f61c9c242]::runtime::scheduler::current_thread::CoreGuard>::enter<<tokio[12db2a0f61c9c242]::runtime::scheduler::current_thread::CoreGuard>::block_on<core[6883ba1bc0fe4ed1]::pin::Pin<&mut core[6883ba1bc0fe4ed1]::pin::Pin<&mut dyn core[6883ba1bc0fe4ed1]::future::future::Future<Output = ()>>>>::{closure#0}, core[6883ba1bc0fe4ed1]::option::Option<()>>::{closure#0}>
[INFO] [stdout]                                at /opt/rustwide/cargo-home/registry/src/index.crates.io-1949cf8c6b5b557f/tokio-1.52.1/src/runtime/context.rs:181:17
[INFO] [stdout]   36:     0x648949f4ef60 - <tokio[12db2a0f61c9c242]::runtime::scheduler::current_thread::CoreGuard>::enter::<<tokio[12db2a0f61c9c242]::runtime::scheduler::current_thread::CoreGuard>::block_on<core[6883ba1bc0fe4ed1]::pin::Pin<&mut core[6883ba1bc0fe4ed1]::pin::Pin<&mut dyn core[6883ba1bc0fe4ed1]::future::future::Future<Output = ()>>>>::{closure#0}, core[6883ba1bc0fe4ed1]::option::Option<()>>
[INFO] [stdout]                                at /opt/rustwide/cargo-home/registry/src/index.crates.io-1949cf8c6b5b557f/tokio-1.52.1/src/runtime/scheduler/current_thread/mod.rs:865:27
[INFO] [stdout]   37:     0x648949f4f256 - <tokio[12db2a0f61c9c242]::runtime::scheduler::current_thread::CoreGuard>::block_on::<core[6883ba1bc0fe4ed1]::pin::Pin<&mut core[6883ba1bc0fe4ed1]::pin::Pin<&mut dyn core[6883ba1bc0fe4ed1]::future::future::Future<Output = ()>>>>
[INFO] [stdout]                                at /opt/rustwide/cargo-home/registry/src/index.crates.io-1949cf8c6b5b557f/tokio-1.52.1/src/runtime/scheduler/current_thread/mod.rs:765:24
[INFO] [stdout]   38:     0x648949f51230 - <tokio[12db2a0f61c9c242]::runtime::scheduler::current_thread::CurrentThread>::block_on::<core[6883ba1bc0fe4ed1]::pin::Pin<&mut dyn core[6883ba1bc0fe4ed1]::future::future::Future<Output = ()>>>::{closure#0}
[INFO] [stdout]                                at /opt/rustwide/cargo-home/registry/src/index.crates.io-1949cf8c6b5b557f/tokio-1.52.1/src/runtime/scheduler/current_thread/mod.rs:205:33
[INFO] [stdout]   39:     0x648949fba6b3 - tokio[12db2a0f61c9c242]::runtime::context::runtime::enter_runtime::<<tokio[12db2a0f61c9c242]::runtime::scheduler::current_thread::CurrentThread>::block_on<core[6883ba1bc0fe4ed1]::pin::Pin<&mut dyn core[6883ba1bc0fe4ed1]::future::future::Future<Output = ()>>>::{closure#0}, ()>
[INFO] [stdout]                                at /opt/rustwide/cargo-home/registry/src/index.crates.io-1949cf8c6b5b557f/tokio-1.52.1/src/runtime/context/runtime.rs:65:16
[INFO] [stdout]   40:     0x648949f47b21 - <tokio[12db2a0f61c9c242]::runtime::scheduler::current_thread::CurrentThread>::block_on::<core[6883ba1bc0fe4ed1]::pin::Pin<&mut dyn core[6883ba1bc0fe4ed1]::future::future::Future<Output = ()>>>
[INFO] [stdout]                                at /opt/rustwide/cargo-home/registry/src/index.crates.io-1949cf8c6b5b557f/tokio-1.52.1/src/runtime/scheduler/current_thread/mod.rs:193:9
[INFO] [stdout]   41:     0x648949f47774 - <tokio[12db2a0f61c9c242]::runtime::runtime::Runtime>::block_on_inner::<core[6883ba1bc0fe4ed1]::pin::Pin<&mut dyn core[6883ba1bc0fe4ed1]::future::future::Future<Output = ()>>>
[INFO] [stdout]                                at /opt/rustwide/cargo-home/registry/src/index.crates.io-1949cf8c6b5b557f/tokio-1.52.1/src/runtime/runtime.rs:371:52
[INFO] [stdout]   42:     0x648949f4793f - <tokio[12db2a0f61c9c242]::runtime::runtime::Runtime>::block_on::<core[6883ba1bc0fe4ed1]::pin::Pin<&mut dyn core[6883ba1bc0fe4ed1]::future::future::Future<Output = ()>>>
[INFO] [stdout]                                at /opt/rustwide/cargo-home/registry/src/index.crates.io-1949cf8c6b5b557f/tokio-1.52.1/src/runtime/runtime.rs:345:18
[INFO] [stdout]   43:     0x648949fc0f21 - egui_mobius[e022e3f4305cc2b6]::slot::tests::test_async_slot_handler_panics
[INFO] [stdout]                                at /opt/rustwide/workdir/src/slot.rs:225:27
[INFO] [stdout]   44:     0x648949fbc837 - egui_mobius[e022e3f4305cc2b6]::slot::tests::test_async_slot_handler_panics::{closure#0}
[INFO] [stdout]                                at /opt/rustwide/workdir/src/slot.rs:203:46
[INFO] [stdout]   45:     0x648949f472c6 - <egui_mobius[e022e3f4305cc2b6]::slot::tests::test_async_slot_handler_panics::{closure#0} as core[6883ba1bc0fe4ed1]::ops::function::FnOnce<()>>::call_once
[INFO] [stdout]                                at /rustc/6b3fa26749ab40e159b2dd5cf577acaaf5902772/library/core/src/ops/function.rs:250:5
[INFO] [stdout]   46:     0x648949fcd4eb - <fn() -> core[6883ba1bc0fe4ed1]::result::Result<(), alloc[55a36b64bcbf2c0d]::string::String> as core[6883ba1bc0fe4ed1]::ops::function::FnOnce<()>>::call_once
[INFO] [stdout]                                at /rustc/6b3fa26749ab40e159b2dd5cf577acaaf5902772/library/core/src/ops/function.rs:250:5
[INFO] [stdout]   47:     0x648949fcd4eb - test[980ffaebd391d06d]::__rust_begin_short_backtrace::<core[6883ba1bc0fe4ed1]::result::Result<(), alloc[55a36b64bcbf2c0d]::string::String>, fn() -> core[6883ba1bc0fe4ed1]::result::Result<(), alloc[55a36b64bcbf2c0d]::string::String>>
[INFO] [stdout]                                at /rustc/6b3fa26749ab40e159b2dd5cf577acaaf5902772/library/test/src/lib.rs:724:18
[INFO] [stdout]   48:     0x648949fdab35 - test[980ffaebd391d06d]::run_test_in_process::{closure#0}
[INFO] [stdout]                                at /rustc/6b3fa26749ab40e159b2dd5cf577acaaf5902772/library/test/src/lib.rs:747:74
[INFO] [stdout]   49:     0x648949fdab35 - <core[6883ba1bc0fe4ed1]::panic::unwind_safe::AssertUnwindSafe<test[980ffaebd391d06d]::run_test_in_process::{closure#0}> as core[6883ba1bc0fe4ed1]::ops::function::FnOnce<()>>::call_once
[INFO] [stdout]                                at /rustc/6b3fa26749ab40e159b2dd5cf577acaaf5902772/library/core/src/panic/unwind_safe.rs:275:9
[INFO] [stdout]   50:     0x648949fdab35 - std[73adb7dc35730857]::panicking::catch_unwind::do_call::<core[6883ba1bc0fe4ed1]::panic::unwind_safe::AssertUnwindSafe<test[980ffaebd391d06d]::run_test_in_process::{closure#0}>, core[6883ba1bc0fe4ed1]::result::Result<(), alloc[55a36b64bcbf2c0d]::string::String>>
[INFO] [stdout]                                at /rustc/6b3fa26749ab40e159b2dd5cf577acaaf5902772/library/std/src/panicking.rs:576:43
[INFO] [stdout]   51:     0x648949fdab35 - std[73adb7dc35730857]::panicking::catch_unwind::<core[6883ba1bc0fe4ed1]::result::Result<(), alloc[55a36b64bcbf2c0d]::string::String>, core[6883ba1bc0fe4ed1]::panic::unwind_safe::AssertUnwindSafe<test[980ffaebd391d06d]::run_test_in_process::{closure#0}>>
[INFO] [stdout]                                at /rustc/6b3fa26749ab40e159b2dd5cf577acaaf5902772/library/std/src/panicking.rs:544:19
[INFO] [stdout]   52:     0x648949fdab35 - std[73adb7dc35730857]::panic::catch_unwind::<core[6883ba1bc0fe4ed1]::panic::unwind_safe::AssertUnwindSafe<test[980ffaebd391d06d]::run_test_in_process::{closure#0}>, core[6883ba1bc0fe4ed1]::result::Result<(), alloc[55a36b64bcbf2c0d]::string::String>>
[INFO] [stdout]                                at /rustc/6b3fa26749ab40e159b2dd5cf577acaaf5902772/library/std/src/panic.rs:359:14
[INFO] [stdout]   53:     0x648949fdab35 - test[980ffaebd391d06d]::run_test_in_process
[INFO] [stdout]                                at /rustc/6b3fa26749ab40e159b2dd5cf577acaaf5902772/library/test/src/lib.rs:747:27
[INFO] [stdout]   54:     0x648949fdab35 - test[980ffaebd391d06d]::run_test::{closure#0}
[INFO] [stdout]                                at /rustc/6b3fa26749ab40e159b2dd5cf577acaaf5902772/library/test/src/lib.rs:668:43
[INFO] [stdout]   55:     0x648949fd55e4 - test[980ffaebd391d06d]::run_test::{closure#1}
[INFO] [stdout]                                at /rustc/6b3fa26749ab40e159b2dd5cf577acaaf5902772/library/test/src/lib.rs:698:41
[INFO] [stdout]   56:     0x648949fd55e4 - std[73adb7dc35730857]::sys::backtrace::__rust_begin_short_backtrace::<test[980ffaebd391d06d]::run_test::{closure#1}, ()>
[INFO] [stdout]                                at /rustc/6b3fa26749ab40e159b2dd5cf577acaaf5902772/library/std/src/sys/backtrace.rs:166:18
[INFO] [stdout]   57:     0x648949fddc82 - std[73adb7dc35730857]::thread::lifecycle::spawn_unchecked::<test[980ffaebd391d06d]::run_test::{closure#1}, ()>::{closure#1}::{closure#0}
[INFO] [stdout]                                at /rustc/6b3fa26749ab40e159b2dd5cf577acaaf5902772/library/std/src/thread/lifecycle.rs:70:13
[INFO] [stdout]   58:     0x648949fddc82 - <core[6883ba1bc0fe4ed1]::panic::unwind_safe::AssertUnwindSafe<std[73adb7dc35730857]::thread::lifecycle::spawn_unchecked<test[980ffaebd391d06d]::run_test::{closure#1}, ()>::{closure#1}::{closure#0}> as core[6883ba1bc0fe4ed1]::ops::function::FnOnce<()>>::call_once
[INFO] [stdout]                                at /rustc/6b3fa26749ab40e159b2dd5cf577acaaf5902772/library/core/src/panic/unwind_safe.rs:275:9
[INFO] [stdout]   59:     0x648949fddc82 - std[73adb7dc35730857]::panicking::catch_unwind::do_call::<core[6883ba1bc0fe4ed1]::panic::unwind_safe::AssertUnwindSafe<std[73adb7dc35730857]::thread::lifecycle::spawn_unchecked<test[980ffaebd391d06d]::run_test::{closure#1}, ()>::{closure#1}::{closure#0}>, ()>
[INFO] [stdout]                                at /rustc/6b3fa26749ab40e159b2dd5cf577acaaf5902772/library/std/src/panicking.rs:576:43
[INFO] [stdout]   60:     0x648949fddc82 - std[73adb7dc35730857]::panicking::catch_unwind::<(), core[6883ba1bc0fe4ed1]::panic::unwind_safe::AssertUnwindSafe<std[73adb7dc35730857]::thread::lifecycle::spawn_unchecked<test[980ffaebd391d06d]::run_test::{closure#1}, ()>::{closure#1}::{closure#0}>>
[INFO] [stdout]                                at /rustc/6b3fa26749ab40e159b2dd5cf577acaaf5902772/library/std/src/panicking.rs:544:19
[INFO] [stdout]   61:     0x648949fddc82 - std[73adb7dc35730857]::panic::catch_unwind::<core[6883ba1bc0fe4ed1]::panic::unwind_safe::AssertUnwindSafe<std[73adb7dc35730857]::thread::lifecycle::spawn_unchecked<test[980ffaebd391d06d]::run_test::{closure#1}, ()>::{closure#1}::{closure#0}>, ()>
[INFO] [stdout]                                at /rustc/6b3fa26749ab40e159b2dd5cf577acaaf5902772/library/std/src/panic.rs:359:14
[INFO] [stdout]   62:     0x648949fddc82 - std[73adb7dc35730857]::thread::lifecycle::spawn_unchecked::<test[980ffaebd391d06d]::run_test::{closure#1}, ()>::{closure#1}
[INFO] [stdout]                                at /rustc/6b3fa26749ab40e159b2dd5cf577acaaf5902772/library/std/src/thread/lifecycle.rs:68:26
[INFO] [stdout]   63:     0x648949fddc82 - <std[73adb7dc35730857]::thread::lifecycle::spawn_unchecked<test[980ffaebd391d06d]::run_test::{closure#1}, ()>::{closure#1} as core[6883ba1bc0fe4ed1]::ops::function::FnOnce<()>>::call_once::{shim:vtable#0}
[INFO] [stdout]                                at /rustc/6b3fa26749ab40e159b2dd5cf577acaaf5902772/library/core/src/ops/function.rs:250:5
[INFO] [stdout]   64:     0x64894a0d8acf - <alloc[55a36b64bcbf2c0d]::boxed::Box<dyn core[6883ba1bc0fe4ed1]::ops::function::FnOnce<(), Output = ()> + core[6883ba1bc0fe4ed1]::marker::Send> as core[6883ba1bc0fe4ed1]::ops::function::FnOnce<()>>::call_once
[INFO] [stdout]                                at /rustc/6b3fa26749ab40e159b2dd5cf577acaaf5902772/library/alloc/src/boxed.rs:2319:9
[INFO] [stdout]   65:     0x64894a0d8acf - <std[73adb7dc35730857]::sys::thread::unix::Thread>::new::thread_start
[INFO] [stdout]                                at /rustc/6b3fa26749ab40e159b2dd5cf577acaaf5902772/library/std/src/sys/thread/unix.rs:123:17
[INFO] [stdout]   66:     0x7c0aa36a1aa4 - <unknown>
[INFO] [stdout]   67:     0x7c0aa372ea64 - clone
[INFO] [stdout]   68:                0x0 - <unknown>
[INFO] [stdout] 
[INFO] [stdout] 
[INFO] [stdout] failures:
[INFO] [stdout]     slot::tests::test_async_slot_handler_panics
[INFO] [stdout] 
[INFO] [stdout] test result: FAILED. 13 passed; 1 failed; 0 ignored; 0 measured; 0 filtered out; finished in 0.11s
[INFO] [stdout] 
[INFO] running `Command { std: "docker" "inspect" "71180b0504bf85a05476db5c3a370dbbe2099da2fdaf034755e48b0c9ad19687", kill_on_drop: false }`
[INFO] running `Command { std: "docker" "rm" "-f" "71180b0504bf85a05476db5c3a370dbbe2099da2fdaf034755e48b0c9ad19687", kill_on_drop: false }`
[INFO] [stdout] 71180b0504bf85a05476db5c3a370dbbe2099da2fdaf034755e48b0c9ad19687
