[INFO] fetching crate bridge-cli 1.0.4...
[INFO] testing bridge-cli-1.0.4 against 1.98.0-beta.1 for beta-1.98-2
[INFO] extracting crate bridge-cli 1.0.4 into /workspace/builds/worker-4-tc2/source
[INFO] started tweaking crates.io crate bridge-cli 1.0.4
[INFO] removed 0 missing tests
[INFO] finished tweaking crates.io crate bridge-cli 1.0.4
[INFO] tweaked toml for crates.io crate bridge-cli 1.0.4 written to /workspace/builds/worker-4-tc2/source/Cargo.toml
[INFO] validating manifest of crates.io crate bridge-cli 1.0.4 on toolchain 1.98.0-beta.1
[INFO] running `Command { std: CARGO_HOME="/workspace/cargo-home" RUSTUP_HOME="/workspace/rustup-home" "/workspace/cargo-home/bin/cargo" "+1.98.0-beta.1" "metadata" "--manifest-path" "Cargo.toml" "--no-deps", kill_on_drop: false }`
[INFO] crate crates.io crate bridge-cli 1.0.4 already has a lockfile, it will not be regenerated
[INFO] running `Command { std: CARGO_HOME="/workspace/cargo-home" RUSTUP_HOME="/workspace/rustup-home" "/workspace/cargo-home/bin/cargo" "+1.98.0-beta.1" "fetch" "--manifest-path" "Cargo.toml", kill_on_drop: false }`
[INFO] running `Command { std: "docker" "create" "-v" "/var/lib/crater-agent-workspace/builds/worker-4-tc2/source:/opt/rustwide/workdir:ro,Z" "-v" "/var/lib/crater-agent-workspace/builds/worker-4-tc2/target:/opt/rustwide/target:rw,Z" "-v" "/var/lib/crater-agent-workspace/cargo-home:/opt/rustwide/cargo-home:ro,Z" "-v" "/var/lib/crater-agent-workspace/rustup-home:/opt/rustwide/rustup-home:ro,Z" "-m" "1610612736" "--network" "none" "ghcr.io/rust-lang/crates-build-env/linux@sha256:3d5ced03c013a94a2f102a4510f48a6e9184255caf5fd8244f58017bde7f5210" "sleep" "infinity", kill_on_drop: false }`
[INFO] [stdout] d1f900c17172fca750a0a8ea9d39931c39bdb81e5819fd52ef5d0979eaf92266
[INFO] running `Command { std: "docker" "start" "d1f900c17172fca750a0a8ea9d39931c39bdb81e5819fd52ef5d0979eaf92266", kill_on_drop: false }`
[INFO] running `Command { std: "docker" "inspect" "d1f900c17172fca750a0a8ea9d39931c39bdb81e5819fd52ef5d0979eaf92266", kill_on_drop: false }`
[INFO] running `Command { std: "docker" "exec" "-e" "SOURCE_DIR=/opt/rustwide/workdir" "-e" "CARGO_HOME=/opt/rustwide/cargo-home" "-e" "RUSTUP_HOME=/opt/rustwide/rustup-home" "-e" "CARGO_TARGET_DIR=/opt/rustwide/target" "-w" "/opt/rustwide/workdir" "--user" "0:0" "d1f900c17172fca750a0a8ea9d39931c39bdb81e5819fd52ef5d0979eaf92266" "/opt/rustwide/cargo-home/bin/cargo" "+1.98.0-beta.1" "metadata" "--no-deps" "--format-version=1", kill_on_drop: false }`
[INFO] running `Command { std: "docker" "inspect" "d1f900c17172fca750a0a8ea9d39931c39bdb81e5819fd52ef5d0979eaf92266", kill_on_drop: false }`
[INFO] running `Command { std: "docker" "exec" "-e" "SOURCE_DIR=/opt/rustwide/workdir" "-e" "CARGO_HOME=/opt/rustwide/cargo-home" "-e" "RUSTUP_HOME=/opt/rustwide/rustup-home" "-e" "CARGO_TARGET_DIR=/opt/rustwide/target" "-e" "CARGO_INCREMENTAL=0" "-e" "RUST_BACKTRACE=full" "-e" "RUSTFLAGS=--cap-lints=warn" "-e" "RUSTDOCFLAGS=--cap-lints=warn" "-w" "/opt/rustwide/workdir" "--user" "0:0" "d1f900c17172fca750a0a8ea9d39931c39bdb81e5819fd52ef5d0979eaf92266" "/opt/rustwide/cargo-home/bin/cargo" "+1.98.0-beta.1" "build" "--frozen" "--message-format=json", kill_on_drop: false }`
[INFO] [stderr]    Compiling proc-macro2 v1.0.106
[INFO] [stderr]    Compiling quote v1.0.45
[INFO] [stderr]    Compiling unicode-ident v1.0.24
[INFO] [stderr]    Compiling serde_core v1.0.228
[INFO] [stderr]    Compiling libc v0.2.183
[INFO] [stderr]    Compiling serde v1.0.228
[INFO] [stderr]    Compiling cfg-if v1.0.4
[INFO] [stderr]    Compiling scopeguard v1.2.0
[INFO] [stderr]    Compiling pin-project-lite v0.2.17
[INFO] [stderr]    Compiling stable_deref_trait v1.2.1
[INFO] [stderr]    Compiling futures-core v0.3.32
[INFO] [stderr]    Compiling lock_api v0.4.14
[INFO] [stderr]    Compiling find-msvc-tools v0.1.9
[INFO] [stderr]    Compiling parking_lot_core v0.9.12
[INFO] [stderr]    Compiling shlex v1.3.0
[INFO] [stderr]    Compiling itoa v1.0.18
[INFO] [stderr]    Compiling cc v1.2.58
[INFO] [stderr]    Compiling memchr v2.8.0
[INFO] [stderr]    Compiling bytes v1.11.1
[INFO] [stderr]    Compiling version_check v0.9.5
[INFO] [stderr]    Compiling futures-sink v0.3.32
[INFO] [stderr]    Compiling typenum v1.19.0
[INFO] [stderr]    Compiling generic-array v0.14.7
[INFO] [stderr]    Compiling syn v2.0.117
[INFO] [stderr]    Compiling subtle v2.6.1
[INFO] [stderr]    Compiling writeable v0.6.2
[INFO] [stderr]    Compiling zeroize v1.8.2
[INFO] [stderr]    Compiling litemap v0.8.1
[INFO] [stderr]    Compiling once_cell v1.21.4
[INFO] [stderr]    Compiling errno v0.3.14
[INFO] [stderr]    Compiling getrandom v0.2.17
[INFO] [stderr]    Compiling mio v1.2.0
[INFO] [stderr]    Compiling socket2 v0.6.3
[INFO] [stderr]    Compiling signal-hook-registry v1.4.8
[INFO] [stderr]    Compiling rustls-pki-types v1.14.0
[INFO] [stderr]    Compiling slab v0.4.12
[INFO] [stderr]    Compiling futures-io v0.3.32
[INFO] [stderr]    Compiling icu_normalizer_data v2.1.1
[INFO] [stderr]    Compiling futures-task v0.3.32
[INFO] [stderr]    Compiling icu_properties_data v2.1.2
[INFO] [stderr]    Compiling ring v0.17.14
[INFO] [stderr]    Compiling untrusted v0.9.0
[INFO] [stderr]    Compiling futures-util v0.3.32
[INFO] [stderr]    Compiling percent-encoding v2.3.2
[INFO] [stderr]    Compiling rustls v0.23.37
[INFO] [stderr]    Compiling zmij v1.0.21
[INFO] [stderr]    Compiling crossbeam-utils v0.8.21
[INFO] [stderr]    Compiling equivalent v1.0.2
[INFO] [stderr]    Compiling tracing-core v0.1.36
[INFO] [stderr]    Compiling log v0.4.29
[INFO] [stderr]    Compiling autocfg v1.5.0
[INFO] [stderr]    Compiling crypto-common v0.1.7
[INFO] [stderr]    Compiling block-buffer v0.10.4
[INFO] [stderr]    Compiling serde_json v1.0.149
[INFO] [stderr]    Compiling digest v0.10.7
[INFO] [stderr]    Compiling num-traits v0.2.19
[INFO] [stderr]    Compiling form_urlencoded v1.2.2
[INFO] [stderr]    Compiling webpki-roots v1.0.6
[INFO] [stderr]    Compiling http v1.4.0
[INFO] [stderr]    Compiling futures-channel v0.3.32
[INFO] [stderr]    Compiling base64 v0.22.1
[INFO] [stderr]    Compiling hashbrown v0.16.1
[INFO] [stderr]    Compiling utf8_iter v1.0.4
[INFO] [stderr]    Compiling zerocopy v0.8.48
[INFO] [stderr]    Compiling http-body v1.0.1
[INFO] [stderr]    Compiling httparse v1.10.1
[INFO] [stderr]    Compiling thiserror v2.0.18
[INFO] [stderr]    Compiling indexmap v2.13.0
[INFO] [stderr]    Compiling allocator-api2 v0.2.21
[INFO] [stderr]    Compiling foldhash v0.1.5
[INFO] [stderr]    Compiling hashbrown v0.15.5
[INFO] [stderr]    Compiling concurrent-queue v2.5.0
[INFO] [stderr]    Compiling pkg-config v0.3.33
[INFO] [stderr]    Compiling tower-service v0.3.3
[INFO] [stderr]    Compiling ryu v1.0.23
[INFO] [stderr]    Compiling cpufeatures v0.2.17
[INFO] [stderr]    Compiling parking v2.2.1
[INFO] [stderr]    Compiling crc-catalog v2.4.0
[INFO] [stderr]    Compiling tinyvec_macros v0.1.1
[INFO] [stderr]    Compiling try-lock v0.2.5
[INFO] [stderr]    Compiling vcpkg v0.2.15
[INFO] [stderr]    Compiling utf8parse v0.2.2
[INFO] [stderr]    Compiling want v0.3.1
[INFO] [stderr]    Compiling hashlink v0.10.0
[INFO] [stderr]    Compiling anstyle-parse v1.0.0
[INFO] [stderr]    Compiling tinyvec v1.11.0
[INFO] [stderr]    Compiling crc v3.4.0
[INFO] [stderr]    Compiling event-listener v5.4.1
[INFO] [stderr]    Compiling sha2 v0.10.9
[INFO] [stderr]    Compiling crossbeam-queue v0.3.12
[INFO] [stderr]    Compiling libsqlite3-sys v0.30.1
[INFO] [stderr]    Compiling webpki-roots v0.26.11
[INFO] [stderr]    Compiling rand_core v0.6.4
[INFO] [stderr]    Compiling anstyle-query v1.1.5
[INFO] [stderr]    Compiling anstyle v1.0.14
[INFO] [stderr]    Compiling bitflags v2.11.0
[INFO] [stderr]    Compiling pin-utils v0.1.0
[INFO] [stderr]    Compiling atomic-waker v1.1.2
[INFO] [stderr]    Compiling is_terminal_polyfill v1.70.2
[INFO] [stderr]    Compiling colorchoice v1.0.5
[INFO] [stderr]    Compiling unicode-normalization v0.1.25
[INFO] [stderr]    Compiling anstream v1.0.0
[INFO] [stderr]    Compiling atoi v2.0.0
[INFO] [stderr]    Compiling synstructure v0.13.2
[INFO] [stderr]    Compiling hmac v0.12.1
[INFO] [stderr]    Compiling spin v0.9.8
[INFO] [stderr]    Compiling sync_wrapper v1.0.2
[INFO] [stderr]    Compiling strsim v0.11.1
[INFO] [stderr]    Compiling tower-layer v0.3.3
[INFO] [stderr]    Compiling ipnet v2.12.0
[INFO] [stderr]    Compiling rustls-webpki v0.103.12
[INFO] [stderr]    Compiling unicode-bidi v0.3.18
[INFO] [stderr]    Compiling unicode-properties v0.1.4
[INFO] [stderr]    Compiling clap_lex v1.1.0
[INFO] [stderr]    Compiling heck v0.5.0
[INFO] [stderr]    Compiling clap_builder v4.6.0
[INFO] [stderr]    Compiling stringprep v0.1.5
[INFO] [stderr]    Compiling flume v0.11.1
[INFO] [stderr]    Compiling hkdf v0.12.4
[INFO] [stderr]    Compiling futures-executor v0.3.32
[INFO] [stderr]    Compiling md-5 v0.10.6
[INFO] [stderr]    Compiling aho-corasick v1.1.4
[INFO] [stderr]    Compiling serde_derive v1.0.228
[INFO] [stderr]    Compiling zerofrom-derive v0.1.6
[INFO] [stderr]    Compiling yoke-derive v0.8.1
[INFO] [stderr]    Compiling zerovec-derive v0.11.2
[INFO] [stderr]    Compiling displaydoc v0.2.5
[INFO] [stderr]    Compiling zerofrom v0.1.6
[INFO] [stderr]    Compiling yoke v0.8.1
[INFO] [stderr]    Compiling tokio-macros v2.6.1
[INFO] [stderr]    Compiling zerotrie v0.2.3
[INFO] [stderr]    Compiling zerovec v0.11.5
[INFO] [stderr]    Compiling tracing-attributes v0.1.31
[INFO] [stderr]    Compiling thiserror-impl v2.0.18
[INFO] [stderr]    Compiling tinystr v0.8.2
[INFO] [stderr]    Compiling icu_locale_core v2.1.1
[INFO] [stderr]    Compiling potential_utf v0.1.4
[INFO] [stderr]    Compiling tracing v0.1.44
[INFO] [stderr]    Compiling icu_collections v2.1.1
[INFO] [stderr]    Compiling ppv-lite86 v0.2.21
[INFO] [stderr]    Compiling icu_provider v2.1.1
[INFO] [stderr]    Compiling clap_derive v4.6.0
[INFO] [stderr]    Compiling rand_chacha v0.3.1
[INFO] [stderr]    Compiling byteorder v1.5.0
[INFO] [stderr]    Compiling icu_properties v2.1.2
[INFO] [stderr]    Compiling rand v0.8.5
[INFO] [stderr]    Compiling hex v0.4.3
[INFO] [stderr]    Compiling iri-string v0.7.12
[INFO] [stderr]    Compiling smallvec v1.15.1
[INFO] [stderr]    Compiling either v1.15.0
[INFO] [stderr]    Compiling icu_normalizer v2.1.1
[INFO] [stderr]    Compiling parking_lot v0.12.5
[INFO] [stderr]    Compiling serde_urlencoded v0.7.1
[INFO] [stderr]    Compiling idna_adapter v1.2.1
[INFO] [stderr]    Compiling tokio v1.50.0
[INFO] [stderr]    Compiling idna v1.1.0
[INFO] [stderr]    Compiling futures-intrusive v0.5.0
[INFO] [stderr]    Compiling regex-syntax v0.8.10
[INFO] [stderr]    Compiling home v0.5.12
[INFO] [stderr]    Compiling whoami v1.6.1
[INFO] [stderr]    Compiling url v2.5.8
[INFO] [stderr]    Compiling dotenvy v0.15.7
[INFO] [stderr]    Compiling clap v4.6.0
[INFO] [stderr]    Compiling http-body-util v0.1.3
[INFO] [stderr]    Compiling iana-time-zone v0.1.65
[INFO] [stderr]    Compiling unsafe-libyaml v0.2.11
[INFO] [stderr]    Compiling clap_complete v4.6.0
[INFO] [stderr]    Compiling chrono v0.4.44
[INFO] [stderr]    Compiling openapiv3 v2.2.0
[INFO] [stderr]    Compiling async-trait v0.1.89
[INFO] [stderr]    Compiling regex-automata v0.4.14
[INFO] [stderr]    Compiling serde_yaml v0.9.34+deprecated
[INFO] [stderr]    Compiling regex v1.12.3
[INFO] [stderr]    Compiling tokio-stream v0.1.18
[INFO] [stderr]    Compiling hyper v1.8.1
[INFO] [stderr]    Compiling tower v0.5.3
[INFO] [stderr]    Compiling tokio-rustls v0.26.4
[INFO] [stderr]    Compiling tower-http v0.6.8
[INFO] [stderr]    Compiling sqlx-core v0.8.6
[INFO] [stderr]    Compiling hyper-util v0.1.20
[INFO] [stderr]    Compiling hyper-rustls v0.27.7
[INFO] [stderr]    Compiling reqwest v0.12.28
[INFO] [stderr]    Compiling sqlx-postgres v0.8.6
[INFO] [stderr]    Compiling sqlx-sqlite v0.8.6
[INFO] [stderr]    Compiling sqlx v0.8.6
[INFO] [stderr]    Compiling bridge-cli v1.0.4 (/opt/rustwide/workdir)
[INFO] [stdout] warning: struct `ProviderCapabilities` is never constructed
[INFO] [stdout]   --> src/provider/mod.rs:30:12
[INFO] [stdout]    |
[INFO] [stdout] 30 | pub struct ProviderCapabilities {
[INFO] [stdout]    |            ^^^^^^^^^^^^^^^^^^^^
[INFO] [stdout]    |
[INFO] [stdout]    = note: `#[warn(dead_code)]` (part of `#[warn(unused)]`) on by default
[INFO] [stdout] 
[INFO] [stdout] 
[INFO] [stdout] warning: methods `name`, `capabilities`, `write`, `delete`, and `search` are never used
[INFO] [stdout]   --> src/provider/mod.rs:52:8
[INFO] [stdout]    |
[INFO] [stdout] 51 | pub trait Provider: Send + Sync {
[INFO] [stdout]    |           -------- methods in this trait
[INFO] [stdout] 52 |     fn name(&self) -> &str;
[INFO] [stdout]    |        ^^^^
[INFO] [stdout] 53 |     fn capabilities(&self) -> ProviderCapabilities;
[INFO] [stdout]    |        ^^^^^^^^^^^^
[INFO] [stdout] ...
[INFO] [stdout] 59 |     async fn write(&self, _key: &str, _value: &ContextValue) -> Result<()> {
[INFO] [stdout]    |              ^^^^^
[INFO] [stdout] ...
[INFO] [stdout] 63 |     async fn delete(&self, _key: &str) -> Result<()> {
[INFO] [stdout]    |              ^^^^^^
[INFO] [stdout] ...
[INFO] [stdout] 67 |     async fn search(&self, _query: &str) -> Result<Vec<ContextEntry>> {
[INFO] [stdout]    |              ^^^^^^
[INFO] [stdout] 
[INFO] [stdout] 
[INFO] [stderr]     Finished `dev` profile [unoptimized + debuginfo] target(s) in 2m 20s
[INFO] running `Command { std: "docker" "inspect" "d1f900c17172fca750a0a8ea9d39931c39bdb81e5819fd52ef5d0979eaf92266", kill_on_drop: false }`
[INFO] running `Command { std: "docker" "exec" "-e" "SOURCE_DIR=/opt/rustwide/workdir" "-e" "CARGO_HOME=/opt/rustwide/cargo-home" "-e" "RUSTUP_HOME=/opt/rustwide/rustup-home" "-e" "CARGO_TARGET_DIR=/opt/rustwide/target" "-e" "CARGO_INCREMENTAL=0" "-e" "RUST_BACKTRACE=full" "-e" "RUSTFLAGS=--cap-lints=warn" "-e" "RUSTDOCFLAGS=--cap-lints=warn" "-w" "/opt/rustwide/workdir" "--user" "0:0" "d1f900c17172fca750a0a8ea9d39931c39bdb81e5819fd52ef5d0979eaf92266" "/opt/rustwide/cargo-home/bin/cargo" "+1.98.0-beta.1" "test" "--frozen" "--no-run" "--message-format=json", kill_on_drop: false }`
[INFO] [stderr]    Compiling futures-sink v0.3.32
[INFO] [stderr]    Compiling futures-macro v0.3.32
[INFO] [stderr]    Compiling bitflags v2.11.0
[INFO] [stderr]    Compiling url v2.5.8
[INFO] [stderr]    Compiling httpdate v1.0.3
[INFO] [stderr]    Compiling ident_case v1.0.1
[INFO] [stderr]    Compiling regex-automata v0.4.14
[INFO] [stderr]    Compiling memchr v2.8.0
[INFO] [stderr]    Compiling futures-channel v0.3.32
[INFO] [stderr]    Compiling darling_core v0.23.0
[INFO] [stderr]    Compiling rustix v1.1.4
[INFO] [stderr]    Compiling linux-raw-sys v0.12.1
[INFO] [stderr]    Compiling hyper v1.8.1
[INFO] [stderr]    Compiling structmeta-derive v0.3.0
[INFO] [stderr]    Compiling aho-corasick v1.1.4
[INFO] [stderr]    Compiling futures-util v0.3.32
[INFO] [stderr]    Compiling serde_repr v0.1.20
[INFO] [stderr]    Compiling openssl-probe v0.2.1
[INFO] [stderr]    Compiling rustls-native-certs v0.8.3
[INFO] [stderr]    Compiling structmeta v0.3.0
[INFO] [stderr]    Compiling flume v0.11.1
[INFO] [stderr]    Compiling tokio-util v0.7.18
[INFO] [stderr]    Compiling rustls-pemfile v2.2.0
[INFO] [stderr]    Compiling xattr v1.6.1
[INFO] [stderr]    Compiling regex v1.12.3
[INFO] [stderr]    Compiling filetime v0.2.27
[INFO] [stderr]    Compiling base64 v0.21.7
[INFO] [stderr]    Compiling predicates-core v1.0.10
[INFO] [stderr]    Compiling getrandom v0.4.2
[INFO] [stderr]    Compiling docker_credential v1.3.2
[INFO] [stderr]    Compiling tokio-tar v0.3.1
[INFO] [stderr]    Compiling etcetera v0.8.0
[INFO] [stderr]    Compiling float-cmp v0.10.0
[INFO] [stderr]    Compiling darling_macro v0.23.0
[INFO] [stderr]    Compiling assert_cmd v2.2.0
[INFO] [stderr]    Compiling hyper-util v0.1.20
[INFO] [stderr]    Compiling darling v0.23.0
[INFO] [stderr]    Compiling futures-executor v0.3.32
[INFO] [stderr]    Compiling serde_with_macros v3.18.0
[INFO] [stderr]    Compiling sqlx-core v0.8.6
[INFO] [stderr]    Compiling tower v0.5.3
[INFO] [stderr]    Compiling futures v0.3.32
[INFO] [stderr]    Compiling normalize-line-endings v0.3.0
[INFO] [stderr]    Compiling difflib v0.4.0
[INFO] [stderr]    Compiling termtree v0.5.1
[INFO] [stderr]    Compiling predicates-tree v1.0.13
[INFO] [stderr]    Compiling hyper-rustls v0.27.7
[INFO] [stderr]    Compiling hyperlocal v0.9.1
[INFO] [stderr]    Compiling tower-http v0.6.8
[INFO] [stderr]    Compiling serde_with v3.18.0
[INFO] [stderr]    Compiling parse-display-derive v0.9.1
[INFO] [stderr]    Compiling predicates v3.1.4
[INFO] [stderr]    Compiling reqwest v0.12.28
[INFO] [stderr]    Compiling bstr v1.12.1
[INFO] [stderr]    Compiling wait-timeout v0.2.1
[INFO] [stderr]    Compiling fastrand v2.3.0
[INFO] [stderr]    Compiling tempfile v3.27.0
[INFO] [stderr]    Compiling parse-display v0.9.1
[INFO] [stderr]    Compiling sqlx-sqlite v0.8.6
[INFO] [stderr]    Compiling sqlx-postgres v0.8.6
[INFO] [stderr]    Compiling bollard-stubs v1.47.1-rc.27.3.1
[INFO] [stderr]    Compiling sqlx v0.8.6
[INFO] [stderr]    Compiling bridge-cli v1.0.4 (/opt/rustwide/workdir)
[INFO] [stdout] warning: struct `ProviderCapabilities` is never constructed
[INFO] [stdout]   --> src/provider/mod.rs:30:12
[INFO] [stdout]    |
[INFO] [stdout] 30 | pub struct ProviderCapabilities {
[INFO] [stdout]    |            ^^^^^^^^^^^^^^^^^^^^
[INFO] [stdout]    |
[INFO] [stdout]    = note: `#[warn(dead_code)]` (part of `#[warn(unused)]`) on by default
[INFO] [stdout] 
[INFO] [stdout] 
[INFO] [stdout] warning: methods `name`, `capabilities`, `write`, `delete`, and `search` are never used
[INFO] [stdout]   --> src/provider/mod.rs:52:8
[INFO] [stdout]    |
[INFO] [stdout] 51 | pub trait Provider: Send + Sync {
[INFO] [stdout]    |           -------- methods in this trait
[INFO] [stdout] 52 |     fn name(&self) -> &str;
[INFO] [stdout]    |        ^^^^
[INFO] [stdout] 53 |     fn capabilities(&self) -> ProviderCapabilities;
[INFO] [stdout]    |        ^^^^^^^^^^^^
[INFO] [stdout] ...
[INFO] [stdout] 59 |     async fn write(&self, _key: &str, _value: &ContextValue) -> Result<()> {
[INFO] [stdout]    |              ^^^^^
[INFO] [stdout] ...
[INFO] [stdout] 63 |     async fn delete(&self, _key: &str) -> Result<()> {
[INFO] [stdout]    |              ^^^^^^
[INFO] [stdout] ...
[INFO] [stdout] 67 |     async fn search(&self, _query: &str) -> Result<Vec<ContextEntry>> {
[INFO] [stdout]    |              ^^^^^^
[INFO] [stdout] 
[INFO] [stdout] 
[INFO] [stderr]    Compiling bollard v0.18.1
[INFO] [stderr]    Compiling testcontainers v0.23.3
[INFO] [stderr]    Compiling testcontainers-modules v0.11.6
[INFO] [stdout] warning: struct `ProviderCapabilities` is never constructed
[INFO] [stdout]   --> src/provider/mod.rs:30:12
[INFO] [stdout]    |
[INFO] [stdout] 30 | pub struct ProviderCapabilities {
[INFO] [stdout]    |            ^^^^^^^^^^^^^^^^^^^^
[INFO] [stdout]    |
[INFO] [stdout]    = note: `#[warn(dead_code)]` (part of `#[warn(unused)]`) on by default
[INFO] [stdout] 
[INFO] [stdout] 
[INFO] [stdout] warning: methods `name`, `capabilities`, `write`, `delete`, and `search` are never used
[INFO] [stdout]   --> src/provider/mod.rs:52:8
[INFO] [stdout]    |
[INFO] [stdout] 51 | pub trait Provider: Send + Sync {
[INFO] [stdout]    |           -------- methods in this trait
[INFO] [stdout] 52 |     fn name(&self) -> &str;
[INFO] [stdout]    |        ^^^^
[INFO] [stdout] 53 |     fn capabilities(&self) -> ProviderCapabilities;
[INFO] [stdout]    |        ^^^^^^^^^^^^
[INFO] [stdout] ...
[INFO] [stdout] 59 |     async fn write(&self, _key: &str, _value: &ContextValue) -> Result<()> {
[INFO] [stdout]    |              ^^^^^
[INFO] [stdout] ...
[INFO] [stdout] 63 |     async fn delete(&self, _key: &str) -> Result<()> {
[INFO] [stdout]    |              ^^^^^^
[INFO] [stdout] ...
[INFO] [stdout] 67 |     async fn search(&self, _query: &str) -> Result<Vec<ContextEntry>> {
[INFO] [stdout]    |              ^^^^^^
[INFO] [stdout] 
[INFO] [stdout] 
[INFO] [stderr]     Finished `test` profile [unoptimized + debuginfo] target(s) in 1m 49s
[INFO] running `Command { std: "docker" "inspect" "d1f900c17172fca750a0a8ea9d39931c39bdb81e5819fd52ef5d0979eaf92266", kill_on_drop: false }`
[INFO] running `Command { std: "docker" "exec" "-e" "SOURCE_DIR=/opt/rustwide/workdir" "-e" "CARGO_HOME=/opt/rustwide/cargo-home" "-e" "RUSTUP_HOME=/opt/rustwide/rustup-home" "-e" "CARGO_TARGET_DIR=/opt/rustwide/target" "-e" "CARGO_INCREMENTAL=0" "-e" "RUST_BACKTRACE=full" "-e" "RUSTFLAGS=--cap-lints=warn" "-e" "RUSTDOCFLAGS=--cap-lints=warn" "-w" "/opt/rustwide/workdir" "--user" "0:0" "d1f900c17172fca750a0a8ea9d39931c39bdb81e5819fd52ef5d0979eaf92266" "/opt/rustwide/cargo-home/bin/cargo" "+1.98.0-beta.1" "test" "--frozen", kill_on_drop: false }`
[INFO] [stderr] warning: struct `ProviderCapabilities` is never constructed
[INFO] [stderr]   --> src/provider/mod.rs:30:12
[INFO] [stderr]    |
[INFO] [stderr] 30 | pub struct ProviderCapabilities {
[INFO] [stderr]    |            ^^^^^^^^^^^^^^^^^^^^
[INFO] [stderr]    |
[INFO] [stderr]    = note: `#[warn(dead_code)]` (part of `#[warn(unused)]`) on by default
[INFO] [stderr] 
[INFO] [stderr] warning: methods `name`, `capabilities`, `write`, `delete`, and `search` are never used
[INFO] [stderr]   --> src/provider/mod.rs:52:8
[INFO] [stderr]    |
[INFO] [stderr] 51 | pub trait Provider: Send + Sync {
[INFO] [stderr]    |           -------- methods in this trait
[INFO] [stderr] 52 |     fn name(&self) -> &str;
[INFO] [stderr]    |        ^^^^
[INFO] [stderr] 53 |     fn capabilities(&self) -> ProviderCapabilities;
[INFO] [stderr]    |        ^^^^^^^^^^^^
[INFO] [stderr] ...
[INFO] [stderr] 59 |     async fn write(&self, _key: &str, _value: &ContextValue) -> Result<()> {
[INFO] [stderr]    |              ^^^^^
[INFO] [stderr] ...
[INFO] [stderr] 63 |     async fn delete(&self, _key: &str) -> Result<()> {
[INFO] [stderr]    |              ^^^^^^
[INFO] [stderr] ...
[INFO] [stderr] 67 |     async fn search(&self, _query: &str) -> Result<Vec<ContextEntry>> {
[INFO] [stderr]    |              ^^^^^^
[INFO] [stderr] 
[INFO] [stderr] warning: `bridge-cli` (bin "bridge") generated 2 warnings
[INFO] [stderr] warning: `bridge-cli` (bin "bridge" test) generated 2 warnings (2 duplicates)
[INFO] [stderr]     Finished `test` profile [unoptimized + debuginfo] target(s) in 0.46s
[INFO] [stderr]      Running unittests src/main.rs (/opt/rustwide/target/debug/deps/bridge-8c123d310cc9afe9)
[INFO] [stdout] 
[INFO] [stdout] running 68 tests
[INFO] [stdout] test commands::connect::tests::test_resolve_env_var_target_requires_type ... ok
[INFO] [stdout] test commands::connect::tests::test_resolve_env_var_target ... ok
[INFO] [stdout] test commands::connect::tests::test_resolve_literal_uri_with_matching_explicit_type ... ok
[INFO] [stdout] test commands::connect::tests::test_resolve_placeholder_target_is_invalid ... ok
[INFO] [stdout] test config::tests::test_expand_env_vars_multiple ... ok
[INFO] [stdout] test commands::connect::tests::test_resolve_literal_uri_without_explicit_type ... ok
[INFO] [stdout] test config::tests::test_expand_env_vars_no_vars ... ok
[INFO] [stdout] test config::tests::test_expand_env_vars_unset ... ok
[INFO] [stdout] test config::tests::test_expand_env_vars_with_set_var ... ok
[INFO] [stdout] test config::tests::test_infer_provider_type_file ... ok
[INFO] [stdout] test config::tests::test_infer_provider_type_postgres ... ok
[INFO] [stdout] test config::tests::test_infer_provider_type_no_scheme ... ok
[INFO] [stdout] test config::tests::test_find_config_path_from_searches_parent_directories ... ok
[INFO] [stdout] test config::tests::test_invalid_env_var_names ... ok
[INFO] [stdout] test config::tests::test_parse_file_uri ... ok
[INFO] [stdout] test config::tests::test_valid_env_var_names ... ok
[INFO] [stdout] test mcp::db_tool_planner::tests::plan_excludes_unsupported_types_from_filters ... ok
[INFO] [stdout] test config::tests::test_infer_provider_type_sqlite ... ok
[INFO] [stdout] test config::tests::test_infer_provider_type_unknown_scheme ... ok
[INFO] [stdout] test config::tests::test_load_config_from_uses_nearest_parent_config ... ok
[INFO] [stdout] test mcp::db_tool_planner::tests::plan_generates_list_and_get_for_table_with_pk ... ok
[INFO] [stdout] test mcp::db_tool_planner::tests::plan_skips_get_for_composite_pk ... ok
[INFO] [stdout] test mcp::db_tool_planner::tests::singularize_common_patterns ... ok
[INFO] [stdout] test mcp::http::tests::default_policy_allows_loopback_origins ... ok
[INFO] [stdout] test mcp::http::tests::default_policy_rejects_arbitrary_and_rebinding_origins ... ok
[INFO] [stdout] test mcp::http::tests::hosted_config_normalizes_public_url ... ok
[INFO] [stdout] test mcp::http::tests::hosted_config_rejects_non_http_public_url ... ok
[INFO] [stdout] test mcp::http::tests::normalize_strips_default_ports ... ok
[INFO] [stdout] test mcp::http::wire::tests::headers_get_is_case_insensitive_and_preserves_original_case ... ok
[INFO] [stdout] test mcp::http::wire::tests::status_reasons_cover_common_codes ... ok
[INFO] [stdout] test mcp::http::tests::explicit_allowlist_extends_defaults ... ok
[INFO] [stdout] test mcp::http::wire::tests::header_end_detection ... ok
[INFO] [stdout] test mcp::service::tests::tools_call_executor_error_becomes_tool_level_error ... ok
[INFO] [stdout] test mcp::service::tests::initialize_advertises_protocol_and_server_name ... ok
[INFO] [stdout] test mcp::service::tests::tools_call_missing_http_executor_surfaces_runtime_error ... ok
[INFO] [stdout] test mcp::service::tests::tools_call_missing_required_arg_returns_tool_level_error ... ok
[INFO] [stdout] test mcp::service::tests::notifications_produce_no_response ... ok
[INFO] [stdout] test mcp::service::tests::tools_call_success_dispatches_to_injected_http_executor ... ok
[INFO] [stdout] test mcp::service::tests::tools_list_returns_manifest_tools ... ok
[INFO] [stdout] test mcp::service::tests::tools_call_unknown_tool_returns_rpc_error ... ok
[INFO] [stdout] test mcp::db_tool_planner::tests::plan_is_deterministic_for_identical_metadata ... ok
[INFO] [stdout] test tests::passive_update_check_is_disabled_for_completions ... ok
[INFO] [stdout] test mcp::service::tests::unknown_method_returns_method_not_found ... ok
[INFO] [stdout] test tests::passive_update_check_is_disabled_for_mcp_serve ... ok
[INFO] [stdout] test tests::passive_update_check_requires_a_terminal ... ok
[INFO] [stdout] test update::tests::detect::test_homebrew_cellar_macos_apple_silicon ... ok
[INFO] [stdout] test update::tests::detect::test_homebrew_cellar_macos_intel ... ok
[INFO] [stdout] test update::tests::detect::test_homebrew_prefix_env_empty_is_ignored ... ok
[INFO] [stdout] test update::tests::detect::test_cargo_install_returns_unknown ... ok
[INFO] [stdout] test update::tests::detect::test_homebrew_prefix_env_custom_location ... ok
[INFO] [stdout] test update::tests::detect::test_linuxbrew_cellar ... ok
[INFO] [stdout] test update::tests::detect::test_nix_install_returns_unknown ... ok
[INFO] [stdout] test update::tests::detect::test_script_install_detected ... ok
[INFO] [stdout] test update::tests::test_cache_missing_returns_none ... ok
[INFO] [stdout] test update::tests::test_cache_is_stale_after_ttl ... ok
[INFO] [stdout] test update::tests::test_cache_roundtrip ... ok
[INFO] [stdout] test update::tests::detect::test_no_exe_path_returns_unknown ... ok
[INFO] [stdout] test update::tests::test_is_newer_returns_false_when_already_ahead ... ok
[INFO] [stdout] test update::tests::test_is_newer_returns_false_when_same_version ... ok
[INFO] [stdout] test update::tests::test_is_newer_handles_v_prefix ... ok
[INFO] [stdout] test update::tests::test_is_newer_returns_true_when_update_available ... ok
[INFO] [stdout] test update::tests::test_cache_is_fresh_within_ttl ... ok
[INFO] [stdout] test update::tests::test_cache_with_garbage_content_returns_none ... ok
[INFO] [stdout] test update::tests::test_is_newer_handles_malformed_strings_without_panic ... ok
[INFO] [stdout] test update::tests::test_is_newer_handles_pre_release_suffix ... ok
[INFO] [stdout] test update::tests::test_write_cache_creates_parent_dir_if_missing ... ok
[INFO] [stdout] test update::tests::test_write_cache_leaves_no_temp_file ... ok
[INFO] [stdout] test update::tests::test_write_cache_is_atomic_overwrites_cleanly ... ok
[INFO] [stdout] 
[INFO] [stdout] test result: ok. 68 passed; 0 failed; 0 ignored; 0 measured; 0 filtered out; finished in 0.05s
[INFO] [stdout] 
[INFO] [stderr]      Running tests/cli_test.rs (/opt/rustwide/target/debug/deps/cli_test-0414bbfb3346dd35)
[INFO] [stdout] 
[INFO] [stdout] running 27 tests
[INFO] [stdout] test test_connect_env_var_target_requires_type ... ok
[INFO] [stdout] test test_connect_env_var_target_with_invalid_provider_type ... ok
[INFO] [stdout] test test_connect_env_var_target ... ok
[INFO] [stdout] test test_connect_filesystem ... ok
[INFO] [stdout] test test_connect_invalid_target_without_uri_scheme ... ok
[INFO] [stdout] test test_connect_invalid_env_var_name ... ok
[INFO] [stdout] test test_connect_no_verify_saves_unreachable_target ... ok
[INFO] [stdout] test test_connect_postgres_uri ... ok
[INFO] [stdout] test test_connect_placeholder_target_is_rejected ... ok
[INFO] [stdout] test test_connect_postgres_uri_with_conflicting_explicit_type_fails ... ok
[INFO] [stdout] test test_help ... ok
[INFO] [stdout] test test_connect_postgres_uri_with_matching_explicit_type ... ok
[INFO] [stdout] test test_connect_fails_verification_when_directory_missing ... ok
[INFO] [stdout] test test_init_creates_config ... ok
[INFO] [stdout] test test_connect_invalid_uri ... ok
[INFO] [stdout] test test_no_config_error ... ok
[INFO] [stdout] test test_connect_duplicate_with_force_overwrites ... ok
[INFO] [stdout] test test_init_already_exists ... ok
[INFO] [stdout] test test_no_update_check_env_var_suppresses_notice ... ok
[INFO] [stdout] test test_connect_duplicate_without_force_fails ... ok
[INFO] [stdout] test test_env_var_target_resolves_at_runtime ... ok
[INFO] [stdout] test test_update_command_appears_in_help ... ok
[INFO] [stdout] test test_all_outputs_are_json ... ok
[INFO] [stdout] test test_remove_nonexistent ... ok
[INFO] [stdout] test test_update_check_flag_appears_in_help ... ok
[INFO] [stdout] test test_stderr_stays_valid_json_when_update_is_pending ... ok
[INFO] [stdout] test test_remove_provider ... ok
[INFO] [stdout] 
[INFO] [stdout] test result: ok. 27 passed; 0 failed; 0 ignored; 0 measured; 0 filtered out; finished in 0.17s
[INFO] [stdout] 
[INFO] [stderr]      Running tests/filesystem_test.rs (/opt/rustwide/target/debug/deps/filesystem_test-7e0789c6acfefbfe)
[INFO] [stdout] 
[INFO] [stdout] running 13 tests
[INFO] [stdout] test test_read_filesystem_ignores_limit ... ok
[INFO] [stdout] test test_connect_nonexistent_directory_fails_verification ... ok
[INFO] [stdout] test test_path_traversal_blocked ... ok
[INFO] [stdout] test test_connect_nonexistent_directory_with_no_verify_saves_but_ls_fails ... ok
[INFO] [stdout] test test_ls_empty_directory ... ok
[INFO] [stdout] test test_read_empty_file ... ok
[INFO] [stdout] test test_read_binary_file ... ok
[INFO] [stdout] test test_ls_lists_files ... ok
[INFO] [stdout] test test_read_json_file ... ok
[INFO] [stdout] test test_read_nonexistent_file ... ok
[INFO] [stdout] test test_read_nested_file ... ok
[INFO] [stdout] test test_status_shows_provider_health ... ok
[INFO] [stdout] test test_read_markdown ... ok
[INFO] [stderr]      Running tests/mcp_db_test.rs (/opt/rustwide/target/debug/deps/mcp_db_test-b605f9fd9a1a429f)
[INFO] [stdout] 
[INFO] [stdout] test result: ok. 13 passed; 0 failed; 0 ignored; 0 measured; 0 filtered out; finished in 0.07s
[INFO] [stdout] 
[INFO] [stdout] 
[INFO] [stdout] running 4 tests
[INFO] [stdout] test generate_mcp_from_db_fails_on_missing_connection ... ignored
[INFO] [stdout] test generate_mcp_from_db_produces_manifest_with_expected_tools ... ignored
[INFO] [stdout] test generate_mcp_from_db_rejects_non_postgres_connection ... ignored
[INFO] [stdout] test mcp_serve_exposes_db_tools_end_to_end ... ignored
[INFO] [stdout] 
[INFO] [stdout] test result: ok. 0 passed; 0 failed; 4 ignored; 0 measured; 0 filtered out; finished in 0.00s
[INFO] [stdout] 
[INFO] [stderr]      Running tests/mcp_generate_test.rs (/opt/rustwide/target/debug/deps/mcp_generate_test-461f392e138f2aff)
[INFO] [stdout] 
[INFO] [stdout] running 9 tests
[INFO] [stdout] test generate_mcp_refuses_overwrite_without_force ... ok
[INFO] [stdout] test generate_mcp_rejects_unsupported_source ... ok
[INFO] [stdout] test generate_mcp_requires_base_url_when_spec_has_no_servers ... ok
[INFO] [stdout] test mcp_serve_db_manifest_resolves_config_relative_to_manifest ... ok
[INFO] [stdout] test generate_mcp_uses_openapi_server_when_base_url_env_is_omitted ... ok
[INFO] [stdout] test generate_mcp_keeps_tool_when_response_schema_is_recursive ... ok
[INFO] [stdout] test generate_mcp_from_openapi_produces_tools ... ok
[INFO] [stdout] test generate_mcp_is_deterministic ... ok
[INFO] [stdout] test mcp_serve_errors_on_missing_env_var ... ok
[INFO] [stdout] 
[INFO] [stdout] test result: ok. 9 passed; 0 failed; 0 ignored; 0 measured; 0 filtered out; finished in 0.09s
[INFO] [stdout] 
[INFO] [stderr]      Running tests/mcp_http_test.rs (/opt/rustwide/target/debug/deps/mcp_http_test-6f2450a604eadf46)
[INFO] [stdout] 
[INFO] [stdout] running 13 tests
[INFO] [stdout] test http_db_tools_call_round_trips_over_http ... ignored
[INFO] [stdout] {
[INFO] [stdout]   "client_snippet": {
[INFO] [stdout]     "mcpServers": {
[INFO] [stdout]       "petstore": {
[INFO] [stdout]         "args": [
[INFO] [stdout]           "mcp",
[INFO] [stdout]           "serve",
[INFO] [stdout]           "/tmp/.tmpNeMoGU/petstore.mcp.yaml"
[INFO] [stdout]         ],
[INFO] [stdout]         "command": "/opt/rustwide/target/debug/bridge"
[INFO] [stdout]       }
[INFO] [stdout]     }
[INFO] [stdout]   },
[INFO] [stdout]   "manifest": "/tmp/.tmpNeMoGU/petstore.mcp.yaml",
[INFO] [stdout]   "name": "petstore",
[INFO] [stdout]   "skipped": [
[INFO] [stdout]     "skipping POST /pets/{petId}/adopt (only GET is supported in MVP)"
[INFO] [stdout]   ],
[INFO] [stdout]   "status": "generated",
[INFO] [stdout]   "tools": [
[INFO] [stdout]     "listPets",
[INFO] [stdout]     "getPetById"
[INFO] [stdout]   ]
[INFO] [stdout] }
[INFO] [stdout] {
[INFO] [stdout]   "client_snippet": {
[INFO] [stdout]     "mcpServers": {
[INFO] [stdout]       "petstore": {
[INFO] [stdout]         "args": [
[INFO] [stdout]           "mcp",
[INFO] [stdout]           "serve",
[INFO] [stdout]           "/tmp/.tmp8lZFD2/petstore.mcp.yaml"
[INFO] [stdout]         ],
[INFO] [stdout]         "command": "/opt/rustwide/target/debug/bridge"
[INFO] [stdout]       }
[INFO] [stdout]     }
[INFO] [stdout]   },
[INFO] [stdout]   "manifest": "/tmp/.tmp8lZFD2/petstore.mcp.yaml",
[INFO] [stdout]   "name": "petstore",
[INFO] [stdout]   "skipped": [
[INFO] [stdout]     "skipping POST /pets/{petId}/adopt (only GET is supported in MVP)"
[INFO] [stdout]   ],
[INFO] [stdout]   "status": "generated",
[INFO] [stdout]   "tools": [
[INFO] [stdout]     "listPets",
[INFO] [stdout]     "getPetById"
[INFO] [stdout]   ]
[INFO] [stdout] }
[INFO] [stdout] {
[INFO] [stdout]   "client_snippet": {
[INFO] [stdout]     "mcpServers": {
[INFO] [stdout]       "petstore": {
[INFO] [stdout]         "args": [
[INFO] [stdout]           "mcp",
[INFO] [stdout]           "serve",
[INFO] [stdout]           "/tmp/.tmpeimgQn/petstore.mcp.yaml"
[INFO] [stdout]         ],
[INFO] [stdout]         "command": "/opt/rustwide/target/debug/bridge"
[INFO] [stdout]       }
[INFO] [stdout]     }
[INFO] [stdout]   },
[INFO] [stdout]   "manifest": "/tmp/.tmpeimgQn/petstore.mcp.yaml",
[INFO] [stdout]   "name": "petstore",
[INFO] [stdout]   "skipped": [
[INFO] [stdout]     "skipping POST /pets/{petId}/adopt (only GET is supported in MVP)"
[INFO] [stdout]   ],
[INFO] [stdout]   "status": "generated",
[INFO] [stdout]   "tools": [
[INFO] [stdout]     "listPets",
[INFO] [stdout]     "getPetById"
[INFO] [stdout]   ]
[INFO] [stdout] }
[INFO] [stdout] {
[INFO] [stdout]   "client_snippet": {
[INFO] [stdout]     "mcpServers": {
[INFO] [stdout]       "petstore": {
[INFO] [stdout]         "args": [
[INFO] [stdout]           "mcp",
[INFO] [stdout]           "serve",
[INFO] [stdout]           "/tmp/.tmp6OypZr/petstore.mcp.yaml"
[INFO] [stdout]         ],
[INFO] [stdout]         "command": "/opt/rustwide/target/debug/bridge"
[INFO] [stdout]       }
[INFO] [stdout]     }
[INFO] [stdout]   },
[INFO] [stdout]   "manifest": "/tmp/.tmp6OypZr/petstore.mcp.yaml",
[INFO] [stdout]   "name": "petstore",
[INFO] [stdout]   "skipped": [
[INFO] [stdout]     "skipping POST /pets/{petId}/adopt (only GET is supported in MVP)"
[INFO] [stdout]   ],
[INFO] [stdout]   "status": "generated",
[INFO] [stdout]   "tools": [
[INFO] [stdout]     "listPets",
[INFO] [stdout]     "getPetById"
[INFO] [stdout]   ]
[INFO] [stdout] }
[INFO] [stdout] {
[INFO] [stdout]   "client_snippet": {
[INFO] [stdout]     "mcpServers": {
[INFO] [stdout]       "petstore": {
[INFO] [stdout]         "args": [
[INFO] [stdout]           "mcp",
[INFO] [stdout]           "serve",
[INFO] [stdout]           "/tmp/.tmpgdDCT9/petstore.mcp.yaml"
[INFO] [stdout]         ],
[INFO] [stdout]         "command": "/opt/rustwide/target/debug/bridge"
[INFO] [stdout]       }
[INFO] [stdout]     }
[INFO] [stdout]   },
[INFO] [stdout]   "manifest": "/tmp/.tmpgdDCT9/petstore.mcp.yaml",
[INFO] [stdout]   "name": "petstore",
[INFO] [stdout]   "skipped": [
[INFO] [stdout]     "skipping POST /pets/{petId}/adopt (only GET is supported in MVP)"
[INFO] [stdout]   ],
[INFO] [stdout]   "status": "generated",
[INFO] [stdout]   "tools": [
[INFO] [stdout]     "listPets",
[INFO] [stdout]     "getPetById"
[INFO] [stdout]   ]
[INFO] [stdout] }
[INFO] [stdout] {
[INFO] [stdout]   "client_snippet": {
[INFO] [stdout]     "mcpServers": {
[INFO] [stdout]       "petstore": {
[INFO] [stdout]         "args": [
[INFO] [stdout]           "mcp",
[INFO] [stdout]           "serve",
[INFO] [stdout]           "/tmp/.tmpq1z0lq/petstore.mcp.yaml"
[INFO] [stdout]         ],
[INFO] [stdout]         "command": "/opt/rustwide/target/debug/bridge"
[INFO] [stdout]       }
[INFO] [stdout]     }
[INFO] [stdout]   },
[INFO] [stdout]   "manifest": "/tmp/.tmpq1z0lq/petstore.mcp.yaml",
[INFO] [stdout]   "name": "petstore",
[INFO] [stdout]   "skipped": [
[INFO] [stdout]     "skipping POST /pets/{petId}/adopt (only GET is supported in MVP)"
[INFO] [stdout]   ],
[INFO] [stdout]   "status": "generated",
[INFO] [stdout]   "tools": [
[INFO] [stdout]     "listPets",
[INFO] [stdout]     "getPetById"
[INFO] [stdout]   ]
[INFO] [stdout] }
[INFO] [stdout] {
[INFO] [stdout]   "client_snippet": {
[INFO] [stdout]     "mcpServers": {
[INFO] [stdout]       "petstore": {
[INFO] [stdout]         "args": [
[INFO] [stdout]           "mcp",
[INFO] [stdout]           "serve",
[INFO] [stdout]           "/tmp/.tmpvMXii7/petstore.mcp.yaml"
[INFO] [stdout]         ],
[INFO] [stdout]         "command": "/opt/rustwide/target/debug/bridge"
[INFO] [stdout]       }
[INFO] [stdout]     }
[INFO] [stdout]   },
[INFO] [stdout]   "manifest": "/tmp/.tmpvMXii7/petstore.mcp.yaml",
[INFO] [stdout]   "name": "petstore",
[INFO] [stdout]   "skipped": [
[INFO] [stdout]     "skipping POST /pets/{petId}/adopt (only GET is supported in MVP)"
[INFO] [stdout]   ],
[INFO] [stdout]   "status": "generated",
[INFO] [stdout]   "tools": [
[INFO] [stdout]     "listPets",
[INFO] [stdout]     "getPetById"
[INFO] [stdout]   ]
[INFO] [stdout] }
[INFO] [stdout] test http_rejects_cross_site_origin_for_dns_rebinding_protection ... ok
[INFO] [stdout] test http_health_and_readiness_endpoints_advertise_public_url ... ok
[INFO] [stdout] test http_initialize_and_tools_list_over_openapi_manifest ... ok
[INFO] [stdout] test http_allow_origin_flag_extends_default_policy ... ok
[INFO] [stdout] test http_serve_fails_cleanly_when_bridge_config_is_missing ... ok
[INFO] [stdout] test http_serve_fails_cleanly_when_manifest_is_invalid ... ok
[INFO] [stdout] test http_serve_fails_cleanly_when_required_db_env_var_is_missing ... ok
[INFO] [stdout] test http_db_manifest_resolves_config_relative_to_manifest ... ok
[INFO] [stdout] {
[INFO] [stdout]   "client_snippet": {
[INFO] [stdout]     "mcpServers": {
[INFO] [stdout]       "petstore": {
[INFO] [stdout]         "args": [
[INFO] [stdout]           "mcp",
[INFO] [stdout]           "serve",
[INFO] [stdout]           "/tmp/.tmpNPTeIG/petstore.mcp.yaml"
[INFO] [stdout]         ],
[INFO] [stdout]         "command": "/opt/rustwide/target/debug/bridge"
[INFO] [stdout]       }
[INFO] [stdout]     }
[INFO] [stdout]   },
[INFO] [stdout]   "manifest": "/tmp/.tmpNPTeIG/petstore.mcp.yaml",
[INFO] [stdout]   "name": "petstore",
[INFO] [stdout]   "skipped": [
[INFO] [stdout]     "skipping POST /pets/{petId}/adopt (only GET is supported in MVP)"
[INFO] [stdout]   ],
[INFO] [stdout]   "status": "generated",
[INFO] [stdout]   "tools": [
[INFO] [stdout]     "listPets",
[INFO] [stdout]     "getPetById"
[INFO] [stdout]   ]
[INFO] [stdout] }
[INFO] [stdout] test http_enforces_configurable_body_size_limit ... ok
[INFO] [stdout] test http_rejects_unknown_paths_and_methods ... FAILED
[INFO] [stdout] test http_notifications_produce_202_no_body ... FAILED
[INFO] [stdout] test http_slow_client_gets_disconnected_and_does_not_pin_task ... ok
[INFO] [stdout] 
[INFO] [stdout] failures:
[INFO] [stdout] 
[INFO] [stdout] ---- http_rejects_unknown_paths_and_methods stdout ----
[INFO] [stdout] 
[INFO] [stdout] thread 'http_rejects_unknown_paths_and_methods' (5191) panicked at tests/mcp_http_test.rs:351:29:
[INFO] [stdout] called `Result::unwrap()` on an `Err` value: Os { code: 104, kind: ConnectionReset, message: "Connection reset by peer" }
[INFO] [stdout] stack backtrace:
[INFO] [stdout]    0:     0x572cf43225c1 - std[73adb7dc35730857]::backtrace_rs::backtrace::libunwind::trace
[INFO] [stdout]                                at /rustc/6b3fa26749ab40e159b2dd5cf577acaaf5902772/library/std/src/../../backtrace/src/backtrace/libunwind.rs:117:9
[INFO] [stdout]    1:     0x572cf43225c1 - std[73adb7dc35730857]::backtrace_rs::backtrace::trace_unsynchronized::<std[73adb7dc35730857]::sys::backtrace::_print_fmt::{closure#1}>
[INFO] [stdout]                                at /rustc/6b3fa26749ab40e159b2dd5cf577acaaf5902772/library/std/src/../../backtrace/src/backtrace/mod.rs:66:14
[INFO] [stdout]    2:     0x572cf43225c1 - std[73adb7dc35730857]::sys::backtrace::_print_fmt
[INFO] [stdout]                                at /rustc/6b3fa26749ab40e159b2dd5cf577acaaf5902772/library/std/src/sys/backtrace.rs:74:9
[INFO] [stdout]    3:     0x572cf43225c1 - <<std[73adb7dc35730857]::sys::backtrace::BacktraceLock>::print::DisplayBacktrace as core[6883ba1bc0fe4ed1]::fmt::Display>::fmt
[INFO] [stdout]                                at /rustc/6b3fa26749ab40e159b2dd5cf577acaaf5902772/library/std/src/sys/backtrace.rs:44:26
[INFO] [stdout]    4:     0x572cf433bc4a - <core[6883ba1bc0fe4ed1]::fmt::rt::Argument>::fmt
[INFO] [stdout]                                at /rustc/6b3fa26749ab40e159b2dd5cf577acaaf5902772/library/core/src/fmt/rt.rs:152:76
[INFO] [stdout]    5:     0x572cf433bc4a - core[6883ba1bc0fe4ed1]::fmt::write
[INFO] [stdout]    6:     0x572cf432893c - std[73adb7dc35730857]::io::default_write_fmt::<alloc[55a36b64bcbf2c0d]::vec::Vec<u8>>
[INFO] [stdout]                                at /rustc/6b3fa26749ab40e159b2dd5cf577acaaf5902772/library/std/src/io/mod.rs:626:11
[INFO] [stdout]    7:     0x572cf432893c - <alloc[55a36b64bcbf2c0d]::vec::Vec<u8> as std[73adb7dc35730857]::io::Write>::write_fmt
[INFO] [stdout]                                at /rustc/6b3fa26749ab40e159b2dd5cf577acaaf5902772/library/std/src/io/mod.rs:1730:13
[INFO] [stdout]    8:     0x572cf42fc736 - <std[73adb7dc35730857]::sys::backtrace::BacktraceLock>::print
[INFO] [stdout]                                at /rustc/6b3fa26749ab40e159b2dd5cf577acaaf5902772/library/std/src/sys/backtrace.rs:47:9
[INFO] [stdout]    9:     0x572cf42fc736 - std[73adb7dc35730857]::panicking::default_hook::{closure#0}
[INFO] [stdout]                                at /rustc/6b3fa26749ab40e159b2dd5cf577acaaf5902772/library/std/src/panicking.rs:292:27
[INFO] [stdout]   10:     0x572cf4318fe9 - std[73adb7dc35730857]::panicking::default_hook
[INFO] [stdout]                                at /rustc/6b3fa26749ab40e159b2dd5cf577acaaf5902772/library/std/src/panicking.rs:316:9
[INFO] [stdout]   11:     0x572cf4187080 - <alloc[55a36b64bcbf2c0d]::boxed::Box<dyn for<'a, 'b> core[6883ba1bc0fe4ed1]::ops::function::Fn<(&'a std[73adb7dc35730857]::panic::PanicHookInfo<'b>,), Output = ()> + core[6883ba1bc0fe4ed1]::marker::Send + core[6883ba1bc0fe4ed1]::marker::Sync> as core[6883ba1bc0fe4ed1]::ops::function::Fn<(&std[73adb7dc35730857]::panic::PanicHookInfo,)>>::call
[INFO] [stdout]                                at /rustc/6b3fa26749ab40e159b2dd5cf577acaaf5902772/library/alloc/src/boxed.rs:2333:9
[INFO] [stdout]   12:     0x572cf4187080 - test[980ffaebd391d06d]::test_main_inner::<test[980ffaebd391d06d]::test_main_static::{closure#0}>::{closure#0}
[INFO] [stdout]                                at /rustc/6b3fa26749ab40e159b2dd5cf577acaaf5902772/library/test/src/lib.rs:155:21
[INFO] [stdout]   13:     0x572cf4319312 - <alloc[55a36b64bcbf2c0d]::boxed::Box<dyn for<'a, 'b> core[6883ba1bc0fe4ed1]::ops::function::Fn<(&'a std[73adb7dc35730857]::panic::PanicHookInfo<'b>,), Output = ()> + core[6883ba1bc0fe4ed1]::marker::Send + core[6883ba1bc0fe4ed1]::marker::Sync> as core[6883ba1bc0fe4ed1]::ops::function::Fn<(&std[73adb7dc35730857]::panic::PanicHookInfo,)>>::call
[INFO] [stdout]                                at /rustc/6b3fa26749ab40e159b2dd5cf577acaaf5902772/library/alloc/src/boxed.rs:2333:9
[INFO] [stdout]   14:     0x572cf4319312 - std[73adb7dc35730857]::panicking::panic_with_hook
[INFO] [stdout]                                at /rustc/6b3fa26749ab40e159b2dd5cf577acaaf5902772/library/std/src/panicking.rs:823:13
[INFO] [stdout]   15:     0x572cf42fc7e2 - std[73adb7dc35730857]::panicking::panic_handler::{closure#0}
[INFO] [stdout]                                at /rustc/6b3fa26749ab40e159b2dd5cf577acaaf5902772/library/std/src/panicking.rs:688:13
[INFO] [stdout]   16:     0x572cf42f3db9 - std[73adb7dc35730857]::sys::backtrace::__rust_end_short_backtrace::<std[73adb7dc35730857]::panicking::panic_handler::{closure#0}, !>
[INFO] [stdout]                                at /rustc/6b3fa26749ab40e159b2dd5cf577acaaf5902772/library/std/src/sys/backtrace.rs:182:18
[INFO] [stdout]   17:     0x572cf42fd5cd - __rustc[a7b7b02e776dd976]::rust_begin_unwind
[INFO] [stdout]                                at /rustc/6b3fa26749ab40e159b2dd5cf577acaaf5902772/library/std/src/panicking.rs:679:5
[INFO] [stdout]   18:     0x572cf433c4cc - core[6883ba1bc0fe4ed1]::panicking::panic_fmt
[INFO] [stdout]                                at /rustc/6b3fa26749ab40e159b2dd5cf577acaaf5902772/library/core/src/panicking.rs:80:14
[INFO] [stdout]   19:     0x572cf433c242 - core[6883ba1bc0fe4ed1]::result::unwrap_failed
[INFO] [stdout]                                at /rustc/6b3fa26749ab40e159b2dd5cf577acaaf5902772/library/core/src/result.rs:1870:5
[INFO] [stdout]   20:     0x572cf3d1849e - <core[6883ba1bc0fe4ed1]::result::Result<usize, core[6883ba1bc0fe4ed1]::io::error::Error>>::unwrap
[INFO] [stdout]                                at /rustc/6b3fa26749ab40e159b2dd5cf577acaaf5902772/library/core/src/result.rs:1231:23
[INFO] [stdout]   21:     0x572cf3d1849e - mcp_http_test[f94908fd9c38db6c]::http_rejects_unknown_paths_and_methods
[INFO] [stdout]                                at /opt/rustwide/workdir/tests/mcp_http_test.rs:351:29
[INFO] [stdout]   22:     0x572cf3d0f577 - mcp_http_test[f94908fd9c38db6c]::http_rejects_unknown_paths_and_methods::{closure#0}
[INFO] [stdout]                                at /opt/rustwide/workdir/tests/mcp_http_test.rs:336:44
[INFO] [stdout]   23:     0x572cf3d2cac6 - <mcp_http_test[f94908fd9c38db6c]::http_rejects_unknown_paths_and_methods::{closure#0} as core[6883ba1bc0fe4ed1]::ops::function::FnOnce<()>>::call_once
[INFO] [stdout]                                at /rustc/6b3fa26749ab40e159b2dd5cf577acaaf5902772/library/core/src/ops/function.rs:250:5
[INFO] [stdout]   24:     0x572cf417a3bb - <fn() -> core[6883ba1bc0fe4ed1]::result::Result<(), alloc[55a36b64bcbf2c0d]::string::String> as core[6883ba1bc0fe4ed1]::ops::function::FnOnce<()>>::call_once
[INFO] [stdout]                                at /rustc/6b3fa26749ab40e159b2dd5cf577acaaf5902772/library/core/src/ops/function.rs:250:5
[INFO] [stdout]   25:     0x572cf417a3bb - test[980ffaebd391d06d]::__rust_begin_short_backtrace::<core[6883ba1bc0fe4ed1]::result::Result<(), alloc[55a36b64bcbf2c0d]::string::String>, fn() -> core[6883ba1bc0fe4ed1]::result::Result<(), alloc[55a36b64bcbf2c0d]::string::String>>
[INFO] [stdout]                                at /rustc/6b3fa26749ab40e159b2dd5cf577acaaf5902772/library/test/src/lib.rs:724:18
[INFO] [stdout]   26:     0x572cf4187a05 - test[980ffaebd391d06d]::run_test_in_process::{closure#0}
[INFO] [stdout]                                at /rustc/6b3fa26749ab40e159b2dd5cf577acaaf5902772/library/test/src/lib.rs:747:74
[INFO] [stdout]   27:     0x572cf4187a05 - <core[6883ba1bc0fe4ed1]::panic::unwind_safe::AssertUnwindSafe<test[980ffaebd391d06d]::run_test_in_process::{closure#0}> as core[6883ba1bc0fe4ed1]::ops::function::FnOnce<()>>::call_once
[INFO] [stdout]                                at /rustc/6b3fa26749ab40e159b2dd5cf577acaaf5902772/library/core/src/panic/unwind_safe.rs:275:9
[INFO] [stdout]   28:     0x572cf4187a05 - std[73adb7dc35730857]::panicking::catch_unwind::do_call::<core[6883ba1bc0fe4ed1]::panic::unwind_safe::AssertUnwindSafe<test[980ffaebd391d06d]::run_test_in_process::{closure#0}>, core[6883ba1bc0fe4ed1]::result::Result<(), alloc[55a36b64bcbf2c0d]::string::String>>
[INFO] [stdout]                                at /rustc/6b3fa26749ab40e159b2dd5cf577acaaf5902772/library/std/src/panicking.rs:576:43
[INFO] [stdout]   29:     0x572cf4187a05 - std[73adb7dc35730857]::panicking::catch_unwind::<core[6883ba1bc0fe4ed1]::result::Result<(), alloc[55a36b64bcbf2c0d]::string::String>, core[6883ba1bc0fe4ed1]::panic::unwind_safe::AssertUnwindSafe<test[980ffaebd391d06d]::run_test_in_process::{closure#0}>>
[INFO] [stdout]                                at /rustc/6b3fa26749ab40e159b2dd5cf577acaaf5902772/library/std/src/panicking.rs:544:19
[INFO] [stdout]   30:     0x572cf4187a05 - std[73adb7dc35730857]::panic::catch_unwind::<core[6883ba1bc0fe4ed1]::panic::unwind_safe::AssertUnwindSafe<test[980ffaebd391d06d]::run_test_in_process::{closure#0}>, core[6883ba1bc0fe4ed1]::result::Result<(), alloc[55a36b64bcbf2c0d]::string::String>>
[INFO] [stdout]                                at /rustc/6b3fa26749ab40e159b2dd5cf577acaaf5902772/library/std/src/panic.rs:359:14
[INFO] [stdout]   31:     0x572cf4187a05 - test[980ffaebd391d06d]::run_test_in_process
[INFO] [stdout]                                at /rustc/6b3fa26749ab40e159b2dd5cf577acaaf5902772/library/test/src/lib.rs:747:27
[INFO] [stdout]   32:     0x572cf4187a05 - test[980ffaebd391d06d]::run_test::{closure#0}
[INFO] [stdout]                                at /rustc/6b3fa26749ab40e159b2dd5cf577acaaf5902772/library/test/src/lib.rs:668:43
[INFO] [stdout]   33:     0x572cf41824b4 - test[980ffaebd391d06d]::run_test::{closure#1}
[INFO] [stdout]                                at /rustc/6b3fa26749ab40e159b2dd5cf577acaaf5902772/library/test/src/lib.rs:698:41
[INFO] [stdout]   34:     0x572cf41824b4 - std[73adb7dc35730857]::sys::backtrace::__rust_begin_short_backtrace::<test[980ffaebd391d06d]::run_test::{closure#1}, ()>
[INFO] [stdout]                                at /rustc/6b3fa26749ab40e159b2dd5cf577acaaf5902772/library/std/src/sys/backtrace.rs:166:18
[INFO] [stdout]   35:     0x572cf418ab52 - std[73adb7dc35730857]::thread::lifecycle::spawn_unchecked::<test[980ffaebd391d06d]::run_test::{closure#1}, ()>::{closure#1}::{closure#0}
[INFO] [stdout]                                at /rustc/6b3fa26749ab40e159b2dd5cf577acaaf5902772/library/std/src/thread/lifecycle.rs:70:13
[INFO] [stdout]   36:     0x572cf418ab52 - <core[6883ba1bc0fe4ed1]::panic::unwind_safe::AssertUnwindSafe<std[73adb7dc35730857]::thread::lifecycle::spawn_unchecked<test[980ffaebd391d06d]::run_test::{closure#1}, ()>::{closure#1}::{closure#0}> as core[6883ba1bc0fe4ed1]::ops::function::FnOnce<()>>::call_once
[INFO] [stdout]                                at /rustc/6b3fa26749ab40e159b2dd5cf577acaaf5902772/library/core/src/panic/unwind_safe.rs:275:9
[INFO] [stdout]   37:     0x572cf418ab52 - std[73adb7dc35730857]::panicking::catch_unwind::do_call::<core[6883ba1bc0fe4ed1]::panic::unwind_safe::AssertUnwindSafe<std[73adb7dc35730857]::thread::lifecycle::spawn_unchecked<test[980ffaebd391d06d]::run_test::{closure#1}, ()>::{closure#1}::{closure#0}>, ()>
[INFO] [stdout]                                at /rustc/6b3fa26749ab40e159b2dd5cf577acaaf5902772/library/std/src/panicking.rs:576:43
[INFO] [stdout]   38:     0x572cf418ab52 - std[73adb7dc35730857]::panicking::catch_unwind::<(), core[6883ba1bc0fe4ed1]::panic::unwind_safe::AssertUnwindSafe<std[73adb7dc35730857]::thread::lifecycle::spawn_unchecked<test[980ffaebd391d06d]::run_test::{closure#1}, ()>::{closure#1}::{closure#0}>>
[INFO] [stdout]                                at /rustc/6b3fa26749ab40e159b2dd5cf577acaaf5902772/library/std/src/panicking.rs:544:19
[INFO] [stdout]   39:     0x572cf418ab52 - std[73adb7dc35730857]::panic::catch_unwind::<core[6883ba1bc0fe4ed1]::panic::unwind_safe::AssertUnwindSafe<std[73adb7dc35730857]::thread::lifecycle::spawn_unchecked<test[980ffaebd391d06d]::run_test::{closure#1}, ()>::{closure#1}::{closure#0}>, ()>
[INFO] [stdout]                                at /rustc/6b3fa26749ab40e159b2dd5cf577acaaf5902772/library/std/src/panic.rs:359:14
[INFO] [stdout]   40:     0x572cf418ab52 - std[73adb7dc35730857]::thread::lifecycle::spawn_unchecked::<test[980ffaebd391d06d]::run_test::{closure#1}, ()>::{closure#1}
[INFO] [stdout]                                at /rustc/6b3fa26749ab40e159b2dd5cf577acaaf5902772/library/std/src/thread/lifecycle.rs:68:26
[INFO] [stdout]   41:     0x572cf418ab52 - <std[73adb7dc35730857]::thread::lifecycle::spawn_unchecked<test[980ffaebd391d06d]::run_test::{closure#1}, ()>::{closure#1} as core[6883ba1bc0fe4ed1]::ops::function::FnOnce<()>>::call_once::{shim:vtable#0}
[INFO] [stdout]                                at /rustc/6b3fa26749ab40e159b2dd5cf577acaaf5902772/library/core/src/ops/function.rs:250:5
[INFO] [stdout]   42:     0x572cf432129f - <alloc[55a36b64bcbf2c0d]::boxed::Box<dyn core[6883ba1bc0fe4ed1]::ops::function::FnOnce<(), Output = ()> + core[6883ba1bc0fe4ed1]::marker::Send> as core[6883ba1bc0fe4ed1]::ops::function::FnOnce<()>>::call_once
[INFO] [stdout]                                at /rustc/6b3fa26749ab40e159b2dd5cf577acaaf5902772/library/alloc/src/boxed.rs:2319:9
[INFO] [stdout]   43:     0x572cf432129f - <std[73adb7dc35730857]::sys::thread::unix::Thread>::new::thread_start
[INFO] [stdout]                                at /rustc/6b3fa26749ab40e159b2dd5cf577acaaf5902772/library/std/src/sys/thread/unix.rs:123:17
[INFO] [stdout]   44:     0x7f7a8bbcbaa4 - <unknown>
[INFO] [stdout]   45:     0x7f7a8bc58a64 - clone
[INFO] [stdout]   46:                0x0 - <unknown>
[INFO] [stdout] 
[INFO] [stdout] ---- http_notifications_produce_202_no_body stdout ----
[INFO] [stdout] 
[INFO] [stdout] thread 'http_notifications_produce_202_no_body' (5189) panicked at tests/mcp_http_test.rs:135:80:
[INFO] [stdout] called `Result::unwrap()` on an `Err` value: Os { code: 111, kind: ConnectionRefused, message: "Connection refused" }
[INFO] [stdout] stack backtrace:
[INFO] [stdout]    0:     0x572cf43225c1 - std[73adb7dc35730857]::backtrace_rs::backtrace::libunwind::trace
[INFO] [stdout]                                at /rustc/6b3fa26749ab40e159b2dd5cf577acaaf5902772/library/std/src/../../backtrace/src/backtrace/libunwind.rs:117:9
[INFO] [stdout]    1:     0x572cf43225c1 - std[73adb7dc35730857]::backtrace_rs::backtrace::trace_unsynchronized::<std[73adb7dc35730857]::sys::backtrace::_print_fmt::{closure#1}>
[INFO] [stdout]                                at /rustc/6b3fa26749ab40e159b2dd5cf577acaaf5902772/library/std/src/../../backtrace/src/backtrace/mod.rs:66:14
[INFO] [stdout]    2:     0x572cf43225c1 - std[73adb7dc35730857]::sys::backtrace::_print_fmt
[INFO] [stdout]                                at /rustc/6b3fa26749ab40e159b2dd5cf577acaaf5902772/library/std/src/sys/backtrace.rs:74:9
[INFO] [stdout]    3:     0x572cf43225c1 - <<std[73adb7dc35730857]::sys::backtrace::BacktraceLock>::print::DisplayBacktrace as core[6883ba1bc0fe4ed1]::fmt::Display>::fmt
[INFO] [stdout]                                at /rustc/6b3fa26749ab40e159b2dd5cf577acaaf5902772/library/std/src/sys/backtrace.rs:44:26
[INFO] [stdout]    4:     0x572cf433bc4a - <core[6883ba1bc0fe4ed1]::fmt::rt::Argument>::fmt
[INFO] [stdout]                                at /rustc/6b3fa26749ab40e159b2dd5cf577acaaf5902772/library/core/src/fmt/rt.rs:152:76
[INFO] [stdout]    5:     0x572cf433bc4a - core[6883ba1bc0fe4ed1]::fmt::write
[INFO] [stdout]    6:     0x572cf432893c - std[73adb7dc35730857]::io::default_write_fmt::<alloc[55a36b64bcbf2c0d]::vec::Vec<u8>>
[INFO] [stdout]                                at /rustc/6b3fa26749ab40e159b2dd5cf577acaaf5902772/library/std/src/io/mod.rs:626:11
[INFO] [stdout]    7:     0x572cf432893c - <alloc[55a36b64bcbf2c0d]::vec::Vec<u8> as std[73adb7dc35730857]::io::Write>::write_fmt
[INFO] [stdout]                                at /rustc/6b3fa26749ab40e159b2dd5cf577acaaf5902772/library/std/src/io/mod.rs:1730:13
[INFO] [stdout]    8:     0x572cf42fc736 - <std[73adb7dc35730857]::sys::backtrace::BacktraceLock>::print
[INFO] [stdout]                                at /rustc/6b3fa26749ab40e159b2dd5cf577acaaf5902772/library/std/src/sys/backtrace.rs:47:9
[INFO] [stdout]    9:     0x572cf42fc736 - std[73adb7dc35730857]::panicking::default_hook::{closure#0}
[INFO] [stdout]                                at /rustc/6b3fa26749ab40e159b2dd5cf577acaaf5902772/library/std/src/panicking.rs:292:27
[INFO] [stdout]   10:     0x572cf4318fe9 - std[73adb7dc35730857]::panicking::default_hook
[INFO] [stdout]                                at /rustc/6b3fa26749ab40e159b2dd5cf577acaaf5902772/library/std/src/panicking.rs:316:9
[INFO] [stdout]   11:     0x572cf4187080 - <alloc[55a36b64bcbf2c0d]::boxed::Box<dyn for<'a, 'b> core[6883ba1bc0fe4ed1]::ops::function::Fn<(&'a std[73adb7dc35730857]::panic::PanicHookInfo<'b>,), Output = ()> + core[6883ba1bc0fe4ed1]::marker::Send + core[6883ba1bc0fe4ed1]::marker::Sync> as core[6883ba1bc0fe4ed1]::ops::function::Fn<(&std[73adb7dc35730857]::panic::PanicHookInfo,)>>::call
[INFO] [stdout]                                at /rustc/6b3fa26749ab40e159b2dd5cf577acaaf5902772/library/alloc/src/boxed.rs:2333:9
[INFO] [stdout]   12:     0x572cf4187080 - test[980ffaebd391d06d]::test_main_inner::<test[980ffaebd391d06d]::test_main_static::{closure#0}>::{closure#0}
[INFO] [stdout]                                at /rustc/6b3fa26749ab40e159b2dd5cf577acaaf5902772/library/test/src/lib.rs:155:21
[INFO] [stdout]   13:     0x572cf4319312 - <alloc[55a36b64bcbf2c0d]::boxed::Box<dyn for<'a, 'b> core[6883ba1bc0fe4ed1]::ops::function::Fn<(&'a std[73adb7dc35730857]::panic::PanicHookInfo<'b>,), Output = ()> + core[6883ba1bc0fe4ed1]::marker::Send + core[6883ba1bc0fe4ed1]::marker::Sync> as core[6883ba1bc0fe4ed1]::ops::function::Fn<(&std[73adb7dc35730857]::panic::PanicHookInfo,)>>::call
[INFO] [stdout]                                at /rustc/6b3fa26749ab40e159b2dd5cf577acaaf5902772/library/alloc/src/boxed.rs:2333:9
[INFO] [stdout]   14:     0x572cf4319312 - std[73adb7dc35730857]::panicking::panic_with_hook
[INFO] [stdout]                                at /rustc/6b3fa26749ab40e159b2dd5cf577acaaf5902772/library/std/src/panicking.rs:823:13
[INFO] [stdout]   15:     0x572cf42fc7e2 - std[73adb7dc35730857]::panicking::panic_handler::{closure#0}
[INFO] [stdout]                                at /rustc/6b3fa26749ab40e159b2dd5cf577acaaf5902772/library/std/src/panicking.rs:688:13
[INFO] [stdout]   16:     0x572cf42f3db9 - std[73adb7dc35730857]::sys::backtrace::__rust_end_short_backtrace::<std[73adb7dc35730857]::panicking::panic_handler::{closure#0}, !>
[INFO] [stdout]                                at /rustc/6b3fa26749ab40e159b2dd5cf577acaaf5902772/library/std/src/sys/backtrace.rs:182:18
[INFO] [stdout]   17:     0x572cf42fd5cd - __rustc[a7b7b02e776dd976]::rust_begin_unwind
[INFO] [stdout]                                at /rustc/6b3fa26749ab40e159b2dd5cf577acaaf5902772/library/std/src/panicking.rs:679:5
[INFO] [stdout]   18:     0x572cf433c4cc - core[6883ba1bc0fe4ed1]::panicking::panic_fmt
[INFO] [stdout]                                at /rustc/6b3fa26749ab40e159b2dd5cf577acaaf5902772/library/core/src/panicking.rs:80:14
[INFO] [stdout]   19:     0x572cf433c242 - core[6883ba1bc0fe4ed1]::result::unwrap_failed
[INFO] [stdout]                                at /rustc/6b3fa26749ab40e159b2dd5cf577acaaf5902772/library/core/src/result.rs:1870:5
[INFO] [stdout]   20:     0x572cf3d136d0 - <core[6883ba1bc0fe4ed1]::result::Result<std[73adb7dc35730857]::net::tcp::TcpStream, core[6883ba1bc0fe4ed1]::io::error::Error>>::unwrap
[INFO] [stdout]                                at /rustc/6b3fa26749ab40e159b2dd5cf577acaaf5902772/library/core/src/result.rs:1231:23
[INFO] [stdout]   21:     0x572cf3d136d0 - mcp_http_test[f94908fd9c38db6c]::post_plain
[INFO] [stdout]                                at /opt/rustwide/workdir/tests/mcp_http_test.rs:135:80
[INFO] [stdout]   22:     0x572cf3d17c76 - mcp_http_test[f94908fd9c38db6c]::http_notifications_produce_202_no_body
[INFO] [stdout]                                at /opt/rustwide/workdir/tests/mcp_http_test.rs:553:32
[INFO] [stdout]   23:     0x572cf3d0f547 - mcp_http_test[f94908fd9c38db6c]::http_notifications_produce_202_no_body::{closure#0}
[INFO] [stdout]                                at /opt/rustwide/workdir/tests/mcp_http_test.rs:539:44
[INFO] [stdout]   24:     0x572cf3d2ca86 - <mcp_http_test[f94908fd9c38db6c]::http_notifications_produce_202_no_body::{closure#0} as core[6883ba1bc0fe4ed1]::ops::function::FnOnce<()>>::call_once
[INFO] [stdout]                                at /rustc/6b3fa26749ab40e159b2dd5cf577acaaf5902772/library/core/src/ops/function.rs:250:5
[INFO] [stdout]   25:     0x572cf417a3bb - <fn() -> core[6883ba1bc0fe4ed1]::result::Result<(), alloc[55a36b64bcbf2c0d]::string::String> as core[6883ba1bc0fe4ed1]::ops::function::FnOnce<()>>::call_once
[INFO] [stdout]                                at /rustc/6b3fa26749ab40e159b2dd5cf577acaaf5902772/library/core/src/ops/function.rs:250:5
[INFO] [stdout]   26:     0x572cf417a3bb - test[980ffaebd391d06d]::__rust_begin_short_backtrace::<core[6883ba1bc0fe4ed1]::result::Result<(), alloc[55a36b64bcbf2c0d]::string::String>, fn() -> core[6883ba1bc0fe4ed1]::result::Result<(), alloc[55a36b64bcbf2c0d]::string::String>>
[INFO] [stdout]                                at /rustc/6b3fa26749ab40e159b2dd5cf577acaaf5902772/library/test/src/lib.rs:724:18
[INFO] [stdout]   27:     0x572cf4187a05 - test[980ffaebd391d06d]::run_test_in_process::{closure#0}
[INFO] [stdout]                                at /rustc/6b3fa26749ab40e159b2dd5cf577acaaf5902772/library/test/src/lib.rs:747:74
[INFO] [stdout]   28:     0x572cf4187a05 - <core[6883ba1bc0fe4ed1]::panic::unwind_safe::AssertUnwindSafe<test[980ffaebd391d06d]::run_test_in_process::{closure#0}> as core[6883ba1bc0fe4ed1]::ops::function::FnOnce<()>>::call_once
[INFO] [stdout]                                at /rustc/6b3fa26749ab40e159b2dd5cf577acaaf5902772/library/core/src/panic/unwind_safe.rs:275:9
[INFO] [stdout]   29:     0x572cf4187a05 - std[73adb7dc35730857]::panicking::catch_unwind::do_call::<core[6883ba1bc0fe4ed1]::panic::unwind_safe::AssertUnwindSafe<test[980ffaebd391d06d]::run_test_in_process::{closure#0}>, core[6883ba1bc0fe4ed1]::result::Result<(), alloc[55a36b64bcbf2c0d]::string::String>>
[INFO] [stdout]                                at /rustc/6b3fa26749ab40e159b2dd5cf577acaaf5902772/library/std/src/panicking.rs:576:43
[INFO] [stdout]   30:     0x572cf4187a05 - std[73adb7dc35730857]::panicking::catch_unwind::<core[6883ba1bc0fe4ed1]::result::Result<(), alloc[55a36b64bcbf2c0d]::string::String>, core[6883ba1bc0fe4ed1]::panic::unwind_safe::AssertUnwindSafe<test[980ffaebd391d06d]::run_test_in_process::{closure#0}>>
[INFO] [stdout]                                at /rustc/6b3fa26749ab40e159b2dd5cf577acaaf5902772/library/std/src/panicking.rs:544:19
[INFO] [stdout]   31:     0x572cf4187a05 - std[73adb7dc35730857]::panic::catch_unwind::<core[6883ba1bc0fe4ed1]::panic::unwind_safe::AssertUnwindSafe<test[980ffaebd391d06d]::run_test_in_process::{closure#0}>, core[6883ba1bc0fe4ed1]::result::Result<(), alloc[55a36b64bcbf2c0d]::string::String>>
[INFO] [stdout]                                at /rustc/6b3fa26749ab40e159b2dd5cf577acaaf5902772/library/std/src/panic.rs:359:14
[INFO] [stdout]   32:     0x572cf4187a05 - test[980ffaebd391d06d]::run_test_in_process
[INFO] [stdout]                                at /rustc/6b3fa26749ab40e159b2dd5cf577acaaf5902772/library/test/src/lib.rs:747:27
[INFO] [stdout]   33:     0x572cf4187a05 - test[980ffaebd391d06d]::run_test::{closure#0}
[INFO] [stdout]                                at /rustc/6b3fa26749ab40e159b2dd5cf577acaaf5902772/library/test/src/lib.rs:668:43
[INFO] [stdout]   34:     0x572cf41824b4 - test[980ffaebd391d06d]::run_test::{closure#1}
[INFO] [stdout]                                at /rustc/6b3fa26749ab40e159b2dd5cf577acaaf5902772/library/test/src/lib.rs:698:41
[INFO] [stdout]   35:     0x572cf41824b4 - std[73adb7dc35730857]::sys::backtrace::__rust_begin_short_backtrace::<test[980ffaebd391d06d]::run_test::{closure#1}, ()>
[INFO] [stdout]                                at /rustc/6b3fa26749ab40e159b2dd5cf577acaaf5902772/library/std/src/sys/backtrace.rs:166:18
[INFO] [stdout]   36:     0x572cf418ab52 - std[73adb7dc35730857]::thread::lifecycle::spawn_unchecked::<test[980ffaebd391d06d]::run_test::{closure#1}, ()>::{closure#1}::{closure#0}
[INFO] [stdout]                                at /rustc/6b3fa26749ab40e159b2dd5cf577acaaf5902772/library/std/src/thread/lifecycle.rs:70:13
[INFO] [stdout]   37:     0x572cf418ab52 - <core[6883ba1bc0fe4ed1]::panic::unwind_safe::AssertUnwindSafe<std[73adb7dc35730857]::thread::lifecycle::spawn_unchecked<test[980ffaebd391d06d]::run_test::{closure#1}, ()>::{closure#1}::{closure#0}> as core[6883ba1bc0fe4ed1]::ops::function::FnOnce<()>>::call_once
[INFO] [stdout]                                at /rustc/6b3fa26749ab40e159b2dd5cf577acaaf5902772/library/core/src/panic/unwind_safe.rs:275:9
[INFO] [stdout]   38:     0x572cf418ab52 - std[73adb7dc35730857]::panicking::catch_unwind::do_call::<core[6883ba1bc0fe4ed1]::panic::unwind_safe::AssertUnwindSafe<std[73adb7dc35730857]::thread::lifecycle::spawn_unchecked<test[980ffaebd391d06d]::run_test::{closure#1}, ()>::{closure#1}::{closure#0}>, ()>
[INFO] [stdout]                                at /rustc/6b3fa26749ab40e159b2dd5cf577acaaf5902772/library/std/src/panicking.rs:576:43
[INFO] [stdout]   39:     0x572cf418ab52 - std[73adb7dc35730857]::panicking::catch_unwind::<(), core[6883ba1bc0fe4ed1]::panic::unwind_safe::AssertUnwindSafe<std[73adb7dc35730857]::thread::lifecycle::spawn_unchecked<test[980ffaebd391d06d]::run_test::{closure#1}, ()>::{closure#1}::{closure#0}>>
[INFO] [stdout]                                at /rustc/6b3fa26749ab40e159b2dd5cf577acaaf5902772/library/std/src/panicking.rs:544:19
[INFO] [stdout]   40:     0x572cf418ab52 - std[73adb7dc35730857]::panic::catch_unwind::<core[6883ba1bc0fe4ed1]::panic::unwind_safe::AssertUnwindSafe<std[73adb7dc35730857]::thread::lifecycle::spawn_unchecked<test[980ffaebd391d06d]::run_test::{closure#1}, ()>::{closure#1}::{closure#0}>, ()>
[INFO] [stdout]                                at /rustc/6b3fa26749ab40e159b2dd5cf577acaaf5902772/library/std/src/panic.rs:359:14
[INFO] [stdout]   41:     0x572cf418ab52 - std[73adb7dc35730857]::thread::lifecycle::spawn_unchecked::<test[980ffaebd391d06d]::run_test::{closure#1}, ()>::{closure#1}
[INFO] [stdout]                                at /rustc/6b3fa26749ab40e159b2dd5cf577acaaf5902772/library/std/src/thread/lifecycle.rs:68:26
[INFO] [stdout]   42:     0x572cf418ab52 - <std[73adb7dc35730857]::thread::lifecycle::spawn_unchecked<test[980ffaebd391d06d]::run_test::{closure#1}, ()>::{closure#1} as core[6883ba1bc0fe4ed1]::ops::function::FnOnce<()>>::call_once::{shim:vtable#0}
[INFO] [stdout]                                at /rustc/6b3fa26749ab40e159b2dd5cf577acaaf5902772/library/core/src/ops/function.rs:250:5
[INFO] [stdout]   43:     0x572cf432129f - <alloc[55a36b64bcbf2c0d]::boxed::Box<dyn core[6883ba1bc0fe4ed1]::ops::function::FnOnce<(), Output = ()> + core[6883ba1bc0fe4ed1]::marker::Send> as core[6883ba1bc0fe4ed1]::ops::function::FnOnce<()>>::call_once
[INFO] [stdout]                                at /rustc/6b3fa26749ab40e159b2dd5cf577acaaf5902772/library/alloc/src/boxed.rs:2319:9
[INFO] [stdout]   44:     0x572cf432129f - <std[73adb7dc35730857]::sys::thread::unix::Thread>::new::thread_start
[INFO] [stdout]                                at /rustc/6b3fa26749ab40e159b2dd5cf577acaaf5902772/library/std/src/sys/thread/unix.rs:123:17
[INFO] [stdout]   45:     0x7f7a8bbcbaa4 - <unknown>
[INFO] [stdout]   46:     0x7f7a8bc58a64 - clone
[INFO] [stdout]   47:                0x0 - <unknown>
[INFO] [stdout] 
[INFO] [stdout] 
[INFO] [stdout] failures:
[INFO] [stdout]     http_notifications_produce_202_no_body
[INFO] [stdout]     http_rejects_unknown_paths_and_methods
[INFO] [stdout] 
[INFO] [stdout] test result: FAILED. 10 passed; 2 failed; 1 ignored; 0 measured; 0 filtered out; finished in 15.18s
[INFO] [stdout] 
[INFO] [stderr] error: test failed, to rerun pass `--test mcp_http_test`
[INFO] running `Command { std: "docker" "inspect" "d1f900c17172fca750a0a8ea9d39931c39bdb81e5819fd52ef5d0979eaf92266", kill_on_drop: false }`
[INFO] running `Command { std: "docker" "rm" "-f" "d1f900c17172fca750a0a8ea9d39931c39bdb81e5819fd52ef5d0979eaf92266", kill_on_drop: false }`
[INFO] [stdout] d1f900c17172fca750a0a8ea9d39931c39bdb81e5819fd52ef5d0979eaf92266
