[INFO] cloning repository https://github.com/spebern/futures-delay-queue
[INFO] running `Command { std: "git" "-c" "credential.helper=" "-c" "credential.helper=/workspace/cargo-home/bin/git-credential-null" "clone" "--bare" "https://github.com/spebern/futures-delay-queue" "/workspace/cache/git-repos/https%3A%2F%2Fgithub.com%2Fspebern%2Ffutures-delay-queue", kill_on_drop: false }`
[INFO] [stderr] Cloning into bare repository '/workspace/cache/git-repos/https%3A%2F%2Fgithub.com%2Fspebern%2Ffutures-delay-queue'...
[INFO] running `Command { std: "git" "rev-parse" "HEAD", kill_on_drop: false }`
[INFO] [stdout] f5ca74ef899219bcbf9f11e36a4d6fb210a42df1
[INFO] testing spebern/futures-delay-queue against 1.98.0-beta.1 for beta-1.98-2
[INFO] running `Command { std: "git" "clone" "/workspace/cache/git-repos/https%3A%2F%2Fgithub.com%2Fspebern%2Ffutures-delay-queue" "/workspace/builds/worker-2-tc2/source", kill_on_drop: false }`
[INFO] [stderr] Cloning into '/workspace/builds/worker-2-tc2/source'...
[INFO] [stderr] done.
[INFO] started tweaking git repo https://github.com/spebern/futures-delay-queue
[INFO] finished tweaking git repo https://github.com/spebern/futures-delay-queue
[INFO] tweaked toml for git repo https://github.com/spebern/futures-delay-queue written to /workspace/builds/worker-2-tc2/source/Cargo.toml
[INFO] validating manifest of git repo https://github.com/spebern/futures-delay-queue on toolchain 1.98.0-beta.1
[INFO] running `Command { std: CARGO_HOME="/workspace/cargo-home" RUSTUP_HOME="/workspace/rustup-home" "/workspace/cargo-home/bin/cargo" "+1.98.0-beta.1" "metadata" "--manifest-path" "Cargo.toml" "--no-deps", kill_on_drop: false }`
[INFO] running `Command { std: CARGO_HOME="/workspace/cargo-home" RUSTUP_HOME="/workspace/rustup-home" "/workspace/cargo-home/bin/cargo" "+1.98.0-beta.1" "generate-lockfile" "--manifest-path" "Cargo.toml", kill_on_drop: false }`
[INFO] [stderr]     Updating crates.io index
[INFO] [stderr]      Locking 67 packages to latest compatible versions
[INFO] running `Command { std: CARGO_HOME="/workspace/cargo-home" RUSTUP_HOME="/workspace/rustup-home" "/workspace/cargo-home/bin/cargo" "+1.98.0-beta.1" "fetch" "--manifest-path" "Cargo.toml", kill_on_drop: false }`
[INFO] running `Command { std: "docker" "create" "-v" "/var/lib/crater-agent-workspace/builds/worker-2-tc2/source:/opt/rustwide/workdir:ro,Z" "-v" "/var/lib/crater-agent-workspace/builds/worker-2-tc2/target:/opt/rustwide/target:rw,Z" "-v" "/var/lib/crater-agent-workspace/cargo-home:/opt/rustwide/cargo-home:ro,Z" "-v" "/var/lib/crater-agent-workspace/rustup-home:/opt/rustwide/rustup-home:ro,Z" "-m" "1610612736" "--network" "none" "ghcr.io/rust-lang/crates-build-env/linux@sha256:3d5ced03c013a94a2f102a4510f48a6e9184255caf5fd8244f58017bde7f5210" "sleep" "infinity", kill_on_drop: false }`
[INFO] [stdout] f00b315af4d877fb82eaeb32441e048b583e95c92dee6a7dfb12c8d3ccacace6
[INFO] running `Command { std: "docker" "start" "f00b315af4d877fb82eaeb32441e048b583e95c92dee6a7dfb12c8d3ccacace6", kill_on_drop: false }`
[INFO] running `Command { std: "docker" "inspect" "f00b315af4d877fb82eaeb32441e048b583e95c92dee6a7dfb12c8d3ccacace6", kill_on_drop: false }`
[INFO] running `Command { std: "docker" "exec" "-e" "SOURCE_DIR=/opt/rustwide/workdir" "-e" "CARGO_HOME=/opt/rustwide/cargo-home" "-e" "RUSTUP_HOME=/opt/rustwide/rustup-home" "-e" "CARGO_TARGET_DIR=/opt/rustwide/target" "-w" "/opt/rustwide/workdir" "--user" "0:0" "f00b315af4d877fb82eaeb32441e048b583e95c92dee6a7dfb12c8d3ccacace6" "/opt/rustwide/cargo-home/bin/cargo" "+1.98.0-beta.1" "metadata" "--no-deps" "--format-version=1", kill_on_drop: false }`
[INFO] running `Command { std: "docker" "inspect" "f00b315af4d877fb82eaeb32441e048b583e95c92dee6a7dfb12c8d3ccacace6", kill_on_drop: false }`
[INFO] running `Command { std: "docker" "exec" "-e" "SOURCE_DIR=/opt/rustwide/workdir" "-e" "CARGO_HOME=/opt/rustwide/cargo-home" "-e" "RUSTUP_HOME=/opt/rustwide/rustup-home" "-e" "CARGO_TARGET_DIR=/opt/rustwide/target" "-e" "CARGO_INCREMENTAL=0" "-e" "RUST_BACKTRACE=full" "-e" "RUSTFLAGS=--cap-lints=warn" "-e" "RUSTDOCFLAGS=--cap-lints=warn" "-w" "/opt/rustwide/workdir" "--user" "0:0" "f00b315af4d877fb82eaeb32441e048b583e95c92dee6a7dfb12c8d3ccacace6" "/opt/rustwide/cargo-home/bin/cargo" "+1.98.0-beta.1" "build" "--frozen" "--message-format=json", kill_on_drop: false }`
[INFO] [stderr]    Compiling crossbeam-utils v0.8.22
[INFO] [stderr]    Compiling parking v2.2.1
[INFO] [stderr]    Compiling pin-project-lite v0.2.17
[INFO] [stderr]    Compiling futures-core v0.3.32
[INFO] [stderr]    Compiling fastrand v2.4.1
[INFO] [stderr]    Compiling futures-io v0.3.32
[INFO] [stderr]    Compiling rustix v1.1.4
[INFO] [stderr]    Compiling libc v0.2.186
[INFO] [stderr]    Compiling bitflags v2.13.0
[INFO] [stderr]    Compiling autocfg v1.5.1
[INFO] [stderr]    Compiling futures-lite v2.6.1
[INFO] [stderr]    Compiling linux-raw-sys v0.12.1
[INFO] [stderr]    Compiling async-task v4.7.1
[INFO] [stderr]    Compiling slab v0.4.12
[INFO] [stderr]    Compiling piper v0.2.5
[INFO] [stderr]    Compiling smallvec v1.15.2
[INFO] [stderr]    Compiling value-bag v1.13.0
[INFO] [stderr]    Compiling once_cell v1.21.4
[INFO] [stderr]    Compiling memchr v2.8.3
[INFO] [stderr]    Compiling async-io v2.6.0
[INFO] [stderr]    Compiling log v0.4.33
[INFO] [stderr]    Compiling futures-timer v3.0.4
[INFO] [stderr]    Compiling concurrent-queue v2.5.0
[INFO] [stderr]    Compiling kv-log-macro v1.0.7
[INFO] [stderr]    Compiling event-listener v5.4.1
[INFO] [stderr]    Compiling async-channel v1.9.0
[INFO] [stderr]    Compiling event-listener-strategy v0.5.4
[INFO] [stderr]    Compiling async-executor v1.14.0
[INFO] [stderr]    Compiling async-channel v2.5.0
[INFO] [stderr]    Compiling async-lock v3.4.2
[INFO] [stderr]    Compiling blocking v1.6.2
[INFO] [stderr]    Compiling parking_lot_core v0.9.12
[INFO] [stderr]    Compiling parking_lot v0.12.5
[INFO] [stderr]    Compiling futures-intrusive v0.5.0
[INFO] [stderr]    Compiling polling v3.11.0
[INFO] [stderr]    Compiling async-global-executor v2.4.1
[INFO] [stderr]    Compiling async-std v1.13.2
[INFO] [stderr]    Compiling futures-delay-queue v0.6.0 (/opt/rustwide/workdir)
[INFO] [stdout] warning: unexpected `cfg` condition value: `docs`
[INFO] [stdout]   --> src/lib.rs:64:13
[INFO] [stdout]    |
[INFO] [stdout] 64 | #![cfg_attr(feature = "docs", feature(doc_cfg))]
[INFO] [stdout]    |             ^^^^^^^^^^^^^^^^
[INFO] [stdout]    |
[INFO] [stdout]    = note: expected values for `feature` are: `async-std`, `default`, and `tokio`
[INFO] [stdout]    = help: consider adding `docs` as a feature in `Cargo.toml`
[INFO] [stdout]    = note: see <https://doc.rust-lang.org/nightly/rustc/check-cfg/cargo-specifics.html> for more information about checking conditional configuration
[INFO] [stdout]    = note: `#[warn(unexpected_cfgs)]` on by default
[INFO] [stdout] 
[INFO] [stdout] 
[INFO] [stderr]     Finished `dev` profile [unoptimized + debuginfo] target(s) in 23.33s
[INFO] running `Command { std: "docker" "inspect" "f00b315af4d877fb82eaeb32441e048b583e95c92dee6a7dfb12c8d3ccacace6", kill_on_drop: false }`
[INFO] running `Command { std: "docker" "exec" "-e" "SOURCE_DIR=/opt/rustwide/workdir" "-e" "CARGO_HOME=/opt/rustwide/cargo-home" "-e" "RUSTUP_HOME=/opt/rustwide/rustup-home" "-e" "CARGO_TARGET_DIR=/opt/rustwide/target" "-e" "CARGO_INCREMENTAL=0" "-e" "RUST_BACKTRACE=full" "-e" "RUSTFLAGS=--cap-lints=warn" "-e" "RUSTDOCFLAGS=--cap-lints=warn" "-w" "/opt/rustwide/workdir" "--user" "0:0" "f00b315af4d877fb82eaeb32441e048b583e95c92dee6a7dfb12c8d3ccacace6" "/opt/rustwide/cargo-home/bin/cargo" "+1.98.0-beta.1" "test" "--frozen" "--no-run" "--message-format=json", kill_on_drop: false }`
[INFO] [stderr]    Compiling proc-macro2 v1.0.106
[INFO] [stderr]    Compiling quote v1.0.46
[INFO] [stderr]    Compiling unicode-ident v1.0.24
[INFO] [stderr]    Compiling syn v1.0.109
[INFO] [stderr]    Compiling async-attributes v1.1.2
[INFO] [stderr]    Compiling async-std v1.13.2
[INFO] [stderr]    Compiling futures-delay-queue v0.6.0 (/opt/rustwide/workdir)
[INFO] [stdout] warning: unexpected `cfg` condition value: `docs`
[INFO] [stdout]   --> src/lib.rs:64:13
[INFO] [stdout]    |
[INFO] [stdout] 64 | #![cfg_attr(feature = "docs", feature(doc_cfg))]
[INFO] [stdout]    |             ^^^^^^^^^^^^^^^^
[INFO] [stdout]    |
[INFO] [stdout]    = note: expected values for `feature` are: `async-std`, `default`, and `tokio`
[INFO] [stdout]    = help: consider adding `docs` as a feature in `Cargo.toml`
[INFO] [stdout]    = note: see <https://doc.rust-lang.org/nightly/rustc/check-cfg/cargo-specifics.html> for more information about checking conditional configuration
[INFO] [stdout]    = note: `#[warn(unexpected_cfgs)]` on by default
[INFO] [stdout] 
[INFO] [stdout] 
[INFO] [stdout] warning: unexpected `cfg` condition value: `docs`
[INFO] [stdout]   --> src/lib.rs:64:13
[INFO] [stdout]    |
[INFO] [stdout] 64 | #![cfg_attr(feature = "docs", feature(doc_cfg))]
[INFO] [stdout]    |             ^^^^^^^^^^^^^^^^
[INFO] [stdout]    |
[INFO] [stdout]    = note: expected values for `feature` are: `async-std`, `default`, and `tokio`
[INFO] [stdout]    = help: consider adding `docs` as a feature in `Cargo.toml`
[INFO] [stdout]    = note: see <https://doc.rust-lang.org/nightly/rustc/check-cfg/cargo-specifics.html> for more information about checking conditional configuration
[INFO] [stdout]    = note: `#[warn(unexpected_cfgs)]` on by default
[INFO] [stdout] 
[INFO] [stdout] 
[INFO] [stderr]     Finished `test` profile [unoptimized + debuginfo] target(s) in 11.15s
[INFO] running `Command { std: "docker" "inspect" "f00b315af4d877fb82eaeb32441e048b583e95c92dee6a7dfb12c8d3ccacace6", kill_on_drop: false }`
[INFO] running `Command { std: "docker" "exec" "-e" "SOURCE_DIR=/opt/rustwide/workdir" "-e" "CARGO_HOME=/opt/rustwide/cargo-home" "-e" "RUSTUP_HOME=/opt/rustwide/rustup-home" "-e" "CARGO_TARGET_DIR=/opt/rustwide/target" "-e" "CARGO_INCREMENTAL=0" "-e" "RUST_BACKTRACE=full" "-e" "RUSTFLAGS=--cap-lints=warn" "-e" "RUSTDOCFLAGS=--cap-lints=warn" "-w" "/opt/rustwide/workdir" "--user" "0:0" "f00b315af4d877fb82eaeb32441e048b583e95c92dee6a7dfb12c8d3ccacace6" "/opt/rustwide/cargo-home/bin/cargo" "+1.98.0-beta.1" "test" "--frozen", kill_on_drop: false }`
[INFO] [stderr] warning: unexpected `cfg` condition value: `docs`
[INFO] [stderr]   --> src/lib.rs:64:13
[INFO] [stderr]    |
[INFO] [stderr] 64 | #![cfg_attr(feature = "docs", feature(doc_cfg))]
[INFO] [stderr]    |             ^^^^^^^^^^^^^^^^
[INFO] [stderr]    |
[INFO] [stderr]    = note: expected values for `feature` are: `async-std`, `default`, and `tokio`
[INFO] [stderr]    = help: consider adding `docs` as a feature in `Cargo.toml`
[INFO] [stderr]    = note: see <https://doc.rust-lang.org/nightly/rustc/check-cfg/cargo-specifics.html> for more information about checking conditional configuration
[INFO] [stderr]    = note: `#[warn(unexpected_cfgs)]` on by default
[INFO] [stderr] 
[INFO] [stderr] warning: `futures-delay-queue` (lib) generated 1 warning
[INFO] [stderr] warning: `futures-delay-queue` (lib test) generated 1 warning (1 duplicate)
[INFO] [stderr]     Finished `test` profile [unoptimized + debuginfo] target(s) in 0.16s
[INFO] [stderr]      Running unittests src/lib.rs (/opt/rustwide/target/debug/deps/futures_delay_queue-8a19b93c1c360abd)
[INFO] [stdout] 
[INFO] [stdout] running 3 tests
[INFO] [stdout] test tests::reset ... ok
[INFO] [stdout] test tests::insert ... FAILED
[INFO] [stdout] test tests::cancel ... ok
[INFO] [stdout] 
[INFO] [stdout] failures:
[INFO] [stdout] 
[INFO] [stdout] ---- tests::insert stdout ----
[INFO] [stdout] 
[INFO] [stdout] thread 'tests::insert' (743) panicked at src/lib.rs:283:9:
[INFO] [stdout] assertion `left == right` failed
[INFO] [stdout]   left: Err(TimeoutError { _private: () })
[INFO] [stdout]  right: Ok(Some(2))
[INFO] [stdout] stack backtrace:
[INFO] [stdout]    0:     0x64ded9593bd1 - std[73adb7dc35730857]::backtrace_rs::backtrace::libunwind::trace
[INFO] [stdout]                                at /rustc/6b3fa26749ab40e159b2dd5cf577acaaf5902772/library/std/src/../../backtrace/src/backtrace/libunwind.rs:117:9
[INFO] [stdout]    1:     0x64ded9593bd1 - std[73adb7dc35730857]::backtrace_rs::backtrace::trace_unsynchronized::<std[73adb7dc35730857]::sys::backtrace::_print_fmt::{closure#1}>
[INFO] [stdout]                                at /rustc/6b3fa26749ab40e159b2dd5cf577acaaf5902772/library/std/src/../../backtrace/src/backtrace/mod.rs:66:14
[INFO] [stdout]    2:     0x64ded9593bd1 - std[73adb7dc35730857]::sys::backtrace::_print_fmt
[INFO] [stdout]                                at /rustc/6b3fa26749ab40e159b2dd5cf577acaaf5902772/library/std/src/sys/backtrace.rs:74:9
[INFO] [stdout]    3:     0x64ded9593bd1 - <<std[73adb7dc35730857]::sys::backtrace::BacktraceLock>::print::DisplayBacktrace as core[6883ba1bc0fe4ed1]::fmt::Display>::fmt
[INFO] [stdout]                                at /rustc/6b3fa26749ab40e159b2dd5cf577acaaf5902772/library/std/src/sys/backtrace.rs:44:26
[INFO] [stdout]    4:     0x64ded95a7a1a - <core[6883ba1bc0fe4ed1]::fmt::rt::Argument>::fmt
[INFO] [stdout]                                at /rustc/6b3fa26749ab40e159b2dd5cf577acaaf5902772/library/core/src/fmt/rt.rs:152:76
[INFO] [stdout]    5:     0x64ded95a7a1a - core[6883ba1bc0fe4ed1]::fmt::write
[INFO] [stdout]    6:     0x64ded959813c - std[73adb7dc35730857]::io::default_write_fmt::<alloc[55a36b64bcbf2c0d]::vec::Vec<u8>>
[INFO] [stdout]                                at /rustc/6b3fa26749ab40e159b2dd5cf577acaaf5902772/library/std/src/io/mod.rs:626:11
[INFO] [stdout]    7:     0x64ded959813c - <alloc[55a36b64bcbf2c0d]::vec::Vec<u8> as std[73adb7dc35730857]::io::Write>::write_fmt
[INFO] [stdout]                                at /rustc/6b3fa26749ab40e159b2dd5cf577acaaf5902772/library/std/src/io/mod.rs:1730:13
[INFO] [stdout]    8:     0x64ded9571d16 - <std[73adb7dc35730857]::sys::backtrace::BacktraceLock>::print
[INFO] [stdout]                                at /rustc/6b3fa26749ab40e159b2dd5cf577acaaf5902772/library/std/src/sys/backtrace.rs:47:9
[INFO] [stdout]    9:     0x64ded9571d16 - std[73adb7dc35730857]::panicking::default_hook::{closure#0}
[INFO] [stdout]                                at /rustc/6b3fa26749ab40e159b2dd5cf577acaaf5902772/library/std/src/panicking.rs:292:27
[INFO] [stdout]   10:     0x64ded958ba49 - std[73adb7dc35730857]::panicking::default_hook
[INFO] [stdout]                                at /rustc/6b3fa26749ab40e159b2dd5cf577acaaf5902772/library/std/src/panicking.rs:316:9
[INFO] [stdout]   11:     0x64ded949f910 - <alloc[55a36b64bcbf2c0d]::boxed::Box<dyn for<'a, 'b> core[6883ba1bc0fe4ed1]::ops::function::Fn<(&'a std[73adb7dc35730857]::panic::PanicHookInfo<'b>,), Output = ()> + core[6883ba1bc0fe4ed1]::marker::Send + core[6883ba1bc0fe4ed1]::marker::Sync> as core[6883ba1bc0fe4ed1]::ops::function::Fn<(&std[73adb7dc35730857]::panic::PanicHookInfo,)>>::call
[INFO] [stdout]                                at /rustc/6b3fa26749ab40e159b2dd5cf577acaaf5902772/library/alloc/src/boxed.rs:2333:9
[INFO] [stdout]   12:     0x64ded949f910 - test[980ffaebd391d06d]::test_main_inner::<test[980ffaebd391d06d]::test_main_static::{closure#0}>::{closure#0}
[INFO] [stdout]                                at /rustc/6b3fa26749ab40e159b2dd5cf577acaaf5902772/library/test/src/lib.rs:155:21
[INFO] [stdout]   13:     0x64ded958bc02 - <alloc[55a36b64bcbf2c0d]::boxed::Box<dyn for<'a, 'b> core[6883ba1bc0fe4ed1]::ops::function::Fn<(&'a std[73adb7dc35730857]::panic::PanicHookInfo<'b>,), Output = ()> + core[6883ba1bc0fe4ed1]::marker::Send + core[6883ba1bc0fe4ed1]::marker::Sync> as core[6883ba1bc0fe4ed1]::ops::function::Fn<(&std[73adb7dc35730857]::panic::PanicHookInfo,)>>::call
[INFO] [stdout]                                at /rustc/6b3fa26749ab40e159b2dd5cf577acaaf5902772/library/alloc/src/boxed.rs:2333:9
[INFO] [stdout]   14:     0x64ded958bc02 - std[73adb7dc35730857]::panicking::panic_with_hook
[INFO] [stderr] error: test failed, to rerun pass `--lib`
[INFO] [stdout]                                at /rustc/6b3fa26749ab40e159b2dd5cf577acaaf5902772/library/std/src/panicking.rs:823:13
[INFO] [stdout]   15:     0x64ded9571dc2 - std[73adb7dc35730857]::panicking::panic_handler::{closure#0}
[INFO] [stdout]                                at /rustc/6b3fa26749ab40e159b2dd5cf577acaaf5902772/library/std/src/panicking.rs:688:13
[INFO] [stdout]   16:     0x64ded95696f9 - std[73adb7dc35730857]::sys::backtrace::__rust_end_short_backtrace::<std[73adb7dc35730857]::panicking::panic_handler::{closure#0}, !>
[INFO] [stdout]                                at /rustc/6b3fa26749ab40e159b2dd5cf577acaaf5902772/library/std/src/sys/backtrace.rs:182:18
[INFO] [stdout]   17:     0x64ded95729bd - __rustc[a7b7b02e776dd976]::rust_begin_unwind
[INFO] [stdout]                                at /rustc/6b3fa26749ab40e159b2dd5cf577acaaf5902772/library/std/src/panicking.rs:679:5
[INFO] [stdout]   18:     0x64ded95a81ec - core[6883ba1bc0fe4ed1]::panicking::panic_fmt
[INFO] [stdout]                                at /rustc/6b3fa26749ab40e159b2dd5cf577acaaf5902772/library/core/src/panicking.rs:80:14
[INFO] [stdout]   19:     0x64ded95a80a3 - core[6883ba1bc0fe4ed1]::panicking::assert_failed_inner
[INFO] [stdout]                                at /rustc/6b3fa26749ab40e159b2dd5cf577acaaf5902772/library/core/src/panicking.rs:439:17
[INFO] [stdout]   20:     0x64ded947fd3b - core[6883ba1bc0fe4ed1]::panicking::assert_failed::<core[6883ba1bc0fe4ed1]::result::Result<core[6883ba1bc0fe4ed1]::option::Option<i32>, async_std[e0116c97accd7a46]::future::timeout::TimeoutError>, core[6883ba1bc0fe4ed1]::result::Result<core[6883ba1bc0fe4ed1]::option::Option<i32>, async_std[e0116c97accd7a46]::future::timeout::TimeoutError>>
[INFO] [stdout]                                at /rustc/6b3fa26749ab40e159b2dd5cf577acaaf5902772/library/core/src/panicking.rs:394:5
[INFO] [stdout]   21:     0x64ded94850fa - futures_delay_queue[27eebe6cb5571709]::tests::insert::{closure#0}
[INFO] [stdout]                                at /opt/rustwide/workdir/src/lib.rs:283:9
[INFO] [stdout]   22:     0x64ded948b700 - <async_std[e0116c97accd7a46]::task::builder::SupportTaskLocals<futures_delay_queue[27eebe6cb5571709]::tests::insert::{closure#0}> as core[6883ba1bc0fe4ed1]::future::future::Future>::poll::{closure#0}
[INFO] [stdout]                                at /opt/rustwide/cargo-home/registry/src/index.crates.io-1949cf8c6b5b557f/async-std-1.13.2/src/task/builder.rs:199:29
[INFO] [stdout]   23:     0x64ded948aad8 - <async_std[e0116c97accd7a46]::task::task_locals_wrapper::TaskLocalsWrapper>::set_current::<<async_std[e0116c97accd7a46]::task::builder::SupportTaskLocals<futures_delay_queue[27eebe6cb5571709]::tests::insert::{closure#0}> as core[6883ba1bc0fe4ed1]::future::future::Future>::poll::{closure#0}, core[6883ba1bc0fe4ed1]::task::poll::Poll<()>>::{closure#0}
[INFO] [stdout]                                at /opt/rustwide/cargo-home/registry/src/index.crates.io-1949cf8c6b5b557f/async-std-1.13.2/src/task/task_locals_wrapper.rs:60:13
[INFO] [stdout]   24:     0x64ded947ac15 - <std[73adb7dc35730857]::thread::local::LocalKey<core[6883ba1bc0fe4ed1]::cell::Cell<*const async_std[e0116c97accd7a46]::task::task_locals_wrapper::TaskLocalsWrapper>>>::try_with::<<async_std[e0116c97accd7a46]::task::task_locals_wrapper::TaskLocalsWrapper>::set_current<<async_std[e0116c97accd7a46]::task::builder::SupportTaskLocals<futures_delay_queue[27eebe6cb5571709]::tests::insert::{closure#0}> as core[6883ba1bc0fe4ed1]::future::future::Future>::poll::{closure#0}, core[6883ba1bc0fe4ed1]::task::poll::Poll<()>>::{closure#0}, core[6883ba1bc0fe4ed1]::task::poll::Poll<()>>
[INFO] [stdout]                                at /rustc/6b3fa26749ab40e159b2dd5cf577acaaf5902772/library/std/src/thread/local.rs:463:12
[INFO] [stdout]   25:     0x64ded947a07e - <std[73adb7dc35730857]::thread::local::LocalKey<core[6883ba1bc0fe4ed1]::cell::Cell<*const async_std[e0116c97accd7a46]::task::task_locals_wrapper::TaskLocalsWrapper>>>::with::<<async_std[e0116c97accd7a46]::task::task_locals_wrapper::TaskLocalsWrapper>::set_current<<async_std[e0116c97accd7a46]::task::builder::SupportTaskLocals<futures_delay_queue[27eebe6cb5571709]::tests::insert::{closure#0}> as core[6883ba1bc0fe4ed1]::future::future::Future>::poll::{closure#0}, core[6883ba1bc0fe4ed1]::task::poll::Poll<()>>::{closure#0}, core[6883ba1bc0fe4ed1]::task::poll::Poll<()>>
[INFO] [stdout]                                at /rustc/6b3fa26749ab40e159b2dd5cf577acaaf5902772/library/std/src/thread/local.rs:427:20
[INFO] [stdout]   26:     0x64ded9487a88 - <async_std[e0116c97accd7a46]::task::task_locals_wrapper::TaskLocalsWrapper>::set_current::<<async_std[e0116c97accd7a46]::task::builder::SupportTaskLocals<futures_delay_queue[27eebe6cb5571709]::tests::insert::{closure#0}> as core[6883ba1bc0fe4ed1]::future::future::Future>::poll::{closure#0}, core[6883ba1bc0fe4ed1]::task::poll::Poll<()>>
[INFO] [stdout]                                at /opt/rustwide/cargo-home/registry/src/index.crates.io-1949cf8c6b5b557f/async-std-1.13.2/src/task/task_locals_wrapper.rs:55:17
[INFO] [stdout]   27:     0x64ded948d93a - <async_std[e0116c97accd7a46]::task::builder::SupportTaskLocals<futures_delay_queue[27eebe6cb5571709]::tests::insert::{closure#0}> as core[6883ba1bc0fe4ed1]::future::future::Future>::poll
[INFO] [stdout]                                at /opt/rustwide/cargo-home/registry/src/index.crates.io-1949cf8c6b5b557f/async-std-1.13.2/src/task/builder.rs:197:13
[INFO] [stdout]   28:     0x64ded9486c74 - <futures_lite[15b88555e3b57f27]::future::Or<async_std[e0116c97accd7a46]::task::builder::SupportTaskLocals<futures_delay_queue[27eebe6cb5571709]::tests::insert::{closure#0}>, <async_executor[ab0287ad7e2067c5]::State>::run<(), async_std[e0116c97accd7a46]::task::builder::SupportTaskLocals<futures_delay_queue[27eebe6cb5571709]::tests::insert::{closure#0}>>::{closure#0}::{closure#0}> as core[6883ba1bc0fe4ed1]::future::future::Future>::poll
[INFO] [stdout]                                at /opt/rustwide/cargo-home/registry/src/index.crates.io-1949cf8c6b5b557f/futures-lite-2.6.1/src/future.rs:451:46
[INFO] [stdout]   29:     0x64ded9474ef7 - <async_executor[ab0287ad7e2067c5]::State>::run::<(), async_std[e0116c97accd7a46]::task::builder::SupportTaskLocals<futures_delay_queue[27eebe6cb5571709]::tests::insert::{closure#0}>>::{closure#0}
[INFO] [stdout]                                at /opt/rustwide/cargo-home/registry/src/index.crates.io-1949cf8c6b5b557f/async-executor-1.14.0/src/lib.rs:756:32
[INFO] [stdout]   30:     0x64ded9473c37 - <async_executor[ab0287ad7e2067c5]::Executor>::run::<(), async_std[e0116c97accd7a46]::task::builder::SupportTaskLocals<futures_delay_queue[27eebe6cb5571709]::tests::insert::{closure#0}>>::{closure#0}
[INFO] [stdout]                                at /opt/rustwide/cargo-home/registry/src/index.crates.io-1949cf8c6b5b557f/async-executor-1.14.0/src/lib.rs:353:34
[INFO] [stdout]   31:     0x64ded9474412 - <async_executor[ab0287ad7e2067c5]::LocalExecutor>::run::<(), async_std[e0116c97accd7a46]::task::builder::SupportTaskLocals<futures_delay_queue[27eebe6cb5571709]::tests::insert::{closure#0}>>::{closure#0}
[INFO] [stdout]                                at /opt/rustwide/cargo-home/registry/src/index.crates.io-1949cf8c6b5b557f/async-executor-1.14.0/src/lib.rs:640:34
[INFO] [stdout]   32:     0x64ded94820c5 - async_io[3c08ca7add023a99]::driver::block_on::<(), <async_executor[ab0287ad7e2067c5]::LocalExecutor>::run<(), async_std[e0116c97accd7a46]::task::builder::SupportTaskLocals<futures_delay_queue[27eebe6cb5571709]::tests::insert::{closure#0}>>::{closure#0}>::{closure#1}
[INFO] [stdout]                                at /opt/rustwide/cargo-home/registry/src/index.crates.io-1949cf8c6b5b557f/async-io-2.6.0/src/driver.rs:204:53
[INFO] [stdout]   33:     0x64ded947c51f - <std[73adb7dc35730857]::thread::local::LocalKey<core[6883ba1bc0fe4ed1]::cell::RefCell<(parking[a10a82d34dc5b542]::Parker, core[6883ba1bc0fe4ed1]::task::wake::Waker, alloc[55a36b64bcbf2c0d]::sync::Arc<core[6883ba1bc0fe4ed1]::sync::atomic::Atomic<bool>>)>>>::try_with::<async_io[3c08ca7add023a99]::driver::block_on<(), <async_executor[ab0287ad7e2067c5]::LocalExecutor>::run<(), async_std[e0116c97accd7a46]::task::builder::SupportTaskLocals<futures_delay_queue[27eebe6cb5571709]::tests::insert::{closure#0}>>::{closure#0}>::{closure#1}, ()>
[INFO] [stdout]                                at /rustc/6b3fa26749ab40e159b2dd5cf577acaaf5902772/library/std/src/thread/local.rs:463:12
[INFO] [stdout]   34:     0x64ded947c16e - <std[73adb7dc35730857]::thread::local::LocalKey<core[6883ba1bc0fe4ed1]::cell::RefCell<(parking[a10a82d34dc5b542]::Parker, core[6883ba1bc0fe4ed1]::task::wake::Waker, alloc[55a36b64bcbf2c0d]::sync::Arc<core[6883ba1bc0fe4ed1]::sync::atomic::Atomic<bool>>)>>>::with::<async_io[3c08ca7add023a99]::driver::block_on<(), <async_executor[ab0287ad7e2067c5]::LocalExecutor>::run<(), async_std[e0116c97accd7a46]::task::builder::SupportTaskLocals<futures_delay_queue[27eebe6cb5571709]::tests::insert::{closure#0}>>::{closure#0}>::{closure#1}, ()>
[INFO] [stdout]                                at /rustc/6b3fa26749ab40e159b2dd5cf577acaaf5902772/library/std/src/thread/local.rs:427:20
[INFO] [stdout]   35:     0x64ded947fbf1 - async_io[3c08ca7add023a99]::driver::block_on::<(), <async_executor[ab0287ad7e2067c5]::LocalExecutor>::run<(), async_std[e0116c97accd7a46]::task::builder::SupportTaskLocals<futures_delay_queue[27eebe6cb5571709]::tests::insert::{closure#0}>>::{closure#0}>
[INFO] [stdout]                                at /opt/rustwide/cargo-home/registry/src/index.crates.io-1949cf8c6b5b557f/async-io-2.6.0/src/driver.rs:180:11
[INFO] [stdout]   36:     0x64ded947cb6f - async_global_executor[7072ab03376ffac9]::reactor::block_on::<<async_executor[ab0287ad7e2067c5]::LocalExecutor>::run<(), async_std[e0116c97accd7a46]::task::builder::SupportTaskLocals<futures_delay_queue[27eebe6cb5571709]::tests::insert::{closure#0}>>::{closure#0}, ()>::{closure#0}
[INFO] [stdout]                                at /opt/rustwide/cargo-home/registry/src/index.crates.io-1949cf8c6b5b557f/async-global-executor-2.4.1/src/reactor.rs:3:18
[INFO] [stdout]   37:     0x64ded947cadd - async_global_executor[7072ab03376ffac9]::reactor::block_on::<<async_executor[ab0287ad7e2067c5]::LocalExecutor>::run<(), async_std[e0116c97accd7a46]::task::builder::SupportTaskLocals<futures_delay_queue[27eebe6cb5571709]::tests::insert::{closure#0}>>::{closure#0}, ()>
[INFO] [stdout]                                at /opt/rustwide/cargo-home/registry/src/index.crates.io-1949cf8c6b5b557f/async-global-executor-2.4.1/src/reactor.rs:12:5
[INFO] [stdout]   38:     0x64ded948b10b - async_global_executor[7072ab03376ffac9]::executor::block_on::<async_std[e0116c97accd7a46]::task::builder::SupportTaskLocals<futures_delay_queue[27eebe6cb5571709]::tests::insert::{closure#0}>, ()>::{closure#0}
[INFO] [stdout]                                at /opt/rustwide/cargo-home/registry/src/index.crates.io-1949cf8c6b5b557f/async-global-executor-2.4.1/src/executor.rs:26:36
[INFO] [stdout]   39:     0x64ded947c99d - <std[73adb7dc35730857]::thread::local::LocalKey<async_executor[ab0287ad7e2067c5]::LocalExecutor>>::try_with::<async_global_executor[7072ab03376ffac9]::executor::block_on<async_std[e0116c97accd7a46]::task::builder::SupportTaskLocals<futures_delay_queue[27eebe6cb5571709]::tests::insert::{closure#0}>, ()>::{closure#0}, ()>
[INFO] [stdout]                                at /rustc/6b3fa26749ab40e159b2dd5cf577acaaf5902772/library/std/src/thread/local.rs:463:12
[INFO] [stdout]   40:     0x64ded947c5ee - <std[73adb7dc35730857]::thread::local::LocalKey<async_executor[ab0287ad7e2067c5]::LocalExecutor>>::with::<async_global_executor[7072ab03376ffac9]::executor::block_on<async_std[e0116c97accd7a46]::task::builder::SupportTaskLocals<futures_delay_queue[27eebe6cb5571709]::tests::insert::{closure#0}>, ()>::{closure#0}, ()>
[INFO] [stdout]                                at /rustc/6b3fa26749ab40e159b2dd5cf577acaaf5902772/library/std/src/thread/local.rs:427:20
[INFO] [stdout]   41:     0x64ded9489e8a - async_global_executor[7072ab03376ffac9]::executor::block_on::<async_std[e0116c97accd7a46]::task::builder::SupportTaskLocals<futures_delay_queue[27eebe6cb5571709]::tests::insert::{closure#0}>, ()>
[INFO] [stdout]                                at /opt/rustwide/cargo-home/registry/src/index.crates.io-1949cf8c6b5b557f/async-global-executor-2.4.1/src/executor.rs:26:20
[INFO] [stdout]   42:     0x64ded948b470 - <async_std[e0116c97accd7a46]::task::builder::Builder>::blocking::<futures_delay_queue[27eebe6cb5571709]::tests::insert::{closure#0}, ()>::{closure#0}::{closure#0}
[INFO] [stdout]                                at /opt/rustwide/cargo-home/registry/src/index.crates.io-1949cf8c6b5b557f/async-std-1.13.2/src/task/builder.rs:171:25
[INFO] [stdout]   43:     0x64ded948a746 - <async_std[e0116c97accd7a46]::task::task_locals_wrapper::TaskLocalsWrapper>::set_current::<<async_std[e0116c97accd7a46]::task::builder::Builder>::blocking<futures_delay_queue[27eebe6cb5571709]::tests::insert::{closure#0}, ()>::{closure#0}::{closure#0}, ()>::{closure#0}
[INFO] [stdout]                                at /opt/rustwide/cargo-home/registry/src/index.crates.io-1949cf8c6b5b557f/async-std-1.13.2/src/task/task_locals_wrapper.rs:60:13
[INFO] [stdout]   44:     0x64ded947a7ff - <std[73adb7dc35730857]::thread::local::LocalKey<core[6883ba1bc0fe4ed1]::cell::Cell<*const async_std[e0116c97accd7a46]::task::task_locals_wrapper::TaskLocalsWrapper>>>::try_with::<<async_std[e0116c97accd7a46]::task::task_locals_wrapper::TaskLocalsWrapper>::set_current<<async_std[e0116c97accd7a46]::task::builder::Builder>::blocking<futures_delay_queue[27eebe6cb5571709]::tests::insert::{closure#0}, ()>::{closure#0}::{closure#0}, ()>::{closure#0}, ()>
[INFO] [stdout]                                at /rustc/6b3fa26749ab40e159b2dd5cf577acaaf5902772/library/std/src/thread/local.rs:463:12
[INFO] [stdout]   45:     0x64ded9479f4e - <std[73adb7dc35730857]::thread::local::LocalKey<core[6883ba1bc0fe4ed1]::cell::Cell<*const async_std[e0116c97accd7a46]::task::task_locals_wrapper::TaskLocalsWrapper>>>::with::<<async_std[e0116c97accd7a46]::task::task_locals_wrapper::TaskLocalsWrapper>::set_current<<async_std[e0116c97accd7a46]::task::builder::Builder>::blocking<futures_delay_queue[27eebe6cb5571709]::tests::insert::{closure#0}, ()>::{closure#0}::{closure#0}, ()>::{closure#0}, ()>
[INFO] [stdout]                                at /rustc/6b3fa26749ab40e159b2dd5cf577acaaf5902772/library/std/src/thread/local.rs:427:20
[INFO] [stdout]   46:     0x64ded948797a - <async_std[e0116c97accd7a46]::task::task_locals_wrapper::TaskLocalsWrapper>::set_current::<<async_std[e0116c97accd7a46]::task::builder::Builder>::blocking<futures_delay_queue[27eebe6cb5571709]::tests::insert::{closure#0}, ()>::{closure#0}::{closure#0}, ()>
[INFO] [stdout]                                at /opt/rustwide/cargo-home/registry/src/index.crates.io-1949cf8c6b5b557f/async-std-1.13.2/src/task/task_locals_wrapper.rs:55:17
[INFO] [stdout]   47:     0x64ded948aec0 - <async_std[e0116c97accd7a46]::task::builder::Builder>::blocking::<futures_delay_queue[27eebe6cb5571709]::tests::insert::{closure#0}, ()>::{closure#0}
[INFO] [stdout]                                at /opt/rustwide/cargo-home/registry/src/index.crates.io-1949cf8c6b5b557f/async-std-1.13.2/src/task/builder.rs:168:17
[INFO] [stdout]   48:     0x64ded947bd3d - <std[73adb7dc35730857]::thread::local::LocalKey<core[6883ba1bc0fe4ed1]::cell::Cell<usize>>>::try_with::<<async_std[e0116c97accd7a46]::task::builder::Builder>::blocking<futures_delay_queue[27eebe6cb5571709]::tests::insert::{closure#0}, ()>::{closure#0}, ()>
[INFO] [stdout]                                at /rustc/6b3fa26749ab40e159b2dd5cf577acaaf5902772/library/std/src/thread/local.rs:463:12
[INFO] [stdout]   49:     0x64ded947b98e - <std[73adb7dc35730857]::thread::local::LocalKey<core[6883ba1bc0fe4ed1]::cell::Cell<usize>>>::with::<<async_std[e0116c97accd7a46]::task::builder::Builder>::blocking<futures_delay_queue[27eebe6cb5571709]::tests::insert::{closure#0}, ()>::{closure#0}, ()>
[INFO] [stdout]                                at /rustc/6b3fa26749ab40e159b2dd5cf577acaaf5902772/library/std/src/thread/local.rs:427:20
[INFO] [stdout]   50:     0x64ded9488b35 - <async_std[e0116c97accd7a46]::task::builder::Builder>::blocking::<futures_delay_queue[27eebe6cb5571709]::tests::insert::{closure#0}, ()>
[INFO] [stdout]                                at /opt/rustwide/cargo-home/registry/src/index.crates.io-1949cf8c6b5b557f/async-std-1.13.2/src/task/builder.rs:161:29
[INFO] [stdout]   51:     0x64ded948a0dc - async_std[e0116c97accd7a46]::task::block_on::block_on::<futures_delay_queue[27eebe6cb5571709]::tests::insert::{closure#0}, ()>
[INFO] [stdout]                                at /opt/rustwide/cargo-home/registry/src/index.crates.io-1949cf8c6b5b557f/async-std-1.13.2/src/task/block_on.rs:31:20
[INFO] [stdout]   52:     0x64ded9485eb4 - futures_delay_queue[27eebe6cb5571709]::tests::insert
[INFO] [stdout]                                at /opt/rustwide/workdir/src/lib.rs:278:5
[INFO] [stdout]   53:     0x64ded9483997 - futures_delay_queue[27eebe6cb5571709]::tests::insert::{closure#0}
[INFO] [stdout]                                at /opt/rustwide/workdir/src/lib.rs:278:23
[INFO] [stdout]   54:     0x64ded9479a66 - <futures_delay_queue[27eebe6cb5571709]::tests::insert::{closure#0} as core[6883ba1bc0fe4ed1]::ops::function::FnOnce<()>>::call_once
[INFO] [stdout]                                at /rustc/6b3fa26749ab40e159b2dd5cf577acaaf5902772/library/core/src/ops/function.rs:250:5
[INFO] [stdout]   55:     0x64ded9492c4b - <fn() -> core[6883ba1bc0fe4ed1]::result::Result<(), alloc[55a36b64bcbf2c0d]::string::String> as core[6883ba1bc0fe4ed1]::ops::function::FnOnce<()>>::call_once
[INFO] [stdout]                                at /rustc/6b3fa26749ab40e159b2dd5cf577acaaf5902772/library/core/src/ops/function.rs:250:5
[INFO] [stdout]   56:     0x64ded9492c4b - test[980ffaebd391d06d]::__rust_begin_short_backtrace::<core[6883ba1bc0fe4ed1]::result::Result<(), alloc[55a36b64bcbf2c0d]::string::String>, fn() -> core[6883ba1bc0fe4ed1]::result::Result<(), alloc[55a36b64bcbf2c0d]::string::String>>
[INFO] [stdout]                                at /rustc/6b3fa26749ab40e159b2dd5cf577acaaf5902772/library/test/src/lib.rs:724:18
[INFO] [stdout]   57:     0x64ded94a0295 - test[980ffaebd391d06d]::run_test_in_process::{closure#0}
[INFO] [stdout]                                at /rustc/6b3fa26749ab40e159b2dd5cf577acaaf5902772/library/test/src/lib.rs:747:74
[INFO] [stdout]   58:     0x64ded94a0295 - <core[6883ba1bc0fe4ed1]::panic::unwind_safe::AssertUnwindSafe<test[980ffaebd391d06d]::run_test_in_process::{closure#0}> as core[6883ba1bc0fe4ed1]::ops::function::FnOnce<()>>::call_once
[INFO] [stdout]                                at /rustc/6b3fa26749ab40e159b2dd5cf577acaaf5902772/library/core/src/panic/unwind_safe.rs:275:9
[INFO] [stdout]   59:     0x64ded94a0295 - std[73adb7dc35730857]::panicking::catch_unwind::do_call::<core[6883ba1bc0fe4ed1]::panic::unwind_safe::AssertUnwindSafe<test[980ffaebd391d06d]::run_test_in_process::{closure#0}>, core[6883ba1bc0fe4ed1]::result::Result<(), alloc[55a36b64bcbf2c0d]::string::String>>
[INFO] [stdout]                                at /rustc/6b3fa26749ab40e159b2dd5cf577acaaf5902772/library/std/src/panicking.rs:576:43
[INFO] [stdout]   60:     0x64ded94a0295 - std[73adb7dc35730857]::panicking::catch_unwind::<core[6883ba1bc0fe4ed1]::result::Result<(), alloc[55a36b64bcbf2c0d]::string::String>, core[6883ba1bc0fe4ed1]::panic::unwind_safe::AssertUnwindSafe<test[980ffaebd391d06d]::run_test_in_process::{closure#0}>>
[INFO] [stdout]                                at /rustc/6b3fa26749ab40e159b2dd5cf577acaaf5902772/library/std/src/panicking.rs:544:19
[INFO] [stdout]   61:     0x64ded94a0295 - std[73adb7dc35730857]::panic::catch_unwind::<core[6883ba1bc0fe4ed1]::panic::unwind_safe::AssertUnwindSafe<test[980ffaebd391d06d]::run_test_in_process::{closure#0}>, core[6883ba1bc0fe4ed1]::result::Result<(), alloc[55a36b64bcbf2c0d]::string::String>>
[INFO] [stdout]                                at /rustc/6b3fa26749ab40e159b2dd5cf577acaaf5902772/library/std/src/panic.rs:359:14
[INFO] [stdout]   62:     0x64ded94a0295 - test[980ffaebd391d06d]::run_test_in_process
[INFO] [stdout]                                at /rustc/6b3fa26749ab40e159b2dd5cf577acaaf5902772/library/test/src/lib.rs:747:27
[INFO] [stdout]   63:     0x64ded94a0295 - test[980ffaebd391d06d]::run_test::{closure#0}
[INFO] [stdout]                                at /rustc/6b3fa26749ab40e159b2dd5cf577acaaf5902772/library/test/src/lib.rs:668:43
[INFO] [stdout]   64:     0x64ded949ad44 - test[980ffaebd391d06d]::run_test::{closure#1}
[INFO] [stdout]                                at /rustc/6b3fa26749ab40e159b2dd5cf577acaaf5902772/library/test/src/lib.rs:698:41
[INFO] [stdout]   65:     0x64ded949ad44 - std[73adb7dc35730857]::sys::backtrace::__rust_begin_short_backtrace::<test[980ffaebd391d06d]::run_test::{closure#1}, ()>
[INFO] [stdout]                                at /rustc/6b3fa26749ab40e159b2dd5cf577acaaf5902772/library/std/src/sys/backtrace.rs:166:18
[INFO] [stdout]   66:     0x64ded94a33e2 - std[73adb7dc35730857]::thread::lifecycle::spawn_unchecked::<test[980ffaebd391d06d]::run_test::{closure#1}, ()>::{closure#1}::{closure#0}
[INFO] [stdout]                                at /rustc/6b3fa26749ab40e159b2dd5cf577acaaf5902772/library/std/src/thread/lifecycle.rs:70:13
[INFO] [stdout]   67:     0x64ded94a33e2 - <core[6883ba1bc0fe4ed1]::panic::unwind_safe::AssertUnwindSafe<std[73adb7dc35730857]::thread::lifecycle::spawn_unchecked<test[980ffaebd391d06d]::run_test::{closure#1}, ()>::{closure#1}::{closure#0}> as core[6883ba1bc0fe4ed1]::ops::function::FnOnce<()>>::call_once
[INFO] [stdout]                                at /rustc/6b3fa26749ab40e159b2dd5cf577acaaf5902772/library/core/src/panic/unwind_safe.rs:275:9
[INFO] [stdout]   68:     0x64ded94a33e2 - std[73adb7dc35730857]::panicking::catch_unwind::do_call::<core[6883ba1bc0fe4ed1]::panic::unwind_safe::AssertUnwindSafe<std[73adb7dc35730857]::thread::lifecycle::spawn_unchecked<test[980ffaebd391d06d]::run_test::{closure#1}, ()>::{closure#1}::{closure#0}>, ()>
[INFO] [stdout]                                at /rustc/6b3fa26749ab40e159b2dd5cf577acaaf5902772/library/std/src/panicking.rs:576:43
[INFO] [stdout]   69:     0x64ded94a33e2 - std[73adb7dc35730857]::panicking::catch_unwind::<(), core[6883ba1bc0fe4ed1]::panic::unwind_safe::AssertUnwindSafe<std[73adb7dc35730857]::thread::lifecycle::spawn_unchecked<test[980ffaebd391d06d]::run_test::{closure#1}, ()>::{closure#1}::{closure#0}>>
[INFO] [stdout]                                at /rustc/6b3fa26749ab40e159b2dd5cf577acaaf5902772/library/std/src/panicking.rs:544:19
[INFO] [stdout]   70:     0x64ded94a33e2 - std[73adb7dc35730857]::panic::catch_unwind::<core[6883ba1bc0fe4ed1]::panic::unwind_safe::AssertUnwindSafe<std[73adb7dc35730857]::thread::lifecycle::spawn_unchecked<test[980ffaebd391d06d]::run_test::{closure#1}, ()>::{closure#1}::{closure#0}>, ()>
[INFO] [stdout]                                at /rustc/6b3fa26749ab40e159b2dd5cf577acaaf5902772/library/std/src/panic.rs:359:14
[INFO] [stdout]   71:     0x64ded94a33e2 - std[73adb7dc35730857]::thread::lifecycle::spawn_unchecked::<test[980ffaebd391d06d]::run_test::{closure#1}, ()>::{closure#1}
[INFO] [stdout]                                at /rustc/6b3fa26749ab40e159b2dd5cf577acaaf5902772/library/std/src/thread/lifecycle.rs:68:26
[INFO] [stdout]   72:     0x64ded94a33e2 - <std[73adb7dc35730857]::thread::lifecycle::spawn_unchecked<test[980ffaebd391d06d]::run_test::{closure#1}, ()>::{closure#1} as core[6883ba1bc0fe4ed1]::ops::function::FnOnce<()>>::call_once::{shim:vtable#0}
[INFO] [stdout]                                at /rustc/6b3fa26749ab40e159b2dd5cf577acaaf5902772/library/core/src/ops/function.rs:250:5
[INFO] [stdout]   73:     0x64ded959342f - <alloc[55a36b64bcbf2c0d]::boxed::Box<dyn core[6883ba1bc0fe4ed1]::ops::function::FnOnce<(), Output = ()> + core[6883ba1bc0fe4ed1]::marker::Send> as core[6883ba1bc0fe4ed1]::ops::function::FnOnce<()>>::call_once
[INFO] [stdout]                                at /rustc/6b3fa26749ab40e159b2dd5cf577acaaf5902772/library/alloc/src/boxed.rs:2319:9
[INFO] [stdout]   74:     0x64ded959342f - <std[73adb7dc35730857]::sys::thread::unix::Thread>::new::thread_start
[INFO] [stdout]                                at /rustc/6b3fa26749ab40e159b2dd5cf577acaaf5902772/library/std/src/sys/thread/unix.rs:123:17
[INFO] [stdout]   75:     0x7afecc0e4aa4 - <unknown>
[INFO] [stdout]   76:     0x7afecc171a64 - clone
[INFO] [stdout]   77:                0x0 - <unknown>
[INFO] [stdout] 
[INFO] [stdout] 
[INFO] [stdout] failures:
[INFO] [stdout]     tests::insert
[INFO] [stdout] 
[INFO] [stdout] test result: FAILED. 2 passed; 1 failed; 0 ignored; 0 measured; 0 filtered out; finished in 0.55s
[INFO] [stdout] 
[INFO] running `Command { std: "docker" "inspect" "f00b315af4d877fb82eaeb32441e048b583e95c92dee6a7dfb12c8d3ccacace6", kill_on_drop: false }`
[INFO] running `Command { std: "docker" "rm" "-f" "f00b315af4d877fb82eaeb32441e048b583e95c92dee6a7dfb12c8d3ccacace6", kill_on_drop: false }`
[INFO] [stdout] f00b315af4d877fb82eaeb32441e048b583e95c92dee6a7dfb12c8d3ccacace6
