[INFO] cloning repository https://github.com/jeremi/registry-registryctl
[INFO] running `Command { std: "git" "-c" "credential.helper=" "-c" "credential.helper=/workspace/cargo-home/bin/git-credential-null" "clone" "--bare" "https://github.com/jeremi/registry-registryctl" "/workspace/cache/git-repos/https%3A%2F%2Fgithub.com%2Fjeremi%2Fregistry-registryctl", kill_on_drop: false }`
[INFO] [stderr] Cloning into bare repository '/workspace/cache/git-repos/https%3A%2F%2Fgithub.com%2Fjeremi%2Fregistry-registryctl'...
[INFO] running `Command { std: "git" "rev-parse" "HEAD", kill_on_drop: false }`
[INFO] [stdout] dbc9cf94216cc6157c90928311d66b44a08fe88d
[INFO] testing jeremi/registry-registryctl against 1.98.0-beta.1 for beta-1.98-2
[INFO] running `Command { std: "git" "clone" "/workspace/cache/git-repos/https%3A%2F%2Fgithub.com%2Fjeremi%2Fregistry-registryctl" "/workspace/builds/worker-5-tc2/source", kill_on_drop: false }`
[INFO] [stderr] Cloning into '/workspace/builds/worker-5-tc2/source'...
[INFO] [stderr] done.
[INFO] removed /workspace/builds/worker-5-tc2/source/.cargo/config.toml
[INFO] started tweaking git repo https://github.com/jeremi/registry-registryctl
[INFO] finished tweaking git repo https://github.com/jeremi/registry-registryctl
[INFO] tweaked toml for git repo https://github.com/jeremi/registry-registryctl written to /workspace/builds/worker-5-tc2/source/Cargo.toml
[INFO] validating manifest of git repo https://github.com/jeremi/registry-registryctl on toolchain 1.98.0-beta.1
[INFO] running `Command { std: CARGO_HOME="/workspace/cargo-home" RUSTUP_HOME="/workspace/rustup-home" "/workspace/cargo-home/bin/cargo" "+1.98.0-beta.1" "metadata" "--manifest-path" "Cargo.toml" "--no-deps", kill_on_drop: false }`
[INFO] crate git repo https://github.com/jeremi/registry-registryctl already has a lockfile, it will not be regenerated
[INFO] running `Command { std: CARGO_HOME="/workspace/cargo-home" RUSTUP_HOME="/workspace/rustup-home" "/workspace/cargo-home/bin/cargo" "+1.98.0-beta.1" "fetch" "--manifest-path" "Cargo.toml", kill_on_drop: false }`
[INFO] [stderr]     Blocking waiting for file lock on package cache
[INFO] running `Command { std: "docker" "create" "-v" "/var/lib/crater-agent-workspace/builds/worker-5-tc2/source:/opt/rustwide/workdir:ro,Z" "-v" "/var/lib/crater-agent-workspace/builds/worker-5-tc2/target:/opt/rustwide/target:rw,Z" "-v" "/var/lib/crater-agent-workspace/cargo-home:/opt/rustwide/cargo-home:ro,Z" "-v" "/var/lib/crater-agent-workspace/rustup-home:/opt/rustwide/rustup-home:ro,Z" "-m" "1610612736" "--network" "none" "ghcr.io/rust-lang/crates-build-env/linux@sha256:3d5ced03c013a94a2f102a4510f48a6e9184255caf5fd8244f58017bde7f5210" "sleep" "infinity", kill_on_drop: false }`
[INFO] [stdout] 5d3094bd9f1b8b7f5a5d6279bd1b882b06ae488d9abca6799765831649e14809
[INFO] running `Command { std: "docker" "start" "5d3094bd9f1b8b7f5a5d6279bd1b882b06ae488d9abca6799765831649e14809", kill_on_drop: false }`
[INFO] running `Command { std: "docker" "inspect" "5d3094bd9f1b8b7f5a5d6279bd1b882b06ae488d9abca6799765831649e14809", kill_on_drop: false }`
[INFO] running `Command { std: "docker" "exec" "-e" "SOURCE_DIR=/opt/rustwide/workdir" "-e" "CARGO_HOME=/opt/rustwide/cargo-home" "-e" "RUSTUP_HOME=/opt/rustwide/rustup-home" "-e" "CARGO_TARGET_DIR=/opt/rustwide/target" "-w" "/opt/rustwide/workdir" "--user" "0:0" "5d3094bd9f1b8b7f5a5d6279bd1b882b06ae488d9abca6799765831649e14809" "/opt/rustwide/cargo-home/bin/cargo" "+1.98.0-beta.1" "metadata" "--no-deps" "--format-version=1", kill_on_drop: false }`
[INFO] running `Command { std: "docker" "inspect" "5d3094bd9f1b8b7f5a5d6279bd1b882b06ae488d9abca6799765831649e14809", kill_on_drop: false }`
[INFO] running `Command { std: "docker" "exec" "-e" "SOURCE_DIR=/opt/rustwide/workdir" "-e" "CARGO_HOME=/opt/rustwide/cargo-home" "-e" "RUSTUP_HOME=/opt/rustwide/rustup-home" "-e" "CARGO_TARGET_DIR=/opt/rustwide/target" "-e" "CARGO_INCREMENTAL=0" "-e" "RUST_BACKTRACE=full" "-e" "RUSTFLAGS=--cap-lints=warn" "-e" "RUSTDOCFLAGS=--cap-lints=warn" "-w" "/opt/rustwide/workdir" "--user" "0:0" "5d3094bd9f1b8b7f5a5d6279bd1b882b06ae488d9abca6799765831649e14809" "/opt/rustwide/cargo-home/bin/cargo" "+1.98.0-beta.1" "build" "--frozen" "--message-format=json", kill_on_drop: false }`
[INFO] [stderr]    Compiling syn v2.0.117
[INFO] [stderr]    Compiling libc v0.2.186
[INFO] [stderr]    Compiling cc v1.2.63
[INFO] [stderr]    Compiling serde v1.0.228
[INFO] [stderr]    Compiling anstyle-parse v1.0.0
[INFO] [stderr]    Compiling curve25519-dalek v4.1.3
[INFO] [stderr]    Compiling block-buffer v0.12.0
[INFO] [stderr]    Compiling generic-array v0.14.7
[INFO] [stderr]    Compiling memchr v2.8.1
[INFO] [stderr]    Compiling rustls v0.23.40
[INFO] [stderr]    Compiling simd-adler32 v0.3.9
[INFO] [stderr]    Compiling anstyle v1.0.14
[INFO] [stderr]    Compiling percent-encoding v2.3.2
[INFO] [stderr]    Compiling const-oid v0.10.2
[INFO] [stderr]    Compiling colorchoice v1.0.5
[INFO] [stderr]    Compiling clap_lex v1.1.0
[INFO] [stderr]    Compiling signature v2.2.0
[INFO] [stderr]    Compiling ryu v1.0.23
[INFO] [stderr]    Compiling miniz_oxide v0.8.9
[INFO] [stderr]    Compiling digest v0.11.3
[INFO] [stderr]    Compiling ed25519 v2.2.3
[INFO] [stderr]    Compiling unsafe-libyaml v0.2.11
[INFO] [stderr]    Compiling form_urlencoded v1.2.2
[INFO] [stderr]    Compiling sha2 v0.11.0
[INFO] [stderr]    Compiling anstream v1.0.0
[INFO] [stderr]    Compiling clap_builder v4.6.0
[INFO] [stderr]    Compiling serde_json v1.0.150
[INFO] [stderr]    Compiling flate2 v1.1.9
[INFO] [stderr]    Compiling block-buffer v0.10.4
[INFO] [stderr]    Compiling crypto-common v0.1.7
[INFO] [stderr]    Compiling digest v0.10.7
[INFO] [stderr]    Compiling sha2 v0.10.9
[INFO] [stderr]    Compiling ring v0.17.14
[INFO] [stderr]    Compiling getrandom v0.2.17
[INFO] [stderr]    Compiling getrandom v0.3.4
[INFO] [stderr]    Compiling synstructure v0.13.2
[INFO] [stderr]    Compiling zerovec-derive v0.11.3
[INFO] [stderr]    Compiling displaydoc v0.2.6
[INFO] [stderr]    Compiling zeroize_derive v1.4.3
[INFO] [stderr]    Compiling serde_derive v1.0.228
[INFO] [stderr]    Compiling thiserror-impl v2.0.18
[INFO] [stderr]    Compiling curve25519-dalek-derive v0.1.1
[INFO] [stderr]    Compiling clap_derive v4.6.1
[INFO] [stderr]    Compiling zerofrom-derive v0.1.7
[INFO] [stderr]    Compiling yoke-derive v0.8.2
[INFO] [stderr]    Compiling zeroize v1.8.2
[INFO] [stderr]    Compiling rustls-pki-types v1.14.1
[INFO] [stderr]    Compiling zerofrom v0.1.8
[INFO] [stderr]    Compiling webpki-roots v1.0.7
[INFO] [stderr]    Compiling yoke v0.8.3
[INFO] [stderr]    Compiling webpki-roots v0.26.11
[INFO] [stderr]    Compiling zerovec v0.11.6
[INFO] [stderr]    Compiling zerotrie v0.2.4
[INFO] [stderr]    Compiling thiserror v2.0.18
[INFO] [stderr]    Compiling clap v4.6.1
[INFO] [stderr]    Compiling tinystr v0.8.3
[INFO] [stderr]    Compiling potential_utf v0.1.5
[INFO] [stderr]    Compiling icu_collections v2.2.0
[INFO] [stderr]    Compiling ed25519-dalek v2.2.0
[INFO] [stderr]    Compiling rustls-webpki v0.103.13
[INFO] [stderr]    Compiling icu_locale_core v2.2.0
[INFO] [stderr]    Compiling icu_provider v2.2.0
[INFO] [stderr]    Compiling icu_properties v2.2.0
[INFO] [stderr]    Compiling icu_normalizer v2.2.0
[INFO] [stderr]    Compiling registry-platform-authcommon v0.3.2 (https://github.com/jeremi/registry-platform?rev=88d1a798043673dac30d809d87badb083c6e1a26#88d1a798)
[INFO] [stderr]    Compiling serde_yaml v0.9.34+deprecated
[INFO] [stderr]    Compiling registry-config-report v0.3.2 (https://github.com/jeremi/registry-platform?rev=88d1a798043673dac30d809d87badb083c6e1a26#88d1a798)
[INFO] [stderr]    Compiling idna_adapter v1.2.2
[INFO] [stderr]    Compiling idna v1.1.0
[INFO] [stderr]    Compiling url v2.5.8
[INFO] [stderr]    Compiling ureq v2.12.1
[INFO] [stderr]    Compiling registryctl v0.2.1 (/opt/rustwide/workdir)
[INFO] [stderr]     Finished `dev` profile [unoptimized + debuginfo] target(s) in 44.79s
[INFO] running `Command { std: "docker" "inspect" "5d3094bd9f1b8b7f5a5d6279bd1b882b06ae488d9abca6799765831649e14809", kill_on_drop: false }`
[INFO] running `Command { std: "docker" "exec" "-e" "SOURCE_DIR=/opt/rustwide/workdir" "-e" "CARGO_HOME=/opt/rustwide/cargo-home" "-e" "RUSTUP_HOME=/opt/rustwide/rustup-home" "-e" "CARGO_TARGET_DIR=/opt/rustwide/target" "-e" "CARGO_INCREMENTAL=0" "-e" "RUST_BACKTRACE=full" "-e" "RUSTFLAGS=--cap-lints=warn" "-e" "RUSTDOCFLAGS=--cap-lints=warn" "-w" "/opt/rustwide/workdir" "--user" "0:0" "5d3094bd9f1b8b7f5a5d6279bd1b882b06ae488d9abca6799765831649e14809" "/opt/rustwide/cargo-home/bin/cargo" "+1.98.0-beta.1" "test" "--frozen" "--no-run" "--message-format=json", kill_on_drop: false }`
[INFO] [stderr]    Compiling rustix v1.1.4
[INFO] [stderr]    Compiling bitflags v2.13.0
[INFO] [stderr]    Compiling linux-raw-sys v0.12.1
[INFO] [stderr]    Compiling getrandom v0.4.2
[INFO] [stderr]    Compiling fastrand v2.4.1
[INFO] [stderr]    Compiling tempfile v3.27.0
[INFO] [stderr]    Compiling registryctl v0.2.1 (/opt/rustwide/workdir)
[INFO] [stdout] warning: unused import: `clap::Parser`
[INFO] [stdout]    --> src/main.rs:367:9
[INFO] [stdout]     |
[INFO] [stdout] 367 |     use clap::Parser as _;
[INFO] [stdout]     |         ^^^^^^^^^^^^
[INFO] [stdout]     |
[INFO] [stdout]     = note: `#[warn(unused_imports)]` (part of `#[warn(unused)]`) on by default
[INFO] [stdout] 
[INFO] [stdout] 
[INFO] [stderr]     Finished `test` profile [unoptimized + debuginfo] target(s) in 10.75s
[INFO] running `Command { std: "docker" "inspect" "5d3094bd9f1b8b7f5a5d6279bd1b882b06ae488d9abca6799765831649e14809", kill_on_drop: false }`
[INFO] running `Command { std: "docker" "exec" "-e" "SOURCE_DIR=/opt/rustwide/workdir" "-e" "CARGO_HOME=/opt/rustwide/cargo-home" "-e" "RUSTUP_HOME=/opt/rustwide/rustup-home" "-e" "CARGO_TARGET_DIR=/opt/rustwide/target" "-e" "CARGO_INCREMENTAL=0" "-e" "RUST_BACKTRACE=full" "-e" "RUSTFLAGS=--cap-lints=warn" "-e" "RUSTDOCFLAGS=--cap-lints=warn" "-w" "/opt/rustwide/workdir" "--user" "0:0" "5d3094bd9f1b8b7f5a5d6279bd1b882b06ae488d9abca6799765831649e14809" "/opt/rustwide/cargo-home/bin/cargo" "+1.98.0-beta.1" "test" "--frozen", kill_on_drop: false }`
[INFO] [stderr] warning: unused import: `clap::Parser`
[INFO] [stderr]    --> src/main.rs:367:9
[INFO] [stderr]     |
[INFO] [stderr] 367 |     use clap::Parser as _;
[INFO] [stderr]     |         ^^^^^^^^^^^^
[INFO] [stderr]     |
[INFO] [stderr]     = note: `#[warn(unused_imports)]` (part of `#[warn(unused)]`) on by default
[INFO] [stderr] 
[INFO] [stderr] warning: `registryctl` (bin "registryctl" test) generated 1 warning
[INFO] [stderr]     Finished `test` profile [unoptimized + debuginfo] target(s) in 0.19s
[INFO] [stderr]      Running unittests src/lib.rs (/opt/rustwide/target/debug/deps/registryctl-8a1a56508f3339a7)
[INFO] [stdout] 
[INFO] [stdout] running 71 tests
[INFO] [stdout] test tests::compose_command_arguments_are_stable ... ok
[INFO] [stdout] test tests::bruno_files_for_relay_project_are_generated_and_secret_scoped ... ok
[INFO] [stdout] test tests::bruno_generate_is_idempotent_for_generated_files ... ok
[INFO] [stdout] test tests::bruno_generation_after_notary_add_includes_notary_requests_without_raw_keys ... ok
[INFO] [stdout] test tests::add_notary_refuses_to_overwrite_existing_notary_files ... ok
[INFO] [stdout] test tests::compose_after_notary_add_includes_digest_pinned_notary_service ... ok
[INFO] [stdout] test tests::config_diff_reports_generated_validation_view_difference ... ok
[INFO] [stdout] test tests::config_diff_ignores_crlf_only_differences ... ok
[INFO] [stdout] test tests::config_package_deduplicates_paths ... ok
[INFO] [stdout] test tests::config_package_writes_config_only_zip_without_secrets ... ok
[INFO] [stdout] test tests::doctor_invokes_relay_product_for_relay_project ... ok
[INFO] [stdout] test tests::generated_gitignore_excludes_local_secrets_and_output ... ok
[INFO] [stdout] test tests::generated_credentials_match_config_commitments ... ok
[INFO] [stdout] test tests::doctor_report_json_has_registryctl_schema ... ok
[INFO] [stdout] test tests::doctor_reports_missing_product_binary_without_panic ... ok
[INFO] [stdout] test tests::doctor_merges_opencrvs_dci_env_files_for_product_doctor ... ok
[INFO] [stdout] test tests::lab_env_json_supports_api_key_credentials ... ok
[INFO] [stdout] test tests::lab_env_missing_credential_lists_available_ids ... ok
[INFO] [stdout] test tests::generated_fingerprint_preflight_passes_for_clean_project ... ok
[INFO] [stdout] test tests::lab_env_matches_service_purpose_when_url_slashes_differ ... ok
[INFO] [stdout] test tests::lab_env_rejects_credentials_without_manifest_purpose ... ok
[INFO] [stdout] test tests::lab_env_shell_exports_only_requested_bearer_credential ... ok
[INFO] [stdout] test tests::generated_workbook_is_xlsx_with_benefits_sample_sheets ... ok
[INFO] [stdout] test tests::doctor_invokes_relay_product_with_profile_override ... ok
[INFO] [stdout] test tests::manifest_pins_image_and_records_base_url ... ok
[INFO] [stdout] test tests::notary_smoke_target_reads_target_env_from_loaded_project_env ... ok
[INFO] [stdout] test tests::generated_public_files_do_not_contain_raw_keys_or_fingerprints ... ok
[INFO] [stdout] test tests::notary_config_after_add_uses_local_relay_registry_data_api ... ok
[INFO] [stdout] test tests::opencrvs_dci_evaluation_body_uses_uin_identifier_target ... ok
[INFO] [stdout] test tests::opencrvs_dci_recipe_accepts_alias_env_and_generates_clean_project ... ok
[INFO] [stdout] test tests::opencrvs_dci_config_package_excludes_source_and_local_secrets ... ok
[INFO] [stdout] test tests::opencrvs_dci_recipe_can_copy_env_into_empty_target_directory ... ok
[INFO] [stdout] test tests::local_env_after_notary_add_appends_notary_and_source_tokens ... ok
[INFO] [stdout] test tests::manifest_after_notary_add_records_relay_plus_notary ... ok
[INFO] [stdout] test tests::init_sample_creates_expected_project_tree ... ok
[INFO] [stdout] test tests::doctor_invokes_relay_and_notary_for_combined_project_with_profile_override ... ok
[INFO] [stdout] test tests::openfn_conversion_writes_sidecar_manifest_and_job_files ... ok
[INFO] [stdout] test tests::openfn_import_from_file_uses_compact_smoke_option_and_writes_outputs ... ok
[INFO] [stdout] test tests::doctor_extracts_notary_diagnostics_as_product_findings ... FAILED
[INFO] [stdout] test tests::doctor_reports_nonzero_product_exit_and_redacts_output ... ok
[INFO] [stdout] test tests::openfn_url_parser_derives_api_export_urls ... ok
[INFO] [stdout] test tests::parses_local_http_urls_for_smoke_checks ... ok
[INFO] [stdout] test tests::product_doctor_output_detail_truncates_large_output ... ok
[INFO] [stdout] test tests::openfn_native_batch_requires_registry_notary_adaptor_and_renders_mode ... ok
[INFO] [stdout] test tests::registryctl_manifest_has_no_external_auth_dependencies ... ok
[INFO] [stdout] test tests::generated_fingerprint_preflight_fails_when_hash_is_missing ... ok
[INFO] [stdout] test tests::notary_smoke_target_rejects_target_id_and_target_env_together ... ok
[INFO] [stdout] test tests::secret_redactor_deduplicates_before_length_ordering ... ok
[INFO] [stdout] test tests::openfn_conversion_rejects_latest_adaptors_by_default ... ok
[INFO] [stdout] test tests::opencrvs_dci_recipe_fails_before_writing_when_required_env_is_missing ... ok
[INFO] [stdout] test tests::generated_fingerprint_preflight_fails_when_hash_changes ... ok
[INFO] [stdout] test tests::openfn_conversion_rejects_lightning_joins ... ok
[INFO] [stdout] test tests::openfn_native_batch_rejects_workflows_without_registry_notary_adaptor ... ok
[INFO] [stdout] test tests::relay_only_manifest_loads_without_notary_section ... ok
[INFO] [stdout] test tests::opencrvs_dci_recipe_rejects_non_clean_target_directory ... ok
[INFO] [stdout] test tests::update_check_detects_newer_semver_tags ... ok
[INFO] [stdout] test tests::update_notice_uses_pinned_installer_version ... ok
[INFO] [stdout] test tests::opencrvs_dci_smoke_without_target_marks_live_evaluation_not_run ... ok
[INFO] [stdout] test tests::smoke_report_json_does_not_include_local_keys ... ok
[INFO] [stdout] test tests::update_check_reads_stale_cache_for_nonblocking_notice ... ok
[INFO] [stdout] test tests::notary_smoke_project_writes_redacted_failure_report ... ok
[INFO] [stdout] test tests::update_check_cache_round_trips_latest_tag ... ok
[INFO] [stdout] test tests::standalone_notary_init_can_target_fhir_sidecar ... ok
[INFO] [stdout] test tests::standalone_notary_init_creates_notary_only_project ... ok
[INFO] [stdout] test tests::config_explain_delegates_to_product_explain_config ... ok
[INFO] [stdout] test tests::doctor_embeds_structured_product_report_without_lossy_translation ... ok
[INFO] [stdout] test tests::smoke_project_writes_redacted_failure_report ... ok
[INFO] [stdout] test tests::relay_plus_notary_local_demo_has_no_external_auth_dependencies ... ok
[INFO] [stdout] test tests::doctor_invokes_only_notary_for_standalone_notary_project ... ok
[INFO] [stdout] test tests::compose_runner_surfaces_nonzero_exit ... ok
[INFO] [stdout] test tests::readiness_wait_fails_after_bounded_timeout ... ok
[INFO] [stdout] 
[INFO] [stdout] failures:
[INFO] [stdout] 
[INFO] [stdout] ---- tests::doctor_extracts_notary_diagnostics_as_product_findings stdout ----
[INFO] [stdout] Bruno collection: /tmp/.tmpYJhbGo/notary-only/bruno/registry-api
[INFO] [stdout] 
[INFO] [stdout] thread 'tests::doctor_extracts_notary_diagnostics_as_product_findings' (1502) panicked at src/lib.rs:7284:9:
[INFO] [stdout] assertion `left == right` failed
[INFO] [stdout]   left: Error
[INFO] [stdout]  right: Warning
[INFO] [stdout] stack backtrace:
[INFO] [stdout]    0:     0x5c544d0032a1 - std[73adb7dc35730857]::backtrace_rs::backtrace::libunwind::trace
[INFO] [stdout]                                at /rustc/6b3fa26749ab40e159b2dd5cf577acaaf5902772/library/std/src/../../backtrace/src/backtrace/libunwind.rs:117:9
[INFO] [stdout]    1:     0x5c544d0032a1 - std[73adb7dc35730857]::backtrace_rs::backtrace::trace_unsynchronized::<std[73adb7dc35730857]::sys::backtrace::_print_fmt::{closure#1}>
[INFO] [stdout]                                at /rustc/6b3fa26749ab40e159b2dd5cf577acaaf5902772/library/std/src/../../backtrace/src/backtrace/mod.rs:66:14
[INFO] [stdout]    2:     0x5c544d0032a1 - std[73adb7dc35730857]::sys::backtrace::_print_fmt
[INFO] [stdout]                                at /rustc/6b3fa26749ab40e159b2dd5cf577acaaf5902772/library/std/src/sys/backtrace.rs:74:9
[INFO] [stdout]    3:     0x5c544d0032a1 - <<std[73adb7dc35730857]::sys::backtrace::BacktraceLock>::print::DisplayBacktrace as core[6883ba1bc0fe4ed1]::fmt::Display>::fmt
[INFO] [stdout]                                at /rustc/6b3fa26749ab40e159b2dd5cf577acaaf5902772/library/std/src/sys/backtrace.rs:44:26
[INFO] [stdout]    4:     0x5c544d01adda - <core[6883ba1bc0fe4ed1]::fmt::rt::Argument>::fmt
[INFO] [stdout]                                at /rustc/6b3fa26749ab40e159b2dd5cf577acaaf5902772/library/core/src/fmt/rt.rs:152:76
[INFO] [stdout]    5:     0x5c544d01adda - core[6883ba1bc0fe4ed1]::fmt::write
[INFO] [stdout]    6:     0x5c544d008c1c - std[73adb7dc35730857]::io::default_write_fmt::<alloc[55a36b64bcbf2c0d]::vec::Vec<u8>>
[INFO] [stdout]                                at /rustc/6b3fa26749ab40e159b2dd5cf577acaaf5902772/library/std/src/io/mod.rs:626:11
[INFO] [stdout]    7:     0x5c544d008c1c - <alloc[55a36b64bcbf2c0d]::vec::Vec<u8> as std[73adb7dc35730857]::io::Write>::write_fmt
[INFO] [stdout]                                at /rustc/6b3fa26749ab40e159b2dd5cf577acaaf5902772/library/std/src/io/mod.rs:1730:13
[INFO] [stdout]    8:     0x5c544cfdcd66 - <std[73adb7dc35730857]::sys::backtrace::BacktraceLock>::print
[INFO] [stdout]                                at /rustc/6b3fa26749ab40e159b2dd5cf577acaaf5902772/library/std/src/sys/backtrace.rs:47:9
[INFO] [stdout]    9:     0x5c544cfdcd66 - std[73adb7dc35730857]::panicking::default_hook::{closure#0}
[INFO] [stdout]                                at /rustc/6b3fa26749ab40e159b2dd5cf577acaaf5902772/library/std/src/panicking.rs:292:27
[INFO] [stdout]   10:     0x5c544cff9789 - std[73adb7dc35730857]::panicking::default_hook
[INFO] [stdout]                                at /rustc/6b3fa26749ab40e159b2dd5cf577acaaf5902772/library/std/src/panicking.rs:316:9
[INFO] [stdout]   11:     0x5c544ce82260 - <alloc[55a36b64bcbf2c0d]::boxed::Box<dyn for<'a, 'b> core[6883ba1bc0fe4ed1]::ops::function::Fn<(&'a std[73adb7dc35730857]::panic::PanicHookInfo<'b>,), Output = ()> + core[6883ba1bc0fe4ed1]::marker::Send + core[6883ba1bc0fe4ed1]::marker::Sync> as core[6883ba1bc0fe4ed1]::ops::function::Fn<(&std[73adb7dc35730857]::panic::PanicHookInfo,)>>::call
[INFO] [stdout]                                at /rustc/6b3fa26749ab40e159b2dd5cf577acaaf5902772/library/alloc/src/boxed.rs:2333:9
[INFO] [stdout]   12:     0x5c544ce82260 - test[980ffaebd391d06d]::test_main_inner::<test[980ffaebd391d06d]::test_main_static::{closure#0}>::{closure#0}
[INFO] [stdout]                                at /rustc/6b3fa26749ab40e159b2dd5cf577acaaf5902772/library/test/src/lib.rs:155:21
[INFO] [stdout]   13:     0x5c544cff9942 - <alloc[55a36b64bcbf2c0d]::boxed::Box<dyn for<'a, 'b> core[6883ba1bc0fe4ed1]::ops::function::Fn<(&'a std[73adb7dc35730857]::panic::PanicHookInfo<'b>,), Output = ()> + core[6883ba1bc0fe4ed1]::marker::Send + core[6883ba1bc0fe4ed1]::marker::Sync> as core[6883ba1bc0fe4ed1]::ops::function::Fn<(&std[73adb7dc35730857]::panic::PanicHookInfo,)>>::call
[INFO] [stdout]                                at /rustc/6b3fa26749ab40e159b2dd5cf577acaaf5902772/library/alloc/src/boxed.rs:2333:9
[INFO] [stdout]   14:     0x5c544cff9942 - std[73adb7dc35730857]::panicking::panic_with_hook
[INFO] [stdout]                                at /rustc/6b3fa26749ab40e159b2dd5cf577acaaf5902772/library/std/src/panicking.rs:823:13
[INFO] [stdout]   15:     0x5c544cfdce12 - std[73adb7dc35730857]::panicking::panic_handler::{closure#0}
[INFO] [stdout]                                at /rustc/6b3fa26749ab40e159b2dd5cf577acaaf5902772/library/std/src/panicking.rs:688:13
[INFO] [stdout]   16:     0x5c544cfd3da9 - std[73adb7dc35730857]::sys::backtrace::__rust_end_short_backtrace::<std[73adb7dc35730857]::panicking::panic_handler::{closure#0}, !>
[INFO] [stdout]                                at /rustc/6b3fa26749ab40e159b2dd5cf577acaaf5902772/library/std/src/sys/backtrace.rs:182:18
[INFO] [stdout]   17:     0x5c544cfdddcd - __rustc[a7b7b02e776dd976]::rust_begin_unwind
[INFO] [stdout]                                at /rustc/6b3fa26749ab40e159b2dd5cf577acaaf5902772/library/std/src/panicking.rs:679:5
[INFO] [stdout]   18:     0x5c544d01b5ac - core[6883ba1bc0fe4ed1]::panicking::panic_fmt
[INFO] [stdout]                                at /rustc/6b3fa26749ab40e159b2dd5cf577acaaf5902772/library/core/src/panicking.rs:80:14
[INFO] [stdout]   19:     0x5c544d01b463 - core[6883ba1bc0fe4ed1]::panicking::assert_failed_inner
[INFO] [stdout]                                at /rustc/6b3fa26749ab40e159b2dd5cf577acaaf5902772/library/core/src/panicking.rs:439:17
[INFO] [stdout]   20:     0x5c544ca89593 - core[6883ba1bc0fe4ed1]::panicking::assert_failed::<registry_config_report[38ab29994ec3e7f2]::ReportStatus, registry_config_report[38ab29994ec3e7f2]::ReportStatus>
[INFO] [stdout]                                at /rustc/6b3fa26749ab40e159b2dd5cf577acaaf5902772/library/core/src/panicking.rs:394:5
[INFO] [stdout]   21:     0x5c544ca30a7a - registryctl[c47ceeaaf2f6b925]::tests::doctor_extracts_notary_diagnostics_as_product_findings
[INFO] [stdout]                                at /opt/rustwide/workdir/src/lib.rs:7284:9
[INFO] [stdout]   22:     0x5c544ca14707 - registryctl[c47ceeaaf2f6b925]::tests::doctor_extracts_notary_diagnostics_as_product_findings::{closure#0}
[INFO] [stdout]                                at /opt/rustwide/workdir/src/lib.rs:7254:64
[INFO] [stdout]   23:     0x5c544cb5ebf6 - <registryctl[c47ceeaaf2f6b925]::tests::doctor_extracts_notary_diagnostics_as_product_findings::{closure#0} as core[6883ba1bc0fe4ed1]::ops::function::FnOnce<()>>::call_once
[INFO] [stdout]                                at /rustc/6b3fa26749ab40e159b2dd5cf577acaaf5902772/library/core/src/ops/function.rs:250:5
[INFO] [stdout]   24:     0x5c544ce7559b - <fn() -> core[6883ba1bc0fe4ed1]::result::Result<(), alloc[55a36b64bcbf2c0d]::string::String> as core[6883ba1bc0fe4ed1]::ops::function::FnOnce<()>>::call_once
[INFO] [stdout]                                at /rustc/6b3fa26749ab40e159b2dd5cf577acaaf5902772/library/core/src/ops/function.rs:250:5
[INFO] [stdout]   25:     0x5c544ce7559b - test[980ffaebd391d06d]::__rust_begin_short_backtrace::<core[6883ba1bc0fe4ed1]::result::Result<(), alloc[55a36b64bcbf2c0d]::string::String>, fn() -> core[6883ba1bc0fe4ed1]::result::Result<(), alloc[55a36b64bcbf2c0d]::string::String>>
[INFO] [stdout]                                at /rustc/6b3fa26749ab40e159b2dd5cf577acaaf5902772/library/test/src/lib.rs:724:18
[INFO] [stdout]   26:     0x5c544ce82be5 - test[980ffaebd391d06d]::run_test_in_process::{closure#0}
[INFO] [stdout]                                at /rustc/6b3fa26749ab40e159b2dd5cf577acaaf5902772/library/test/src/lib.rs:747:74
[INFO] [stdout]   27:     0x5c544ce82be5 - <core[6883ba1bc0fe4ed1]::panic::unwind_safe::AssertUnwindSafe<test[980ffaebd391d06d]::run_test_in_process::{closure#0}> as core[6883ba1bc0fe4ed1]::ops::function::FnOnce<()>>::call_once
[INFO] [stdout]                                at /rustc/6b3fa26749ab40e159b2dd5cf577acaaf5902772/library/core/src/panic/unwind_safe.rs:275:9
[INFO] [stdout]   28:     0x5c544ce82be5 - std[73adb7dc35730857]::panicking::catch_unwind::do_call::<core[6883ba1bc0fe4ed1]::panic::unwind_safe::AssertUnwindSafe<test[980ffaebd391d06d]::run_test_in_process::{closure#0}>, core[6883ba1bc0fe4ed1]::result::Result<(), alloc[55a36b64bcbf2c0d]::string::String>>
[INFO] [stdout]                                at /rustc/6b3fa26749ab40e159b2dd5cf577acaaf5902772/library/std/src/panicking.rs:576:43
[INFO] [stdout]   29:     0x5c544ce82be5 - std[73adb7dc35730857]::panicking::catch_unwind::<core[6883ba1bc0fe4ed1]::result::Result<(), alloc[55a36b64bcbf2c0d]::string::String>, core[6883ba1bc0fe4ed1]::panic::unwind_safe::AssertUnwindSafe<test[980ffaebd391d06d]::run_test_in_process::{closure#0}>>
[INFO] [stdout]                                at /rustc/6b3fa26749ab40e159b2dd5cf577acaaf5902772/library/std/src/panicking.rs:544:19
[INFO] [stdout]   30:     0x5c544ce82be5 - std[73adb7dc35730857]::panic::catch_unwind::<core[6883ba1bc0fe4ed1]::panic::unwind_safe::AssertUnwindSafe<test[980ffaebd391d06d]::run_test_in_process::{closure#0}>, core[6883ba1bc0fe4ed1]::result::Result<(), alloc[55a36b64bcbf2c0d]::string::String>>
[INFO] [stdout]                                at /rustc/6b3fa26749ab40e159b2dd5cf577acaaf5902772/library/std/src/panic.rs:359:14
[INFO] [stdout]   31:     0x5c544ce82be5 - test[980ffaebd391d06d]::run_test_in_process
[INFO] [stdout]                                at /rustc/6b3fa26749ab40e159b2dd5cf577acaaf5902772/library/test/src/lib.rs:747:27
[INFO] [stdout]   32:     0x5c544ce82be5 - test[980ffaebd391d06d]::run_test::{closure#0}
[INFO] [stdout]                                at /rustc/6b3fa26749ab40e159b2dd5cf577acaaf5902772/library/test/src/lib.rs:668:43
[INFO] [stdout]   33:     0x5c544ce7d694 - test[980ffaebd391d06d]::run_test::{closure#1}
[INFO] [stdout]                                at /rustc/6b3fa26749ab40e159b2dd5cf577acaaf5902772/library/test/src/lib.rs:698:41
[INFO] [stdout]   34:     0x5c544ce7d694 - std[73adb7dc35730857]::sys::backtrace::__rust_begin_short_backtrace::<test[980ffaebd391d06d]::run_test::{closure#1}, ()>
[INFO] [stdout]                                at /rustc/6b3fa26749ab40e159b2dd5cf577acaaf5902772/library/std/src/sys/backtrace.rs:166:18
[INFO] [stdout]   35:     0x5c544ce85d32 - std[73adb7dc35730857]::thread::lifecycle::spawn_unchecked::<test[980ffaebd391d06d]::run_test::{closure#1}, ()>::{closure#1}::{closure#0}
[INFO] [stdout]                                at /rustc/6b3fa26749ab40e159b2dd5cf577acaaf5902772/library/std/src/thread/lifecycle.rs:70:13
[INFO] [stdout]   36:     0x5c544ce85d32 - <core[6883ba1bc0fe4ed1]::panic::unwind_safe::AssertUnwindSafe<std[73adb7dc35730857]::thread::lifecycle::spawn_unchecked<test[980ffaebd391d06d]::run_test::{closure#1}, ()>::{closure#1}::{closure#0}> as core[6883ba1bc0fe4ed1]::ops::function::FnOnce<()>>::call_once
[INFO] [stdout]                                at /rustc/6b3fa26749ab40e159b2dd5cf577acaaf5902772/library/core/src/panic/unwind_safe.rs:275:9
[INFO] [stdout]   37:     0x5c544ce85d32 - std[73adb7dc35730857]::panicking::catch_unwind::do_call::<core[6883ba1bc0fe4ed1]::panic::unwind_safe::AssertUnwindSafe<std[73adb7dc35730857]::thread::lifecycle::spawn_unchecked<test[980ffaebd391d06d]::run_test::{closure#1}, ()>::{closure#1}::{closure#0}>, ()>
[INFO] [stdout]                                at /rustc/6b3fa26749ab40e159b2dd5cf577acaaf5902772/library/std/src/panicking.rs:576:43
[INFO] [stdout]   38:     0x5c544ce85d32 - std[73adb7dc35730857]::panicking::catch_unwind::<(), core[6883ba1bc0fe4ed1]::panic::unwind_safe::AssertUnwindSafe<std[73adb7dc35730857]::thread::lifecycle::spawn_unchecked<test[980ffaebd391d06d]::run_test::{closure#1}, ()>::{closure#1}::{closure#0}>>
[INFO] [stdout]                                at /rustc/6b3fa26749ab40e159b2dd5cf577acaaf5902772/library/std/src/panicking.rs:544:19
[INFO] [stdout]   39:     0x5c544ce85d32 - std[73adb7dc35730857]::panic::catch_unwind::<core[6883ba1bc0fe4ed1]::panic::unwind_safe::AssertUnwindSafe<std[73adb7dc35730857]::thread::lifecycle::spawn_unchecked<test[980ffaebd391d06d]::run_test::{closure#1}, ()>::{closure#1}::{closure#0}>, ()>
[INFO] [stdout]                                at /rustc/6b3fa26749ab40e159b2dd5cf577acaaf5902772/library/std/src/panic.rs:359:14
[INFO] [stdout]   40:     0x5c544ce85d32 - std[73adb7dc35730857]::thread::lifecycle::spawn_unchecked::<test[980ffaebd391d06d]::run_test::{closure#1}, ()>::{closure#1}
[INFO] [stdout]                                at /rustc/6b3fa26749ab40e159b2dd5cf577acaaf5902772/library/std/src/thread/lifecycle.rs:68:26
[INFO] [stdout]   41:     0x5c544ce85d32 - <std[73adb7dc35730857]::thread::lifecycle::spawn_unchecked<test[980ffaebd391d06d]::run_test::{closure#1}, ()>::{closure#1} as core[6883ba1bc0fe4ed1]::ops::function::FnOnce<()>>::call_once::{shim:vtable#0}
[INFO] [stdout]                                at /rustc/6b3fa26749ab40e159b2dd5cf577acaaf5902772/library/core/src/ops/function.rs:250:5
[INFO] [stdout]   42:     0x5c544d001aef - <alloc[55a36b64bcbf2c0d]::boxed::Box<dyn core[6883ba1bc0fe4ed1]::ops::function::FnOnce<(), Output = ()> + core[6883ba1bc0fe4ed1]::marker::Send> as core[6883ba1bc0fe4ed1]::ops::function::FnOnce<()>>::call_once
[INFO] [stdout]                                at /rustc/6b3fa26749ab40e159b2dd5cf577acaaf5902772/library/alloc/src/boxed.rs:2319:9
[INFO] [stdout]   43:     0x5c544d001aef - <std[73adb7dc35730857]::sys::thread::unix::Thread>::new::thread_start
[INFO] [stdout]                                at /rustc/6b3fa26749ab40e159b2dd5cf577acaaf5902772/library/std/src/sys/thread/unix.rs:123:17
[INFO] [stdout]   44:     0x7d8e4f529aa4 - <unknown>
[INFO] [stdout]   45:     0x7d8e4f5b6a64 - clone
[INFO] [stdout]   46:                0x0 - <unknown>
[INFO] [stdout] 
[INFO] [stdout] 
[INFO] [stdout] failures:
[INFO] [stdout]     tests::doctor_extracts_notary_diagnostics_as_product_findings
[INFO] [stdout] 
[INFO] [stdout] test result: FAILED. 70 passed; 1 failed; 0 ignored; 0 measured; 0 filtered out; finished in 0.75s
[INFO] [stdout] 
[INFO] [stderr] error: test failed, to rerun pass `--lib`
[INFO] running `Command { std: "docker" "inspect" "5d3094bd9f1b8b7f5a5d6279bd1b882b06ae488d9abca6799765831649e14809", kill_on_drop: false }`
[INFO] running `Command { std: "docker" "rm" "-f" "5d3094bd9f1b8b7f5a5d6279bd1b882b06ae488d9abca6799765831649e14809", kill_on_drop: false }`
[INFO] [stdout] 5d3094bd9f1b8b7f5a5d6279bd1b882b06ae488d9abca6799765831649e14809
