[INFO] fetching crate qubit-executor 0.7.0...
[INFO] testing qubit-executor-0.7.0 against 1.97.0-beta.6 for beta-1.98-2
[INFO] extracting crate qubit-executor 0.7.0 into /workspace/builds/worker-6-tc1/source
[INFO] started tweaking crates.io crate qubit-executor 0.7.0
[INFO] removed 0 missing tests
[INFO] finished tweaking crates.io crate qubit-executor 0.7.0
[INFO] tweaked toml for crates.io crate qubit-executor 0.7.0 written to /workspace/builds/worker-6-tc1/source/Cargo.toml
[INFO] validating manifest of crates.io crate qubit-executor 0.7.0 on toolchain 1.97.0-beta.6
[INFO] running `Command { std: CARGO_HOME="/workspace/cargo-home" RUSTUP_HOME="/workspace/rustup-home" "/workspace/cargo-home/bin/cargo" "+1.97.0-beta.6" "metadata" "--manifest-path" "Cargo.toml" "--no-deps", kill_on_drop: false }`
[INFO] crate crates.io crate qubit-executor 0.7.0 already has a lockfile, it will not be regenerated
[INFO] running `Command { std: CARGO_HOME="/workspace/cargo-home" RUSTUP_HOME="/workspace/rustup-home" "/workspace/cargo-home/bin/cargo" "+1.97.0-beta.6" "fetch" "--manifest-path" "Cargo.toml", kill_on_drop: false }`
[INFO] [stderr]     Updating crates.io index
[INFO] [stderr]  Downloading crates ...
[INFO] [stderr]   Downloaded qubit-serde v0.2.6
[INFO] [stderr]   Downloaded qubit-state-machine v0.5.0
[INFO] [stderr]   Downloaded log v0.4.30
[INFO] [stderr]   Downloaded qubit-cas v0.8.0
[INFO] [stderr]   Downloaded qubit-datatype v0.2.6
[INFO] [stderr]   Downloaded qubit-retry v0.15.0
[INFO] [stderr]   Downloaded qubit-error v0.2.4
[INFO] [stderr]   Downloaded structmeta v0.3.0
[INFO] [stderr]   Downloaded structmeta-derive v0.3.0
[INFO] [stderr]   Downloaded pastey v0.2.3
[INFO] [stderr]   Downloaded parse-display v0.11.0
[INFO] [stderr]   Downloaded parse-display-derive v0.11.0
[INFO] [stderr]   Downloaded oneshot v0.2.1
[INFO] [stderr]   Downloaded qubit-lock v0.9.0
[INFO] [stderr]   Downloaded qubit-atomic v0.13.4
[INFO] [stderr]   Downloaded qubit-function v0.15.1
[INFO] running `Command { std: "docker" "create" "-v" "/var/lib/crater-agent-workspace/builds/worker-6-tc1/source:/opt/rustwide/workdir:ro,Z" "-v" "/var/lib/crater-agent-workspace/builds/worker-6-tc1/target:/opt/rustwide/target:rw,Z" "-v" "/var/lib/crater-agent-workspace/cargo-home:/opt/rustwide/cargo-home:ro,Z" "-v" "/var/lib/crater-agent-workspace/rustup-home:/opt/rustwide/rustup-home:ro,Z" "-m" "1610612736" "--network" "none" "ghcr.io/rust-lang/crates-build-env/linux@sha256:3d5ced03c013a94a2f102a4510f48a6e9184255caf5fd8244f58017bde7f5210" "sleep" "infinity", kill_on_drop: false }`
[INFO] [stdout] 47c76118632ed985d37fef42486265ced55ed0de49b8abc4d74ff9703eb6b14f
[INFO] running `Command { std: "docker" "start" "47c76118632ed985d37fef42486265ced55ed0de49b8abc4d74ff9703eb6b14f", kill_on_drop: false }`
[INFO] running `Command { std: "docker" "inspect" "47c76118632ed985d37fef42486265ced55ed0de49b8abc4d74ff9703eb6b14f", kill_on_drop: false }`
[INFO] running `Command { std: "docker" "exec" "-e" "SOURCE_DIR=/opt/rustwide/workdir" "-e" "CARGO_HOME=/opt/rustwide/cargo-home" "-e" "RUSTUP_HOME=/opt/rustwide/rustup-home" "-e" "CARGO_TARGET_DIR=/opt/rustwide/target" "-w" "/opt/rustwide/workdir" "--user" "0:0" "47c76118632ed985d37fef42486265ced55ed0de49b8abc4d74ff9703eb6b14f" "/opt/rustwide/cargo-home/bin/cargo" "+1.97.0-beta.6" "metadata" "--no-deps" "--format-version=1", kill_on_drop: false }`
[INFO] running `Command { std: "docker" "inspect" "47c76118632ed985d37fef42486265ced55ed0de49b8abc4d74ff9703eb6b14f", kill_on_drop: false }`
[INFO] running `Command { std: "docker" "exec" "-e" "SOURCE_DIR=/opt/rustwide/workdir" "-e" "CARGO_HOME=/opt/rustwide/cargo-home" "-e" "RUSTUP_HOME=/opt/rustwide/rustup-home" "-e" "CARGO_TARGET_DIR=/opt/rustwide/target" "-e" "CARGO_INCREMENTAL=0" "-e" "RUST_BACKTRACE=full" "-e" "RUSTFLAGS=--cap-lints=warn" "-e" "RUSTDOCFLAGS=--cap-lints=warn" "-w" "/opt/rustwide/workdir" "--user" "0:0" "47c76118632ed985d37fef42486265ced55ed0de49b8abc4d74ff9703eb6b14f" "/opt/rustwide/cargo-home/bin/cargo" "+1.97.0-beta.6" "build" "--frozen" "--message-format=json", kill_on_drop: false }`
[INFO] [stderr]    Compiling autocfg v1.5.1
[INFO] [stderr]    Compiling smallvec v1.15.1
[INFO] [stderr]    Compiling memchr v2.8.0
[INFO] [stderr]    Compiling serde_core v1.0.228
[INFO] [stderr]    Compiling serde v1.0.228
[INFO] [stderr]    Compiling serde_json v1.0.150
[INFO] [stderr]    Compiling percent-encoding v2.3.2
[INFO] [stderr]    Compiling syn v2.0.117
[INFO] [stderr]    Compiling portable-atomic v1.13.1
[INFO] [stderr]    Compiling pastey v0.2.3
[INFO] [stderr]    Compiling qubit-error v0.2.4
[INFO] [stderr]    Compiling oneshot v0.2.1
[INFO] [stderr]    Compiling log v0.4.30
[INFO] [stderr]    Compiling arc-swap v1.9.1
[INFO] [stderr]    Compiling form_urlencoded v1.2.2
[INFO] [stderr]    Compiling num-traits v0.2.19
[INFO] [stderr]    Compiling bigdecimal v0.4.10
[INFO] [stderr]    Compiling parking_lot_core v0.9.12
[INFO] [stderr]    Compiling parking_lot v0.12.5
[INFO] [stderr]    Compiling aho-corasick v1.1.4
[INFO] [stderr]    Compiling qubit-function v0.15.1
[INFO] [stderr]    Compiling qubit-lock v0.9.0
[INFO] [stderr]    Compiling qubit-atomic v0.13.4
[INFO] [stderr]    Compiling num-integer v0.1.46
[INFO] [stderr]    Compiling regex-automata v0.4.14
[INFO] [stderr]    Compiling num-bigint v0.4.6
[INFO] [stderr]    Compiling synstructure v0.13.2
[INFO] [stderr]    Compiling zerovec-derive v0.11.3
[INFO] [stderr]    Compiling displaydoc v0.2.5
[INFO] [stderr]    Compiling serde_derive v1.0.228
[INFO] [stderr]    Compiling structmeta-derive v0.3.0
[INFO] [stderr]    Compiling thiserror-impl v2.0.18
[INFO] [stderr]    Compiling zerofrom-derive v0.1.7
[INFO] [stderr]    Compiling yoke-derive v0.8.2
[INFO] [stderr]    Compiling zerofrom v0.1.8
[INFO] [stderr]    Compiling structmeta v0.3.0
[INFO] [stderr]    Compiling yoke v0.8.2
[INFO] [stderr]    Compiling thiserror v2.0.18
[INFO] [stderr]    Compiling zerovec v0.11.6
[INFO] [stderr]    Compiling zerotrie v0.2.4
[INFO] [stderr]    Compiling tinystr v0.8.3
[INFO] [stderr]    Compiling potential_utf v0.1.5
[INFO] [stderr]    Compiling regex v1.12.3
[INFO] [stderr]    Compiling icu_collections v2.2.0
[INFO] [stderr]    Compiling icu_locale_core v2.2.0
[INFO] [stderr]    Compiling parse-display-derive v0.11.0
[INFO] [stderr]    Compiling chrono v0.4.44
[INFO] [stderr]    Compiling icu_provider v2.2.0
[INFO] [stderr]    Compiling icu_normalizer v2.2.0
[INFO] [stderr]    Compiling icu_properties v2.2.0
[INFO] [stderr]    Compiling parse-display v0.11.0
[INFO] [stderr]    Compiling idna_adapter v1.2.2
[INFO] [stderr]    Compiling idna v1.1.0
[INFO] [stderr]    Compiling url v2.5.8
[INFO] [stderr]    Compiling qubit-datatype v0.2.6
[INFO] [stderr]    Compiling qubit-serde v0.2.6
[INFO] [stderr]    Compiling qubit-retry v0.15.0
[INFO] [stderr]    Compiling qubit-cas v0.8.0
[INFO] [stderr]    Compiling qubit-state-machine v0.5.0
[INFO] [stderr]    Compiling qubit-executor v0.7.0 (/opt/rustwide/workdir)
[INFO] [stderr]     Finished `dev` profile [unoptimized + debuginfo] target(s) in 25.36s
[INFO] running `Command { std: "docker" "inspect" "47c76118632ed985d37fef42486265ced55ed0de49b8abc4d74ff9703eb6b14f", kill_on_drop: false }`
[INFO] running `Command { std: "docker" "exec" "-e" "SOURCE_DIR=/opt/rustwide/workdir" "-e" "CARGO_HOME=/opt/rustwide/cargo-home" "-e" "RUSTUP_HOME=/opt/rustwide/rustup-home" "-e" "CARGO_TARGET_DIR=/opt/rustwide/target" "-e" "CARGO_INCREMENTAL=0" "-e" "RUST_BACKTRACE=full" "-e" "RUSTFLAGS=--cap-lints=warn" "-e" "RUSTDOCFLAGS=--cap-lints=warn" "-w" "/opt/rustwide/workdir" "--user" "0:0" "47c76118632ed985d37fef42486265ced55ed0de49b8abc4d74ff9703eb6b14f" "/opt/rustwide/cargo-home/bin/cargo" "+1.97.0-beta.6" "test" "--frozen" "--no-run" "--message-format=json", kill_on_drop: false }`
[INFO] [stderr]    Compiling syn v2.0.117
[INFO] [stderr]    Compiling synstructure v0.13.2
[INFO] [stderr]    Compiling zerovec-derive v0.11.3
[INFO] [stderr]    Compiling displaydoc v0.2.5
[INFO] [stderr]    Compiling serde_derive v1.0.228
[INFO] [stderr]    Compiling structmeta-derive v0.3.0
[INFO] [stderr]    Compiling thiserror-impl v2.0.18
[INFO] [stderr]    Compiling tokio-macros v2.7.0
[INFO] [stderr]    Compiling zerofrom-derive v0.1.7
[INFO] [stderr]    Compiling yoke-derive v0.8.2
[INFO] [stderr]    Compiling structmeta v0.3.0
[INFO] [stderr]    Compiling tokio v1.52.3
[INFO] [stderr]    Compiling thiserror v2.0.18
[INFO] [stderr]    Compiling parse-display-derive v0.11.0
[INFO] [stderr]    Compiling zerofrom v0.1.8
[INFO] [stderr]    Compiling yoke v0.8.2
[INFO] [stderr]    Compiling zerovec v0.11.6
[INFO] [stderr]    Compiling zerotrie v0.2.4
[INFO] [stderr]    Compiling tinystr v0.8.3
[INFO] [stderr]    Compiling potential_utf v0.1.5
[INFO] [stderr]    Compiling icu_collections v2.2.0
[INFO] [stderr]    Compiling icu_locale_core v2.2.0
[INFO] [stderr]    Compiling parse-display v0.11.0
[INFO] [stderr]    Compiling icu_provider v2.2.0
[INFO] [stderr]    Compiling serde v1.0.228
[INFO] [stderr]    Compiling icu_properties v2.2.0
[INFO] [stderr]    Compiling icu_normalizer v2.2.0
[INFO] [stderr]    Compiling chrono v0.4.44
[INFO] [stderr]    Compiling idna_adapter v1.2.2
[INFO] [stderr]    Compiling idna v1.1.0
[INFO] [stderr]    Compiling url v2.5.8
[INFO] [stderr]    Compiling qubit-datatype v0.2.6
[INFO] [stderr]    Compiling qubit-serde v0.2.6
[INFO] [stderr]    Compiling qubit-retry v0.15.0
[INFO] [stderr]    Compiling qubit-cas v0.8.0
[INFO] [stderr]    Compiling qubit-state-machine v0.5.0
[INFO] [stderr]    Compiling qubit-executor v0.7.0 (/opt/rustwide/workdir)
[INFO] [stderr]     Finished `test` profile [unoptimized + debuginfo] target(s) in 21.83s
[INFO] running `Command { std: "docker" "inspect" "47c76118632ed985d37fef42486265ced55ed0de49b8abc4d74ff9703eb6b14f", kill_on_drop: false }`
[INFO] running `Command { std: "docker" "exec" "-e" "SOURCE_DIR=/opt/rustwide/workdir" "-e" "CARGO_HOME=/opt/rustwide/cargo-home" "-e" "RUSTUP_HOME=/opt/rustwide/rustup-home" "-e" "CARGO_TARGET_DIR=/opt/rustwide/target" "-e" "CARGO_INCREMENTAL=0" "-e" "RUST_BACKTRACE=full" "-e" "RUSTFLAGS=--cap-lints=warn" "-e" "RUSTDOCFLAGS=--cap-lints=warn" "-w" "/opt/rustwide/workdir" "--user" "0:0" "47c76118632ed985d37fef42486265ced55ed0de49b8abc4d74ff9703eb6b14f" "/opt/rustwide/cargo-home/bin/cargo" "+1.97.0-beta.6" "test" "--frozen", kill_on_drop: false }`
[INFO] [stderr]     Finished `test` profile [unoptimized + debuginfo] target(s) in 0.20s
[INFO] [stderr]      Running unittests src/lib.rs (/opt/rustwide/target/debug/deps/qubit_executor-731c468935540d6a)
[INFO] [stdout] 
[INFO] [stdout] running 11 tests
[INFO] [stdout] test task::task_status::compact_encoding_tests::task_status_as_usize_matches_stable_discriminants ... ok
[INFO] [stdout] test task::task_status::compact_encoding_tests::task_status_from_usize_restores_each_variant ... ok
[INFO] [stdout] test task::task_status::compact_encoding_tests::task_status_variant_count_matches_constant ... ok
[INFO] [stdout] test task::task_status_event::tests::task_status_event_codes_are_zero_through_seven_in_declaration_order ... ok
[INFO] [stdout] test task::task_status_event::tests::task_status_event_count_matches_variants ... ok
[INFO] [stdout] test task::task_status_machine::tests::build_task_status_machine_allows_expected_lifecycle_transitions ... ok
[INFO] [stdout] test task::task_status_machine::tests::build_task_status_machine_rejects_invalid_transitions ... ok
[INFO] [stdout] test task::task_status::compact_encoding_tests::task_status_round_trip_all_codes_in_range ... ok
[INFO] [stdout] test task::task_status_event::tests::task_status_event_as_usize_matches_stable_discriminants ... ok
[INFO] [stdout] test task::task_status::compact_encoding_tests::task_status_from_usize_panics_at_upper_boundary - should panic ... ok
[INFO] [stdout] test task::task_status::compact_encoding_tests::task_status_from_usize_panics_on_invalid_large_code - should panic ... ok
[INFO] [stdout] 
[INFO] [stdout] test result: ok. 11 passed; 0 failed; 0 ignored; 0 measured; 0 filtered out; finished in 0.14s
[INFO] [stdout] 
[INFO] [stderr]      Running tests/mod.rs (/opt/rustwide/target/debug/deps/mod-b7673257592d791e)
[INFO] [stdout] 
[INFO] [stdout] running 100 tests
[INFO] [stdout] test executor::delay_executor_tests::test_delay_executor_reports_worker_spawn_failure ... ok
[INFO] [stdout] test executor::direct_executor_tests::test_direct_executor_execute_runs_inline ... ok
[INFO] [stdout] test executor::schedule_executor_tests::test_schedule_executor_reports_worker_spawn_failure_without_hook ... ok
[INFO] [stdout] test executor::direct_executor_tests::test_qubit_function_task_types_remain_compatible ... ok
[INFO] [stdout] test executor::schedule_executor_tests::test_schedule_executor_reports_worker_spawn_failure ... ok
[INFO] [stdout] test executor::schedule_executor_tests::test_schedule_executor_runs_past_instant_promptly ... ok
[INFO] [stdout] test executor::executor_tests::test_executor_execute_default_delegates_to_call ... ok
[INFO] [stdout] test executor::schedule_executor_tests::test_schedule_executor_with_hook_runs_past_instant_promptly ... ok
[INFO] [stdout] test executor::thread_per_task_executor_tests::test_thread_per_task_executor_execute_runs_task ... ok
[INFO] [stdout] test executor::thread_per_task_executor_tests::test_thread_per_task_executor_reports_worker_spawn_failure_without_hook ... ok
[INFO] [stdout] test executor::thread_per_task_executor_tests::test_thread_per_task_executor_builder_rejects_zero_stack_size ... ok
[INFO] [stdout] test hook::hook_tests::test_task_hook_observes_direct_executor_lifecycle ... ok
[INFO] [stdout] test executor::delay_executor_tests::test_delay_executor_returns_callable_value ... ok
[INFO] [stdout] test executor::thread_per_task_executor_tests::test_thread_per_task_executor_call_returns_value ... ok
[INFO] [stdout] test executor::direct_executor_tests::test_direct_executor_call_returns_value ... ok
[INFO] [stdout] test hook::hook_tests::test_logging_task_hook_is_constructible ... ok
[INFO] [stdout] test executor::thread_per_task_executor_tests::test_thread_per_task_executor_builder_reports_worker_spawn_failure ... ok
[INFO] [stdout] test schedule::single_thread_scheduled_executor_service_tests::test_single_thread_scheduled_executor_service_cancel_skips_pending_task ... ok
[INFO] [stdout] test schedule::single_thread_scheduled_executor_service_tests::test_single_thread_scheduled_executor_service_counts_queued_and_running_tasks ... ok
[INFO] [stdout] test schedule::single_thread_scheduled_executor_service_tests::test_single_thread_scheduled_executor_service_handle_await_returns_result ... ok
[INFO] [stdout] test schedule::single_thread_scheduled_executor_service_tests::test_single_thread_scheduled_executor_service_internal_support_paths ... ok
[INFO] [stdout] test executor::thread_per_task_executor_tests::test_thread_per_task_executor_hook_events_are_ordered ... ok
[INFO] [stdout] test schedule::single_thread_scheduled_executor_service_tests::test_single_thread_scheduled_executor_service_handle_observation_paths ... ok
[INFO] [stdout] test schedule::single_thread_scheduled_executor_service_tests::test_single_thread_scheduled_executor_service_reports_shutting_down_with_running_work ... ok
[INFO] [stdout] test schedule::single_thread_scheduled_executor_service_tests::test_single_thread_scheduled_executor_service_reports_spawn_failure ... ok
[INFO] [stdout] test schedule::single_thread_scheduled_executor_service_tests::test_single_thread_scheduled_executor_service_rejects_after_shutdown ... ok
[INFO] [stdout] test schedule::single_thread_scheduled_executor_service_tests::test_single_thread_scheduled_executor_service_stop_cancels_pending_task ... ok
[INFO] [stdout] test schedule::single_thread_scheduled_executor_service_tests::test_single_thread_scheduled_executor_service_submit_callable_runs_immediately ... ok
[INFO] [stdout] test schedule::single_thread_scheduled_executor_service_tests::test_single_thread_scheduled_executor_service_submit_runs_runnable ... ok
[INFO] [stdout] test schedule::single_thread_scheduled_executor_service_tests::test_single_thread_scheduled_executor_service_submit_tracked_callable_reports_status ... ok
[INFO] [stdout] test service::executor_service_builder_error_tests::test_executor_service_builder_error_configuration_variants ... ok
[INFO] [stdout] test service::executor_service_builder_error_tests::test_executor_service_builder_error_from_submission_error ... ok
[INFO] [stdout] test service::executor_service_tests::test_executor_service_submit_default_and_shutdown_rejection ... ok
[INFO] [stdout] test schedule::single_thread_scheduled_executor_service_tests::test_single_thread_scheduled_executor_service_handle_try_get_ready_path ... ok
[INFO] [stdout] test service::stop_report_tests::test_stop_report_new_default_and_equality ... ok
[INFO] [stdout] test service::executor_service_tests::test_executor_service_submit_tracked_default_returns_unit_handle ... ok
[INFO] [stdout] test service::executor_service_tests::test_executor_service_submit_tracked_callable_exposes_tracking ... ok
[INFO] [stdout] test service::submission_error_tests::test_submission_error_variants_display_and_compare ... ok
[INFO] [stdout] test service::thread_per_task_executor_service_tests::test_thread_per_task_executor_service_builder_rejects_zero_stack_size ... ok
[INFO] [stdout] test service::executor_service_tests::test_executor_service_submit_callable_returns_result_handle ... ok
[INFO] [stdout] test service::thread_per_task_executor_service_tests::test_thread_per_task_executor_service_repeated_shutdown_and_stop_are_idempotent ... ok
[INFO] [stdout] test service::thread_per_task_executor_service_tests::test_thread_per_task_executor_service_lifecycle_defaults_to_running ... ok
[INFO] [stdout] test schedule::single_thread_scheduled_executor_service_tests::test_single_thread_scheduled_executor_service_schedule_callable_returns_result ... ok
[INFO] [stdout] test service::thread_per_task_executor_service_tests::test_thread_per_task_executor_service_shutdown_rejection_notifies_hook ... ok
[INFO] [stdout] test service::thread_per_task_executor_service_tests::test_thread_per_task_executor_service_stop_transitions_to_terminated ... ok
[INFO] [stdout] test service::thread_per_task_executor_service_tests::test_thread_per_task_executor_service_submit_callable_reports_worker_spawn_failure ... ok
[INFO] [stdout] test service::thread_per_task_executor_service_tests::test_thread_per_task_executor_service_submit_callable_reports_worker_spawn_failure_without_hook ... ok
[INFO] [stdout] test service::thread_per_task_executor_service_tests::test_thread_per_task_executor_service_submit_callable_returns_value ... ok
[INFO] [stdout] test schedule::single_thread_scheduled_executor_service_tests::test_single_thread_scheduled_executor_service_schedule_at_runs_runnable ... ok
[INFO] [stdout] test service::thread_per_task_executor_service_tests::test_thread_per_task_executor_service_submit_reports_worker_spawn_failure ... ok
[INFO] [stdout] test service::thread_per_task_executor_service_tests::test_thread_per_task_executor_service_shutdown_rejects_new_tasks ... ok
[INFO] [stdout] test service::thread_per_task_executor_service_tests::test_thread_per_task_executor_service_stop_reports_running_tasks ... ok
[INFO] [stdout] test service::thread_per_task_executor_service_tests::test_thread_per_task_executor_service_submit_reports_worker_spawn_failure_with_hook ... ok
[INFO] [stdout] test service::thread_per_task_executor_service_tests::test_thread_per_task_executor_service_submit_tracked_reports_worker_spawn_failure ... ok
[INFO] [stdout] test service::thread_per_task_executor_service_tests::test_thread_per_task_executor_service_submit_tracked_reports_worker_spawn_failure_with_hook ... ok
[INFO] [stdout] test service::thread_per_task_executor_service_tests::test_thread_per_task_executor_service_submit_with_hook_runs_task ... ok
[INFO] [stdout] test task::task_endpoint_pair_tests::test_task_endpoint_pair_cancel_pending_finishes_accepted_task ... ok
[INFO] [stdout] test task::task_endpoint_pair_tests::test_task_endpoint_pair_cancel_unstarted_before_accept_skips_hooks ... ok
[INFO] [stdout] test executor::schedule_executor_tests::test_schedule_executor_with_hook_waits_until_future_instant ... ok
[INFO] [stdout] test service::thread_per_task_executor_service_tests::test_thread_per_task_executor_service_submit_acceptance_is_not_task_success ... ok
[INFO] [stdout] test task::task_endpoint_pair_tests::test_task_endpoint_pair_cancel_unstarted_slot_finishes_accepted_task ... ok
[INFO] [stdout] test task::task_endpoint_pair_tests::test_task_endpoint_pair_default_splits_to_working_endpoints ... ok
[INFO] [stdout] test task::task_endpoint_pair_tests::test_task_endpoint_pair_drop_pending_finishes_accepted_task ... ok
[INFO] [stdout] test task::task_endpoint_pair_tests::test_task_endpoint_pair_with_hook_splits_to_working_endpoints ... ok
[INFO] [stdout] test task::task_execution_error_tests::test_task_execution_error_implements_error ... ok
[INFO] [stdout] test task::task_execution_error_tests::test_task_execution_error_predicates_and_display ... ok
[INFO] [stdout] test task::task_handle_state_tests::test_task_handle_state_transitions_are_observable ... ok
[INFO] [stdout] test task::task_handle_tests::test_submission_error_worker_spawn_failures_compare_by_variant ... ok
[INFO] [stdout] test task::task_handle_tests::test_task_endpoint_pair_default_creates_usable_pair ... ok
[INFO] [stdout] test task::task_handle_tests::test_task_handle_cancel_after_start_returns_false ... ok
[INFO] [stdout] test task::task_handle_tests::test_task_result_handle_trait_methods_cover_task_handle_paths ... ok
[INFO] [stdout] test task::task_handle_tests::test_task_handle_await_returns_value ... ok
[INFO] [stdout] test task::task_handle_tests::test_task_slot_run_publishes_lazy_result ... ok
[INFO] [stdout] test task::task_handle_tests::test_tracked_task_cancel_reports_finished_for_completed_task ... ok
[INFO] [stdout] test task::task_handle_tests::test_task_slot_run_skips_cancelled_task ... ok
[INFO] [stdout] test task::task_handle_tests::test_tracked_task_trait_cancel_reports_running_and_finished_tasks ... ok
[INFO] [stdout] test task::task_handle_tests::test_tracked_task_trait_methods_cover_status_and_cancellation_paths ... ok
[INFO] [stdout] test task::task_handle_tests::test_tracked_task_try_get_returns_pending_and_ready_results ... ok
[INFO] [stdout] test task::task_runner_tests::test_runner_executes_through_completion ... ok
[INFO] [stdout] test task::task_runner_tests::test_runner_executes_through_running_slot ... ok
[INFO] [stdout] test task::task_slot_tests::test_running_task_slot_drop_reports_dropped ... ok
[INFO] [stdout] test task::task_handle_tests::test_task_handle_is_done_reports_completion ... ok
[INFO] [stdout] test task::task_slot_tests::test_task_slot_start_run_and_cancel_paths ... ok
[INFO] [stdout] test task::task_runner_tests::test_runner_run_detached_discards_result ... ok
[INFO] [stdout] test task::task_slot_tests::test_task_slot_try_start_returns_running_slot ... ok
[INFO] [stdout] test task::task_slot_tests::test_task_slot_try_start_returns_slot_when_cancelled ... ok
[INFO] [stdout] test task::task_state_tests::test_task_state_notifies_blocking_waiter_on_completion ... ok
[INFO] [stdout] test executor::delay_executor_tests::test_delay_executor_delays_task_start ... ok
[INFO] [stdout] test executor::schedule_executor_tests::test_schedule_executor_runs_task_at_instant ... ok
[INFO] [stdout] test executor::direct_executor_tests::test_direct_executor_call_converts_task_failure_and_panic ... ok
[INFO] [stdout] test hook::hook_tests::test_task_hook_rejected_panics_do_not_break_rejection ... ok
[INFO] [stdout] test executor::thread_per_task_executor_tests::test_thread_per_task_executor_shared_callable_covers_runner_outcomes ... ok
[INFO] [stdout] test service::thread_per_task_executor_service_tests::test_thread_per_task_executor_service_hook_events_are_ordered ... FAILED
[INFO] [stdout] test service::thread_per_task_executor_service_tests::test_thread_per_task_executor_service_reports_panicked_task ... ok
[INFO] [stdout] test service::thread_per_task_executor_service_tests::test_thread_per_task_executor_service_submit_tracked_with_hook_runs_task ... FAILED
[INFO] [stdout] test task::task_handle_tests::test_tracked_task_status_reports_failed_and_panicked_results ... ok
[INFO] [stdout] test hook::hook_tests::test_task_hook_panics_do_not_break_task_execution ... ok
[INFO] [stdout] test service::thread_per_task_executor_service_tests::test_thread_per_task_executor_service_wait_termination_waits_for_tasks ... ok
[INFO] [stdout] test executor::delay_executor_tests::test_delay_executor_cancel_before_start_skips_callable ... ok
[INFO] [stdout] test schedule::single_thread_scheduled_executor_service_tests::test_single_thread_scheduled_executor_service_runs_earliest_deadline_first ... ok
[INFO] [stdout] 
[INFO] [stdout] failures:
[INFO] [stdout] 
[INFO] [stdout] ---- service::thread_per_task_executor_service_tests::test_thread_per_task_executor_service_hook_events_are_ordered stdout ----
[INFO] [stdout] 
[INFO] [stdout] thread 'service::thread_per_task_executor_service_tests::test_thread_per_task_executor_service_hook_events_are_ordered' (1920) panicked at tests/service/thread_per_task_executor_service_tests.rs:149:5:
[INFO] [stdout] assertion `left == right` failed
[INFO] [stdout]   left: ["accepted", "started"]
[INFO] [stdout]  right: ["accepted", "started", "finished"]
[INFO] [stdout] stack backtrace:
[INFO] [stdout]    0:     0x5689ad3f5718 - std[10d71ac2c42b111e]::backtrace_rs::backtrace::libunwind::trace
[INFO] [stdout]                                at /rustc/b2282dd5646a57d570fc86fbe8df0e8826665ef6/library/std/src/../../backtrace/src/backtrace/libunwind.rs:117:9
[INFO] [stdout]    1:     0x5689ad3f5718 - std[10d71ac2c42b111e]::backtrace_rs::backtrace::trace_unsynchronized::<std[10d71ac2c42b111e]::sys::backtrace::_print_fmt::{closure#1}>
[INFO] [stdout]                                at /rustc/b2282dd5646a57d570fc86fbe8df0e8826665ef6/library/std/src/../../backtrace/src/backtrace/mod.rs:66:14
[INFO] [stdout]    2:     0x5689ad3f5718 - std[10d71ac2c42b111e]::sys::backtrace::_print_fmt
[INFO] [stdout]                                at /rustc/b2282dd5646a57d570fc86fbe8df0e8826665ef6/library/std/src/sys/backtrace.rs:74:9
[INFO] [stdout]    3:     0x5689ad3f5718 - <<std[10d71ac2c42b111e]::sys::backtrace::BacktraceLock>::print::DisplayBacktrace as core[8fb95b77d25ab6c8]::fmt::Display>::fmt
[INFO] [stdout]                                at /rustc/b2282dd5646a57d570fc86fbe8df0e8826665ef6/library/std/src/sys/backtrace.rs:44:26
[INFO] [stdout]    4:     0x5689ad40992a - <core[8fb95b77d25ab6c8]::fmt::rt::Argument>::fmt
[INFO] [stdout]                                at /rustc/b2282dd5646a57d570fc86fbe8df0e8826665ef6/library/core/src/fmt/rt.rs:152:76
[INFO] [stdout]    5:     0x5689ad40992a - core[8fb95b77d25ab6c8]::fmt::write
[INFO] [stdout]    6:     0x5689ad3fa0b2 - std[10d71ac2c42b111e]::io::default_write_fmt::<alloc[a7ee25936407c584]::vec::Vec<u8>>
[INFO] [stdout]                                at /rustc/b2282dd5646a57d570fc86fbe8df0e8826665ef6/library/std/src/io/mod.rs:622:11
[INFO] [stdout]    7:     0x5689ad3fa0b2 - <alloc[a7ee25936407c584]::vec::Vec<u8> as std[10d71ac2c42b111e]::io::Write>::write_fmt
[INFO] [stdout]                                at /rustc/b2282dd5646a57d570fc86fbe8df0e8826665ef6/library/std/src/io/mod.rs:1977:13
[INFO] [stdout]    8:     0x5689ad3d43d6 - <std[10d71ac2c42b111e]::sys::backtrace::BacktraceLock>::print
[INFO] [stdout]                                at /rustc/b2282dd5646a57d570fc86fbe8df0e8826665ef6/library/std/src/sys/backtrace.rs:47:9
[INFO] [stdout]    9:     0x5689ad3d43d6 - std[10d71ac2c42b111e]::panicking::default_hook::{closure#0}
[INFO] [stdout]                                at /rustc/b2282dd5646a57d570fc86fbe8df0e8826665ef6/library/std/src/panicking.rs:292:27
[INFO] [stdout]   10:     0x5689ad3eda09 - std[10d71ac2c42b111e]::panicking::default_hook
[INFO] [stdout]                                at /rustc/b2282dd5646a57d570fc86fbe8df0e8826665ef6/library/std/src/panicking.rs:316:9
[INFO] [stdout]   11:     0x5689ad35814c - <alloc[a7ee25936407c584]::boxed::Box<dyn for<'a, 'b> core[8fb95b77d25ab6c8]::ops::function::Fn<(&'a std[10d71ac2c42b111e]::panic::PanicHookInfo<'b>,), Output = ()> + core[8fb95b77d25ab6c8]::marker::Sync + core[8fb95b77d25ab6c8]::marker::Send> as core[8fb95b77d25ab6c8]::ops::function::Fn<(&std[10d71ac2c42b111e]::panic::PanicHookInfo,)>>::call
[INFO] [stdout]                                at /rustc/b2282dd5646a57d570fc86fbe8df0e8826665ef6/library/alloc/src/boxed.rs:2289:9
[INFO] [stdout]   12:     0x5689ad35814c - test[213991da798b1c03]::test_main_inner::<test[213991da798b1c03]::test_main_static::{closure#0}>::{closure#0}
[INFO] [stdout]                                at /rustc/b2282dd5646a57d570fc86fbe8df0e8826665ef6/library/test/src/lib.rs:155:21
[INFO] [stdout]   13:     0x5689ad3edbc2 - <alloc[a7ee25936407c584]::boxed::Box<dyn for<'a, 'b> core[8fb95b77d25ab6c8]::ops::function::Fn<(&'a std[10d71ac2c42b111e]::panic::PanicHookInfo<'b>,), Output = ()> + core[8fb95b77d25ab6c8]::marker::Sync + core[8fb95b77d25ab6c8]::marker::Send> as core[8fb95b77d25ab6c8]::ops::function::Fn<(&std[10d71ac2c42b111e]::panic::PanicHookInfo,)>>::call
[INFO] [stdout]                                at /rustc/b2282dd5646a57d570fc86fbe8df0e8826665ef6/library/alloc/src/boxed.rs:2289:9
[INFO] [stdout]   14:     0x5689ad3edbc2 - std[10d71ac2c42b111e]::panicking::panic_with_hook
[INFO] [stdout]                                at /rustc/b2282dd5646a57d570fc86fbe8df0e8826665ef6/library/std/src/panicking.rs:833:13
[INFO] [stdout]   15:     0x5689ad3d4492 - std[10d71ac2c42b111e]::panicking::panic_handler::{closure#0}
[INFO] [stdout]                                at /rustc/b2282dd5646a57d570fc86fbe8df0e8826665ef6/library/std/src/panicking.rs:698:13
[INFO] [stdout]   16:     0x5689ad3c9699 - std[10d71ac2c42b111e]::sys::backtrace::__rust_end_short_backtrace::<std[10d71ac2c42b111e]::panicking::panic_handler::{closure#0}, !>
[INFO] [stdout]                                at /rustc/b2282dd5646a57d570fc86fbe8df0e8826665ef6/library/std/src/sys/backtrace.rs:182:18
[INFO] [stdout]   17:     0x5689ad3d51ad - __rustc[3be9ba60078d4c86]::rust_begin_unwind
[INFO] [stdout]                                at /rustc/b2282dd5646a57d570fc86fbe8df0e8826665ef6/library/std/src/panicking.rs:689:5
[INFO] [stdout]   18:     0x5689ad40a11c - core[8fb95b77d25ab6c8]::panicking::panic_fmt
[INFO] [stdout]                                at /rustc/b2282dd5646a57d570fc86fbe8df0e8826665ef6/library/core/src/panicking.rs:80:14
[INFO] [stdout]   19:     0x5689ad409fa3 - core[8fb95b77d25ab6c8]::panicking::assert_failed_inner
[INFO] [stdout]                                at /rustc/b2282dd5646a57d570fc86fbe8df0e8826665ef6/library/core/src/panicking.rs:439:17
[INFO] [stdout]   20:     0x5689ad2ba6aa - core[8fb95b77d25ab6c8]::panicking::assert_failed::<alloc[a7ee25936407c584]::vec::Vec<&str>, alloc[a7ee25936407c584]::vec::Vec<&str>>
[INFO] [stdout]                                at /rustc/b2282dd5646a57d570fc86fbe8df0e8826665ef6/library/core/src/panicking.rs:394:5
[INFO] [stdout]   21:     0x5689ad2d1c8f - mod[d252a3708a612592]::service::thread_per_task_executor_service_tests::test_thread_per_task_executor_service_hook_events_are_ordered
[INFO] [stdout]                                at /opt/rustwide/workdir/tests/service/thread_per_task_executor_service_tests.rs:149:5
[INFO] [stdout]   22:     0x5689ad2cd127 - mod[d252a3708a612592]::service::thread_per_task_executor_service_tests::test_thread_per_task_executor_service_hook_events_are_ordered::{closure#0}
[INFO] [stdout]                                at /opt/rustwide/workdir/tests/service/thread_per_task_executor_service_tests.rs:136:67
[INFO] [stdout]   23:     0x5689ad2e29f6 - <mod[d252a3708a612592]::service::thread_per_task_executor_service_tests::test_thread_per_task_executor_service_hook_events_are_ordered::{closure#0} as core[8fb95b77d25ab6c8]::ops::function::FnOnce<()>>::call_once
[INFO] [stdout]                                at /rustc/b2282dd5646a57d570fc86fbe8df0e8826665ef6/library/core/src/ops/function.rs:250:5
[INFO] [stdout]   24:     0x5689ad34b22b - <fn() -> core[8fb95b77d25ab6c8]::result::Result<(), alloc[a7ee25936407c584]::string::String> as core[8fb95b77d25ab6c8]::ops::function::FnOnce<()>>::call_once
[INFO] [stdout]                                at /rustc/b2282dd5646a57d570fc86fbe8df0e8826665ef6/library/core/src/ops/function.rs:250:5
[INFO] [stdout]   25:     0x5689ad34b22b - test[213991da798b1c03]::__rust_begin_short_backtrace::<core[8fb95b77d25ab6c8]::result::Result<(), alloc[a7ee25936407c584]::string::String>, fn() -> core[8fb95b77d25ab6c8]::result::Result<(), alloc[a7ee25936407c584]::string::String>>
[INFO] [stdout]                                at /rustc/b2282dd5646a57d570fc86fbe8df0e8826665ef6/library/test/src/lib.rs:724:18
[INFO] [stdout]   26:     0x5689ad358aa5 - test[213991da798b1c03]::run_test_in_process::{closure#0}
[INFO] [stdout]                                at /rustc/b2282dd5646a57d570fc86fbe8df0e8826665ef6/library/test/src/lib.rs:747:74
[INFO] [stdout]   27:     0x5689ad358aa5 - <core[8fb95b77d25ab6c8]::panic::unwind_safe::AssertUnwindSafe<test[213991da798b1c03]::run_test_in_process::{closure#0}> as core[8fb95b77d25ab6c8]::ops::function::FnOnce<()>>::call_once
[INFO] [stdout]                                at /rustc/b2282dd5646a57d570fc86fbe8df0e8826665ef6/library/core/src/panic/unwind_safe.rs:275:9
[INFO] [stdout]   28:     0x5689ad358aa5 - std[10d71ac2c42b111e]::panicking::catch_unwind::do_call::<core[8fb95b77d25ab6c8]::panic::unwind_safe::AssertUnwindSafe<test[213991da798b1c03]::run_test_in_process::{closure#0}>, core[8fb95b77d25ab6c8]::result::Result<(), alloc[a7ee25936407c584]::string::String>>
[INFO] [stdout]                                at /rustc/b2282dd5646a57d570fc86fbe8df0e8826665ef6/library/std/src/panicking.rs:581:40
[INFO] [stdout]   29:     0x5689ad358aa5 - std[10d71ac2c42b111e]::panicking::catch_unwind::<core[8fb95b77d25ab6c8]::result::Result<(), alloc[a7ee25936407c584]::string::String>, core[8fb95b77d25ab6c8]::panic::unwind_safe::AssertUnwindSafe<test[213991da798b1c03]::run_test_in_process::{closure#0}>>
[INFO] [stdout]                                at /rustc/b2282dd5646a57d570fc86fbe8df0e8826665ef6/library/std/src/panicking.rs:544:19
[INFO] [stdout]   30:     0x5689ad358aa5 - std[10d71ac2c42b111e]::panic::catch_unwind::<core[8fb95b77d25ab6c8]::panic::unwind_safe::AssertUnwindSafe<test[213991da798b1c03]::run_test_in_process::{closure#0}>, core[8fb95b77d25ab6c8]::result::Result<(), alloc[a7ee25936407c584]::string::String>>
[INFO] [stdout]                                at /rustc/b2282dd5646a57d570fc86fbe8df0e8826665ef6/library/std/src/panic.rs:359:14
[INFO] [stdout]   31:     0x5689ad358aa5 - test[213991da798b1c03]::run_test_in_process
[INFO] [stdout]                                at /rustc/b2282dd5646a57d570fc86fbe8df0e8826665ef6/library/test/src/lib.rs:747:27
[INFO] [stdout]   32:     0x5689ad358aa5 - test[213991da798b1c03]::run_test::{closure#0}
[INFO] [stdout]                                at /rustc/b2282dd5646a57d570fc86fbe8df0e8826665ef6/library/test/src/lib.rs:668:43
[INFO] [stdout]   33:     0x5689ad3523b4 - test[213991da798b1c03]::run_test::{closure#1}
[INFO] [stdout]                                at /rustc/b2282dd5646a57d570fc86fbe8df0e8826665ef6/library/test/src/lib.rs:698:41
[INFO] [stdout]   34:     0x5689ad3523b4 - std[10d71ac2c42b111e]::sys::backtrace::__rust_begin_short_backtrace::<test[213991da798b1c03]::run_test::{closure#1}, ()>
[INFO] [stdout]                                at /rustc/b2282dd5646a57d570fc86fbe8df0e8826665ef6/library/std/src/sys/backtrace.rs:166:18
[INFO] [stdout]   35:     0x5689ad35bb22 - std[10d71ac2c42b111e]::thread::lifecycle::spawn_unchecked::<test[213991da798b1c03]::run_test::{closure#1}, ()>::{closure#1}::{closure#0}
[INFO] [stdout]                                at /rustc/b2282dd5646a57d570fc86fbe8df0e8826665ef6/library/std/src/thread/lifecycle.rs:70:13
[INFO] [stdout]   36:     0x5689ad35bb22 - <core[8fb95b77d25ab6c8]::panic::unwind_safe::AssertUnwindSafe<std[10d71ac2c42b111e]::thread::lifecycle::spawn_unchecked<test[213991da798b1c03]::run_test::{closure#1}, ()>::{closure#1}::{closure#0}> as core[8fb95b77d25ab6c8]::ops::function::FnOnce<()>>::call_once
[INFO] [stdout]                                at /rustc/b2282dd5646a57d570fc86fbe8df0e8826665ef6/library/core/src/panic/unwind_safe.rs:275:9
[INFO] [stdout]   37:     0x5689ad35bb22 - std[10d71ac2c42b111e]::panicking::catch_unwind::do_call::<core[8fb95b77d25ab6c8]::panic::unwind_safe::AssertUnwindSafe<std[10d71ac2c42b111e]::thread::lifecycle::spawn_unchecked<test[213991da798b1c03]::run_test::{closure#1}, ()>::{closure#1}::{closure#0}>, ()>
[INFO] [stdout]                                at /rustc/b2282dd5646a57d570fc86fbe8df0e8826665ef6/library/std/src/panicking.rs:581:40
[INFO] [stdout]   38:     0x5689ad35bb22 - std[10d71ac2c42b111e]::panicking::catch_unwind::<(), core[8fb95b77d25ab6c8]::panic::unwind_safe::AssertUnwindSafe<std[10d71ac2c42b111e]::thread::lifecycle::spawn_unchecked<test[213991da798b1c03]::run_test::{closure#1}, ()>::{closure#1}::{closure#0}>>
[INFO] [stdout]                                at /rustc/b2282dd5646a57d570fc86fbe8df0e8826665ef6/library/std/src/panicking.rs:544:19
[INFO] [stdout]   39:     0x5689ad35bb22 - std[10d71ac2c42b111e]::panic::catch_unwind::<core[8fb95b77d25ab6c8]::panic::unwind_safe::AssertUnwindSafe<std[10d71ac2c42b111e]::thread::lifecycle::spawn_unchecked<test[213991da798b1c03]::run_test::{closure#1}, ()>::{closure#1}::{closure#0}>, ()>
[INFO] [stdout]                                at /rustc/b2282dd5646a57d570fc86fbe8df0e8826665ef6/library/std/src/panic.rs:359:14
[INFO] [stdout]   40:     0x5689ad35bb22 - std[10d71ac2c42b111e]::thread::lifecycle::spawn_unchecked::<test[213991da798b1c03]::run_test::{closure#1}, ()>::{closure#1}
[INFO] [stdout]                                at /rustc/b2282dd5646a57d570fc86fbe8df0e8826665ef6/library/std/src/thread/lifecycle.rs:68:26
[INFO] [stdout]   41:     0x5689ad35bb22 - <std[10d71ac2c42b111e]::thread::lifecycle::spawn_unchecked<test[213991da798b1c03]::run_test::{closure#1}, ()>::{closure#1} as core[8fb95b77d25ab6c8]::ops::function::FnOnce<()>>::call_once::{shim:vtable#0}
[INFO] [stdout]                                at /rustc/b2282dd5646a57d570fc86fbe8df0e8826665ef6/library/core/src/ops/function.rs:250:5
[INFO] [stdout]   42:     0x5689ad3f504f - <alloc[a7ee25936407c584]::boxed::Box<dyn core[8fb95b77d25ab6c8]::ops::function::FnOnce<(), Output = ()> + core[8fb95b77d25ab6c8]::marker::Send> as core[8fb95b77d25ab6c8]::ops::function::FnOnce<()>>::call_once
[INFO] [stdout]                                at /rustc/b2282dd5646a57d570fc86fbe8df0e8826665ef6/library/alloc/src/boxed.rs:2275:9
[INFO] [stdout]   43:     0x5689ad3f504f - <std[10d71ac2c42b111e]::sys::thread::unix::Thread>::new::thread_start
[INFO] [stdout]                                at /rustc/b2282dd5646a57d570fc86fbe8df0e8826665ef6/library/std/src/sys/thread/unix.rs:118:17
[INFO] [stdout]   44:     0x71b7aed43aa4 - <unknown>
[INFO] [stdout]   45:     0x71b7aedd0a64 - clone
[INFO] [stdout]   46:                0x0 - <unknown>
[INFO] [stdout] 
[INFO] [stdout] ---- service::thread_per_task_executor_service_tests::test_thread_per_task_executor_service_submit_tracked_with_hook_runs_task stdout ----
[INFO] [stdout] 
[INFO] [stdout] thread 'service::thread_per_task_executor_service_tests::test_thread_per_task_executor_service_submit_tracked_with_hook_runs_task' (1940) panicked at tests/service/thread_per_task_executor_service_tests.rs:185:5:
[INFO] [stdout] assertion `left == right` failed
[INFO] [stdout]   left: ["accepted", "started"]
[INFO] [stdout]  right: ["accepted", "started", "finished"]
[INFO] [stdout] stack backtrace:
[INFO] [stdout]    0:     0x5689ad3f5718 - std[10d71ac2c42b111e]::backtrace_rs::backtrace::libunwind::trace
[INFO] [stdout]                                at /rustc/b2282dd5646a57d570fc86fbe8df0e8826665ef6/library/std/src/../../backtrace/src/backtrace/libunwind.rs:117:9
[INFO] [stdout]    1:     0x5689ad3f5718 - std[10d71ac2c42b111e]::backtrace_rs::backtrace::trace_unsynchronized::<std[10d71ac2c42b111e]::sys::backtrace::_print_fmt::{closure#1}>
[INFO] [stdout]                                at /rustc/b2282dd5646a57d570fc86fbe8df0e8826665ef6/library/std/src/../../backtrace/src/backtrace/mod.rs:66:14
[INFO] [stdout]    2:     0x5689ad3f5718 - std[10d71ac2c42b111e]::sys::backtrace::_print_fmt
[INFO] [stdout]                                at /rustc/b2282dd5646a57d570fc86fbe8df0e8826665ef6/library/std/src/sys/backtrace.rs:74:9
[INFO] [stdout]    3:     0x5689ad3f5718 - <<std[10d71ac2c42b111e]::sys::backtrace::BacktraceLock>::print::DisplayBacktrace as core[8fb95b77d25ab6c8]::fmt::Display>::fmt
[INFO] [stdout]                                at /rustc/b2282dd5646a57d570fc86fbe8df0e8826665ef6/library/std/src/sys/backtrace.rs:44:26
[INFO] [stdout]    4:     0x5689ad40992a - <core[8fb95b77d25ab6c8]::fmt::rt::Argument>::fmt
[INFO] [stdout]                                at /rustc/b2282dd5646a57d570fc86fbe8df0e8826665ef6/library/core/src/fmt/rt.rs:152:76
[INFO] [stdout]    5:     0x5689ad40992a - core[8fb95b77d25ab6c8]::fmt::write
[INFO] [stdout]    6:     0x5689ad3fa0b2 - std[10d71ac2c42b111e]::io::default_write_fmt::<alloc[a7ee25936407c584]::vec::Vec<u8>>
[INFO] [stdout]                                at /rustc/b2282dd5646a57d570fc86fbe8df0e8826665ef6/library/std/src/io/mod.rs:622:11
[INFO] [stdout]    7:     0x5689ad3fa0b2 - <alloc[a7ee25936407c584]::vec::Vec<u8> as std[10d71ac2c42b111e]::io::Write>::write_fmt
[INFO] [stdout]                                at /rustc/b2282dd5646a57d570fc86fbe8df0e8826665ef6/library/std/src/io/mod.rs:1977:13
[INFO] [stdout]    8:     0x5689ad3d43d6 - <std[10d71ac2c42b111e]::sys::backtrace::BacktraceLock>::print
[INFO] [stdout]                                at /rustc/b2282dd5646a57d570fc86fbe8df0e8826665ef6/library/std/src/sys/backtrace.rs:47:9
[INFO] [stdout]    9:     0x5689ad3d43d6 - std[10d71ac2c42b111e]::panicking::default_hook::{closure#0}
[INFO] [stdout]                                at /rustc/b2282dd5646a57d570fc86fbe8df0e8826665ef6/library/std/src/panicking.rs:292:27
[INFO] [stdout]   10:     0x5689ad3eda09 - std[10d71ac2c42b111e]::panicking::default_hook
[INFO] [stdout]                                at /rustc/b2282dd5646a57d570fc86fbe8df0e8826665ef6/library/std/src/panicking.rs:316:9
[INFO] [stdout]   11:     0x5689ad35814c - <alloc[a7ee25936407c584]::boxed::Box<dyn for<'a, 'b> core[8fb95b77d25ab6c8]::ops::function::Fn<(&'a std[10d71ac2c42b111e]::panic::PanicHookInfo<'b>,), Output = ()> + core[8fb95b77d25ab6c8]::marker::Sync + core[8fb95b77d25ab6c8]::marker::Send> as core[8fb95b77d25ab6c8]::ops::function::Fn<(&std[10d71ac2c42b111e]::panic::PanicHookInfo,)>>::call
[INFO] [stdout]                                at /rustc/b2282dd5646a57d570fc86fbe8df0e8826665ef6/library/alloc/src/boxed.rs:2289:9
[INFO] [stdout]   12:     0x5689ad35814c - test[213991da798b1c03]::test_main_inner::<test[213991da798b1c03]::test_main_static::{closure#0}>::{closure#0}
[INFO] [stdout]                                at /rustc/b2282dd5646a57d570fc86fbe8df0e8826665ef6/library/test/src/lib.rs:155:21
[INFO] [stdout]   13:     0x5689ad3edbc2 - <alloc[a7ee25936407c584]::boxed::Box<dyn for<'a, 'b> core[8fb95b77d25ab6c8]::ops::function::Fn<(&'a std[10d71ac2c42b111e]::panic::PanicHookInfo<'b>,), Output = ()> + core[8fb95b77d25ab6c8]::marker::Sync + core[8fb95b77d25ab6c8]::marker::Send> as core[8fb95b77d25ab6c8]::ops::function::Fn<(&std[10d71ac2c42b111e]::panic::PanicHookInfo,)>>::call
[INFO] [stdout]                                at /rustc/b2282dd5646a57d570fc86fbe8df0e8826665ef6/library/alloc/src/boxed.rs:2289:9
[INFO] [stdout]   14:     0x5689ad3edbc2 - std[10d71ac2c42b111e]::panicking::panic_with_hook
[INFO] [stdout]                                at /rustc/b2282dd5646a57d570fc86fbe8df0e8826665ef6/library/std/src/panicking.rs:833:13
[INFO] [stdout]   15:     0x5689ad3d4492 - std[10d71ac2c42b111e]::panicking::panic_handler::{closure#0}
[INFO] [stdout]                                at /rustc/b2282dd5646a57d570fc86fbe8df0e8826665ef6/library/std/src/panicking.rs:698:13
[INFO] [stdout]   16:     0x5689ad3c9699 - std[10d71ac2c42b111e]::sys::backtrace::__rust_end_short_backtrace::<std[10d71ac2c42b111e]::panicking::panic_handler::{closure#0}, !>
[INFO] [stdout]                                at /rustc/b2282dd5646a57d570fc86fbe8df0e8826665ef6/library/std/src/sys/backtrace.rs:182:18
[INFO] [stdout]   17:     0x5689ad3d51ad - __rustc[3be9ba60078d4c86]::rust_begin_unwind
[INFO] [stdout]                                at /rustc/b2282dd5646a57d570fc86fbe8df0e8826665ef6/library/std/src/panicking.rs:689:5
[INFO] [stdout]   18:     0x5689ad40a11c - core[8fb95b77d25ab6c8]::panicking::panic_fmt
[INFO] [stdout]                                at /rustc/b2282dd5646a57d570fc86fbe8df0e8826665ef6/library/core/src/panicking.rs:80:14
[INFO] [stdout]   19:     0x5689ad409fa3 - core[8fb95b77d25ab6c8]::panicking::assert_failed_inner
[INFO] [stdout]                                at /rustc/b2282dd5646a57d570fc86fbe8df0e8826665ef6/library/core/src/panicking.rs:439:17
[INFO] [stdout]   20:     0x5689ad2ba6aa - core[8fb95b77d25ab6c8]::panicking::assert_failed::<alloc[a7ee25936407c584]::vec::Vec<&str>, alloc[a7ee25936407c584]::vec::Vec<&str>>
[INFO] [stdout]                                at /rustc/b2282dd5646a57d570fc86fbe8df0e8826665ef6/library/core/src/panicking.rs:394:5
[INFO] [stdout]   21:     0x5689ad2d37df - mod[d252a3708a612592]::service::thread_per_task_executor_service_tests::test_thread_per_task_executor_service_submit_tracked_with_hook_runs_task
[INFO] [stdout]                                at /opt/rustwide/workdir/tests/service/thread_per_task_executor_service_tests.rs:185:5
[INFO] [stdout]   22:     0x5689ad2cd307 - mod[d252a3708a612592]::service::thread_per_task_executor_service_tests::test_thread_per_task_executor_service_submit_tracked_with_hook_runs_task::{closure#0}
[INFO] [stdout]                                at /opt/rustwide/workdir/tests/service/thread_per_task_executor_service_tests.rs:172:78
[INFO] [stdout]   23:     0x5689ad2e2c76 - <mod[d252a3708a612592]::service::thread_per_task_executor_service_tests::test_thread_per_task_executor_service_submit_tracked_with_hook_runs_task::{closure#0} as core[8fb95b77d25ab6c8]::ops::function::FnOnce<()>>::call_once
[INFO] [stdout]                                at /rustc/b2282dd5646a57d570fc86fbe8df0e8826665ef6/library/core/src/ops/function.rs:250:5
[INFO] [stdout]   24:     0x5689ad34b22b - <fn() -> core[8fb95b77d25ab6c8]::result::Result<(), alloc[a7ee25936407c584]::string::String> as core[8fb95b77d25ab6c8]::ops::function::FnOnce<()>>::call_once
[INFO] [stdout]                                at /rustc/b2282dd5646a57d570fc86fbe8df0e8826665ef6/library/core/src/ops/function.rs:250:5
[INFO] [stdout]   25:     0x5689ad34b22b - test[213991da798b1c03]::__rust_begin_short_backtrace::<core[8fb95b77d25ab6c8]::result::Result<(), alloc[a7ee25936407c584]::string::String>, fn() -> core[8fb95b77d25ab6c8]::result::Result<(), alloc[a7ee25936407c584]::string::String>>
[INFO] [stdout]                                at /rustc/b2282dd5646a57d570fc86fbe8df0e8826665ef6/library/test/src/lib.rs:724:18
[INFO] [stdout]   26:     0x5689ad358aa5 - test[213991da798b1c03]::run_test_in_process::{closure#0}
[INFO] [stdout]                                at /rustc/b2282dd5646a57d570fc86fbe8df0e8826665ef6/library/test/src/lib.rs:747:74
[INFO] [stdout]   27:     0x5689ad358aa5 - <core[8fb95b77d25ab6c8]::panic::unwind_safe::AssertUnwindSafe<test[213991da798b1c03]::run_test_in_process::{closure#0}> as core[8fb95b77d25ab6c8]::ops::function::FnOnce<()>>::call_once
[INFO] [stdout]                                at /rustc/b2282dd5646a57d570fc86fbe8df0e8826665ef6/library/core/src/panic/unwind_safe.rs:275:9
[INFO] [stdout]   28:     0x5689ad358aa5 - std[10d71ac2c42b111e]::panicking::catch_unwind::do_call::<core[8fb95b77d25ab6c8]::panic::unwind_safe::AssertUnwindSafe<test[213991da798b1c03]::run_test_in_process::{closure#0}>, core[8fb95b77d25ab6c8]::result::Result<(), alloc[a7ee25936407c584]::string::String>>
[INFO] [stdout]                                at /rustc/b2282dd5646a57d570fc86fbe8df0e8826665ef6/library/std/src/panicking.rs:581:40
[INFO] [stdout]   29:     0x5689ad358aa5 - std[10d71ac2c42b111e]::panicking::catch_unwind::<core[8fb95b77d25ab6c8]::result::Result<(), alloc[a7ee25936407c584]::string::String>, core[8fb95b77d25ab6c8]::panic::unwind_safe::AssertUnwindSafe<test[213991da798b1c03]::run_test_in_process::{closure#0}>>
[INFO] [stdout]                                at /rustc/b2282dd5646a57d570fc86fbe8df0e8826665ef6/library/std/src/panicking.rs:544:19
[INFO] [stdout]   30:     0x5689ad358aa5 - std[10d71ac2c42b111e]::panic::catch_unwind::<core[8fb95b77d25ab6c8]::panic::unwind_safe::AssertUnwindSafe<test[213991da798b1c03]::run_test_in_process::{closure#0}>, core[8fb95b77d25ab6c8]::result::Result<(), alloc[a7ee25936407c584]::string::String>>
[INFO] [stdout]                                at /rustc/b2282dd5646a57d570fc86fbe8df0e8826665ef6/library/std/src/panic.rs:359:14
[INFO] [stdout]   31:     0x5689ad358aa5 - test[213991da798b1c03]::run_test_in_process
[INFO] [stdout]                                at /rustc/b2282dd5646a57d570fc86fbe8df0e8826665ef6/library/test/src/lib.rs:747:27
[INFO] [stdout]   32:     0x5689ad358aa5 - test[213991da798b1c03]::run_test::{closure#0}
[INFO] [stdout]                                at /rustc/b2282dd5646a57d570fc86fbe8df0e8826665ef6/library/test/src/lib.rs:668:43
[INFO] [stdout]   33:     0x5689ad3523b4 - test[213991da798b1c03]::run_test::{closure#1}
[INFO] [stdout]                                at /rustc/b2282dd5646a57d570fc86fbe8df0e8826665ef6/library/test/src/lib.rs:698:41
[INFO] [stdout]   34:     0x5689ad3523b4 - std[10d71ac2c42b111e]::sys::backtrace::__rust_begin_short_backtrace::<test[213991da798b1c03]::run_test::{closure#1}, ()>
[INFO] [stdout]                                at /rustc/b2282dd5646a57d570fc86fbe8df0e8826665ef6/library/std/src/sys/backtrace.rs:166:18
[INFO] [stdout]   35:     0x5689ad35bb22 - std[10d71ac2c42b111e]::thread::lifecycle::spawn_unchecked::<test[213991da798b1c03]::run_test::{closure#1}, ()>::{closure#1}::{closure#0}
[INFO] [stdout]                                at /rustc/b2282dd5646a57d570fc86fbe8df0e8826665ef6/library/std/src/thread/lifecycle.rs:70:13
[INFO] [stdout]   36:     0x5689ad35bb22 - <core[8fb95b77d25ab6c8]::panic::unwind_safe::AssertUnwindSafe<std[10d71ac2c42b111e]::thread::lifecycle::spawn_unchecked<test[213991da798b1c03]::run_test::{closure#1}, ()>::{closure#1}::{closure#0}> as core[8fb95b77d25ab6c8]::ops::function::FnOnce<()>>::call_once
[INFO] [stdout]                                at /rustc/b2282dd5646a57d570fc86fbe8df0e8826665ef6/library/core/src/panic/unwind_safe.rs:275:9
[INFO] [stdout]   37:     0x5689ad35bb22 - std[10d71ac2c42b111e]::panicking::catch_unwind::do_call::<core[8fb95b77d25ab6c8]::panic::unwind_safe::AssertUnwindSafe<std[10d71ac2c42b111e]::thread::lifecycle::spawn_unchecked<test[213991da798b1c03]::run_test::{closure#1}, ()>::{closure#1}::{closure#0}>, ()>
[INFO] [stdout]                                at /rustc/b2282dd5646a57d570fc86fbe8df0e8826665ef6/library/std/src/panicking.rs:581:40
[INFO] [stdout]   38:     0x5689ad35bb22 - std[10d71ac2c42b111e]::panicking::catch_unwind::<(), core[8fb95b77d25ab6c8]::panic::unwind_safe::AssertUnwindSafe<std[10d71ac2c42b111e]::thread::lifecycle::spawn_unchecked<test[213991da798b1c03]::run_test::{closure#1}, ()>::{closure#1}::{closure#0}>>
[INFO] [stdout]                                at /rustc/b2282dd5646a57d570fc86fbe8df0e8826665ef6/library/std/src/panicking.rs:544:19
[INFO] [stdout]   39:     0x5689ad35bb22 - std[10d71ac2c42b111e]::panic::catch_unwind::<core[8fb95b77d25ab6c8]::panic::unwind_safe::AssertUnwindSafe<std[10d71ac2c42b111e]::thread::lifecycle::spawn_unchecked<test[213991da798b1c03]::run_test::{closure#1}, ()>::{closure#1}::{closure#0}>, ()>
[INFO] [stdout]                                at /rustc/b2282dd5646a57d570fc86fbe8df0e8826665ef6/library/std/src/panic.rs:359:14
[INFO] [stdout]   40:     0x5689ad35bb22 - std[10d71ac2c42b111e]::thread::lifecycle::spawn_unchecked::<test[213991da798b1c03]::run_test::{closure#1}, ()>::{closure#1}
[INFO] [stdout]                                at /rustc/b2282dd5646a57d570fc86fbe8df0e8826665ef6/library/std/src/thread/lifecycle.rs:68:26
[INFO] [stdout]   41:     0x5689ad35bb22 - <std[10d71ac2c42b111e]::thread::lifecycle::spawn_unchecked<test[213991da798b1c03]::run_test::{closure#1}, ()>::{closure#1} as core[8fb95b77d25ab6c8]::ops::function::FnOnce<()>>::call_once::{shim:vtable#0}
[INFO] [stdout]                                at /rustc/b2282dd5646a57d570fc86fbe8df0e8826665ef6/library/core/src/ops/function.rs:250:5
[INFO] [stdout]   42:     0x5689ad3f504f - <alloc[a7ee25936407c584]::boxed::Box<dyn core[8fb95b77d25ab6c8]::ops::function::FnOnce<(), Output = ()> + core[8fb95b77d25ab6c8]::marker::Send> as core[8fb95b77d25ab6c8]::ops::function::FnOnce<()>>::call_once
[INFO] [stdout]                                at /rustc/b2282dd5646a57d570fc86fbe8df0e8826665ef6/library/alloc/src/boxed.rs:2275:9
[INFO] [stdout]   43:     0x5689ad3f504f - <std[10d71ac2c42b111e]::sys::thread::unix::Thread>::new::thread_start
[INFO] [stdout]                                at /rustc/b2282dd5646a57d570fc86fbe8df0e8826665ef6/library/std/src/sys/thread/unix.rs:118:17
[INFO] [stdout]   44:     0x71b7aed43aa4 - <unknown>
[INFO] [stdout]   45:     0x71b7aedd0a64 - clone
[INFO] [stdout]   46:                0x0 - <unknown>
[INFO] [stdout] 
[INFO] [stdout] 
[INFO] [stdout] failures:
[INFO] [stdout]     service::thread_per_task_executor_service_tests::test_thread_per_task_executor_service_hook_events_are_ordered
[INFO] [stdout]     service::thread_per_task_executor_service_tests::test_thread_per_task_executor_service_submit_tracked_with_hook_runs_task
[INFO] [stdout] 
[INFO] [stdout] test result: FAILED. 98 passed; 2 failed; 0 ignored; 0 measured; 0 filtered out; finished in 0.27s
[INFO] [stdout] 
[INFO] [stderr] error: test failed, to rerun pass `--test mod`
[INFO] running `Command { std: "docker" "inspect" "47c76118632ed985d37fef42486265ced55ed0de49b8abc4d74ff9703eb6b14f", kill_on_drop: false }`
[INFO] running `Command { std: "docker" "rm" "-f" "47c76118632ed985d37fef42486265ced55ed0de49b8abc4d74ff9703eb6b14f", kill_on_drop: false }`
[INFO] [stdout] 47c76118632ed985d37fef42486265ced55ed0de49b8abc4d74ff9703eb6b14f
