[INFO] fetching crate ghee 0.6.1...
[INFO] testing ghee-0.6.1 against 1.97.0-beta.6 for beta-1.98-2
[INFO] extracting crate ghee 0.6.1 into /workspace/builds/worker-5-tc1/source
[INFO] started tweaking crates.io crate ghee 0.6.1
[INFO] finished tweaking crates.io crate ghee 0.6.1
[INFO] tweaked toml for crates.io crate ghee 0.6.1 written to /workspace/builds/worker-5-tc1/source/Cargo.toml
[INFO] validating manifest of crates.io crate ghee 0.6.1 on toolchain 1.97.0-beta.6
[INFO] running `Command { std: CARGO_HOME="/workspace/cargo-home" RUSTUP_HOME="/workspace/rustup-home" "/workspace/cargo-home/bin/cargo" "+1.97.0-beta.6" "metadata" "--manifest-path" "Cargo.toml" "--no-deps", kill_on_drop: false }`
[INFO] crate crates.io crate ghee 0.6.1 already has a lockfile, it will not be regenerated
[INFO] running `Command { std: CARGO_HOME="/workspace/cargo-home" RUSTUP_HOME="/workspace/rustup-home" "/workspace/cargo-home/bin/cargo" "+1.97.0-beta.6" "fetch" "--manifest-path" "Cargo.toml", kill_on_drop: false }`
[INFO] [stderr]     Updating crates.io index
[INFO] [stderr]  Downloading crates ...
[INFO] [stderr]   Downloaded xattr v1.0.1
[INFO] [stderr]   Downloaded thiserror-impl v1.0.49
[INFO] [stderr]   Downloaded xdg v2.5.2
[INFO] [stderr]   Downloaded thiserror v1.0.49
[INFO] [stderr]   Downloaded endian-type v0.1.2
[INFO] [stderr]   Downloaded errno v0.3.4
[INFO] [stderr]   Downloaded cpufeatures v0.2.9
[INFO] [stderr]   Downloaded errno-dragonfly v0.1.2
[INFO] [stderr]   Downloaded anstyle-query v1.0.0
[INFO] [stderr]   Downloaded str-buf v1.0.6
[INFO] [stderr]   Downloaded wasm-bindgen-shared v0.2.87
[INFO] [stderr]   Downloaded anstyle v1.0.4
[INFO] [stderr]   Downloaded sudo v0.6.0
[INFO] [stderr]   Downloaded reflink v0.1.3
[INFO] [stderr]   Downloaded path-dedot v3.1.1
[INFO] [stderr]   Downloaded anstyle-wincon v3.0.1
[INFO] [stderr]   Downloaded btrfsutil-sys v1.3.0
[INFO] [stderr]   Downloaded remove_dir_all v0.5.3
[INFO] [stderr]   Downloaded itoa v1.0.9
[INFO] [stderr]   Downloaded ghee-cli v0.6.2
[INFO] [stderr]   Downloaded anstream v0.6.4
[INFO] [stderr]   Downloaded is-terminal v0.4.9
[INFO] [stderr]   Downloaded iana-time-zone v0.1.57
[INFO] [stderr]   Downloaded wasm-bindgen-macro v0.2.87
[INFO] [stderr]   Downloaded ghee-lang v0.6.1
[INFO] [stderr]   Downloaded clipboard-win v4.5.0
[INFO] [stderr]   Downloaded path-absolutize v3.1.1
[INFO] [stderr]   Downloaded clap_lex v0.5.1
[INFO] [stderr]   Downloaded fd-lock v3.0.13
[INFO] [stderr]   Downloaded error-code v2.3.1
[INFO] [stderr]   Downloaded file-owner v0.1.2
[INFO] [stderr]   Downloaded hermit-abi v0.3.3
[INFO] [stderr]   Downloaded shlex v1.2.0
[INFO] [stderr]   Downloaded home v0.5.5
[INFO] [stderr]   Downloaded nibble_vec v0.1.0
[INFO] [stderr]   Downloaded wasm-bindgen-backend v0.2.87
[INFO] [stderr]   Downloaded quote v1.0.33
[INFO] [stderr]   Downloaded proc-macro2 v1.0.67
[INFO] [stderr]   Downloaded ryu v1.0.15
[INFO] [stderr]   Downloaded bitflags v2.4.0
[INFO] [stderr]   Downloaded colored v2.0.4
[INFO] [stderr]   Downloaded clap_derive v4.4.2
[INFO] [stderr]   Downloaded anstyle-parse v0.2.2
[INFO] [stderr]   Downloaded core-foundation-sys v0.8.4
[INFO] [stderr]   Downloaded either v1.9.0
[INFO] [stderr]   Downloaded btrfsutil-fake v0.2.0-8324fe2
[INFO] [stderr]   Downloaded wasm-bindgen-macro-support v0.2.87
[INFO] [stderr]   Downloaded tempdir v0.3.7
[INFO] [stderr]   Downloaded clap_complete v4.4.3
[INFO] [stderr]   Downloaded smallvec v1.11.1
[INFO] [stderr]   Downloaded once_cell v1.18.0
[INFO] [stderr]   Downloaded serde_derive v1.0.188
[INFO] [stderr]   Downloaded clap v4.4.6
[INFO] [stderr]   Downloaded anyhow v1.0.75
[INFO] [stderr]   Downloaded num-traits v0.2.16
[INFO] [stderr]   Downloaded prettyplease v0.2.15
[INFO] [stderr]   Downloaded serde v1.0.188
[INFO] [stderr]   Downloaded clang-sys v1.6.1
[INFO] [stderr]   Downloaded bumpalo v3.14.0
[INFO] [stderr]   Downloaded js-sys v0.3.64
[INFO] [stderr]   Downloaded unicode-segmentation v1.10.1
[INFO] [stderr]   Downloaded memchr v2.6.4
[INFO] [stderr]   Downloaded rustyline v12.0.0
[INFO] [stderr]   Downloaded clap_builder v4.4.6
[INFO] [stderr]   Downloaded serde_json v1.0.107
[INFO] [stderr]   Downloaded aho-corasick v1.1.1
[INFO] [stderr]   Downloaded wasm-bindgen v0.2.87
[INFO] [stderr]   Downloaded radix_trie v0.2.1
[INFO] [stderr]   Downloaded bindgen v0.66.1
[INFO] [stderr]   Downloaded chrono v0.4.31
[INFO] [stderr]   Downloaded syn v2.0.37
[INFO] [stderr]   Downloaded nix v0.27.1
[INFO] [stderr]   Downloaded regex v1.9.6
[INFO] [stderr]   Downloaded rustix v0.38.15
[INFO] [stderr]   Downloaded regex-syntax v0.7.5
[INFO] [stderr]   Downloaded libc v0.2.148
[INFO] [stderr]   Downloaded regex-automata v0.3.9
[INFO] [stderr]   Downloaded linux-raw-sys v0.4.8
[INFO] [stderr]   Downloaded windows v0.48.0
[INFO] running `Command { std: "docker" "create" "-v" "/var/lib/crater-agent-workspace/builds/worker-5-tc1/source:/opt/rustwide/workdir:ro,Z" "-v" "/var/lib/crater-agent-workspace/builds/worker-5-tc1/target:/opt/rustwide/target:rw,Z" "-v" "/var/lib/crater-agent-workspace/cargo-home:/opt/rustwide/cargo-home:ro,Z" "-v" "/var/lib/crater-agent-workspace/rustup-home:/opt/rustwide/rustup-home:ro,Z" "-m" "1610612736" "--network" "none" "ghcr.io/rust-lang/crates-build-env/linux@sha256:3d5ced03c013a94a2f102a4510f48a6e9184255caf5fd8244f58017bde7f5210" "sleep" "infinity", kill_on_drop: false }`
[INFO] [stdout] 07d18e0fddc0db77ac13999565491fe05907f416b41dc7e08d990781772b0c5d
[INFO] running `Command { std: "docker" "start" "07d18e0fddc0db77ac13999565491fe05907f416b41dc7e08d990781772b0c5d", kill_on_drop: false }`
[INFO] running `Command { std: "docker" "inspect" "07d18e0fddc0db77ac13999565491fe05907f416b41dc7e08d990781772b0c5d", kill_on_drop: false }`
[INFO] running `Command { std: "docker" "exec" "-e" "SOURCE_DIR=/opt/rustwide/workdir" "-e" "CARGO_HOME=/opt/rustwide/cargo-home" "-e" "RUSTUP_HOME=/opt/rustwide/rustup-home" "-e" "CARGO_TARGET_DIR=/opt/rustwide/target" "-w" "/opt/rustwide/workdir" "--user" "0:0" "07d18e0fddc0db77ac13999565491fe05907f416b41dc7e08d990781772b0c5d" "/opt/rustwide/cargo-home/bin/cargo" "+1.97.0-beta.6" "metadata" "--no-deps" "--format-version=1", kill_on_drop: false }`
[INFO] running `Command { std: "docker" "inspect" "07d18e0fddc0db77ac13999565491fe05907f416b41dc7e08d990781772b0c5d", kill_on_drop: false }`
[INFO] running `Command { std: "docker" "exec" "-e" "SOURCE_DIR=/opt/rustwide/workdir" "-e" "CARGO_HOME=/opt/rustwide/cargo-home" "-e" "RUSTUP_HOME=/opt/rustwide/rustup-home" "-e" "CARGO_TARGET_DIR=/opt/rustwide/target" "-e" "CARGO_INCREMENTAL=0" "-e" "RUST_BACKTRACE=full" "-e" "RUSTFLAGS=--cap-lints=warn" "-e" "RUSTDOCFLAGS=--cap-lints=warn" "-w" "/opt/rustwide/workdir" "--user" "0:0" "07d18e0fddc0db77ac13999565491fe05907f416b41dc7e08d990781772b0c5d" "/opt/rustwide/cargo-home/bin/cargo" "+1.97.0-beta.6" "build" "--frozen" "--message-format=json", kill_on_drop: false }`
[INFO] [stderr]    Compiling proc-macro2 v1.0.67
[INFO] [stderr]    Compiling bitflags v2.4.0
[INFO] [stderr]    Compiling serde v1.0.188
[INFO] [stderr]    Compiling linux-raw-sys v0.4.8
[INFO] [stderr]    Compiling libc v0.2.148
[INFO] [stderr]    Compiling memchr v2.6.4
[INFO] [stderr]    Compiling anstyle-parse v0.2.2
[INFO] [stderr]    Compiling anstyle-query v1.0.0
[INFO] [stderr]    Compiling glob v0.3.1
[INFO] [stderr]    Compiling anstyle v1.0.4
[INFO] [stderr]    Compiling anstream v0.6.4
[INFO] [stderr]    Compiling strsim v0.10.0
[INFO] [stderr]    Compiling heck v0.4.1
[INFO] [stderr]    Compiling prettyplease v0.2.15
[INFO] [stderr]    Compiling clap_lex v0.5.1
[INFO] [stderr]    Compiling thiserror v1.0.49
[INFO] [stderr]    Compiling clang-sys v1.6.1
[INFO] [stderr]    Compiling quote v1.0.33
[INFO] [stderr]    Compiling nom v7.1.3
[INFO] [stderr]    Compiling rustix v0.38.15
[INFO] [stderr]    Compiling clap_builder v4.4.6
[INFO] [stderr]    Compiling serde_json v1.0.107
[INFO] [stderr]    Compiling syn v2.0.37
[INFO] [stderr]    Compiling anyhow v1.0.75
[INFO] [stderr]    Compiling regex-syntax v0.7.5
[INFO] [stderr]    Compiling home v0.5.5
[INFO] [stderr]    Compiling log v0.4.20
[INFO] [stderr]    Compiling libloading v0.7.4
[INFO] [stderr]    Compiling either v1.9.0
[INFO] [stderr]    Compiling bindgen v0.66.1
[INFO] [stderr]    Compiling ryu v1.0.15
[INFO] [stderr]    Compiling itoa v1.0.9
[INFO] [stderr]    Compiling peeking_take_while v0.1.2
[INFO] [stderr]    Compiling lazycell v1.3.0
[INFO] [stderr]    Compiling rustc-hash v1.1.0
[INFO] [stderr]    Compiling shlex v1.2.0
[INFO] [stderr]    Compiling num-traits v0.2.16
[INFO] [stderr]    Compiling regex-automata v0.3.9
[INFO] [stderr]    Compiling which v4.4.2
[INFO] [stderr]    Compiling cexpr v0.6.0
[INFO] [stderr]    Compiling smallvec v1.11.1
[INFO] [stderr]    Compiling nibble_vec v0.1.0
[INFO] [stderr]    Compiling endian-type v0.1.2
[INFO] [stderr]    Compiling once_cell v1.18.0
[INFO] [stderr]    Compiling iana-time-zone v0.1.57
[INFO] [stderr]    Compiling path-dedot v3.1.1
[INFO] [stderr]    Compiling fd-lock v3.0.13
[INFO] [stderr]    Compiling is-terminal v0.4.9
[INFO] [stderr]    Compiling chrono v0.4.31
[INFO] [stderr]    Compiling regex v1.9.6
[INFO] [stderr]    Compiling radix_trie v0.2.1
[INFO] [stderr]    Compiling nix v0.26.4
[INFO] [stderr]    Compiling nix v0.27.1
[INFO] [stderr]    Compiling cpufeatures v0.2.9
[INFO] [stderr]    Compiling same-file v1.0.6
[INFO] [stderr]    Compiling unicode-width v0.1.11
[INFO] [stderr]    Compiling unicode-segmentation v1.10.1
[INFO] [stderr]    Compiling uuid v0.8.2
[INFO] [stderr]    Compiling serde_derive v1.0.188
[INFO] [stderr]    Compiling thiserror-impl v1.0.49
[INFO] [stderr]    Compiling clap_derive v4.4.2
[INFO] [stderr]    Compiling file-owner v0.1.2
[INFO] [stderr]    Compiling walkdir v2.4.0
[INFO] [stderr]    Compiling sha2 v0.10.8
[INFO] [stderr]    Compiling colored v2.0.4
[INFO] [stderr]    Compiling path-absolutize v3.1.1
[INFO] [stderr]    Compiling atty v0.2.14
[INFO] [stderr]    Compiling reflink v0.1.3
[INFO] [stderr]    Compiling xattr v1.0.1
[INFO] [stderr]    Compiling rustyline v12.0.0
[INFO] [stderr]    Compiling sudo v0.6.0
[INFO] [stderr]    Compiling xdg v2.5.2
[INFO] [stderr]    Compiling clap v4.4.6
[INFO] [stderr]    Compiling clap_complete v4.4.3
[INFO] [stderr]    Compiling toml v0.5.11
[INFO] [stderr]    Compiling ghee-lang v0.6.1
[INFO] [stderr]    Compiling btrfsutil-sys v1.3.0
[INFO] [stderr]    Compiling ghee-cli v0.6.2
[INFO] [stderr]    Compiling btrfsutil-fake v0.2.0-8324fe2
[INFO] [stderr]    Compiling ghee v0.6.1 (/opt/rustwide/workdir)
[INFO] [stderr]     Finished `dev` profile [unoptimized + debuginfo] target(s) in 1m 01s
[INFO] running `Command { std: "docker" "inspect" "07d18e0fddc0db77ac13999565491fe05907f416b41dc7e08d990781772b0c5d", kill_on_drop: false }`
[INFO] running `Command { std: "docker" "exec" "-e" "SOURCE_DIR=/opt/rustwide/workdir" "-e" "CARGO_HOME=/opt/rustwide/cargo-home" "-e" "RUSTUP_HOME=/opt/rustwide/rustup-home" "-e" "CARGO_TARGET_DIR=/opt/rustwide/target" "-e" "CARGO_INCREMENTAL=0" "-e" "RUST_BACKTRACE=full" "-e" "RUSTFLAGS=--cap-lints=warn" "-e" "RUSTDOCFLAGS=--cap-lints=warn" "-w" "/opt/rustwide/workdir" "--user" "0:0" "07d18e0fddc0db77ac13999565491fe05907f416b41dc7e08d990781772b0c5d" "/opt/rustwide/cargo-home/bin/cargo" "+1.97.0-beta.6" "test" "--frozen" "--no-run" "--message-format=json", kill_on_drop: false }`
[INFO] [stderr]    Compiling rand v0.4.6
[INFO] [stderr]    Compiling remove_dir_all v0.5.3
[INFO] [stderr]    Compiling tempdir v0.3.7
[INFO] [stderr]    Compiling ghee v0.6.1 (/opt/rustwide/workdir)
[INFO] [stderr]     Finished `test` profile [unoptimized + debuginfo] target(s) in 4.51s
[INFO] running `Command { std: "docker" "inspect" "07d18e0fddc0db77ac13999565491fe05907f416b41dc7e08d990781772b0c5d", kill_on_drop: false }`
[INFO] running `Command { std: "docker" "exec" "-e" "SOURCE_DIR=/opt/rustwide/workdir" "-e" "CARGO_HOME=/opt/rustwide/cargo-home" "-e" "RUSTUP_HOME=/opt/rustwide/rustup-home" "-e" "CARGO_TARGET_DIR=/opt/rustwide/target" "-e" "CARGO_INCREMENTAL=0" "-e" "RUST_BACKTRACE=full" "-e" "RUSTFLAGS=--cap-lints=warn" "-e" "RUSTDOCFLAGS=--cap-lints=warn" "-w" "/opt/rustwide/workdir" "--user" "0:0" "07d18e0fddc0db77ac13999565491fe05907f416b41dc7e08d990781772b0c5d" "/opt/rustwide/cargo-home/bin/cargo" "+1.97.0-beta.6" "test" "--frozen", kill_on_drop: false }`
[INFO] [stderr]     Finished `test` profile [unoptimized + debuginfo] target(s) in 0.18s
[INFO] [stderr]      Running unittests src/lib.rs (/opt/rustwide/target/debug/deps/ghee-fb8aa7fe9e415507)
[INFO] [stdout] 
[INFO] [stdout] running 58 tests
[INFO] [stdout] test cmd::create::test::test_create ... ok
[INFO] [stdout] test cmd::cp_or_mv::test::test_cp ... ok
[INFO] [stdout] test cmd::cp_or_mv::test::test_mv ... ok
[INFO] [stdout] test cmd::del::test::test_del_dir1_predicate ... ok
[INFO] [stdout] test cmd::del::test::test_unlink_record1 ... ok
[INFO] [stdout] test cmd::del::test::test_del_dir1_default_key ... ok
[INFO] [stdout] test cmd::del::test::test_del_dir2_default_key ... ok
[INFO] [stdout] test cmd::del::test::test_del_dir1_bogus_key ... ok
[INFO] [stdout] test cmd::del::test::test_del_dir2_predicate ... ok
[INFO] [stdout] {"key":"a","indices_abs":{"a":"/tmp/ghee-test-get-all.oXoz6TdHlHQ5/nonexisting"}}test cmd::get::test::test_get_all_after_create ... ok
[INFO] [stdout] test cmd::init::test::test_init ... ok
[INFO] [stdout] test cmd::del::test::test_unlink_record3 ... ok
[INFO] [stdout] test cmd::idx::test::test_idx_chain ... ok
[INFO] [stdout] test cmd::del::test::test_del_overconstrained ... ok
[INFO] [stdout] test cmd::del::test::test_del_unconstrained ... ok
[INFO] [stdout] test cmd::idx::test::test_idx ... ok
[INFO] [stdout] test cmd::ls::test::test_ls ... ok
[INFO] [stdout] test cmd::rm::test::test_rm ... ok
[INFO] [stdout] test cmd::set::test::test_set_multiple_relative_path ... ok
[INFO] [stdout] test cmd::del::test::test_unlink_record2 ... ok
[INFO] [stdout] test cmd::del::test::test_unlink_record4 ... ok
[INFO] [stdout] test cmd::ins::test::test_ins ... ok
[INFO] [stdout] test cmd::set::test::test_set_de_novo ... ok
[INFO] [stdout] test cmd::set::test::test_set_adding_to_index ... ok
[INFO] [stdout] test cmd::touch::test::test_touch_create_parents ... ok
[INFO] [stdout] test cmd::set::test::test_set_key_collision ... ok
[INFO] [stdout] test cmd::rm::test::test_rm_recursive ... ok
[INFO] [stdout] test cmd::touch::test::test_touch ... ok
[INFO] [stdout] test cmd::touch::test::test_touch_no_parent ... ok
[INFO] [stdout] test paths::test::test_relativize ... ok
[INFO] [stdout] test paths::test::test_relativize_relative_base ... ok
[INFO] [stdout] test paths::test::test_relativize_relative_path ... ok
[INFO] [stdout] test cmd::touch::test::test_touch_inferred_xattrs ... ok
[INFO] [stdout] test paths::test::test_resolve_curdir ... ok
[INFO] [stdout] test tableinfo::test::test_key_roundtrip ... ok
[INFO] [stdout] test cmd::set::test::test_set_overwrite_indexed ... ok
[INFO] [stdout] test test::test_index_list_push ... ok
[INFO] [stdout] test test::test_best_index ... ok
[INFO] [stdout] test tableinfo::test::test_table_info ... ok
[INFO] [stdout] test test::test_xattr_values_from_path ... ok
[INFO] [stdout] test tableinfo::test::test_containing_table_info ... ok
[INFO] [stdout] test walk::test::test_walk_initialized_dir_all ... ok
[INFO] [stdout] test walk::test::test_walk_initialized_dir_not_all ... ok
[INFO] [stdout] test walk::test::test_walk_bare_dir ... ok
[INFO] [stdout] test walk::test::test_walk_paths_file_with_containing_table_info ... ok
[INFO] [stdout] test walk::test::test_walk_paths_dir_without_containing_table_info ... ok
[INFO] [stdout] test test::test_xattr_values_round_trip ... ok
[INFO] [stdout] test test::test_declare_indices ... ok
[INFO] [stdout] test walk::test::test_walk_paths_file_without_containing_table_info ... ok
[INFO] [stdout] test walk::test::test_walk_paths_predicate ... ok
[INFO] [stdout] test walk::test::test_walk_paths_recursiveness ... ok
[INFO] [stdout] test walk::test::test_walk_paths_rootdir_with_table_info ... ok
[INFO] [stdout] test walk::test::test_walk_paths_subdir_with_containing_table_info ... ok
[INFO] [stdout] test walk::test::test_walk_paths_prune_by_indices ... ok
[INFO] [stdout] test walk::test::test_walk_records_recursiveness ... ok
[INFO] [stdout] test walk::test::test_walk_records_predicate ... ok
[INFO] [stdout] test cmd::status::test::test_status_relative_path ... FAILED
[INFO] [stderr] 
[INFO] [stderr] thread 'cmd::status::test::test_status_cli_relpath' (1757) panicked at /rustc/b2282dd5646a57d570fc86fbe8df0e8826665ef6/library/core/src/panicking.rs:233:5:
[INFO] [stderr] panic in a destructor during cleanup
[INFO] [stderr] thread caused non-unwinding panic. aborting.
[INFO] [stdout] 
[INFO] [stdout] thread 'cmd::status::test::test_status_cli_relpath' (1757) panicked at src/cmd/status.rs:271:31:
[INFO] [stdout] called `Result::unwrap()` on an `Err` value: Path "./dbs/pizza" does not exist
[INFO] [stdout] stack backtrace:
[INFO] [stdout]    0:     0x5a80736a3cd8 - std[10d71ac2c42b111e]::backtrace_rs::backtrace::libunwind::trace
[INFO] [stdout]                                at /rustc/b2282dd5646a57d570fc86fbe8df0e8826665ef6/library/std/src/../../backtrace/src/backtrace/libunwind.rs:117:9
[INFO] [stdout]    1:     0x5a80736a3cd8 - std[10d71ac2c42b111e]::backtrace_rs::backtrace::trace_unsynchronized::<std[10d71ac2c42b111e]::sys::backtrace::_print_fmt::{closure#1}>
[INFO] [stdout]                                at /rustc/b2282dd5646a57d570fc86fbe8df0e8826665ef6/library/std/src/../../backtrace/src/backtrace/mod.rs:66:14
[INFO] [stdout]    2:     0x5a80736a3cd8 - std[10d71ac2c42b111e]::sys::backtrace::_print_fmt
[INFO] [stdout]                                at /rustc/b2282dd5646a57d570fc86fbe8df0e8826665ef6/library/std/src/sys/backtrace.rs:74:9
[INFO] [stdout]    3:     0x5a80736a3cd8 - <<std[10d71ac2c42b111e]::sys::backtrace::BacktraceLock>::print::DisplayBacktrace as core[8fb95b77d25ab6c8]::fmt::Display>::fmt
[INFO] [stdout]                                at /rustc/b2282dd5646a57d570fc86fbe8df0e8826665ef6/library/std/src/sys/backtrace.rs:44:26
[INFO] [stdout]    4:     0x5a80736badea - <core[8fb95b77d25ab6c8]::fmt::rt::Argument>::fmt
[INFO] [stdout]                                at /rustc/b2282dd5646a57d570fc86fbe8df0e8826665ef6/library/core/src/fmt/rt.rs:152:76
[INFO] [stdout]    5:     0x5a80736badea - core[8fb95b77d25ab6c8]::fmt::write
[INFO] [stdout]    6:     0x5a80736a9ab2 - std[10d71ac2c42b111e]::io::default_write_fmt::<alloc[a7ee25936407c584]::vec::Vec<u8>>
[INFO] [stdout]                                at /rustc/b2282dd5646a57d570fc86fbe8df0e8826665ef6/library/std/src/io/mod.rs:622:11
[INFO] [stdout]    7:     0x5a80736a9ab2 - <alloc[a7ee25936407c584]::vec::Vec<u8> as std[10d71ac2c42b111e]::io::Write>::write_fmt
[INFO] [stdout]                                at /rustc/b2282dd5646a57d570fc86fbe8df0e8826665ef6/library/std/src/io/mod.rs:1977:13
[INFO] [stdout]    8:     0x5a80736806b6 - <std[10d71ac2c42b111e]::sys::backtrace::BacktraceLock>::print
[INFO] [stdout]                                at /rustc/b2282dd5646a57d570fc86fbe8df0e8826665ef6/library/std/src/sys/backtrace.rs:47:9
[INFO] [stdout]    9:     0x5a80736806b6 - std[10d71ac2c42b111e]::panicking::default_hook::{closure#0}
[INFO] [stdout]                                at /rustc/b2282dd5646a57d570fc86fbe8df0e8826665ef6/library/std/src/panicking.rs:292:27
[INFO] [stdout]   10:     0x5a807369b3e9 - std[10d71ac2c42b111e]::panicking::default_hook
[INFO] [stdout]                                at /rustc/b2282dd5646a57d570fc86fbe8df0e8826665ef6/library/std/src/panicking.rs:316:9
[INFO] [stdout]   11:     0x5a80734915ac - <alloc[a7ee25936407c584]::boxed::Box<dyn for<'a, 'b> core[8fb95b77d25ab6c8]::ops::function::Fn<(&'a std[10d71ac2c42b111e]::panic::PanicHookInfo<'b>,), Output = ()> + core[8fb95b77d25ab6c8]::marker::Sync + core[8fb95b77d25ab6c8]::marker::Send> as core[8fb95b77d25ab6c8]::ops::function::Fn<(&std[10d71ac2c42b111e]::panic::PanicHookInfo,)>>::call
[INFO] [stdout]                                at /rustc/b2282dd5646a57d570fc86fbe8df0e8826665ef6/library/alloc/src/boxed.rs:2289:9
[INFO] [stdout]   12:     0x5a80734915ac - test[213991da798b1c03]::test_main_inner::<test[213991da798b1c03]::test_main_static::{closure#0}>::{closure#0}
[INFO] [stdout]                                at /rustc/b2282dd5646a57d570fc86fbe8df0e8826665ef6/library/test/src/lib.rs:155:21
[INFO] [stdout]   13:     0x5a807369b5a2 - <alloc[a7ee25936407c584]::boxed::Box<dyn for<'a, 'b> core[8fb95b77d25ab6c8]::ops::function::Fn<(&'a std[10d71ac2c42b111e]::panic::PanicHookInfo<'b>,), Output = ()> + core[8fb95b77d25ab6c8]::marker::Sync + core[8fb95b77d25ab6c8]::marker::Send> as core[8fb95b77d25ab6c8]::ops::function::Fn<(&std[10d71ac2c42b111e]::panic::PanicHookInfo,)>>::call
[INFO] [stdout]                                at /rustc/b2282dd5646a57d570fc86fbe8df0e8826665ef6/library/alloc/src/boxed.rs:2289:9
[INFO] [stdout]   14:     0x5a807369b5a2 - std[10d71ac2c42b111e]::panicking::panic_with_hook
[INFO] [stdout]                                at /rustc/b2282dd5646a57d570fc86fbe8df0e8826665ef6/library/std/src/panicking.rs:833:13
[INFO] [stdout]   15:     0x5a8073680772 - std[10d71ac2c42b111e]::panicking::panic_handler::{closure#0}
[INFO] [stdout]                                at /rustc/b2282dd5646a57d570fc86fbe8df0e8826665ef6/library/std/src/panicking.rs:698:13
[INFO] [stdout]   16:     0x5a8073675559 - std[10d71ac2c42b111e]::sys::backtrace::__rust_end_short_backtrace::<std[10d71ac2c42b111e]::panicking::panic_handler::{closure#0}, !>
[INFO] [stdout]                                at /rustc/b2282dd5646a57d570fc86fbe8df0e8826665ef6/library/std/src/sys/backtrace.rs:182:18
[INFO] [stdout]   17:     0x5a80736815dd - __rustc[3be9ba60078d4c86]::rust_begin_unwind
[INFO] [stdout]                                at /rustc/b2282dd5646a57d570fc86fbe8df0e8826665ef6/library/std/src/panicking.rs:689:5
[INFO] [stdout]   18:     0x5a80736bb57c - core[8fb95b77d25ab6c8]::panicking::panic_fmt
[INFO] [stdout]                                at /rustc/b2282dd5646a57d570fc86fbe8df0e8826665ef6/library/core/src/panicking.rs:80:14
[INFO] [stdout]   19:     0x5a80736bb2f2 - core[8fb95b77d25ab6c8]::result::unwrap_failed
[INFO] [stdout]                                at /rustc/b2282dd5646a57d570fc86fbe8df0e8826665ef6/library/core/src/result.rs:1867:5
[INFO] [stdout]   20:     0x5a80733f6320 - <core[8fb95b77d25ab6c8]::result::Result<(), anyhow[8c8e1dc03eb7890d]::Error>>::unwrap
[INFO] [stdout]                                at /rustc/b2282dd5646a57d570fc86fbe8df0e8826665ef6/library/core/src/result.rs:1233:23
[INFO] [stdout]   21:     0x5a80733f6320 - ghee[ed569e9fd96b8f0]::cmd::status::test::test_status_cli_relpath
[INFO] [stdout]                                at /opt/rustwide/workdir/src/cmd/status.rs:271:31
[INFO] [stdout]   22:     0x5a80733e8817 - ghee[ed569e9fd96b8f0]::cmd::status::test::test_status_cli_relpath::{closure#0}
[INFO] [stdout]                                at /opt/rustwide/workdir/src/cmd/status.rs:249:33
[INFO] [stdout]   23:     0x5a807347f6b6 - <ghee[ed569e9fd96b8f0]::cmd::status::test::test_status_cli_relpath::{closure#0} as core[8fb95b77d25ab6c8]::ops::function::FnOnce<()>>::call_once
[INFO] [stdout]                                at /rustc/b2282dd5646a57d570fc86fbe8df0e8826665ef6/library/core/src/ops/function.rs:250:5
[INFO] [stdout]   24:     0x5a807348468b - <fn() -> core[8fb95b77d25ab6c8]::result::Result<(), alloc[a7ee25936407c584]::string::String> as core[8fb95b77d25ab6c8]::ops::function::FnOnce<()>>::call_once
[INFO] [stdout]                                at /rustc/b2282dd5646a57d570fc86fbe8df0e8826665ef6/library/core/src/ops/function.rs:250:5
[INFO] [stdout]   25:     0x5a807348468b - test[213991da798b1c03]::__rust_begin_short_backtrace::<core[8fb95b77d25ab6c8]::result::Result<(), alloc[a7ee25936407c584]::string::String>, fn() -> core[8fb95b77d25ab6c8]::result::Result<(), alloc[a7ee25936407c584]::string::String>>
[INFO] [stdout]                                at /rustc/b2282dd5646a57d570fc86fbe8df0e8826665ef6/library/test/src/lib.rs:724:18
[INFO] [stdout]   26:     0x5a8073491f05 - test[213991da798b1c03]::run_test_in_process::{closure#0}
[INFO] [stdout]                                at /rustc/b2282dd5646a57d570fc86fbe8df0e8826665ef6/library/test/src/lib.rs:747:74
[INFO] [stdout]   27:     0x5a8073491f05 - <core[8fb95b77d25ab6c8]::panic::unwind_safe::AssertUnwindSafe<test[213991da798b1c03]::run_test_in_process::{closure#0}> as core[8fb95b77d25ab6c8]::ops::function::FnOnce<()>>::call_once
[INFO] [stdout]                                at /rustc/b2282dd5646a57d570fc86fbe8df0e8826665ef6/library/core/src/panic/unwind_safe.rs:275:9
[INFO] [stdout]   28:     0x5a8073491f05 - std[10d71ac2c42b111e]::panicking::catch_unwind::do_call::<core[8fb95b77d25ab6c8]::panic::unwind_safe::AssertUnwindSafe<test[213991da798b1c03]::run_test_in_process::{closure#0}>, core[8fb95b77d25ab6c8]::result::Result<(), alloc[a7ee25936407c584]::string::String>>
[INFO] [stdout]                                at /rustc/b2282dd5646a57d570fc86fbe8df0e8826665ef6/library/std/src/panicking.rs:581:40
[INFO] [stdout]   29:     0x5a8073491f05 - std[10d71ac2c42b111e]::panicking::catch_unwind::<core[8fb95b77d25ab6c8]::result::Result<(), alloc[a7ee25936407c584]::string::String>, core[8fb95b77d25ab6c8]::panic::unwind_safe::AssertUnwindSafe<test[213991da798b1c03]::run_test_in_process::{closure#0}>>
[INFO] [stdout]                                at /rustc/b2282dd5646a57d570fc86fbe8df0e8826665ef6/library/std/src/panicking.rs:544:19
[INFO] [stdout]   30:     0x5a8073491f05 - std[10d71ac2c42b111e]::panic::catch_unwind::<core[8fb95b77d25ab6c8]::panic::unwind_safe::AssertUnwindSafe<test[213991da798b1c03]::run_test_in_process::{closure#0}>, core[8fb95b77d25ab6c8]::result::Result<(), alloc[a7ee25936407c584]::string::String>>
[INFO] [stdout]                                at /rustc/b2282dd5646a57d570fc86fbe8df0e8826665ef6/library/std/src/panic.rs:359:14
[INFO] [stdout]   31:     0x5a8073491f05 - test[213991da798b1c03]::run_test_in_process
[INFO] [stdout]                                at /rustc/b2282dd5646a57d570fc86fbe8df0e8826665ef6/library/test/src/lib.rs:747:27
[INFO] [stdout]   32:     0x5a8073491f05 - test[213991da798b1c03]::run_test::{closure#0}
[INFO] [stdout]                                at /rustc/b2282dd5646a57d570fc86fbe8df0e8826665ef6/library/test/src/lib.rs:668:43
[INFO] [stdout]   33:     0x5a807348b814 - test[213991da798b1c03]::run_test::{closure#1}
[INFO] [stdout]                                at /rustc/b2282dd5646a57d570fc86fbe8df0e8826665ef6/library/test/src/lib.rs:698:41
[INFO] [stdout]   34:     0x5a807348b814 - std[10d71ac2c42b111e]::sys::backtrace::__rust_begin_short_backtrace::<test[213991da798b1c03]::run_test::{closure#1}, ()>
[INFO] [stdout]                                at /rustc/b2282dd5646a57d570fc86fbe8df0e8826665ef6/library/std/src/sys/backtrace.rs:166:18
[INFO] [stdout]   35:     0x5a8073494f82 - std[10d71ac2c42b111e]::thread::lifecycle::spawn_unchecked::<test[213991da798b1c03]::run_test::{closure#1}, ()>::{closure#1}::{closure#0}
[INFO] [stdout]                                at /rustc/b2282dd5646a57d570fc86fbe8df0e8826665ef6/library/std/src/thread/lifecycle.rs:70:13
[INFO] [stdout]   36:     0x5a8073494f82 - <core[8fb95b77d25ab6c8]::panic::unwind_safe::AssertUnwindSafe<std[10d71ac2c42b111e]::thread::lifecycle::spawn_unchecked<test[213991da798b1c03]::run_test::{closure#1}, ()>::{closure#1}::{closure#0}> as core[8fb95b77d25ab6c8]::ops::function::FnOnce<()>>::call_once
[INFO] [stdout]                                at /rustc/b2282dd5646a57d570fc86fbe8df0e8826665ef6/library/core/src/panic/unwind_safe.rs:275:9
[INFO] [stdout]   37:     0x5a8073494f82 - std[10d71ac2c42b111e]::panicking::catch_unwind::do_call::<core[8fb95b77d25ab6c8]::panic::unwind_safe::AssertUnwindSafe<std[10d71ac2c42b111e]::thread::lifecycle::spawn_unchecked<test[213991da798b1c03]::run_test::{closure#1}, ()>::{closure#1}::{closure#0}>, ()>
[INFO] [stdout]                                at /rustc/b2282dd5646a57d570fc86fbe8df0e8826665ef6/library/std/src/panicking.rs:581:40
[INFO] [stdout]   38:     0x5a8073494f82 - std[10d71ac2c42b111e]::panicking::catch_unwind::<(), core[8fb95b77d25ab6c8]::panic::unwind_safe::AssertUnwindSafe<std[10d71ac2c42b111e]::thread::lifecycle::spawn_unchecked<test[213991da798b1c03]::run_test::{closure#1}, ()>::{closure#1}::{closure#0}>>
[INFO] [stdout]                                at /rustc/b2282dd5646a57d570fc86fbe8df0e8826665ef6/library/std/src/panicking.rs:544:19
[INFO] [stdout]   39:     0x5a8073494f82 - std[10d71ac2c42b111e]::panic::catch_unwind::<core[8fb95b77d25ab6c8]::panic::unwind_safe::AssertUnwindSafe<std[10d71ac2c42b111e]::thread::lifecycle::spawn_unchecked<test[213991da798b1c03]::run_test::{closure#1}, ()>::{closure#1}::{closure#0}>, ()>
[INFO] [stdout]                                at /rustc/b2282dd5646a57d570fc86fbe8df0e8826665ef6/library/std/src/panic.rs:359:14
[INFO] [stdout]   40:     0x5a8073494f82 - std[10d71ac2c42b111e]::thread::lifecycle::spawn_unchecked::<test[213991da798b1c03]::run_test::{closure#1}, ()>::{closure#1}
[INFO] [stdout]                                at /rustc/b2282dd5646a57d570fc86fbe8df0e8826665ef6/library/std/src/thread/lifecycle.rs:68:26
[INFO] [stdout]   41:     0x5a8073494f82 - <std[10d71ac2c42b111e]::thread::lifecycle::spawn_unchecked<test[213991da798b1c03]::run_test::{closure#1}, ()>::{closure#1} as core[8fb95b77d25ab6c8]::ops::function::FnOnce<()>>::call_once::{shim:vtable#0}
[INFO] [stdout]                                at /rustc/b2282dd5646a57d570fc86fbe8df0e8826665ef6/library/core/src/ops/function.rs:250:5
[INFO] [stdout]   42:     0x5a80736a360f - <alloc[a7ee25936407c584]::boxed::Box<dyn core[8fb95b77d25ab6c8]::ops::function::FnOnce<(), Output = ()> + core[8fb95b77d25ab6c8]::marker::Send> as core[8fb95b77d25ab6c8]::ops::function::FnOnce<()>>::call_once
[INFO] [stdout]                                at /rustc/b2282dd5646a57d570fc86fbe8df0e8826665ef6/library/alloc/src/boxed.rs:2275:9
[INFO] [stdout]   43:     0x5a80736a360f - <std[10d71ac2c42b111e]::sys::thread::unix::Thread>::new::thread_start
[INFO] [stdout]                                at /rustc/b2282dd5646a57d570fc86fbe8df0e8826665ef6/library/std/src/sys/thread/unix.rs:118:17
[INFO] [stdout]   44:     0x78cb707aeaa4 - <unknown>
[INFO] [stdout]   45:     0x78cb7083ba64 - clone
[INFO] [stdout]   46:                0x0 - <unknown>
[INFO] [stdout] 
[INFO] [stdout] thread 'cmd::status::test::test_status_cli_relpath' (1757) panicked at src/test_support.rs:204:42:
[INFO] [stdout] called `Result::unwrap()` on an `Err` value: Os { code: 2, kind: NotFound, message: "No such file or directory" }
[INFO] [stdout] stack backtrace:
[INFO] [stdout]    0:     0x5a80736a3cd8 - std[10d71ac2c42b111e]::backtrace_rs::backtrace::libunwind::trace
[INFO] [stdout]                                at /rustc/b2282dd5646a57d570fc86fbe8df0e8826665ef6/library/std/src/../../backtrace/src/backtrace/libunwind.rs:117:9
[INFO] [stdout]    1:     0x5a80736a3cd8 - std[10d71ac2c42b111e]::backtrace_rs::backtrace::trace_unsynchronized::<std[10d71ac2c42b111e]::sys::backtrace::_print_fmt::{closure#1}>
[INFO] [stdout]                                at /rustc/b2282dd5646a57d570fc86fbe8df0e8826665ef6/library/std/src/../../backtrace/src/backtrace/mod.rs:66:14
[INFO] [stdout]    2:     0x5a80736a3cd8 - std[10d71ac2c42b111e]::sys::backtrace::_print_fmt
[INFO] [stdout]                                at /rustc/b2282dd5646a57d570fc86fbe8df0e8826665ef6/library/std/src/sys/backtrace.rs:74:9
[INFO] [stdout]    3:     0x5a80736a3cd8 - <<std[10d71ac2c42b111e]::sys::backtrace::BacktraceLock>::print::DisplayBacktrace as core[8fb95b77d25ab6c8]::fmt::Display>::fmt
[INFO] [stdout]                                at /rustc/b2282dd5646a57d570fc86fbe8df0e8826665ef6/library/std/src/sys/backtrace.rs:44:26
[INFO] [stdout]    4:     0x5a80736badea - <core[8fb95b77d25ab6c8]::fmt::rt::Argument>::fmt
[INFO] [stdout]                                at /rustc/b2282dd5646a57d570fc86fbe8df0e8826665ef6/library/core/src/fmt/rt.rs:152:76
[INFO] [stdout]    5:     0x5a80736badea - core[8fb95b77d25ab6c8]::fmt::write
[INFO] [stdout]    6:     0x5a80736a9ab2 - std[10d71ac2c42b111e]::io::default_write_fmt::<alloc[a7ee25936407c584]::vec::Vec<u8>>
[INFO] [stdout]                                at /rustc/b2282dd5646a57d570fc86fbe8df0e8826665ef6/library/std/src/io/mod.rs:622:11
[INFO] [stdout]    7:     0x5a80736a9ab2 - <alloc[a7ee25936407c584]::vec::Vec<u8> as std[10d71ac2c42b111e]::io::Write>::write_fmt
[INFO] [stdout]                                at /rustc/b2282dd5646a57d570fc86fbe8df0e8826665ef6/library/std/src/io/mod.rs:1977:13
[INFO] [stdout]    8:     0x5a80736806b6 - <std[10d71ac2c42b111e]::sys::backtrace::BacktraceLock>::print
[INFO] [stdout]                                at /rustc/b2282dd5646a57d570fc86fbe8df0e8826665ef6/library/std/src/sys/backtrace.rs:47:9
[INFO] [stdout]    9:     0x5a80736806b6 - std[10d71ac2c42b111e]::panicking::default_hook::{closure#0}
[INFO] [stdout]                                at /rustc/b2282dd5646a57d570fc86fbe8df0e8826665ef6/library/std/src/panicking.rs:292:27
[INFO] [stdout]   10:     0x5a807369b3e9 - std[10d71ac2c42b111e]::panicking::default_hook
[INFO] [stdout]                                at /rustc/b2282dd5646a57d570fc86fbe8df0e8826665ef6/library/std/src/panicking.rs:316:9
[INFO] [stdout]   11:     0x5a80734915ac - <alloc[a7ee25936407c584]::boxed::Box<dyn for<'a, 'b> core[8fb95b77d25ab6c8]::ops::function::Fn<(&'a std[10d71ac2c42b111e]::panic::PanicHookInfo<'b>,), Output = ()> + core[8fb95b77d25ab6c8]::marker::Sync + core[8fb95b77d25ab6c8]::marker::Send> as core[8fb95b77d25ab6c8]::ops::function::Fn<(&std[10d71ac2c42b111e]::panic::PanicHookInfo,)>>::call
[INFO] [stdout]                                at /rustc/b2282dd5646a57d570fc86fbe8df0e8826665ef6/library/alloc/src/boxed.rs:2289:9
[INFO] [stdout]   12:     0x5a80734915ac - test[213991da798b1c03]::test_main_inner::<test[213991da798b1c03]::test_main_static::{closure#0}>::{closure#0}
[INFO] [stdout]                                at /rustc/b2282dd5646a57d570fc86fbe8df0e8826665ef6/library/test/src/lib.rs:155:21
[INFO] [stdout]   13:     0x5a807369b5a2 - <alloc[a7ee25936407c584]::boxed::Box<dyn for<'a, 'b> core[8fb95b77d25ab6c8]::ops::function::Fn<(&'a std[10d71ac2c42b111e]::panic::PanicHookInfo<'b>,), Output = ()> + core[8fb95b77d25ab6c8]::marker::Sync + core[8fb95b77d25ab6c8]::marker::Send> as core[8fb95b77d25ab6c8]::ops::function::Fn<(&std[10d71ac2c42b111e]::panic::PanicHookInfo,)>>::call
[INFO] [stdout]                                at /rustc/b2282dd5646a57d570fc86fbe8df0e8826665ef6/library/alloc/src/boxed.rs:2289:9
[INFO] [stdout]   14:     0x5a807369b5a2 - std[10d71ac2c42b111e]::panicking::panic_with_hook
[INFO] [stdout]                                at /rustc/b2282dd5646a57d570fc86fbe8df0e8826665ef6/library/std/src/panicking.rs:833:13
[INFO] [stdout]   15:     0x5a8073680772 - std[10d71ac2c42b111e]::panicking::panic_handler::{closure#0}
[INFO] [stdout]                                at /rustc/b2282dd5646a57d570fc86fbe8df0e8826665ef6/library/std/src/panicking.rs:698:13
[INFO] [stdout]   16:     0x5a8073675559 - std[10d71ac2c42b111e]::sys::backtrace::__rust_end_short_backtrace::<std[10d71ac2c42b111e]::panicking::panic_handler::{closure#0}, !>
[INFO] [stdout]                                at /rustc/b2282dd5646a57d570fc86fbe8df0e8826665ef6/library/std/src/sys/backtrace.rs:182:18
[INFO] [stdout]   17:     0x5a80736815dd - __rustc[3be9ba60078d4c86]::rust_begin_unwind
[INFO] [stdout]                                at /rustc/b2282dd5646a57d570fc86fbe8df0e8826665ef6/library/std/src/panicking.rs:689:5
[INFO] [stdout]   18:     0x5a80736bb57c - core[8fb95b77d25ab6c8]::panicking::panic_fmt
[INFO] [stdout]                                at /rustc/b2282dd5646a57d570fc86fbe8df0e8826665ef6/library/core/src/panicking.rs:80:14
[INFO] [stdout]   19:     0x5a80736bb2f2 - core[8fb95b77d25ab6c8]::result::unwrap_failed
[INFO] [stdout]                                at /rustc/b2282dd5646a57d570fc86fbe8df0e8826665ef6/library/core/src/result.rs:1867:5
[INFO] [stdout]   20:     0x5a80733d9420 - <core[8fb95b77d25ab6c8]::result::Result<(), std[10d71ac2c42b111e]::io::error::Error>>::unwrap
[INFO] [stdout]                                at /rustc/b2282dd5646a57d570fc86fbe8df0e8826665ef6/library/core/src/result.rs:1233:23
[INFO] [stdout]   21:     0x5a80733d9420 - <ghee[ed569e9fd96b8f0]::test_support::CurrentDirGuard as core[8fb95b77d25ab6c8]::ops::drop::Drop>::drop
[INFO] [stdout]                                at /opt/rustwide/workdir/src/test_support.rs:204:42
[INFO] [stdout]   22:     0x5a8073475083 - core[8fb95b77d25ab6c8]::ptr::drop_glue::<ghee[ed569e9fd96b8f0]::test_support::CurrentDirGuard>
[INFO] [stdout]                                at /rustc/b2282dd5646a57d570fc86fbe8df0e8826665ef6/library/core/src/ptr/mod.rs:825:1
[INFO] [stdout]   23:     0x5a80733f5d79 - ghee[ed569e9fd96b8f0]::cmd::status::test::test_status_cli_relpath
[INFO] [stdout]                                at /opt/rustwide/workdir/src/cmd/status.rs:280:5
[INFO] [stdout]   24:     0x5a80733e8817 - ghee[ed569e9fd96b8f0]::cmd::status::test::test_status_cli_relpath::{closure#0}
[INFO] [stdout]                                at /opt/rustwide/workdir/src/cmd/status.rs:249:33
[INFO] [stdout]   25:     0x5a807347f6b6 - <ghee[ed569e9fd96b8f0]::cmd::status::test::test_status_cli_relpath::{closure#0} as core[8fb95b77d25ab6c8]::ops::function::FnOnce<()>>::call_once
[INFO] [stdout]                                at /rustc/b2282dd5646a57d570fc86fbe8df0e8826665ef6/library/core/src/ops/function.rs:250:5
[INFO] [stdout]   26:     0x5a807348468b - <fn() -> core[8fb95b77d25ab6c8]::result::Result<(), alloc[a7ee25936407c584]::string::String> as core[8fb95b77d25ab6c8]::ops::function::FnOnce<()>>::call_once
[INFO] [stdout]                                at /rustc/b2282dd5646a57d570fc86fbe8df0e8826665ef6/library/core/src/ops/function.rs:250:5
[INFO] [stdout]   27:     0x5a807348468b - test[213991da798b1c03]::__rust_begin_short_backtrace::<core[8fb95b77d25ab6c8]::result::Result<(), alloc[a7ee25936407c584]::string::String>, fn() -> core[8fb95b77d25ab6c8]::result::Result<(), alloc[a7ee25936407c584]::string::String>>
[INFO] [stdout]                                at /rustc/b2282dd5646a57d570fc86fbe8df0e8826665ef6/library/test/src/lib.rs:724:18
[INFO] [stdout]   28:     0x5a8073491f05 - test[213991da798b1c03]::run_test_in_process::{closure#0}
[INFO] [stdout]                                at /rustc/b2282dd5646a57d570fc86fbe8df0e8826665ef6/library/test/src/lib.rs:747:74
[INFO] [stdout]   29:     0x5a8073491f05 - <core[8fb95b77d25ab6c8]::panic::unwind_safe::AssertUnwindSafe<test[213991da798b1c03]::run_test_in_process::{closure#0}> as core[8fb95b77d25ab6c8]::ops::function::FnOnce<()>>::call_once
[INFO] [stdout]                                at /rustc/b2282dd5646a57d570fc86fbe8df0e8826665ef6/library/core/src/panic/unwind_safe.rs:275:9
[INFO] [stdout]   30:     0x5a8073491f05 - std[10d71ac2c42b111e]::panicking::catch_unwind::do_call::<core[8fb95b77d25ab6c8]::panic::unwind_safe::AssertUnwindSafe<test[213991da798b1c03]::run_test_in_process::{closure#0}>, core[8fb95b77d25ab6c8]::result::Result<(), alloc[a7ee25936407c584]::string::String>>
[INFO] [stdout]                                at /rustc/b2282dd5646a57d570fc86fbe8df0e8826665ef6/library/std/src/panicking.rs:581:40
[INFO] [stdout]   31:     0x5a8073491f05 - std[10d71ac2c42b111e]::panicking::catch_unwind::<core[8fb95b77d25ab6c8]::result::Result<(), alloc[a7ee25936407c584]::string::String>, core[8fb95b77d25ab6c8]::panic::unwind_safe::AssertUnwindSafe<test[213991da798b1c03]::run_test_in_process::{closure#0}>>
[INFO] [stdout]                                at /rustc/b2282dd5646a57d570fc86fbe8df0e8826665ef6/library/std/src/panicking.rs:544:19
[INFO] [stdout]   32:     0x5a8073491f05 - std[10d71ac2c42b111e]::panic::catch_unwind::<core[8fb95b77d25ab6c8]::panic::unwind_safe::AssertUnwindSafe<test[213991da798b1c03]::run_test_in_process::{closure#0}>, core[8fb95b77d25ab6c8]::result::Result<(), alloc[a7ee25936407c584]::string::String>>
[INFO] [stdout]                                at /rustc/b2282dd5646a57d570fc86fbe8df0e8826665ef6/library/std/src/panic.rs:359:14
[INFO] [stdout]   33:     0x5a8073491f05 - test[213991da798b1c03]::run_test_in_process
[INFO] [stdout]                                at /rustc/b2282dd5646a57d570fc86fbe8df0e8826665ef6/library/test/src/lib.rs:747:27
[INFO] [stdout]   34:     0x5a8073491f05 - test[213991da798b1c03]::run_test::{closure#0}
[INFO] [stdout]                                at /rustc/b2282dd5646a57d570fc86fbe8df0e8826665ef6/library/test/src/lib.rs:668:43
[INFO] [stdout]   35:     0x5a807348b814 - test[213991da798b1c03]::run_test::{closure#1}
[INFO] [stdout]                                at /rustc/b2282dd5646a57d570fc86fbe8df0e8826665ef6/library/test/src/lib.rs:698:41
[INFO] [stdout]   36:     0x5a807348b814 - std[10d71ac2c42b111e]::sys::backtrace::__rust_begin_short_backtrace::<test[213991da798b1c03]::run_test::{closure#1}, ()>
[INFO] [stdout]                                at /rustc/b2282dd5646a57d570fc86fbe8df0e8826665ef6/library/std/src/sys/backtrace.rs:166:18
[INFO] [stdout]   37:     0x5a8073494f82 - std[10d71ac2c42b111e]::thread::lifecycle::spawn_unchecked::<test[213991da798b1c03]::run_test::{closure#1}, ()>::{closure#1}::{closure#0}
[INFO] [stdout]                                at /rustc/b2282dd5646a57d570fc86fbe8df0e8826665ef6/library/std/src/thread/lifecycle.rs:70:13
[INFO] [stdout]   38:     0x5a8073494f82 - <core[8fb95b77d25ab6c8]::panic::unwind_safe::AssertUnwindSafe<std[10d71ac2c42b111e]::thread::lifecycle::spawn_unchecked<test[213991da798b1c03]::run_test::{closure#1}, ()>::{closure#1}::{closure#0}> as core[8fb95b77d25ab6c8]::ops::function::FnOnce<()>>::call_once
[INFO] [stdout]                                at /rustc/b2282dd5646a57d570fc86fbe8df0e8826665ef6/library/core/src/panic/unwind_safe.rs:275:9
[INFO] [stdout]   39:     0x5a8073494f82 - std[10d71ac2c42b111e]::panicking::catch_unwind::do_call::<core[8fb95b77d25ab6c8]::panic::unwind_safe::AssertUnwindSafe<std[10d71ac2c42b111e]::thread::lifecycle::spawn_unchecked<test[213991da798b1c03]::run_test::{closure#1}, ()>::{closure#1}::{closure#0}>, ()>
[INFO] [stdout]                                at /rustc/b2282dd5646a57d570fc86fbe8df0e8826665ef6/library/std/src/panicking.rs:581:40
[INFO] [stdout]   40:     0x5a8073494f82 - std[10d71ac2c42b111e]::panicking::catch_unwind::<(), core[8fb95b77d25ab6c8]::panic::unwind_safe::AssertUnwindSafe<std[10d71ac2c42b111e]::thread::lifecycle::spawn_unchecked<test[213991da798b1c03]::run_test::{closure#1}, ()>::{closure#1}::{closure#0}>>
[INFO] [stdout]                                at /rustc/b2282dd5646a57d570fc86fbe8df0e8826665ef6/library/std/src/panicking.rs:544:19
[INFO] [stdout]   41:     0x5a8073494f82 - std[10d71ac2c42b111e]::panic::catch_unwind::<core[8fb95b77d25ab6c8]::panic::unwind_safe::AssertUnwindSafe<std[10d71ac2c42b111e]::thread::lifecycle::spawn_unchecked<test[213991da798b1c03]::run_test::{closure#1}, ()>::{closure#1}::{closure#0}>, ()>
[INFO] [stdout]                                at /rustc/b2282dd5646a57d570fc86fbe8df0e8826665ef6/library/std/src/panic.rs:359:14
[INFO] [stdout]   42:     0x5a8073494f82 - std[10d71ac2c42b111e]::thread::lifecycle::spawn_unchecked::<test[213991da798b1c03]::run_test::{closure#1}, ()>::{closure#1}
[INFO] [stdout]                                at /rustc/b2282dd5646a57d570fc86fbe8df0e8826665ef6/library/std/src/thread/lifecycle.rs:68:26
[INFO] [stdout]   43:     0x5a8073494f82 - <std[10d71ac2c42b111e]::thread::lifecycle::spawn_unchecked<test[213991da798b1c03]::run_test::{closure#1}, ()>::{closure#1} as core[8fb95b77d25ab6c8]::ops::function::FnOnce<()>>::call_once::{shim:vtable#0}
[INFO] [stdout]                                at /rustc/b2282dd5646a57d570fc86fbe8df0e8826665ef6/library/core/src/ops/function.rs:250:5
[INFO] [stdout]   44:     0x5a80736a360f - <alloc[a7ee25936407c584]::boxed::Box<dyn core[8fb95b77d25ab6c8]::ops::function::FnOnce<(), Output = ()> + core[8fb95b77d25ab6c8]::marker::Send> as core[8fb95b77d25ab6c8]::ops::function::FnOnce<()>>::call_once
[INFO] [stdout]                                at /rustc/b2282dd5646a57d570fc86fbe8df0e8826665ef6/library/alloc/src/boxed.rs:2275:9
[INFO] [stdout]   45:     0x5a80736a360f - <std[10d71ac2c42b111e]::sys::thread::unix::Thread>::new::thread_start
[INFO] [stdout]                                at /rustc/b2282dd5646a57d570fc86fbe8df0e8826665ef6/library/std/src/sys/thread/unix.rs:118:17
[INFO] [stdout]   46:     0x78cb707aeaa4 - <unknown>
[INFO] [stdout]   47:     0x78cb7083ba64 - clone
[INFO] [stdout]   48:                0x0 - <unknown>
[INFO] [stderr] error: test failed, to rerun pass `--lib`
[INFO] [stderr] 
[INFO] [stderr] Caused by:
[INFO] [stderr]   process didn't exit successfully: `/opt/rustwide/target/debug/deps/ghee-fb8aa7fe9e415507` (signal: 6, SIGABRT: process abort signal)
[INFO] running `Command { std: "docker" "inspect" "07d18e0fddc0db77ac13999565491fe05907f416b41dc7e08d990781772b0c5d", kill_on_drop: false }`
[INFO] running `Command { std: "docker" "rm" "-f" "07d18e0fddc0db77ac13999565491fe05907f416b41dc7e08d990781772b0c5d", kill_on_drop: false }`
[INFO] [stdout] 07d18e0fddc0db77ac13999565491fe05907f416b41dc7e08d990781772b0c5d
