[INFO] cloning repository https://github.com/veyh/simplelogin-relay
[INFO] running `Command { std: "git" "-c" "credential.helper=" "-c" "credential.helper=/workspace/cargo-home/bin/git-credential-null" "clone" "--bare" "https://github.com/veyh/simplelogin-relay" "/workspace/cache/git-repos/https%3A%2F%2Fgithub.com%2Fveyh%2Fsimplelogin-relay", kill_on_drop: false }`
[INFO] [stderr] Cloning into bare repository '/workspace/cache/git-repos/https%3A%2F%2Fgithub.com%2Fveyh%2Fsimplelogin-relay'...
[INFO] running `Command { std: "git" "rev-parse" "HEAD", kill_on_drop: false }`
[INFO] [stdout] 5d79cf7879aa218ecd6e27cce290c00bca52dee1
[INFO] testing veyh/simplelogin-relay against 1.97.0-beta.6 for beta-1.98-2
[INFO] running `Command { std: "git" "clone" "/workspace/cache/git-repos/https%3A%2F%2Fgithub.com%2Fveyh%2Fsimplelogin-relay" "/workspace/builds/worker-5-tc1/source", kill_on_drop: false }`
[INFO] [stderr] Cloning into '/workspace/builds/worker-5-tc1/source'...
[INFO] [stderr] done.
[INFO] started tweaking git repo https://github.com/veyh/simplelogin-relay
[INFO] finished tweaking git repo https://github.com/veyh/simplelogin-relay
[INFO] tweaked toml for git repo https://github.com/veyh/simplelogin-relay written to /workspace/builds/worker-5-tc1/source/Cargo.toml
[INFO] validating manifest of git repo https://github.com/veyh/simplelogin-relay on toolchain 1.97.0-beta.6
[INFO] running `Command { std: CARGO_HOME="/workspace/cargo-home" RUSTUP_HOME="/workspace/rustup-home" "/workspace/cargo-home/bin/cargo" "+1.97.0-beta.6" "metadata" "--manifest-path" "Cargo.toml" "--no-deps", kill_on_drop: false }`
[INFO] crate git repo https://github.com/veyh/simplelogin-relay already has a lockfile, it will not be regenerated
[INFO] running `Command { std: CARGO_HOME="/workspace/cargo-home" RUSTUP_HOME="/workspace/rustup-home" "/workspace/cargo-home/bin/cargo" "+1.97.0-beta.6" "fetch" "--manifest-path" "Cargo.toml", kill_on_drop: false }`
[INFO] [stderr]     Blocking waiting for file lock on package cache
[INFO] [stderr]     Updating crates.io index
[INFO] [stderr]     Blocking waiting for file lock on package cache
[INFO] [stderr]  Downloading crates ...
[INFO] [stderr]   Downloaded rustls-pki-types v1.3.1
[INFO] [stderr]   Downloaded windows-targets v0.52.3
[INFO] [stderr]   Downloaded autocfg v1.1.0
[INFO] [stderr]   Downloaded const-random v0.1.17
[INFO] [stderr]   Downloaded pest_meta v2.7.7
[INFO] [stderr]   Downloaded rustls-webpki v0.102.2
[INFO] [stderr]   Downloaded serde_spanned v0.6.5
[INFO] [stderr]   Downloaded matchers v0.1.0
[INFO] [stderr]   Downloaded scoped_threadpool v0.1.9
[INFO] [stderr]   Downloaded thiserror-impl v1.0.57
[INFO] [stderr]   Downloaded ternop v1.0.1
[INFO] [stderr]   Downloaded email-encoding v0.2.0
[INFO] [stderr]   Downloaded subtle v2.5.0
[INFO] [stderr]   Downloaded bufstream-fresh v0.3.1
[INFO] [stderr]   Downloaded quoted_printable v0.5.0
[INFO] [stderr]   Downloaded itoa v1.0.10
[INFO] [stderr]   Downloaded mailin-embedded v0.8.2
[INFO] [stderr]   Downloaded errno v0.3.8
[INFO] [stderr]   Downloaded security-framework-sys v2.9.1
[INFO] [stderr]   Downloaded stacker v0.1.15
[INFO] [stderr]   Downloaded async-trait v0.1.77
[INFO] [stderr]   Downloaded pin-project-lite v0.2.13
[INFO] [stderr]   Downloaded zeroize v1.7.0
[INFO] [stderr]   Downloaded rustls-pemfile v2.1.0
[INFO] [stderr]   Downloaded mailin v0.6.4
[INFO] [stderr]   Downloaded fastrand v2.0.1
[INFO] [stderr]   Downloaded email_address v0.2.4
[INFO] [stderr]   Downloaded psm v0.1.21
[INFO] [stderr]   Downloaded pest_generator v2.7.7
[INFO] [stderr]   Downloaded thiserror v1.0.57
[INFO] [stderr]   Downloaded quote v1.0.35
[INFO] [stderr]   Downloaded toml_datetime v0.6.5
[INFO] [stderr]   Downloaded either v1.10.0
[INFO] [stderr]   Downloaded base64-compat v1.0.0
[INFO] [stderr]   Downloaded rustc-demangle v0.1.23
[INFO] [stderr]   Downloaded bitflags v2.4.2
[INFO] [stderr]   Downloaded ahash v0.8.10
[INFO] [stderr]   Downloaded pest_derive v2.7.7
[INFO] [stderr]   Downloaded anyhow v1.0.80
[INFO] [stderr]   Downloaded spin v0.9.8
[INFO] [stderr]   Downloaded log v0.4.20
[INFO] [stderr]   Downloaded proc-macro2 v1.0.78
[INFO] [stderr]   Downloaded zerocopy-derive v0.7.32
[INFO] [stderr]   Downloaded console v0.15.8
[INFO] [stderr]   Downloaded smallvec v1.13.1
[INFO] [stderr]   Downloaded getrandom v0.2.12
[INFO] [stderr]   Downloaded miniz_oxide v0.7.2
[INFO] [stderr]   Downloaded ryu v1.0.17
[INFO] [stderr]   Downloaded socket2 v0.5.6
[INFO] [stderr]   Downloaded allocator-api2 v0.2.16
[INFO] [stderr]   Downloaded similar v2.5.0
[INFO] [stderr]   Downloaded encode_unicode v0.3.6
[INFO] [stderr]   Downloaded toml v0.8.10
[INFO] [stderr]   Downloaded chumsky v0.9.3
[INFO] [stderr]   Downloaded flate2 v1.0.28
[INFO] [stderr]   Downloaded serde v1.0.197
[INFO] [stderr]   Downloaded serde_derive v1.0.197
[INFO] [stderr]   Downloaded security-framework v2.9.2
[INFO] [stderr]   Downloaded cc v1.0.88
[INFO] [stderr]   Downloaded backtrace v0.3.69
[INFO] [stderr]   Downloaded openssl-sys v0.9.101
[INFO] [stderr]   Downloaded insta v1.39.0
[INFO] [stderr]   Downloaded indexmap v2.2.3
[INFO] [stderr]   Downloaded ureq v2.9.6
[INFO] [stderr]   Downloaded memchr v2.7.1
[INFO] [stderr]   Downloaded regex-automata v0.1.10
[INFO] [stderr]   Downloaded mio v0.8.10
[INFO] [stderr]   Downloaded toml_edit v0.22.6
[INFO] [stderr]   Downloaded pest v2.7.7
[INFO] [stderr]   Downloaded hashbrown v0.14.3
[INFO] [stderr]   Downloaded zerocopy v0.7.32
[INFO] [stderr]   Downloaded webpki-roots v0.26.1
[INFO] [stderr]   Downloaded serde_json v1.0.114
[INFO] [stderr]   Downloaded winnow v0.6.2
[INFO] [stderr]   Downloaded lettre v0.11.4
[INFO] [stderr]   Downloaded aho-corasick v1.1.2
[INFO] [stderr]   Downloaded syn v2.0.51
[INFO] [stderr]   Downloaded regex v1.10.3
[INFO] [stderr]   Downloaded regex-syntax v0.8.2
[INFO] [stderr]   Downloaded regex-syntax v0.6.29
[INFO] [stderr]   Downloaded rustls v0.22.2
[INFO] [stderr]   Downloaded rustix v0.38.31
[INFO] [stderr]   Downloaded windows_x86_64_gnullvm v0.52.3
[INFO] [stderr]   Downloaded windows_aarch64_gnullvm v0.52.3
[INFO] [stderr]   Downloaded regex-automata v0.4.5
[INFO] [stderr]   Downloaded libc v0.2.153
[INFO] [stderr]   Downloaded tokio v1.36.0
[INFO] [stderr]   Downloaded windows_aarch64_msvc v0.52.3
[INFO] [stderr]   Downloaded windows_x86_64_msvc v0.52.3
[INFO] [stderr]   Downloaded windows_x86_64_gnu v0.52.3
[INFO] [stderr]   Downloaded windows_i686_gnu v0.52.3
[INFO] [stderr]   Downloaded windows_i686_msvc v0.52.3
[INFO] [stderr]   Downloaded linux-raw-sys v0.4.13
[INFO] [stderr]   Downloaded ring v0.17.8
[INFO] running `Command { std: "docker" "create" "-v" "/var/lib/crater-agent-workspace/builds/worker-5-tc1/source:/opt/rustwide/workdir:ro,Z" "-v" "/var/lib/crater-agent-workspace/builds/worker-5-tc1/target:/opt/rustwide/target:rw,Z" "-v" "/var/lib/crater-agent-workspace/cargo-home:/opt/rustwide/cargo-home:ro,Z" "-v" "/var/lib/crater-agent-workspace/rustup-home:/opt/rustwide/rustup-home:ro,Z" "-m" "1610612736" "--network" "none" "ghcr.io/rust-lang/crates-build-env/linux@sha256:3d5ced03c013a94a2f102a4510f48a6e9184255caf5fd8244f58017bde7f5210" "sleep" "infinity", kill_on_drop: false }`
[INFO] [stdout] 0a20e1d75ac89391778f3da62a410c058b7f05447e30ba1e0ae086c4095d80a4
[INFO] running `Command { std: "docker" "start" "0a20e1d75ac89391778f3da62a410c058b7f05447e30ba1e0ae086c4095d80a4", kill_on_drop: false }`
[INFO] running `Command { std: "docker" "inspect" "0a20e1d75ac89391778f3da62a410c058b7f05447e30ba1e0ae086c4095d80a4", kill_on_drop: false }`
[INFO] running `Command { std: "docker" "exec" "-e" "SOURCE_DIR=/opt/rustwide/workdir" "-e" "CARGO_HOME=/opt/rustwide/cargo-home" "-e" "RUSTUP_HOME=/opt/rustwide/rustup-home" "-e" "CARGO_TARGET_DIR=/opt/rustwide/target" "-w" "/opt/rustwide/workdir" "--user" "0:0" "0a20e1d75ac89391778f3da62a410c058b7f05447e30ba1e0ae086c4095d80a4" "/opt/rustwide/cargo-home/bin/cargo" "+1.97.0-beta.6" "metadata" "--no-deps" "--format-version=1", kill_on_drop: false }`
[INFO] running `Command { std: "docker" "inspect" "0a20e1d75ac89391778f3da62a410c058b7f05447e30ba1e0ae086c4095d80a4", kill_on_drop: false }`
[INFO] running `Command { std: "docker" "exec" "-e" "SOURCE_DIR=/opt/rustwide/workdir" "-e" "CARGO_HOME=/opt/rustwide/cargo-home" "-e" "RUSTUP_HOME=/opt/rustwide/rustup-home" "-e" "CARGO_TARGET_DIR=/opt/rustwide/target" "-e" "CARGO_INCREMENTAL=0" "-e" "RUST_BACKTRACE=full" "-e" "RUSTFLAGS=--cap-lints=warn" "-e" "RUSTDOCFLAGS=--cap-lints=warn" "-w" "/opt/rustwide/workdir" "--user" "0:0" "0a20e1d75ac89391778f3da62a410c058b7f05447e30ba1e0ae086c4095d80a4" "/opt/rustwide/cargo-home/bin/cargo" "+1.97.0-beta.6" "build" "--frozen" "--message-format=json", kill_on_drop: false }`
[INFO] [stderr]    Compiling proc-macro2 v1.0.78
[INFO] [stderr]    Compiling unicode-ident v1.0.12
[INFO] [stderr]    Compiling cfg-if v1.0.0
[INFO] [stderr]    Compiling once_cell v1.19.0
[INFO] [stderr]    Compiling cc v1.0.88
[INFO] [stderr]    Compiling libc v0.2.153
[INFO] [stderr]    Compiling serde v1.0.197
[INFO] [stderr]    Compiling memchr v2.7.1
[INFO] [stderr]    Compiling version_check v0.9.4
[INFO] [stderr]    Compiling crunchy v0.2.2
[INFO] [stderr]    Compiling thiserror v1.0.57
[INFO] [stderr]    Compiling tiny-keccak v2.0.2
[INFO] [stderr]    Compiling zerocopy v0.7.32
[INFO] [stderr]    Compiling log v0.4.20
[INFO] [stderr]    Compiling vcpkg v0.2.15
[INFO] [stderr]    Compiling pkg-config v0.3.30
[INFO] [stderr]    Compiling allocator-api2 v0.2.16
[INFO] [stderr]    Compiling base64 v0.21.7
[INFO] [stderr]    Compiling rustls-pki-types v1.3.1
[INFO] [stderr]    Compiling ucd-trie v0.1.6
[INFO] [stderr]    Compiling tinyvec_macros v0.1.1
[INFO] [stderr]    Compiling ahash v0.8.10
[INFO] [stderr]    Compiling tinyvec v1.6.0
[INFO] [stderr]    Compiling minimal-lexical v0.2.1
[INFO] [stderr]    Compiling spin v0.9.8
[INFO] [stderr]    Compiling autocfg v1.1.0
[INFO] [stderr]    Compiling untrusted v0.9.0
[INFO] [stderr]    Compiling tracing-core v0.1.32
[INFO] [stderr]    Compiling rustls v0.22.2
[INFO] [stderr]    Compiling pin-project-lite v0.2.13
[INFO] [stderr]    Compiling percent-encoding v2.3.1
[INFO] [stderr]    Compiling unicode-bidi v0.3.15
[INFO] [stderr]    Compiling equivalent v1.0.1
[INFO] [stderr]    Compiling foreign-types-shared v0.1.1
[INFO] [stderr]    Compiling openssl v0.10.64
[INFO] [stderr]    Compiling crc32fast v1.4.0
[INFO] [stderr]    Compiling nom v7.1.3
[INFO] [stderr]    Compiling form_urlencoded v1.2.1
[INFO] [stderr]    Compiling foreign-types v0.3.2
[INFO] [stderr]    Compiling slab v0.4.9
[INFO] [stderr]    Compiling byteorder v1.5.0
[INFO] [stderr]    Compiling hashbrown v0.13.2
[INFO] [stderr]    Compiling native-tls v0.2.11
[INFO] [stderr]    Compiling hashbrown v0.14.3
[INFO] [stderr]    Compiling adler v1.0.2
[INFO] [stderr]    Compiling getrandom v0.2.12
[INFO] [stderr]    Compiling regex-syntax v0.8.2
[INFO] [stderr]    Compiling async-trait v0.1.77
[INFO] [stderr]    Compiling winnow v0.6.2
[INFO] [stderr]    Compiling lazy_static v1.4.0
[INFO] [stderr]    Compiling subtle v2.5.0
[INFO] [stderr]    Compiling serde_json v1.0.114
[INFO] [stderr]    Compiling zeroize v1.7.0
[INFO] [stderr]    Compiling quote v1.0.35
[INFO] [stderr]    Compiling regex-syntax v0.6.29
[INFO] [stderr]    Compiling base64-compat v1.0.0
[INFO] [stderr]    Compiling syn v2.0.51
[INFO] [stderr]    Compiling const-random-macro v0.1.16
[INFO] [stderr]    Compiling miniz_oxide v0.7.2
[INFO] [stderr]    Compiling unicode-normalization v0.1.23
[INFO] [stderr]    Compiling itoa v1.0.10
[INFO] [stderr]    Compiling const-random v0.1.17
[INFO] [stderr]    Compiling dlv-list v0.5.2
[INFO] [stderr]    Compiling pin-utils v0.1.0
[INFO] [stderr]    Compiling anyhow v1.0.80
[INFO] [stderr]    Compiling ryu v1.0.17
[INFO] [stderr]    Compiling futures-core v0.3.30
[INFO] [stderr]    Compiling either v1.10.0
[INFO] [stderr]    Compiling unicode-segmentation v1.11.0
[INFO] [stderr]    Compiling ordered-multimap v0.6.0
[INFO] [stderr]    Compiling match_cfg v0.1.0
[INFO] [stderr]    Compiling indexmap v2.2.3
[INFO] [stderr]    Compiling linked-hash-map v0.5.6
[INFO] [stderr]    Compiling futures-io v0.3.30
[INFO] [stderr]    Compiling openssl-probe v0.1.5
[INFO] [stderr]    Compiling ternop v1.0.1
[INFO] [stderr]    Compiling overload v0.1.1
[INFO] [stderr]    Compiling futures-task v0.3.30
[INFO] [stderr]    Compiling nu-ansi-term v0.46.0
[INFO] [stderr]    Compiling yaml-rust v0.4.5
[INFO] [stderr]    Compiling hostname v0.3.1
[INFO] [stderr]    Compiling tracing-log v0.2.0
[INFO] [stderr]    Compiling idna v0.5.0
[INFO] [stderr]    Compiling futures-util v0.3.30
[INFO] [stderr]    Compiling flate2 v1.0.28
[INFO] [stderr]    Compiling rust-ini v0.19.0
[INFO] [stderr]    Compiling sharded-slab v0.1.7
[INFO] [stderr]    Compiling ring v0.17.8
[INFO] [stderr]    Compiling openssl-sys v0.9.101
[INFO] [stderr]    Compiling psm v0.1.21
[INFO] [stderr]    Compiling stacker v0.1.15
[INFO] [stderr]    Compiling regex-automata v0.4.5
[INFO] [stderr]    Compiling url v2.5.0
[INFO] [stderr]    Compiling chumsky v0.9.3
[INFO] [stderr]    Compiling convert_case v0.6.0
[INFO] [stderr]    Compiling socket2 v0.5.6
[INFO] [stderr]    Compiling email-encoding v0.2.0
[INFO] [stderr]    Compiling rustls-pemfile v2.1.0
[INFO] [stderr]    Compiling webpki-roots v0.26.1
[INFO] [stderr]    Compiling thread_local v1.1.8
[INFO] [stderr]    Compiling fastrand v2.0.1
[INFO] [stderr]    Compiling bufstream-fresh v0.3.1
[INFO] [stderr]    Compiling mailin v0.6.4
[INFO] [stderr]    Compiling mime v0.3.17
[INFO] [stderr]    Compiling smallvec v1.13.1
[INFO] [stderr]    Compiling email_address v0.2.4
[INFO] [stderr]    Compiling scoped_threadpool v0.1.9
[INFO] [stderr]    Compiling quoted_printable v0.5.0
[INFO] [stderr]    Compiling regex-automata v0.1.10
[INFO] [stderr]    Compiling httpdate v1.0.3
[INFO] [stderr]    Compiling pathdiff v0.2.1
[INFO] [stderr]    Compiling regex v1.10.3
[INFO] [stderr]    Compiling matchers v0.1.0
[INFO] [stderr]    Compiling serde_derive v1.0.197
[INFO] [stderr]    Compiling thiserror-impl v1.0.57
[INFO] [stderr]    Compiling tracing-attributes v0.1.27
[INFO] [stderr]    Compiling openssl-macros v0.1.1
[INFO] [stderr]    Compiling rustls-webpki v0.102.2
[INFO] [stderr]    Compiling pest v2.7.7
[INFO] [stderr]    Compiling tracing v0.1.40
[INFO] [stderr]    Compiling tracing-subscriber v0.3.18
[INFO] [stderr]    Compiling pest_meta v2.7.7
[INFO] [stderr]    Compiling pest_generator v2.7.7
[INFO] [stderr]    Compiling ureq v2.9.6
[INFO] [stderr]    Compiling mailin-embedded v0.8.2
[INFO] [stderr]    Compiling pest_derive v2.7.7
[INFO] [stderr]    Compiling bitflags v2.4.2
[INFO] [stderr]    Compiling toml_datetime v0.6.5
[INFO] [stderr]    Compiling serde_spanned v0.6.5
[INFO] [stderr]    Compiling json5 v0.4.1
[INFO] [stderr]    Compiling ron v0.8.1
[INFO] [stderr]    Compiling toml_edit v0.22.6
[INFO] [stderr]    Compiling toml v0.8.10
[INFO] [stderr]    Compiling config v0.14.0
[INFO] [stderr]    Compiling lettre v0.11.4
[INFO] [stderr]    Compiling simplelogin-relay v1.0.0 (/opt/rustwide/workdir)
[INFO] [stderr]     Finished `dev` profile [unoptimized + debuginfo] target(s) in 59.67s
[INFO] running `Command { std: "docker" "inspect" "0a20e1d75ac89391778f3da62a410c058b7f05447e30ba1e0ae086c4095d80a4", kill_on_drop: false }`
[INFO] running `Command { std: "docker" "exec" "-e" "SOURCE_DIR=/opt/rustwide/workdir" "-e" "CARGO_HOME=/opt/rustwide/cargo-home" "-e" "RUSTUP_HOME=/opt/rustwide/rustup-home" "-e" "CARGO_TARGET_DIR=/opt/rustwide/target" "-e" "CARGO_INCREMENTAL=0" "-e" "RUST_BACKTRACE=full" "-e" "RUSTFLAGS=--cap-lints=warn" "-e" "RUSTDOCFLAGS=--cap-lints=warn" "-w" "/opt/rustwide/workdir" "--user" "0:0" "0a20e1d75ac89391778f3da62a410c058b7f05447e30ba1e0ae086c4095d80a4" "/opt/rustwide/cargo-home/bin/cargo" "+1.97.0-beta.6" "test" "--frozen" "--no-run" "--message-format=json", kill_on_drop: false }`
[INFO] [stderr]    Compiling console v0.15.8
[INFO] [stderr]    Compiling similar v2.5.0
[INFO] [stderr]    Compiling insta v1.39.0
[INFO] [stderr]    Compiling simplelogin-relay v1.0.0 (/opt/rustwide/workdir)
[INFO] [stderr]     Finished `test` profile [unoptimized + debuginfo] target(s) in 6.17s
[INFO] running `Command { std: "docker" "inspect" "0a20e1d75ac89391778f3da62a410c058b7f05447e30ba1e0ae086c4095d80a4", kill_on_drop: false }`
[INFO] running `Command { std: "docker" "exec" "-e" "SOURCE_DIR=/opt/rustwide/workdir" "-e" "CARGO_HOME=/opt/rustwide/cargo-home" "-e" "RUSTUP_HOME=/opt/rustwide/rustup-home" "-e" "CARGO_TARGET_DIR=/opt/rustwide/target" "-e" "CARGO_INCREMENTAL=0" "-e" "RUST_BACKTRACE=full" "-e" "RUSTFLAGS=--cap-lints=warn" "-e" "RUSTDOCFLAGS=--cap-lints=warn" "-w" "/opt/rustwide/workdir" "--user" "0:0" "0a20e1d75ac89391778f3da62a410c058b7f05447e30ba1e0ae086c4095d80a4" "/opt/rustwide/cargo-home/bin/cargo" "+1.97.0-beta.6" "test" "--frozen", kill_on_drop: false }`
[INFO] [stderr]     Finished `test` profile [unoptimized + debuginfo] target(s) in 0.19s
[INFO] [stderr]      Running unittests src/lib.rs (/opt/rustwide/target/debug/deps/simplelogin_relay-6c1c5e2abaf1e397)
[INFO] [stdout] 
[INFO] [stdout] running 0 tests
[INFO] [stdout] 
[INFO] [stdout] test result: ok. 0 passed; 0 failed; 0 ignored; 0 measured; 0 filtered out; finished in 0.00s
[INFO] [stdout] 
[INFO] [stderr]      Running unittests src/bin/listener.rs (/opt/rustwide/target/debug/deps/listener-4fe0daf3b7489db9)
[INFO] [stdout] 
[INFO] [stdout] running 0 tests
[INFO] [stdout] 
[INFO] [stdout] test result: ok. 0 passed; 0 failed; 0 ignored; 0 measured; 0 filtered out; finished in 0.00s
[INFO] [stdout] 
[INFO] [stdout] 
[INFO] [stderr]      Running unittests src/main.rs (/opt/rustwide/target/debug/deps/simplelogin_relay-cb9011e0cc1d56f1)
[INFO] [stdout] running 4 tests
[INFO] [stdout] [2m2026-07-14T04:07:17.049709Z[0m [34mDEBUG[0m [2msimplelogin_relay[0m[2m:[0m helo [3mip[0m[2m=[0m1.2.3.4 [3mdomain[0m[2m=[0m"dont.care.com"
[INFO] [stdout] [2m2026-07-14T04:07:17.049773Z[0m [34mDEBUG[0m [2msimplelogin_relay[0m[2m:[0m auth_plain [3mauthorization_id[0m[2m=[0m"dontcare" [3mauthentication_id[0m[2m=[0m"user" [3mpassword[0m[2m=[0m"password"
[INFO] [stdout] [2m2026-07-14T04:07:17.049866Z[0m [34mDEBUG[0m [2msimplelogin_relay[0m[2m:[0m auth ok [3mself.account[0m[2m=[0mSome(Account { user: "user", password: "password", email: "user@public.com", owner: "user@private.com" })
[INFO] [stdout] [2m2026-07-14T04:07:17.049894Z[0m [34mDEBUG[0m [2msimplelogin_relay[0m[2m:[0m mail [3mip[0m[2m=[0m1.2.3.4 [3mdomain[0m[2m=[0m"dont.care.com" [3mfrom[0m[2m=[0m"user@public.com"
[INFO] [stdout] [2m2026-07-14T04:07:17.049872Z[0m [34mDEBUG[0m [2msimplelogin_relay[0m[2m:[0m helo [3mip[0m[2m=[0m1.2.3.4 [3mdomain[0m[2m=[0m"dont.care.com"
[INFO] [stdout] [2m2026-07-14T04:07:17.049915Z[0m [34mDEBUG[0m [2msimplelogin_relay[0m[2m:[0m rcpt [3mto[0m[2m=[0m"first@example.com"
[INFO] [stdout] [2m2026-07-14T04:07:17.049920Z[0m [34mDEBUG[0m [2msimplelogin_relay[0m[2m:[0m auth_plain [3mauthorization_id[0m[2m=[0m"dontcare" [3mauthentication_id[0m[2m=[0m"bad-user" [3mpassword[0m[2m=[0m"password"
[INFO] [stdout] [2m2026-07-14T04:07:17.049944Z[0m [34mDEBUG[0m [2msimplelogin_relay[0m[2m:[0m auth fail
[INFO] [stdout] [2m2026-07-14T04:07:17.049940Z[0m [34mDEBUG[0m [2msimplelogin_relay[0m[2m:[0m data_start [3mdomain[0m[2m=[0m"dont.care.com" [3mfrom[0m[2m=[0m"user@public.com" [3mis8bit[0m[2m=[0mtrue [3mto[0m[2m=[0m["first@example.com", "second@example.com"]
[INFO] [stdout] [2m2026-07-14T04:07:17.049954Z[0m [34mDEBUG[0m [2msimplelogin_relay[0m[2m:[0m auth_plain [3mauthorization_id[0m[2m=[0m"dontcare" [3mauthentication_id[0m[2m=[0m"user" [3mpassword[0m[2m=[0m"bad-password"
[INFO] [stdout] [2m2026-07-14T04:07:17.049989Z[0m [34mDEBUG[0m [2msimplelogin_relay[0m[2m:[0m auth fail
[INFO] [stdout] [2m2026-07-14T04:07:17.049994Z[0m [34mDEBUG[0m [2msimplelogin_relay[0m[2m:[0m data_end
[INFO] [stdout] [2m2026-07-14T04:07:17.049999Z[0m [34mDEBUG[0m [2msimplelogin_relay[0m[2m:[0m auth_plain [3mauthorization_id[0m[2m=[0m"dontcare" [3mauthentication_id[0m[2m=[0m"user" [3mpassword[0m[2m=[0m"password"
[INFO] [stdout] [2m2026-07-14T04:07:17.050009Z[0m [34mDEBUG[0m [2msimplelogin_relay[0m[2m:[0m ensure_reverse_alias
[INFO] [stdout] [2m2026-07-14T04:07:17.050015Z[0m [34mDEBUG[0m [2msimplelogin_relay[0m[2m:[0m auth ok [3mself.account[0m[2m=[0mSome(Account { user: "user", password: "password", email: "user@public.com", owner: "user@private.com" })
[INFO] [stdout] [2m2026-07-14T04:07:17.050061Z[0m [34mDEBUG[0m [2msimplelogin_relay[0m[2m:[0m modify_headers
[INFO] [stdout] [2m2026-07-14T04:07:17.050084Z[0m [34mDEBUG[0m [2msimplelogin_relay[0m[2m:[0m replace [3mold[0m[2m=[0m"From: \"Sender\" <user@private.com>\r\n" [3mnew[0m[2m=[0m"From: user@private.com\r\n"
[INFO] [stdout] test tests::verifies_credentials ... ok
[INFO] [stdout] [2m2026-07-14T04:07:17.050121Z[0m [34mDEBUG[0m [2msimplelogin_relay[0m[2m:[0m replace [3mold[0m[2m=[0m"To: \"First\" <first@example.com>\r\n" [3mnew[0m[2m=[0m"To: \"First\" <first_at_example_com@simplelogin.co>\r\n"
[INFO] [stdout] [2m2026-07-14T04:07:17.050148Z[0m [34mDEBUG[0m [2msimplelogin_relay[0m[2m:[0m replace [3mold[0m[2m=[0m"Cc: \"Second\" <second@example.com>\r\n" [3mnew[0m[2m=[0m"Cc: \"Second\" <second_at_example_com@simplelogin.co>\r\n"
[INFO] [stdout] [2m2026-07-14T04:07:17.050171Z[0m [34mDEBUG[0m [2msimplelogin_relay[0m[2m:[0m send_mail
[INFO] [stdout] [2m2026-07-14T04:07:17.050203Z[0m [34mDEBUG[0m [2msimplelogin_relay[0m[2m:[0m data_str: "From: user@private.com\r\nTo: \"First\" <first_at_example_com@simplelogin.co>\r\nCc: \"Second\" <second_at_example_com@simplelogin.co>\r\nDate: Tue, 15 Jan 2008 16:02:43 -0500\r\nSubject: Test message\r\n\r\nHello\r\n."
[INFO] [stdout] [2m2026-07-14T04:07:17.050848Z[0m [34mDEBUG[0m [2msimplelogin_relay[0m[2m:[0m helo [3mip[0m[2m=[0m1.2.3.4 [3mdomain[0m[2m=[0m"dont.care.com"
[INFO] [stdout] [2m2026-07-14T04:07:17.050934Z[0m [34mDEBUG[0m [2msimplelogin_relay[0m[2m:[0m auth_plain [3mauthorization_id[0m[2m=[0m"dontcare" [3mauthentication_id[0m[2m=[0m"user" [3mpassword[0m[2m=[0m"password"
[INFO] [stdout] [2m2026-07-14T04:07:17.051006Z[0m [34mDEBUG[0m [2msimplelogin_relay[0m[2m:[0m auth ok [3mself.account[0m[2m=[0mSome(Account { user: "user", password: "password", email: "user@public.com", owner: "user@private.com" })
[INFO] [stdout] [2m2026-07-14T04:07:17.051151Z[0m [34mDEBUG[0m [2msimplelogin_relay[0m[2m:[0m mail [3mip[0m[2m=[0m1.2.3.4 [3mdomain[0m[2m=[0m"dont.care.com" [3mfrom[0m[2m=[0m"user@public.com"
[INFO] [stdout] [2m2026-07-14T04:07:17.051203Z[0m [34mDEBUG[0m [2msimplelogin_relay[0m[2m:[0m rcpt [3mto[0m[2m=[0m"recipient@example.com"
[INFO] [stdout] [2m2026-07-14T04:07:17.051281Z[0m [34mDEBUG[0m [2msimplelogin_relay[0m[2m:[0m data_start [3mdomain[0m[2m=[0m"dont.care.com" [3mfrom[0m[2m=[0m"user@public.com" [3mis8bit[0m[2m=[0mtrue [3mto[0m[2m=[0m["recipient@example.com"]
[INFO] [stdout] [2m2026-07-14T04:07:17.051345Z[0m [34mDEBUG[0m [2msimplelogin_relay[0m[2m:[0m data_end
[INFO] [stdout] [2m2026-07-14T04:07:17.051411Z[0m [34mDEBUG[0m [2msimplelogin_relay[0m[2m:[0m ensure_reverse_alias
[INFO] [stdout] [2m2026-07-14T04:07:17.051523Z[0m [34mDEBUG[0m [2msimplelogin_relay[0m[2m:[0m modify_headers
[INFO] [stdout] [2m2026-07-14T04:07:17.051545Z[0m [34mDEBUG[0m [2msimplelogin_relay[0m[2m:[0m replace [3mold[0m[2m=[0m"From: \"Sender\" <user@private.com>\r\n" [3mnew[0m[2m=[0m"From: user@private.com\r\n"
[INFO] [stdout] [2m2026-07-14T04:07:17.051599Z[0m [34mDEBUG[0m [2msimplelogin_relay[0m[2m:[0m replace [3mold[0m[2m=[0m"To: \"Recipient\" <recipient@example.com>\r\n" [3mnew[0m[2m=[0m"To: \"Recipient\" <recipient_at_example_com@simplelogin.co>\r\n"
[INFO] [stdout] [2m2026-07-14T04:07:17.051622Z[0m [34mDEBUG[0m [2msimplelogin_relay[0m[2m:[0m send_mail
[INFO] [stdout] [2m2026-07-14T04:07:17.051650Z[0m [34mDEBUG[0m [2msimplelogin_relay[0m[2m:[0m data_str: "From: user@private.com\r\nTo: \"Recipient\" <recipient_at_example_com@simplelogin.co>\r\nDate: Tue, 15 Jan 2008 16:02:43 -0500\r\nSubject: Test message\r\n\r\nHello\r\n."
[INFO] [stdout] [2m2026-07-14T04:07:17.066289Z[0m [34mDEBUG[0m [2msimplelogin_relay[0m[2m:[0m helo [3mip[0m[2m=[0m1.2.3.4 [3mdomain[0m[2m=[0m"dont.care.com"
[INFO] [stdout] [2m2026-07-14T04:07:17.066342Z[0m [34mDEBUG[0m [2msimplelogin_relay[0m[2m:[0m auth_plain [3mauthorization_id[0m[2m=[0m"dontcare" [3mauthentication_id[0m[2m=[0m"user" [3mpassword[0m[2m=[0m"password"
[INFO] [stdout] [2m2026-07-14T04:07:17.066369Z[0m [34mDEBUG[0m [2msimplelogin_relay[0m[2m:[0m auth ok [3mself.account[0m[2m=[0mSome(Account { user: "user", password: "password", email: "user@public.com", owner: "user@private.com" })
[INFO] [stdout] [2m2026-07-14T04:07:17.066385Z[0m [34mDEBUG[0m [2msimplelogin_relay[0m[2m:[0m mail [3mip[0m[2m=[0m1.2.3.4 [3mdomain[0m[2m=[0m"dont.care.com" [3mfrom[0m[2m=[0m"user@public.com"
[INFO] [stdout] [2m2026-07-14T04:07:17.066401Z[0m [34mDEBUG[0m [2msimplelogin_relay[0m[2m:[0m rcpt [3mto[0m[2m=[0m"first@example.com"
[INFO] [stdout] [2m2026-07-14T04:07:17.066422Z[0m [34mDEBUG[0m [2msimplelogin_relay[0m[2m:[0m data_start [3mdomain[0m[2m=[0m"dont.care.com" [3mfrom[0m[2m=[0m"user@public.com" [3mis8bit[0m[2m=[0mtrue [3mto[0m[2m=[0m["first@example.com", "second@example.com", "third@example.com"]
[INFO] [stdout] [2m2026-07-14T04:07:17.066459Z[0m [34mDEBUG[0m [2msimplelogin_relay[0m[2m:[0m data_end
[INFO] [stdout] [2m2026-07-14T04:07:17.066469Z[0m [34mDEBUG[0m [2msimplelogin_relay[0m[2m:[0m ensure_reverse_alias
[INFO] [stdout] [2m2026-07-14T04:07:17.066510Z[0m [34mDEBUG[0m [2msimplelogin_relay[0m[2m:[0m modify_headers
[INFO] [stdout] [2m2026-07-14T04:07:17.066532Z[0m [34mDEBUG[0m [2msimplelogin_relay[0m[2m:[0m replace [3mold[0m[2m=[0m"From: \"Sender\" <user@private.com>\r\n" [3mnew[0m[2m=[0m"From: user@private.com\r\n"
[INFO] [stdout] [2m2026-07-14T04:07:17.066577Z[0m [34mDEBUG[0m [2msimplelogin_relay[0m[2m:[0m replace [3mold[0m[2m=[0m"To: \"First\" <first@example.com>\r\n" [3mnew[0m[2m=[0m"To: \"First\" <first_at_example_com@simplelogin.co>\r\n"
[INFO] [stdout] [2m2026-07-14T04:07:17.066608Z[0m [34mDEBUG[0m [2msimplelogin_relay[0m[2m:[0m replace [3mold[0m[2m=[0m"Cc: \"Second\" <second@example.com>, \"Third\" <third@example.com>\r\n" [3mnew[0m[2m=[0m"Cc: \"Second\" <second_at_example_com@simplelogin.co>, \"Third\" <third_at_example_com@simplelogin.co>\r\n"
[INFO] [stdout] [2m2026-07-14T04:07:17.066631Z[0m [34mDEBUG[0m [2msimplelogin_relay[0m[2m:[0m send_mail
[INFO] [stdout] [2m2026-07-14T04:07:17.066665Z[0m [34mDEBUG[0m [2msimplelogin_relay[0m[2m:[0m data_str: "From: user@private.com\r\nTo: \"First\" <first_at_example_com@simplelogin.co>\r\nCc: \"Second\" <second_at_example_com@simplelogin.co>, \"Third\" <third_at_example_com@simplelogin.co>\r\nDate: Tue, 15 Jan 2008 16:02:43 -0500\r\nSubject: Test message\r\n\r\nHello\r\n."
[INFO] [stdout] test tests::sends_mail_with_multiple_recipients_in_headers ... ok
[INFO] [stdout] test tests::sends_mail ... FAILED
[INFO] [stdout] test tests::sends_mail_with_multiple_recipients ... FAILED
[INFO] [stdout] 
[INFO] [stdout] failures:
[INFO] [stdout] 
[INFO] [stdout] ---- tests::sends_mail stdout ----
[INFO] [stdout] ━━━━━━━━━━━━━━━━━━━━━━━━━━━━━━━ Snapshot Summary ━━━━━━━━━━━━━━━━━━━━━━━━━━━━━━━
[INFO] [stdout] Snapshot file: src/snapshots/simplelogin_relay__tests__snapshot_mails-2.snap
[INFO] [stdout] Snapshot: snapshot_mails-2
[INFO] [stdout] Source: src/main.rs:786
[INFO] [stdout] ────────────────────────────────────────────────────────────────────────────────
[INFO] [stdout] Expression: sorted_mails
[INFO] [stdout] ────────────────────────────────────────────────────────────────────────────────
[INFO] [stdout] -old snapshot
[INFO] [stdout] +new results
[INFO] [stdout] ────────────┬───────────────────────────────────────────────────────────────────
[INFO] [stdout]     0     0 │ [
[INFO] [stdout]     1     1 │     SnapshotMail {
[INFO] [stdout]     2       │-        email: "From: user@private.com\r\nTo: \"First\" <first_at_example_com@simplelogin.co>\r\nCc: \"Second\" <second_at_example_com@simplelogin.co>\r\nDate: Tue, 15 Jan 2008 16:02:43 -0500\r\nSubject: Test message\r\n\r\nHello\r\n.",
[INFO] [stdout]           2 │+        email: "From: user@private.com\r\nTo: \"Recipient\" <recipient_at_example_com@simplelogin.co>\r\nDate: Tue, 15 Jan 2008 16:02:43 -0500\r\nSubject: Test message\r\n\r\nHello\r\n.",
[INFO] [stdout]     3     3 │         from: Some(
[INFO] [stdout]     4     4 │             Address {
[INFO] [stdout]     5     5 │                 serialized: "user@private.com",
[INFO] [stdout]     6     6 │                 at_start: 4,
[INFO] [stdout]     7     7 │             },
[INFO] [stdout]     8     8 │         ),
[INFO] [stdout]     9     9 │         to: [
[INFO] [stdout]    10       │-            "first_at_example_com@simplelogin.co",
[INFO] [stdout]    11       │-            "second_at_example_com@simplelogin.co",
[INFO] [stdout]          10 │+            "recipient_at_example_com@simplelogin.co",
[INFO] [stdout]    12    11 │         ],
[INFO] [stdout]    13    12 │     },
[INFO] [stdout]    14    13 │ ]
[INFO] [stdout] ────────────┴───────────────────────────────────────────────────────────────────
[INFO] [stdout] 
[INFO] [stdout] thread 'tests::sends_mail' (2590) panicked at src/main.rs:786:9:
[INFO] [stdout] called `Result::unwrap()` on an `Err` value: Os { code: 30, kind: ReadOnlyFilesystem, message: "Read-only file system" }
[INFO] [stdout] stack backtrace:
[INFO] [stdout]    0:     0x649b3ad93a38 - std[10d71ac2c42b111e]::backtrace_rs::backtrace::libunwind::trace
[INFO] [stdout]                                at /rustc/b2282dd5646a57d570fc86fbe8df0e8826665ef6/library/std/src/../../backtrace/src/backtrace/libunwind.rs:117:9
[INFO] [stdout]    1:     0x649b3ad93a38 - std[10d71ac2c42b111e]::backtrace_rs::backtrace::trace_unsynchronized::<std[10d71ac2c42b111e]::sys::backtrace::_print_fmt::{closure#1}>
[INFO] [stdout]                                at /rustc/b2282dd5646a57d570fc86fbe8df0e8826665ef6/library/std/src/../../backtrace/src/backtrace/mod.rs:66:14
[INFO] [stdout]    2:     0x649b3ad93a38 - std[10d71ac2c42b111e]::sys::backtrace::_print_fmt
[INFO] [stdout]                                at /rustc/b2282dd5646a57d570fc86fbe8df0e8826665ef6/library/std/src/sys/backtrace.rs:74:9
[INFO] [stdout]    3:     0x649b3ad93a38 - <<std[10d71ac2c42b111e]::sys::backtrace::BacktraceLock>::print::DisplayBacktrace as core[8fb95b77d25ab6c8]::fmt::Display>::fmt
[INFO] [stdout]                                at /rustc/b2282dd5646a57d570fc86fbe8df0e8826665ef6/library/std/src/sys/backtrace.rs:44:26
[INFO] [stdout]    4:     0x649b3adab0da - <core[8fb95b77d25ab6c8]::fmt::rt::Argument>::fmt
[INFO] [stdout]                                at /rustc/b2282dd5646a57d570fc86fbe8df0e8826665ef6/library/core/src/fmt/rt.rs:152:76
[INFO] [stdout]    5:     0x649b3adab0da - core[8fb95b77d25ab6c8]::fmt::write
[INFO] [stdout]    6:     0x649b3ad98892 - std[10d71ac2c42b111e]::io::default_write_fmt::<alloc[a7ee25936407c584]::vec::Vec<u8>>
[INFO] [stdout]                                at /rustc/b2282dd5646a57d570fc86fbe8df0e8826665ef6/library/std/src/io/mod.rs:622:11
[INFO] [stdout]    7:     0x649b3ad98892 - <alloc[a7ee25936407c584]::vec::Vec<u8> as std[10d71ac2c42b111e]::io::Write>::write_fmt
[INFO] [stdout]                                at /rustc/b2282dd5646a57d570fc86fbe8df0e8826665ef6/library/std/src/io/mod.rs:1977:13
[INFO] [stdout]    8:     0x649b3ad70676 - <std[10d71ac2c42b111e]::sys::backtrace::BacktraceLock>::print
[INFO] [stdout]                                at /rustc/b2282dd5646a57d570fc86fbe8df0e8826665ef6/library/std/src/sys/backtrace.rs:47:9
[INFO] [stdout]    9:     0x649b3ad70676 - std[10d71ac2c42b111e]::panicking::default_hook::{closure#0}
[INFO] [stdout]                                at /rustc/b2282dd5646a57d570fc86fbe8df0e8826665ef6/library/std/src/panicking.rs:292:27
[INFO] [stdout]   10:     0x649b3ad8b679 - std[10d71ac2c42b111e]::panicking::default_hook
[INFO] [stdout]                                at /rustc/b2282dd5646a57d570fc86fbe8df0e8826665ef6/library/std/src/panicking.rs:316:9
[INFO] [stdout]   11:     0x649b3ac9027c - <alloc[a7ee25936407c584]::boxed::Box<dyn for<'a, 'b> core[8fb95b77d25ab6c8]::ops::function::Fn<(&'a std[10d71ac2c42b111e]::panic::PanicHookInfo<'b>,), Output = ()> + core[8fb95b77d25ab6c8]::marker::Sync + core[8fb95b77d25ab6c8]::marker::Send> as core[8fb95b77d25ab6c8]::ops::function::Fn<(&std[10d71ac2c42b111e]::panic::PanicHookInfo,)>>::call
[INFO] [stdout]                                at /rustc/b2282dd5646a57d570fc86fbe8df0e8826665ef6/library/alloc/src/boxed.rs:2289:9
[INFO] [stdout]   12:     0x649b3ac9027c - test[213991da798b1c03]::test_main_inner::<test[213991da798b1c03]::test_main_static::{closure#0}>::{closure#0}
[INFO] [stdout]                                at /rustc/b2282dd5646a57d570fc86fbe8df0e8826665ef6/library/test/src/lib.rs:155:21
[INFO] [stdout]   13:     0x649b3ad8b832 - <alloc[a7ee25936407c584]::boxed::Box<dyn for<'a, 'b> core[8fb95b77d25ab6c8]::ops::function::Fn<(&'a std[10d71ac2c42b111e]::panic::PanicHookInfo<'b>,), Output = ()> + core[8fb95b77d25ab6c8]::marker::Sync + core[8fb95b77d25ab6c8]::marker::Send> as core[8fb95b77d25ab6c8]::ops::function::Fn<(&std[10d71ac2c42b111e]::panic::PanicHookInfo,)>>::call
[INFO] [stdout]                                at /rustc/b2282dd5646a57d570fc86fbe8df0e8826665ef6/library/alloc/src/boxed.rs:2289:9
[INFO] [stdout]   14:     0x649b3ad8b832 - std[10d71ac2c42b111e]::panicking::panic_with_hook
[INFO] [stdout]                                at /rustc/b2282dd5646a57d570fc86fbe8df0e8826665ef6/library/std/src/panicking.rs:833:13
[INFO] [stdout]   15:     0x649b3ad70732 - std[10d71ac2c42b111e]::panicking::panic_handler::{closure#0}
[INFO] [stdout]                                at /rustc/b2282dd5646a57d570fc86fbe8df0e8826665ef6/library/std/src/panicking.rs:698:13
[INFO] [stdout]   16:     0x649b3ad65049 - std[10d71ac2c42b111e]::sys::backtrace::__rust_end_short_backtrace::<std[10d71ac2c42b111e]::panicking::panic_handler::{closure#0}, !>
[INFO] [stdout]                                at /rustc/b2282dd5646a57d570fc86fbe8df0e8826665ef6/library/std/src/sys/backtrace.rs:182:18
[INFO] [stdout]   17:     0x649b3ad715dd - __rustc[3be9ba60078d4c86]::rust_begin_unwind
[INFO] [stdout]                                at /rustc/b2282dd5646a57d570fc86fbe8df0e8826665ef6/library/std/src/panicking.rs:689:5
[INFO] [stdout]   18:     0x649b3adab89c - core[8fb95b77d25ab6c8]::panicking::panic_fmt
[INFO] [stdout]                                at /rustc/b2282dd5646a57d570fc86fbe8df0e8826665ef6/library/core/src/panicking.rs:80:14
[INFO] [stdout]   19:     0x649b3adab612 - core[8fb95b77d25ab6c8]::result::unwrap_failed
[INFO] [stdout]                                at /rustc/b2282dd5646a57d570fc86fbe8df0e8826665ef6/library/core/src/result.rs:1867:5
[INFO] [stdout]   20:     0x649b3ab5d47e - <core[8fb95b77d25ab6c8]::result::Result<(), alloc[a7ee25936407c584]::boxed::Box<dyn core[8fb95b77d25ab6c8]::error::Error>>>::unwrap
[INFO] [stdout]                                at /rustc/b2282dd5646a57d570fc86fbe8df0e8826665ef6/library/core/src/result.rs:1233:23
[INFO] [stdout]   21:     0x649b3ab5d47e - simplelogin_relay[a29c82436193e8fb]::tests::snapshot_mails
[INFO] [stdout]                                at /opt/rustwide/workdir/src/main.rs:786:9
[INFO] [stdout]   22:     0x649b3ab5f40a - simplelogin_relay[a29c82436193e8fb]::tests::sends_mail
[INFO] [stdout]                                at /opt/rustwide/workdir/src/main.rs:632:9
[INFO] [stdout]   23:     0x649b3ab5c8e7 - simplelogin_relay[a29c82436193e8fb]::tests::sends_mail::{closure#0}
[INFO] [stdout]                                at /opt/rustwide/workdir/src/main.rs:578:20
[INFO] [stdout]   24:     0x649b3ab63356 - <simplelogin_relay[a29c82436193e8fb]::tests::sends_mail::{closure#0} as core[8fb95b77d25ab6c8]::ops::function::FnOnce<()>>::call_once
[INFO] [stdout]                                at /rustc/b2282dd5646a57d570fc86fbe8df0e8826665ef6/library/core/src/ops/function.rs:250:5
[INFO] [stdout]   25:     0x649b3ac8335b - <fn() -> core[8fb95b77d25ab6c8]::result::Result<(), alloc[a7ee25936407c584]::string::String> as core[8fb95b77d25ab6c8]::ops::function::FnOnce<()>>::call_once
[INFO] [stdout]                                at /rustc/b2282dd5646a57d570fc86fbe8df0e8826665ef6/library/core/src/ops/function.rs:250:5
[INFO] [stdout]   26:     0x649b3ac8335b - test[213991da798b1c03]::__rust_begin_short_backtrace::<core[8fb95b77d25ab6c8]::result::Result<(), alloc[a7ee25936407c584]::string::String>, fn() -> core[8fb95b77d25ab6c8]::result::Result<(), alloc[a7ee25936407c584]::string::String>>
[INFO] [stdout]                                at /rustc/b2282dd5646a57d570fc86fbe8df0e8826665ef6/library/test/src/lib.rs:724:18
[INFO] [stdout]   27:     0x649b3ac90bd5 - test[213991da798b1c03]::run_test_in_process::{closure#0}
[INFO] [stdout]                                at /rustc/b2282dd5646a57d570fc86fbe8df0e8826665ef6/library/test/src/lib.rs:747:74
[INFO] [stdout]   28:     0x649b3ac90bd5 - <core[8fb95b77d25ab6c8]::panic::unwind_safe::AssertUnwindSafe<test[213991da798b1c03]::run_test_in_process::{closure#0}> as core[8fb95b77d25ab6c8]::ops::function::FnOnce<()>>::call_once
[INFO] [stdout]                                at /rustc/b2282dd5646a57d570fc86fbe8df0e8826665ef6/library/core/src/panic/unwind_safe.rs:275:9
[INFO] [stdout]   29:     0x649b3ac90bd5 - std[10d71ac2c42b111e]::panicking::catch_unwind::do_call::<core[8fb95b77d25ab6c8]::panic::unwind_safe::AssertUnwindSafe<test[213991da798b1c03]::run_test_in_process::{closure#0}>, core[8fb95b77d25ab6c8]::result::Result<(), alloc[a7ee25936407c584]::string::String>>
[INFO] [stdout]                                at /rustc/b2282dd5646a57d570fc86fbe8df0e8826665ef6/library/std/src/panicking.rs:581:40
[INFO] [stdout]   30:     0x649b3ac90bd5 - std[10d71ac2c42b111e]::panicking::catch_unwind::<core[8fb95b77d25ab6c8]::result::Result<(), alloc[a7ee25936407c584]::string::String>, core[8fb95b77d25ab6c8]::panic::unwind_safe::AssertUnwindSafe<test[213991da798b1c03]::run_test_in_process::{closure#0}>>
[INFO] [stdout]                                at /rustc/b2282dd5646a57d570fc86fbe8df0e8826665ef6/library/std/src/panicking.rs:544:19
[INFO] [stdout]   31:     0x649b3ac90bd5 - std[10d71ac2c42b111e]::panic::catch_unwind::<core[8fb95b77d25ab6c8]::panic::unwind_safe::AssertUnwindSafe<test[213991da798b1c03]::run_test_in_process::{closure#0}>, core[8fb95b77d25ab6c8]::result::Result<(), alloc[a7ee25936407c584]::string::String>>
[INFO] [stdout]                                at /rustc/b2282dd5646a57d570fc86fbe8df0e8826665ef6/library/std/src/panic.rs:359:14
[INFO] [stdout]   32:     0x649b3ac90bd5 - test[213991da798b1c03]::run_test_in_process
[INFO] [stdout]                                at /rustc/b2282dd5646a57d570fc86fbe8df0e8826665ef6/library/test/src/lib.rs:747:27
[INFO] [stdout]   33:     0x649b3ac90bd5 - test[213991da798b1c03]::run_test::{closure#0}
[INFO] [stdout]                                at /rustc/b2282dd5646a57d570fc86fbe8df0e8826665ef6/library/test/src/lib.rs:668:43
[INFO] [stdout]   34:     0x649b3ac8a4e4 - test[213991da798b1c03]::run_test::{closure#1}
[INFO] [stdout]                                at /rustc/b2282dd5646a57d570fc86fbe8df0e8826665ef6/library/test/src/lib.rs:698:41
[INFO] [stdout]   35:     0x649b3ac8a4e4 - std[10d71ac2c42b111e]::sys::backtrace::__rust_begin_short_backtrace::<test[213991da798b1c03]::run_test::{closure#1}, ()>
[INFO] [stdout]                                at /rustc/b2282dd5646a57d570fc86fbe8df0e8826665ef6/library/std/src/sys/backtrace.rs:166:18
[INFO] [stdout]   36:     0x649b3ac93c52 - std[10d71ac2c42b111e]::thread::lifecycle::spawn_unchecked::<test[213991da798b1c03]::run_test::{closure#1}, ()>::{closure#1}::{closure#0}
[INFO] [stdout]                                at /rustc/b2282dd5646a57d570fc86fbe8df0e8826665ef6/library/std/src/thread/lifecycle.rs:70:13
[INFO] [stdout]   37:     0x649b3ac93c52 - <core[8fb95b77d25ab6c8]::panic::unwind_safe::AssertUnwindSafe<std[10d71ac2c42b111e]::thread::lifecycle::spawn_unchecked<test[213991da798b1c03]::run_test::{closure#1}, ()>::{closure#1}::{closure#0}> as core[8fb95b77d25ab6c8]::ops::function::FnOnce<()>>::call_once
[INFO] [stdout]                                at /rustc/b2282dd5646a57d570fc86fbe8df0e8826665ef6/library/core/src/panic/unwind_safe.rs:275:9
[INFO] [stdout]   38:     0x649b3ac93c52 - std[10d71ac2c42b111e]::panicking::catch_unwind::do_call::<core[8fb95b77d25ab6c8]::panic::unwind_safe::AssertUnwindSafe<std[10d71ac2c42b111e]::thread::lifecycle::spawn_unchecked<test[213991da798b1c03]::run_test::{closure#1}, ()>::{closure#1}::{closure#0}>, ()>
[INFO] [stdout]                                at /rustc/b2282dd5646a57d570fc86fbe8df0e8826665ef6/library/std/src/panicking.rs:581:40
[INFO] [stdout]   39:     0x649b3ac93c52 - std[10d71ac2c42b111e]::panicking::catch_unwind::<(), core[8fb95b77d25ab6c8]::panic::unwind_safe::AssertUnwindSafe<std[10d71ac2c42b111e]::thread::lifecycle::spawn_unchecked<test[213991da798b1c03]::run_test::{closure#1}, ()>::{closure#1}::{closure#0}>>
[INFO] [stdout]                                at /rustc/b2282dd5646a57d570fc86fbe8df0e8826665ef6/library/std/src/panicking.rs:544:19
[INFO] [stdout]   40:     0x649b3ac93c52 - std[10d71ac2c42b111e]::panic::catch_unwind::<core[8fb95b77d25ab6c8]::panic::unwind_safe::AssertUnwindSafe<std[10d71ac2c42b111e]::thread::lifecycle::spawn_unchecked<test[213991da798b1c03]::run_test::{closure#1}, ()>::{closure#1}::{closure#0}>, ()>
[INFO] [stdout]                                at /rustc/b2282dd5646a57d570fc86fbe8df0e8826665ef6/library/std/src/panic.rs:359:14
[INFO] [stdout]   41:     0x649b3ac93c52 - std[10d71ac2c42b111e]::thread::lifecycle::spawn_unchecked::<test[213991da798b1c03]::run_test::{closure#1}, ()>::{closure#1}
[INFO] [stdout]                                at /rustc/b2282dd5646a57d570fc86fbe8df0e8826665ef6/library/std/src/thread/lifecycle.rs:68:26
[INFO] [stdout]   42:     0x649b3ac93c52 - <std[10d71ac2c42b111e]::thread::lifecycle::spawn_unchecked<test[213991da798b1c03]::run_test::{closure#1}, ()>::{closure#1} as core[8fb95b77d25ab6c8]::ops::function::FnOnce<()>>::call_once::{shim:vtable#0}
[INFO] [stdout]                                at /rustc/b2282dd5646a57d570fc86fbe8df0e8826665ef6/library/core/src/ops/function.rs:250:5
[INFO] [stdout]   43:     0x649b3ad92e5f - <alloc[a7ee25936407c584]::boxed::Box<dyn core[8fb95b77d25ab6c8]::ops::function::FnOnce<(), Output = ()> + core[8fb95b77d25ab6c8]::marker::Send> as core[8fb95b77d25ab6c8]::ops::function::FnOnce<()>>::call_once
[INFO] [stdout]                                at /rustc/b2282dd5646a57d570fc86fbe8df0e8826665ef6/library/alloc/src/boxed.rs:2275:9
[INFO] [stdout]   44:     0x649b3ad92e5f - <std[10d71ac2c42b111e]::sys::thread::unix::Thread>::new::thread_start
[INFO] [stdout]                                at /rustc/b2282dd5646a57d570fc86fbe8df0e8826665ef6/library/std/src/sys/thread/unix.rs:118:17
[INFO] [stdout]   45:     0x759c8ed27aa4 - <unknown>
[INFO] [stdout]   46:     0x759c8edb4a64 - clone
[INFO] [stdout]   47:                0x0 - <unknown>
[INFO] [stdout] 
[INFO] [stdout] ---- tests::sends_mail_with_multiple_recipients stdout ----
[INFO] [stdout] ━━━━━━━━━━━━━━━━━━━━━━━━━━━━━━━ Snapshot Summary ━━━━━━━━━━━━━━━━━━━━━━━━━━━━━━━
[INFO] [stdout] Snapshot file: src/snapshots/simplelogin_relay__tests__snapshot_mails.snap
[INFO] [stdout] Snapshot: snapshot_mails
[INFO] [stdout] Source: src/main.rs:786
[INFO] [stdout] ────────────────────────────────────────────────────────────────────────────────
[INFO] [stdout] Expression: sorted_mails
[INFO] [stdout] ────────────────────────────────────────────────────────────────────────────────
[INFO] [stdout] -old snapshot
[INFO] [stdout] +new results
[INFO] [stdout] ────────────┬───────────────────────────────────────────────────────────────────
[INFO] [stdout]     0     0 │ [
[INFO] [stdout]     1     1 │     SnapshotMail {
[INFO] [stdout]     2       │-        email: "From: user@private.com\r\nTo: \"Recipient\" <recipient_at_example_com@simplelogin.co>\r\nDate: Tue, 15 Jan 2008 16:02:43 -0500\r\nSubject: Test message\r\n\r\nHello\r\n.",
[INFO] [stdout]           2 │+        email: "From: user@private.com\r\nTo: \"First\" <first_at_example_com@simplelogin.co>\r\nCc: \"Second\" <second_at_example_com@simplelogin.co>\r\nDate: Tue, 15 Jan 2008 16:02:43 -0500\r\nSubject: Test message\r\n\r\nHello\r\n.",
[INFO] [stdout]     3     3 │         from: Some(
[INFO] [stdout]     4     4 │             Address {
[INFO] [stdout]     5     5 │                 serialized: "user@private.com",
[INFO] [stdout]     6     6 │                 at_start: 4,
[INFO] [stdout]     7     7 │             },
[INFO] [stdout]     8     8 │         ),
[INFO] [stdout]     9     9 │         to: [
[INFO] [stdout]    10       │-            "recipient_at_example_com@simplelogin.co",
[INFO] [stdout]          10 │+            "first_at_example_com@simplelogin.co",
[INFO] [stdout]          11 │+            "second_at_example_com@simplelogin.co",
[INFO] [stdout]    11    12 │         ],
[INFO] [stdout]    12    13 │     },
[INFO] [stdout]    13    14 │ ]
[INFO] [stdout] ────────────┴───────────────────────────────────────────────────────────────────
[INFO] [stdout] 
[INFO] [stdout] thread 'tests::sends_mail_with_multiple_recipients' (2591) panicked at src/main.rs:786:9:
[INFO] [stdout] called `Result::unwrap()` on an `Err` value: Os { code: 30, kind: ReadOnlyFilesystem, message: "Read-only file system" }
[INFO] [stdout] stack backtrace:
[INFO] [stdout]    0:     0x649b3ad93a38 - std[10d71ac2c42b111e]::backtrace_rs::backtrace::libunwind::trace
[INFO] [stdout]                                at /rustc/b2282dd5646a57d570fc86fbe8df0e8826665ef6/library/std/src/../../backtrace/src/backtrace/libunwind.rs:117:9
[INFO] [stdout]    1:     0x649b3ad93a38 - std[10d71ac2c42b111e]::backtrace_rs::backtrace::trace_unsynchronized::<std[10d71ac2c42b111e]::sys::backtrace::_print_fmt::{closure#1}>
[INFO] [stdout]                                at /rustc/b2282dd5646a57d570fc86fbe8df0e8826665ef6/library/std/src/../../backtrace/src/backtrace/mod.rs:66:14
[INFO] [stdout]    2:     0x649b3ad93a38 - std[10d71ac2c42b111e]::sys::backtrace::_print_fmt
[INFO] [stdout]                                at /rustc/b2282dd5646a57d570fc86fbe8df0e8826665ef6/library/std/src/sys/backtrace.rs:74:9
[INFO] [stdout]    3:     0x649b3ad93a38 - <<std[10d71ac2c42b111e]::sys::backtrace::BacktraceLock>::print::DisplayBacktrace as core[8fb95b77d25ab6c8]::fmt::Display>::fmt
[INFO] [stdout]                                at /rustc/b2282dd5646a57d570fc86fbe8df0e8826665ef6/library/std/src/sys/backtrace.rs:44:26
[INFO] [stdout]    4:     0x649b3adab0da - <core[8fb95b77d25ab6c8]::fmt::rt::Argument>::fmt
[INFO] [stdout]                                at /rustc/b2282dd5646a57d570fc86fbe8df0e8826665ef6/library/core/src/fmt/rt.rs:152:76
[INFO] [stdout]    5:     0x649b3adab0da - core[8fb95b77d25ab6c8]::fmt::write
[INFO] [stdout]    6:     0x649b3ad98892 - std[10d71ac2c42b111e]::io::default_write_fmt::<alloc[a7ee25936407c584]::vec::Vec<u8>>
[INFO] [stdout]                                at /rustc/b2282dd5646a57d570fc86fbe8df0e8826665ef6/library/std/src/io/mod.rs:622:11
[INFO] [stdout]    7:     0x649b3ad98892 - <alloc[a7ee25936407c584]::vec::Vec<u8> as std[10d71ac2c42b111e]::io::Write>::write_fmt
[INFO] [stdout]                                at /rustc/b2282dd5646a57d570fc86fbe8df0e8826665ef6/library/std/src/io/mod.rs:1977:13
[INFO] [stdout]    8:     0x649b3ad70676 - <std[10d71ac2c42b111e]::sys::backtrace::BacktraceLock>::print
[INFO] [stdout]                                at /rustc/b2282dd5646a57d570fc86fbe8df0e8826665ef6/library/std/src/sys/backtrace.rs:47:9
[INFO] [stdout]    9:     0x649b3ad70676 - std[10d71ac2c42b111e]::panicking::default_hook::{closure#0}
[INFO] [stdout]                                at /rustc/b2282dd5646a57d570fc86fbe8df0e8826665ef6/library/std/src/panicking.rs:292:27
[INFO] [stdout]   10:     0x649b3ad8b679 - std[10d71ac2c42b111e]::panicking::default_hook
[INFO] [stdout]                                at /rustc/b2282dd5646a57d570fc86fbe8df0e8826665ef6/library/std/src/panicking.rs:316:9
[INFO] [stdout]   11:     0x649b3ac9027c - <alloc[a7ee25936407c584]::boxed::Box<dyn for<'a, 'b> core[8fb95b77d25ab6c8]::ops::function::Fn<(&'a std[10d71ac2c42b111e]::panic::PanicHookInfo<'b>,), Output = ()> + core[8fb95b77d25ab6c8]::marker::Sync + core[8fb95b77d25ab6c8]::marker::Send> as core[8fb95b77d25ab6c8]::ops::function::Fn<(&std[10d71ac2c42b111e]::panic::PanicHookInfo,)>>::call
[INFO] [stdout]                                at /rustc/b2282dd5646a57d570fc86fbe8df0e8826665ef6/library/alloc/src/boxed.rs:2289:9
[INFO] [stdout]   12:     0x649b3ac9027c - test[213991da798b1c03]::test_main_inner::<test[213991da798b1c03]::test_main_static::{closure#0}>::{closure#0}
[INFO] [stdout]                                at /rustc/b2282dd5646a57d570fc86fbe8df0e8826665ef6/library/test/src/lib.rs:155:21
[INFO] [stdout]   13:     0x649b3ad8b832 - <alloc[a7ee25936407c584]::boxed::Box<dyn for<'a, 'b> core[8fb95b77d25ab6c8]::ops::function::Fn<(&'a std[10d71ac2c42b111e]::panic::PanicHookInfo<'b>,), Output = ()> + core[8fb95b77d25ab6c8]::marker::Sync + core[8fb95b77d25ab6c8]::marker::Send> as core[8fb95b77d25ab6c8]::ops::function::Fn<(&std[10d71ac2c42b111e]::panic::PanicHookInfo,)>>::call
[INFO] [stdout]                                at /rustc/b2282dd5646a57d570fc86fbe8df0e8826665ef6/library/alloc/src/boxed.rs:2289:9
[INFO] [stdout]   14:     0x649b3ad8b832 - std[10d71ac2c42b111e]::panicking::panic_with_hook
[INFO] [stdout]                                at /rustc/b2282dd5646a57d570fc86fbe8df0e8826665ef6/library/std/src/panicking.rs:833:13
[INFO] [stdout]   15:     0x649b3ad70732 - std[10d71ac2c42b111e]::panicking::panic_handler::{closure#0}
[INFO] [stdout]                                at /rustc/b2282dd5646a57d570fc86fbe8df0e8826665ef6/library/std/src/panicking.rs:698:13
[INFO] [stdout]   16:     0x649b3ad65049 - std[10d71ac2c42b111e]::sys::backtrace::__rust_end_short_backtrace::<std[10d71ac2c42b111e]::panicking::panic_handler::{closure#0}, !>
[INFO] [stdout]                                at /rustc/b2282dd5646a57d570fc86fbe8df0e8826665ef6/library/std/src/sys/backtrace.rs:182:18
[INFO] [stderr] error: test failed, to rerun pass `--bin simplelogin-relay`
[INFO] [stdout]   17:     0x649b3ad715dd - __rustc[3be9ba60078d4c86]::rust_begin_unwind
[INFO] [stdout]                                at /rustc/b2282dd5646a57d570fc86fbe8df0e8826665ef6/library/std/src/panicking.rs:689:5
[INFO] [stdout]   18:     0x649b3adab89c - core[8fb95b77d25ab6c8]::panicking::panic_fmt
[INFO] [stdout]                                at /rustc/b2282dd5646a57d570fc86fbe8df0e8826665ef6/library/core/src/panicking.rs:80:14
[INFO] [stdout]   19:     0x649b3adab612 - core[8fb95b77d25ab6c8]::result::unwrap_failed
[INFO] [stdout]                                at /rustc/b2282dd5646a57d570fc86fbe8df0e8826665ef6/library/core/src/result.rs:1867:5
[INFO] [stdout]   20:     0x649b3ab5d47e - <core[8fb95b77d25ab6c8]::result::Result<(), alloc[a7ee25936407c584]::boxed::Box<dyn core[8fb95b77d25ab6c8]::error::Error>>>::unwrap
[INFO] [stdout]                                at /rustc/b2282dd5646a57d570fc86fbe8df0e8826665ef6/library/core/src/result.rs:1233:23
[INFO] [stdout]   21:     0x649b3ab5d47e - simplelogin_relay[a29c82436193e8fb]::tests::snapshot_mails
[INFO] [stdout]                                at /opt/rustwide/workdir/src/main.rs:786:9
[INFO] [stdout]   22:     0x649b3ab60a55 - simplelogin_relay[a29c82436193e8fb]::tests::sends_mail_with_multiple_recipients
[INFO] [stdout]                                at /opt/rustwide/workdir/src/main.rs:694:9
[INFO] [stdout]   23:     0x649b3ab5ca17 - simplelogin_relay[a29c82436193e8fb]::tests::sends_mail_with_multiple_recipients::{closure#0}
[INFO] [stdout]                                at /opt/rustwide/workdir/src/main.rs:636:45
[INFO] [stdout]   24:     0x649b3ab633d6 - <simplelogin_relay[a29c82436193e8fb]::tests::sends_mail_with_multiple_recipients::{closure#0} as core[8fb95b77d25ab6c8]::ops::function::FnOnce<()>>::call_once
[INFO] [stdout]                                at /rustc/b2282dd5646a57d570fc86fbe8df0e8826665ef6/library/core/src/ops/function.rs:250:5
[INFO] [stdout]   25:     0x649b3ac8335b - <fn() -> core[8fb95b77d25ab6c8]::result::Result<(), alloc[a7ee25936407c584]::string::String> as core[8fb95b77d25ab6c8]::ops::function::FnOnce<()>>::call_once
[INFO] [stdout]                                at /rustc/b2282dd5646a57d570fc86fbe8df0e8826665ef6/library/core/src/ops/function.rs:250:5
[INFO] [stdout]   26:     0x649b3ac8335b - test[213991da798b1c03]::__rust_begin_short_backtrace::<core[8fb95b77d25ab6c8]::result::Result<(), alloc[a7ee25936407c584]::string::String>, fn() -> core[8fb95b77d25ab6c8]::result::Result<(), alloc[a7ee25936407c584]::string::String>>
[INFO] [stdout]                                at /rustc/b2282dd5646a57d570fc86fbe8df0e8826665ef6/library/test/src/lib.rs:724:18
[INFO] [stdout]   27:     0x649b3ac90bd5 - test[213991da798b1c03]::run_test_in_process::{closure#0}
[INFO] [stdout]                                at /rustc/b2282dd5646a57d570fc86fbe8df0e8826665ef6/library/test/src/lib.rs:747:74
[INFO] [stdout]   28:     0x649b3ac90bd5 - <core[8fb95b77d25ab6c8]::panic::unwind_safe::AssertUnwindSafe<test[213991da798b1c03]::run_test_in_process::{closure#0}> as core[8fb95b77d25ab6c8]::ops::function::FnOnce<()>>::call_once
[INFO] [stdout]                                at /rustc/b2282dd5646a57d570fc86fbe8df0e8826665ef6/library/core/src/panic/unwind_safe.rs:275:9
[INFO] [stdout]   29:     0x649b3ac90bd5 - std[10d71ac2c42b111e]::panicking::catch_unwind::do_call::<core[8fb95b77d25ab6c8]::panic::unwind_safe::AssertUnwindSafe<test[213991da798b1c03]::run_test_in_process::{closure#0}>, core[8fb95b77d25ab6c8]::result::Result<(), alloc[a7ee25936407c584]::string::String>>
[INFO] [stdout]                                at /rustc/b2282dd5646a57d570fc86fbe8df0e8826665ef6/library/std/src/panicking.rs:581:40
[INFO] [stdout]   30:     0x649b3ac90bd5 - std[10d71ac2c42b111e]::panicking::catch_unwind::<core[8fb95b77d25ab6c8]::result::Result<(), alloc[a7ee25936407c584]::string::String>, core[8fb95b77d25ab6c8]::panic::unwind_safe::AssertUnwindSafe<test[213991da798b1c03]::run_test_in_process::{closure#0}>>
[INFO] [stdout]                                at /rustc/b2282dd5646a57d570fc86fbe8df0e8826665ef6/library/std/src/panicking.rs:544:19
[INFO] [stdout]   31:     0x649b3ac90bd5 - std[10d71ac2c42b111e]::panic::catch_unwind::<core[8fb95b77d25ab6c8]::panic::unwind_safe::AssertUnwindSafe<test[213991da798b1c03]::run_test_in_process::{closure#0}>, core[8fb95b77d25ab6c8]::result::Result<(), alloc[a7ee25936407c584]::string::String>>
[INFO] [stdout]                                at /rustc/b2282dd5646a57d570fc86fbe8df0e8826665ef6/library/std/src/panic.rs:359:14
[INFO] [stdout]   32:     0x649b3ac90bd5 - test[213991da798b1c03]::run_test_in_process
[INFO] [stdout]                                at /rustc/b2282dd5646a57d570fc86fbe8df0e8826665ef6/library/test/src/lib.rs:747:27
[INFO] [stdout]   33:     0x649b3ac90bd5 - test[213991da798b1c03]::run_test::{closure#0}
[INFO] [stdout]                                at /rustc/b2282dd5646a57d570fc86fbe8df0e8826665ef6/library/test/src/lib.rs:668:43
[INFO] [stdout]   34:     0x649b3ac8a4e4 - test[213991da798b1c03]::run_test::{closure#1}
[INFO] [stdout]                                at /rustc/b2282dd5646a57d570fc86fbe8df0e8826665ef6/library/test/src/lib.rs:698:41
[INFO] [stdout]   35:     0x649b3ac8a4e4 - std[10d71ac2c42b111e]::sys::backtrace::__rust_begin_short_backtrace::<test[213991da798b1c03]::run_test::{closure#1}, ()>
[INFO] [stdout]                                at /rustc/b2282dd5646a57d570fc86fbe8df0e8826665ef6/library/std/src/sys/backtrace.rs:166:18
[INFO] [stdout]   36:     0x649b3ac93c52 - std[10d71ac2c42b111e]::thread::lifecycle::spawn_unchecked::<test[213991da798b1c03]::run_test::{closure#1}, ()>::{closure#1}::{closure#0}
[INFO] [stdout]                                at /rustc/b2282dd5646a57d570fc86fbe8df0e8826665ef6/library/std/src/thread/lifecycle.rs:70:13
[INFO] [stdout]   37:     0x649b3ac93c52 - <core[8fb95b77d25ab6c8]::panic::unwind_safe::AssertUnwindSafe<std[10d71ac2c42b111e]::thread::lifecycle::spawn_unchecked<test[213991da798b1c03]::run_test::{closure#1}, ()>::{closure#1}::{closure#0}> as core[8fb95b77d25ab6c8]::ops::function::FnOnce<()>>::call_once
[INFO] [stdout]                                at /rustc/b2282dd5646a57d570fc86fbe8df0e8826665ef6/library/core/src/panic/unwind_safe.rs:275:9
[INFO] [stdout]   38:     0x649b3ac93c52 - std[10d71ac2c42b111e]::panicking::catch_unwind::do_call::<core[8fb95b77d25ab6c8]::panic::unwind_safe::AssertUnwindSafe<std[10d71ac2c42b111e]::thread::lifecycle::spawn_unchecked<test[213991da798b1c03]::run_test::{closure#1}, ()>::{closure#1}::{closure#0}>, ()>
[INFO] [stdout]                                at /rustc/b2282dd5646a57d570fc86fbe8df0e8826665ef6/library/std/src/panicking.rs:581:40
[INFO] [stdout]   39:     0x649b3ac93c52 - std[10d71ac2c42b111e]::panicking::catch_unwind::<(), core[8fb95b77d25ab6c8]::panic::unwind_safe::AssertUnwindSafe<std[10d71ac2c42b111e]::thread::lifecycle::spawn_unchecked<test[213991da798b1c03]::run_test::{closure#1}, ()>::{closure#1}::{closure#0}>>
[INFO] [stdout]                                at /rustc/b2282dd5646a57d570fc86fbe8df0e8826665ef6/library/std/src/panicking.rs:544:19
[INFO] [stdout]   40:     0x649b3ac93c52 - std[10d71ac2c42b111e]::panic::catch_unwind::<core[8fb95b77d25ab6c8]::panic::unwind_safe::AssertUnwindSafe<std[10d71ac2c42b111e]::thread::lifecycle::spawn_unchecked<test[213991da798b1c03]::run_test::{closure#1}, ()>::{closure#1}::{closure#0}>, ()>
[INFO] [stdout]                                at /rustc/b2282dd5646a57d570fc86fbe8df0e8826665ef6/library/std/src/panic.rs:359:14
[INFO] [stdout]   41:     0x649b3ac93c52 - std[10d71ac2c42b111e]::thread::lifecycle::spawn_unchecked::<test[213991da798b1c03]::run_test::{closure#1}, ()>::{closure#1}
[INFO] [stdout]                                at /rustc/b2282dd5646a57d570fc86fbe8df0e8826665ef6/library/std/src/thread/lifecycle.rs:68:26
[INFO] [stdout]   42:     0x649b3ac93c52 - <std[10d71ac2c42b111e]::thread::lifecycle::spawn_unchecked<test[213991da798b1c03]::run_test::{closure#1}, ()>::{closure#1} as core[8fb95b77d25ab6c8]::ops::function::FnOnce<()>>::call_once::{shim:vtable#0}
[INFO] [stdout]                                at /rustc/b2282dd5646a57d570fc86fbe8df0e8826665ef6/library/core/src/ops/function.rs:250:5
[INFO] [stdout]   43:     0x649b3ad92e5f - <alloc[a7ee25936407c584]::boxed::Box<dyn core[8fb95b77d25ab6c8]::ops::function::FnOnce<(), Output = ()> + core[8fb95b77d25ab6c8]::marker::Send> as core[8fb95b77d25ab6c8]::ops::function::FnOnce<()>>::call_once
[INFO] [stdout]                                at /rustc/b2282dd5646a57d570fc86fbe8df0e8826665ef6/library/alloc/src/boxed.rs:2275:9
[INFO] [stdout]   44:     0x649b3ad92e5f - <std[10d71ac2c42b111e]::sys::thread::unix::Thread>::new::thread_start
[INFO] [stdout]                                at /rustc/b2282dd5646a57d570fc86fbe8df0e8826665ef6/library/std/src/sys/thread/unix.rs:118:17
[INFO] [stdout]   45:     0x759c8ed27aa4 - <unknown>
[INFO] [stdout]   46:     0x759c8edb4a64 - clone
[INFO] [stdout]   47:                0x0 - <unknown>
[INFO] [stdout] 
[INFO] [stdout] 
[INFO] [stdout] failures:
[INFO] [stdout]     tests::sends_mail
[INFO] [stdout]     tests::sends_mail_with_multiple_recipients
[INFO] [stdout] 
[INFO] [stdout] test result: FAILED. 2 passed; 2 failed; 0 ignored; 0 measured; 0 filtered out; finished in 0.50s
[INFO] [stdout] 
[INFO] running `Command { std: "docker" "inspect" "0a20e1d75ac89391778f3da62a410c058b7f05447e30ba1e0ae086c4095d80a4", kill_on_drop: false }`
[INFO] running `Command { std: "docker" "rm" "-f" "0a20e1d75ac89391778f3da62a410c058b7f05447e30ba1e0ae086c4095d80a4", kill_on_drop: false }`
[INFO] [stdout] 0a20e1d75ac89391778f3da62a410c058b7f05447e30ba1e0ae086c4095d80a4
