[INFO] cloning repository https://github.com/suhlig/rustomato
[INFO] running `Command { std: "git" "-c" "credential.helper=" "-c" "credential.helper=/workspace/cargo-home/bin/git-credential-null" "clone" "--bare" "https://github.com/suhlig/rustomato" "/workspace/cache/git-repos/https%3A%2F%2Fgithub.com%2Fsuhlig%2Frustomato", kill_on_drop: false }`
[INFO] [stderr] Cloning into bare repository '/workspace/cache/git-repos/https%3A%2F%2Fgithub.com%2Fsuhlig%2Frustomato'...
[INFO] running `Command { std: "git" "rev-parse" "HEAD", kill_on_drop: false }`
[INFO] [stdout] 8a10a43e6b0af4b5f2af3903afe603bc42e0b331
[INFO] testing suhlig/rustomato against 1.97.0-beta.6 for beta-1.98-2
[INFO] running `Command { std: "git" "clone" "/workspace/cache/git-repos/https%3A%2F%2Fgithub.com%2Fsuhlig%2Frustomato" "/workspace/builds/worker-5-tc1/source", kill_on_drop: false }`
[INFO] [stderr] Cloning into '/workspace/builds/worker-5-tc1/source'...
[INFO] [stderr] done.
[INFO] started tweaking git repo https://github.com/suhlig/rustomato
[INFO] finished tweaking git repo https://github.com/suhlig/rustomato
[INFO] tweaked toml for git repo https://github.com/suhlig/rustomato written to /workspace/builds/worker-5-tc1/source/Cargo.toml
[INFO] validating manifest of git repo https://github.com/suhlig/rustomato on toolchain 1.97.0-beta.6
[INFO] running `Command { std: CARGO_HOME="/workspace/cargo-home" RUSTUP_HOME="/workspace/rustup-home" "/workspace/cargo-home/bin/cargo" "+1.97.0-beta.6" "metadata" "--manifest-path" "Cargo.toml" "--no-deps", kill_on_drop: false }`
[INFO] crate git repo https://github.com/suhlig/rustomato already has a lockfile, it will not be regenerated
[INFO] running `Command { std: CARGO_HOME="/workspace/cargo-home" RUSTUP_HOME="/workspace/rustup-home" "/workspace/cargo-home/bin/cargo" "+1.97.0-beta.6" "fetch" "--manifest-path" "Cargo.toml", kill_on_drop: false }`
[INFO] [stderr]     Updating crates.io index
[INFO] [stderr]  Downloading crates ...
[INFO] [stderr]   Downloaded uuid v1.23.4
[INFO] [stderr]   Downloaded rsqlite-vfs v0.1.1
[INFO] [stderr]   Downloaded predicates-core v1.0.10
[INFO] [stderr]   Downloaded termtree v0.5.1
[INFO] [stderr]   Downloaded normalize-line-endings v0.3.0
[INFO] [stderr]   Downloaded float-cmp v0.10.0
[INFO] [stderr]   Downloaded difflib v0.4.0
[INFO] [stderr]   Downloaded unit-prefix v0.5.2
[INFO] [stderr]   Downloaded libredox v0.1.17
[INFO] [stderr]   Downloaded predicates v3.1.4
[INFO] [stderr]   Downloaded assert_cmd v2.2.2
[INFO] [stderr]   Downloaded hashlink v0.12.0
[INFO] [stderr]   Downloaded predicates-tree v1.0.13
[INFO] [stderr]   Downloaded built v0.8.1
[INFO] [stderr]   Downloaded console v0.16.4
[INFO] [stderr]   Downloaded clap_complete v4.6.7
[INFO] [stderr]   Downloaded indicatif v0.18.6
[INFO] [stderr]   Downloaded rusqlite v0.40.1
[INFO] [stderr]   Downloaded git2 v0.21.0
[INFO] [stderr]   Downloaded nix v0.31.3
[INFO] [stderr]   Downloaded libz-sys v1.1.28
[INFO] [stderr]   Downloaded libgit2-sys v0.18.4+1.9.3
[INFO] [stderr]   Downloaded libsqlite3-sys v0.38.1
[INFO] [stderr]   Downloaded sqlite-wasm-rs v0.5.5
[INFO] running `Command { std: "docker" "create" "-v" "/var/lib/crater-agent-workspace/builds/worker-5-tc1/source:/opt/rustwide/workdir:ro,Z" "-v" "/var/lib/crater-agent-workspace/builds/worker-5-tc1/target:/opt/rustwide/target:rw,Z" "-v" "/var/lib/crater-agent-workspace/cargo-home:/opt/rustwide/cargo-home:ro,Z" "-v" "/var/lib/crater-agent-workspace/rustup-home:/opt/rustwide/rustup-home:ro,Z" "-m" "1610612736" "--network" "none" "ghcr.io/rust-lang/crates-build-env/linux@sha256:3d5ced03c013a94a2f102a4510f48a6e9184255caf5fd8244f58017bde7f5210" "sleep" "infinity", kill_on_drop: false }`
[INFO] [stdout] f95a54c891f367e792e6e550aaf5778e8490fb4d6ce5728759333b3613aa6650
[INFO] running `Command { std: "docker" "start" "f95a54c891f367e792e6e550aaf5778e8490fb4d6ce5728759333b3613aa6650", kill_on_drop: false }`
[INFO] running `Command { std: "docker" "inspect" "f95a54c891f367e792e6e550aaf5778e8490fb4d6ce5728759333b3613aa6650", kill_on_drop: false }`
[INFO] running `Command { std: "docker" "exec" "-e" "SOURCE_DIR=/opt/rustwide/workdir" "-e" "CARGO_HOME=/opt/rustwide/cargo-home" "-e" "RUSTUP_HOME=/opt/rustwide/rustup-home" "-e" "CARGO_TARGET_DIR=/opt/rustwide/target" "-w" "/opt/rustwide/workdir" "--user" "0:0" "f95a54c891f367e792e6e550aaf5778e8490fb4d6ce5728759333b3613aa6650" "/opt/rustwide/cargo-home/bin/cargo" "+1.97.0-beta.6" "metadata" "--no-deps" "--format-version=1", kill_on_drop: false }`
[INFO] running `Command { std: "docker" "inspect" "f95a54c891f367e792e6e550aaf5778e8490fb4d6ce5728759333b3613aa6650", kill_on_drop: false }`
[INFO] running `Command { std: "docker" "exec" "-e" "SOURCE_DIR=/opt/rustwide/workdir" "-e" "CARGO_HOME=/opt/rustwide/cargo-home" "-e" "RUSTUP_HOME=/opt/rustwide/rustup-home" "-e" "CARGO_TARGET_DIR=/opt/rustwide/target" "-e" "CARGO_INCREMENTAL=0" "-e" "RUST_BACKTRACE=full" "-e" "RUSTFLAGS=--cap-lints=warn" "-e" "RUSTDOCFLAGS=--cap-lints=warn" "-w" "/opt/rustwide/workdir" "--user" "0:0" "f95a54c891f367e792e6e550aaf5778e8490fb4d6ce5728759333b3613aa6650" "/opt/rustwide/cargo-home/bin/cargo" "+1.97.0-beta.6" "build" "--frozen" "--message-format=json", kill_on_drop: false }`
[INFO] [stderr]    Compiling quote v1.0.45
[INFO] [stderr]    Compiling libc v0.2.186
[INFO] [stderr]    Compiling find-msvc-tools v0.1.9
[INFO] [stderr]    Compiling pkg-config v0.3.33
[INFO] [stderr]    Compiling writeable v0.6.3
[INFO] [stderr]    Compiling litemap v0.8.2
[INFO] [stderr]    Compiling icu_properties_data v2.2.0
[INFO] [stderr]    Compiling memchr v2.8.1
[INFO] [stderr]    Compiling num-traits v0.2.19
[INFO] [stderr]    Compiling icu_normalizer_data v2.2.0
[INFO] [stderr]    Compiling smallvec v1.15.1
[INFO] [stderr]    Compiling regex-syntax v0.8.10
[INFO] [stderr]    Compiling bitflags v2.11.1
[INFO] [stderr]    Compiling anstyle-parse v1.0.0
[INFO] [stderr]    Compiling colorchoice v1.0.5
[INFO] [stderr]    Compiling log v0.4.30
[INFO] [stderr]    Compiling cfg_aliases v0.2.1
[INFO] [stderr]    Compiling anstream v1.0.0
[INFO] [stderr]    Compiling foldhash v0.2.0
[INFO] [stderr]    Compiling portable-atomic v1.13.1
[INFO] [stderr]    Compiling predicates-core v1.0.10
[INFO] [stderr]    Compiling nix v0.31.3
[INFO] [stderr]    Compiling syn v2.0.117
[INFO] [stderr]    Compiling getrandom v0.4.2
[INFO] [stderr]    Compiling hashbrown v0.17.1
[INFO] [stderr]    Compiling normalize-line-endings v0.3.0
[INFO] [stderr]    Compiling clap_builder v4.6.0
[INFO] [stderr]    Compiling assert_cmd v2.2.2
[INFO] [stderr]    Compiling termtree v0.5.1
[INFO] [stderr]    Compiling difflib v0.4.0
[INFO] [stderr]    Compiling percent-encoding v2.3.2
[INFO] [stderr]    Compiling unicode-width v0.2.2
[INFO] [stderr]    Compiling predicates-tree v1.0.13
[INFO] [stderr]    Compiling rustix v1.1.4
[INFO] [stderr]    Compiling fallible-streaming-iterator v0.1.9
[INFO] [stderr]    Compiling aho-corasick v1.1.4
[INFO] [stderr]    Compiling form_urlencoded v1.2.2
[INFO] [stderr]    Compiling unit-prefix v0.5.2
[INFO] [stderr]    Compiling fallible-iterator v0.3.0
[INFO] [stderr]    Compiling iana-time-zone v0.1.65
[INFO] [stderr]    Compiling once_cell v1.21.4
[INFO] [stderr]    Compiling assert_matches v1.5.0
[INFO] [stderr]    Compiling float-cmp v0.10.0
[INFO] [stderr]    Compiling hashlink v0.12.0
[INFO] [stderr]    Compiling chrono v0.4.45
[INFO] [stderr]    Compiling jobserver v0.1.34
[INFO] [stderr]    Compiling cc v1.2.62
[INFO] [stderr]    Compiling console v0.16.4
[INFO] [stderr]    Compiling wait-timeout v0.2.1
[INFO] [stderr]    Compiling getrandom v0.3.4
[INFO] [stderr]    Compiling dirs-sys v0.5.0
[INFO] [stderr]    Compiling uuid v1.23.4
[INFO] [stderr]    Compiling dirs v6.0.0
[INFO] [stderr]    Compiling tempfile v3.27.0
[INFO] [stderr]    Compiling regex-automata v0.4.14
[INFO] [stderr]    Compiling indicatif v0.18.6
[INFO] [stderr]    Compiling ctrlc v3.5.2
[INFO] [stderr]    Compiling libz-sys v1.1.28
[INFO] [stderr]    Compiling libgit2-sys v0.18.4+1.9.3
[INFO] [stderr]    Compiling libsqlite3-sys v0.38.1
[INFO] [stderr]    Compiling synstructure v0.13.2
[INFO] [stderr]    Compiling zerofrom-derive v0.1.7
[INFO] [stderr]    Compiling yoke-derive v0.8.2
[INFO] [stderr]    Compiling zerovec-derive v0.11.3
[INFO] [stderr]    Compiling displaydoc v0.2.6
[INFO] [stderr]    Compiling clap_derive v4.6.1
[INFO] [stderr]    Compiling zerofrom v0.1.8
[INFO] [stderr]    Compiling yoke v0.8.2
[INFO] [stderr]    Compiling zerotrie v0.2.4
[INFO] [stderr]    Compiling zerovec v0.11.6
[INFO] [stderr]    Compiling regex v1.12.3
[INFO] [stderr]    Compiling bstr v1.12.1
[INFO] [stderr]    Compiling predicates v3.1.4
[INFO] [stderr]    Compiling clap v4.6.1
[INFO] [stderr]    Compiling clap_complete v4.6.7
[INFO] [stderr]    Compiling tinystr v0.8.3
[INFO] [stderr]    Compiling potential_utf v0.1.5
[INFO] [stderr]    Compiling icu_collections v2.2.0
[INFO] [stderr]    Compiling icu_locale_core v2.2.0
[INFO] [stderr]    Compiling git2 v0.21.0
[INFO] [stderr]    Compiling icu_provider v2.2.0
[INFO] [stderr]    Compiling icu_properties v2.2.0
[INFO] [stderr]    Compiling icu_normalizer v2.2.0
[INFO] [stderr]    Compiling idna_adapter v1.2.2
[INFO] [stderr]    Compiling idna v1.1.0
[INFO] [stderr]    Compiling url v2.5.8
[INFO] [stderr]    Compiling built v0.8.1
[INFO] [stderr]    Compiling rustomato v2.1.1 (/opt/rustwide/workdir)
[INFO] [stderr]    Compiling rusqlite v0.40.1
[INFO] [stderr]     Finished `dev` profile [unoptimized + debuginfo] target(s) in 45.65s
[INFO] running `Command { std: "docker" "inspect" "f95a54c891f367e792e6e550aaf5778e8490fb4d6ce5728759333b3613aa6650", kill_on_drop: false }`
[INFO] running `Command { std: "docker" "exec" "-e" "SOURCE_DIR=/opt/rustwide/workdir" "-e" "CARGO_HOME=/opt/rustwide/cargo-home" "-e" "RUSTUP_HOME=/opt/rustwide/rustup-home" "-e" "CARGO_TARGET_DIR=/opt/rustwide/target" "-e" "CARGO_INCREMENTAL=0" "-e" "RUST_BACKTRACE=full" "-e" "RUSTFLAGS=--cap-lints=warn" "-e" "RUSTDOCFLAGS=--cap-lints=warn" "-w" "/opt/rustwide/workdir" "--user" "0:0" "f95a54c891f367e792e6e550aaf5778e8490fb4d6ce5728759333b3613aa6650" "/opt/rustwide/cargo-home/bin/cargo" "+1.97.0-beta.6" "test" "--frozen" "--no-run" "--message-format=json", kill_on_drop: false }`
[INFO] [stderr]    Compiling rustomato v2.1.1 (/opt/rustwide/workdir)
[INFO] [stderr]     Finished `test` profile [unoptimized + debuginfo] target(s) in 1.91s
[INFO] running `Command { std: "docker" "inspect" "f95a54c891f367e792e6e550aaf5778e8490fb4d6ce5728759333b3613aa6650", kill_on_drop: false }`
[INFO] running `Command { std: "docker" "exec" "-e" "SOURCE_DIR=/opt/rustwide/workdir" "-e" "CARGO_HOME=/opt/rustwide/cargo-home" "-e" "RUSTUP_HOME=/opt/rustwide/rustup-home" "-e" "CARGO_TARGET_DIR=/opt/rustwide/target" "-e" "CARGO_INCREMENTAL=0" "-e" "RUST_BACKTRACE=full" "-e" "RUSTFLAGS=--cap-lints=warn" "-e" "RUSTDOCFLAGS=--cap-lints=warn" "-w" "/opt/rustwide/workdir" "--user" "0:0" "f95a54c891f367e792e6e550aaf5778e8490fb4d6ce5728759333b3613aa6650" "/opt/rustwide/cargo-home/bin/cargo" "+1.97.0-beta.6" "test" "--frozen", kill_on_drop: false }`
[INFO] [stderr]     Finished `test` profile [unoptimized + debuginfo] target(s) in 0.19s
[INFO] [stderr]      Running unittests src/lib.rs (/opt/rustwide/target/debug/deps/rustomato-a3fdf47e6d6af830)
[INFO] [stdout] 
[INFO] [stdout] running 26 tests
[INFO] [stdout] test export::tests::test_csv_quote_needed ... ok
[INFO] [stdout] test export::tests::test_elapsed_min_cancelled ... ok
[INFO] [stdout] test export::tests::test_elapsed_min_active_is_empty ... ok
[INFO] [stdout] test export::tests::test_elapsed_min_finished ... ok
[INFO] [stdout] test export::tests::test_escape_json_newline ... ok
[INFO] [stdout] test export::tests::test_escape_json_simple ... ok
[INFO] [stdout] test export::tests::test_csv_quote_not_needed ... ok
[INFO] [stdout] test export::tests::test_format_annotations_json_empty ... ok
[INFO] [stdout] test export::tests::test_status_str_new ... ok
[INFO] [stdout] test export::tests::test_ts_zero_is_empty ... ok
[INFO] [stdout] test export::tests::test_escape_json_quotes ... ok
[INFO] [stdout] test hooks::tests::missing_hook_is_ok ... ok
[INFO] [stdout] test hooks::tests::no_hooks_skips_even_failing_hook ... ok
[INFO] [stdout] test hooks::tests::non_executable_hook_is_ok ... ok
[INFO] [stdout] test export::tests::test_format_annotations_json_escapes_body ... ok
[INFO] [stdout] test export::tests::test_format_row_with_annotations ... ok
[INFO] [stdout] test export::tests::test_format_annotations_json_single ... ok
[INFO] [stdout] test export::tests::test_format_row_basic ... ok
[INFO] [stdout] test hooks::tests::hook_receives_environment ... ok
[INFO] [stdout] test hooks::tests::hook_receives_name_as_first_argument ... ok
[INFO] [stdout] test hooks::tests::hook_receives_uuid ... ok
[INFO] [stdout] test hooks::tests::hook_receives_cancelled_at ... ok
[INFO] [stdout] test hooks::tests::hook_receives_finished_at ... ok
[INFO] [stdout] test hooks::tests::exit_nonzero_is_error ... ok
[INFO] [stdout] test hooks::tests::exit_zero_is_ok ... ok
[INFO] [stdout] test hooks::tests::hook_that_sleeps_is_killed ... ok
[INFO] [stdout] 
[INFO] [stdout] test result: ok. 26 passed; 0 failed; 0 ignored; 0 measured; 0 filtered out; finished in 0.11s
[INFO] [stdout] 
[INFO] [stderr]      Running unittests src/main.rs (/opt/rustwide/target/debug/deps/rustomato-c08e8d268d8f7d50)
[INFO] [stdout] 
[INFO] [stdout] running 0 tests
[INFO] [stdout] 
[INFO] [stdout] test result: ok. 0 passed; 0 failed; 0 ignored; 0 measured; 0 filtered out; finished in 0.00s
[INFO] [stdout] 
[INFO] [stderr]      Running tests/acceptance_tests.rs (/opt/rustwide/target/debug/deps/acceptance_tests-b8b87a82866e0bfb)
[INFO] [stdout] 
[INFO] [stdout] running 80 tests
[INFO] [stdout] test acceptance_tests::break_log_all_three_is_error ... ok
[INFO] [stdout] test acceptance_tests::annotate_empty_fails ... ok
[INFO] [stdout] test acceptance_tests::annotate_nothing_at_all_fails ... ok
[INFO] [stdout] test acceptance_tests::annotate_fallback_to_most_recently_ended ... ok
[INFO] [stdout] test acceptance_tests::annotate_positional_and_target_conflict ... ok
[INFO] [stdout] test acceptance_tests::break_log_needs_at_least_one_timestamp ... ok
[INFO] [stdout] test acceptance_tests::break_log_finished_before_started_is_error ... ok
[INFO] [stdout] test acceptance_tests::annotate_positional_index ... ok
[INFO] [stdout] test acceptance_tests::break_log_with_both_timestamps ... ok
[INFO] [stdout] test acceptance_tests::break_log_overlapping_rule1_error ... ok
[INFO] [stdout] test acceptance_tests::annotate_with_target_invalid_fails ... ok
[INFO] [stdout] test acceptance_tests::annotate_active_pomodoro ... ok
[INFO] [stdout] test acceptance_tests::annotate_with_target_uuid_prefix ... ok
[INFO] [stdout] test acceptance_tests::annotate_break_empty_fails ... ok
[INFO] [stdout] test acceptance_tests::annotate_break ... ok
[INFO] [stdout] test acceptance_tests::init_creates_hooks_directory_and_sample_hooks ... ok
[INFO] [stdout] test acceptance_tests::annotate_with_target_negative_index ... ok
[INFO] [stdout] test acceptance_tests::init_is_idempotent ... ok
[INFO] [stdout] test acceptance_tests::break_log_with_default_duration ... ok
[INFO] [stdout] test acceptance_tests::break_log_with_unix_timestamp ... ok
[INFO] [stdout] test acceptance_tests::cancel_no_target_no_active_fails ... ok
[INFO] [stdout] test acceptance_tests::break_log_with_started_at_and_duration ... ok
[INFO] [stdout] test acceptance_tests::cancel_break_target_uuid_prefix ... ok
[INFO] [stdout] test acceptance_tests::cancel_positional_and_target_conflict ... ok
[INFO] [stdout] test acceptance_tests::creates_root_directory_when_it_does_not_exist ... ok
[INFO] [stdout] test acceptance_tests::cancel_break_positional_is_not_rejected_by_clap ... ok
[INFO] [stdout] test acceptance_tests::cancel_positional_index ... ok
[INFO] [stdout] test acceptance_tests::interrupt_nothing_active_fails ... ok
[INFO] [stdout] test acceptance_tests::interrupt_invalid_kind_fails ... ok
[INFO] [stdout] test acceptance_tests::failing_before_start_hook_exits_nonzero ... ok
[INFO] [stdout] test acceptance_tests::break_log_with_finished_at_and_duration ... ok
[INFO] [stdout] test acceptance_tests::cancel_target_negative_index ... ok
[INFO] [stdout] test acceptance_tests::interrupt_active_pomodoro_increments_counter ... ok
[INFO] [stdout] test acceptance_tests::interrupt_positional_and_target_conflict ... ok
[INFO] [stdout] test acceptance_tests::failing_before_start_break_hook_exits_nonzero ... ok
[INFO] [stdout] test acceptance_tests::interrupt_with_target_invalid_fails ... ok
[INFO] [stdout] test acceptance_tests::interrupt_with_target_break_fails ... ok
[INFO] [stdout] test acceptance_tests::log_all_three_is_error ... ok
[INFO] [stdout] test acceptance_tests::log_finished_before_started_is_error ... ok
[INFO] [stdout] test acceptance_tests::log_needs_at_least_one_timestamp ... ok
[INFO] [stdout] test acceptance_tests::interrupt_positional_index ... ok
[INFO] [stdout] test acceptance_tests::plain ... ok
[INFO] [stdout] test acceptance_tests::interrupt_with_external_flag_works ... ok
[INFO] [stdout] test acceptance_tests::interrupt_with_target_negative_index ... ok
[INFO] [stdout] test acceptance_tests::log_overlapping_rule1_error ... ok
[INFO] [stdout] test acceptance_tests::interrupt_with_target_uuid_prefix ... ok
[INFO] [stdout] test acceptance_tests::interrupt_verbose_shows_pomodoro_with_counter ... ok
[INFO] [stdout] test acceptance_tests::log_with_finished_at_and_duration ... ok
[INFO] [stdout] test acceptance_tests::log_with_unix_timestamp ... ok
[INFO] [stdout] test acceptance_tests::log_with_started_at_and_duration ... ok
[INFO] [stdout] test acceptance_tests::log_with_both_timestamps ... ok
[INFO] [stdout] test acceptance_tests::log_with_default_duration ... ok
[INFO] [stdout] test acceptance_tests::no_hooks_flag_skips_failing_hook_and_allows_pomodoro ... ok
[INFO] [stdout] test acceptance_tests::no_hooks_break_succeeds_despite_failing_hook ... ok
[INFO] [stdout] test acceptance_tests::report_day_invalid_date ... ok
[INFO] [stdout] test acceptance_tests::report_day_with_logged_pomodoro ... ok
[INFO] [stdout] test acceptance_tests::report_interruptions_empty ... ok
[INFO] [stdout] test acceptance_tests::report_day_empty ... ok
[INFO] [stdout] test acceptance_tests::report_interruptions_invalid_date ... ok
[INFO] [stdout] test acceptance_tests::report_day_with_multiple_entries ... ok
[INFO] [stdout] test acceptance_tests::non_executable_hook_is_ignored ... ok
[INFO] [stdout] test acceptance_tests::report_interruptions_with_only_counter_data ... ok
[INFO] [stdout] test acceptance_tests::report_last_empty ... ok
[INFO] [stdout] test acceptance_tests::report_last_single_day ... ok
[INFO] [stdout] test acceptance_tests::report_last_defaults_to_today ... ok
[INFO] [stdout] test acceptance_tests::report_day_defaults_to_today ... ok
[INFO] [stdout] test acceptance_tests::report_month_defaults_to_today ... ok
[INFO] [stdout] test acceptance_tests::report_month_invalid_date ... ok
[INFO] [stdout] test acceptance_tests::report_week_invalid_date ... ok
[INFO] [stdout] test acceptance_tests::report_week_defaults_to_today ... ok
[INFO] [stdout] test acceptance_tests::report_month_with_yyyymm_format ... ok
[INFO] [stdout] test acceptance_tests::report_month_empty ... ok
[INFO] [stdout] test acceptance_tests::report_last_with_data ... ok
[INFO] [stdout] test acceptance_tests::verbose ... ok
[INFO] [stdout] test acceptance_tests::report_month_shows_week_breakdown ... ok
[INFO] [stdout] test acceptance_tests::report_week_with_logged_pomodori ... ok
[INFO] [stdout] test acceptance_tests::report_week_empty ... ok
[INFO] [stdout] test acceptance_tests::report_month_with_logged_pomodori ... ok
[INFO] [stdout] test acceptance_tests::report_week_shows_day_by_day_breakdown ... ok
[INFO] [stdout] test acceptance_tests::verbose_output_mentions_hooks ... ok
[INFO] [stdout] 
[INFO] [stdout] test result: ok. 80 passed; 0 failed; 0 ignored; 0 measured; 0 filtered out; finished in 1.97s
[INFO] [stdout] 
[INFO] [stderr]      Running tests/hooks_integration_tests.rs (/opt/rustwide/target/debug/deps/hooks_integration_tests-05c1efdaa302355a)
[INFO] [stdout] 
[INFO] [stdout] running 33 tests
[INFO] [stdout] test hooks_integration::after_finish_hook_can_observe_finished_state ... ok
[INFO] [stdout] test hooks_integration::after_finish_break_hook_failure_is_not_fatal ... ok
[INFO] [stdout] test hooks_integration::after_start_pomodoro_hook_failure_is_not_fatal ... ok
[INFO] [stdout] test hooks_integration::after_finish_pomodoro_hook_failure_is_not_fatal ... ok
[INFO] [stdout] test hooks_integration::before_finish_break_hook_aborts_on_nonzero_exit ... ok
[INFO] [stdout] test hooks_integration::annotate_break ... ok
[INFO] [stdout] test hooks_integration::annotate_active_pomodoro ... ok
[INFO] [stdout] test hooks_integration::annotate_nothing_available_returns_error ... ok
[INFO] [stdout] test hooks_integration::annotate_most_recently_ended ... ok
[INFO] [stdout] test hooks_integration::after_start_break_hook_failure_is_not_fatal ... FAILED
[INFO] [stdout] test hooks_integration::before_finish_pomodoro_hook_aborts_on_nonzero_exit ... ok
[INFO] [stdout] test hooks_integration::before_start_pomodoro_hook_does_not_abort_on_zero_exit ... ok
[INFO] [stdout] test hooks_integration::before_start_break_hook_aborts_on_nonzero_exit ... ok
[INFO] [stdout] test hooks_integration::before_start_pomodoro_hook_aborts_on_nonzero_exit ... ok
[INFO] [stdout] test hooks_integration::after_annotate_pomodoro_hook_failure_is_not_fatal ... ok
[INFO] [stdout] test hooks_integration::before_annotate_pomodoro_hook_aborts_on_nonzero_exit ... ok
[INFO] [stdout] test hooks_integration::annotate_receives_annotation_env ... ok
[INFO] [stdout] test hooks_integration::after_annotate_break_hook_failure_is_not_fatal ... ok
[INFO] [stdout] test hooks_integration::no_hooks_lets_operation_proceed_despite_failing_hook ... ok
[INFO] [stdout] test hooks_integration::after_interrupt_pomodoro_hook_failure_is_not_fatal ... ok
[INFO] [stdout] test hooks_integration::before_interrupt_pomodoro_hook_aborts_on_nonzero_exit ... ok
[INFO] [stdout] test hooks_integration::before_annotate_break_hook_aborts_on_nonzero_exit ... ok
[INFO] [stdout] test hooks_integration::interrupt_increments_counter ... ok
[INFO] [stdout] test hooks_integration::interrupt_during_break_falls_back_to_finished_pomodoro ... ok
[INFO] [stdout] test hooks_integration::interrupt_during_break_no_finished_pomodoro_returns_error ... ok
[INFO] [stdout] test hooks_integration::interrupt_target_break_returns_error ... ok
[INFO] [stdout] test hooks_integration::break_annotate_with_active_pomodoro_finds_finished_break ... ok
[INFO] [stdout] test hooks_integration::interrupt_no_active_returns_error ... ok
[INFO] [stdout] test hooks_integration::interrupt_target_resolves_and_increments_counter ... ok
[INFO] [stdout] test hooks_integration::interrupt_target_nonexistent_returns_error ... ok
[INFO] [stdout] test hooks_integration::no_hook_files_does_not_hinder_operation ... ok
[INFO] [stdout] test hooks_integration::log_break_no_hooks_succeeds ... ok
[INFO] [stdout] test hooks_integration::interrupt_hook_receives_interrupt_kind_env ... ok
[INFO] [stdout] 
[INFO] [stdout] failures:
[INFO] [stdout] 
[INFO] [stdout] ---- hooks_integration::after_start_break_hook_failure_is_not_fatal stdout ----
[INFO] [stdout] │ [hook:after-start-break]
[INFO] [stdout] 
[INFO] [stdout] thread 'hooks_integration::after_start_break_hook_failure_is_not_fatal' (2893) panicked at tests/hooks_integration_tests.rs:111:9:
[INFO] [stdout] assertion failed: `Err(SpawnFailed(Os { code: 26, kind: ExecutableFileBusy, message: "Text file busy" }))` does not match `Err(HookError::NonZeroExit(1))`
[INFO] [stdout] stack backtrace:
[INFO] [stdout]    0:     0x5d3773b1b028 - std[10d71ac2c42b111e]::backtrace_rs::backtrace::libunwind::trace
[INFO] [stdout]                                at /rustc/b2282dd5646a57d570fc86fbe8df0e8826665ef6/library/std/src/../../backtrace/src/backtrace/libunwind.rs:117:9
[INFO] [stdout]    1:     0x5d3773b1b028 - std[10d71ac2c42b111e]::backtrace_rs::backtrace::trace_unsynchronized::<std[10d71ac2c42b111e]::sys::backtrace::_print_fmt::{closure#1}>
[INFO] [stdout]                                at /rustc/b2282dd5646a57d570fc86fbe8df0e8826665ef6/library/std/src/../../backtrace/src/backtrace/mod.rs:66:14
[INFO] [stdout]    2:     0x5d3773b1b028 - std[10d71ac2c42b111e]::sys::backtrace::_print_fmt
[INFO] [stdout]                                at /rustc/b2282dd5646a57d570fc86fbe8df0e8826665ef6/library/std/src/sys/backtrace.rs:74:9
[INFO] [stdout]    3:     0x5d3773b1b028 - <<std[10d71ac2c42b111e]::sys::backtrace::BacktraceLock>::print::DisplayBacktrace as core[8fb95b77d25ab6c8]::fmt::Display>::fmt
[INFO] [stdout]                                at /rustc/b2282dd5646a57d570fc86fbe8df0e8826665ef6/library/std/src/sys/backtrace.rs:44:26
[INFO] [stdout]    4:     0x5d3773b3037a - <core[8fb95b77d25ab6c8]::fmt::rt::Argument>::fmt
[INFO] [stdout]                                at /rustc/b2282dd5646a57d570fc86fbe8df0e8826665ef6/library/core/src/fmt/rt.rs:152:76
[INFO] [stdout]    5:     0x5d3773b3037a - core[8fb95b77d25ab6c8]::fmt::write
[INFO] [stdout]    6:     0x5d3773b1f942 - std[10d71ac2c42b111e]::io::default_write_fmt::<alloc[a7ee25936407c584]::vec::Vec<u8>>
[INFO] [stdout]                                at /rustc/b2282dd5646a57d570fc86fbe8df0e8826665ef6/library/std/src/io/mod.rs:622:11
[INFO] [stdout]    7:     0x5d3773b1f942 - <alloc[a7ee25936407c584]::vec::Vec<u8> as std[10d71ac2c42b111e]::io::Write>::write_fmt
[INFO] [stdout]                                at /rustc/b2282dd5646a57d570fc86fbe8df0e8826665ef6/library/std/src/io/mod.rs:1977:13
[INFO] [stdout]    8:     0x5d3773af7c46 - <std[10d71ac2c42b111e]::sys::backtrace::BacktraceLock>::print
[INFO] [stdout]                                at /rustc/b2282dd5646a57d570fc86fbe8df0e8826665ef6/library/std/src/sys/backtrace.rs:47:9
[INFO] [stdout]    9:     0x5d3773af7c46 - std[10d71ac2c42b111e]::panicking::default_hook::{closure#0}
[INFO] [stdout]                                at /rustc/b2282dd5646a57d570fc86fbe8df0e8826665ef6/library/std/src/panicking.rs:292:27
[INFO] [stdout]   10:     0x5d3773b123a9 - std[10d71ac2c42b111e]::panicking::default_hook
[INFO] [stdout]                                at /rustc/b2282dd5646a57d570fc86fbe8df0e8826665ef6/library/std/src/panicking.rs:316:9
[INFO] [stdout]   11:     0x5d37738ba6dc - <alloc[a7ee25936407c584]::boxed::Box<dyn for<'a, 'b> core[8fb95b77d25ab6c8]::ops::function::Fn<(&'a std[10d71ac2c42b111e]::panic::PanicHookInfo<'b>,), Output = ()> + core[8fb95b77d25ab6c8]::marker::Sync + core[8fb95b77d25ab6c8]::marker::Send> as core[8fb95b77d25ab6c8]::ops::function::Fn<(&std[10d71ac2c42b111e]::panic::PanicHookInfo,)>>::call
[INFO] [stdout]                                at /rustc/b2282dd5646a57d570fc86fbe8df0e8826665ef6/library/alloc/src/boxed.rs:2289:9
[INFO] [stdout]   12:     0x5d37738ba6dc - test[213991da798b1c03]::test_main_inner::<test[213991da798b1c03]::test_main_static::{closure#0}>::{closure#0}
[INFO] [stdout]                                at /rustc/b2282dd5646a57d570fc86fbe8df0e8826665ef6/library/test/src/lib.rs:155:21
[INFO] [stdout]   13:     0x5d3773b12562 - <alloc[a7ee25936407c584]::boxed::Box<dyn for<'a, 'b> core[8fb95b77d25ab6c8]::ops::function::Fn<(&'a std[10d71ac2c42b111e]::panic::PanicHookInfo<'b>,), Output = ()> + core[8fb95b77d25ab6c8]::marker::Sync + core[8fb95b77d25ab6c8]::marker::Send> as core[8fb95b77d25ab6c8]::ops::function::Fn<(&std[10d71ac2c42b111e]::panic::PanicHookInfo,)>>::call
[INFO] [stdout]                                at /rustc/b2282dd5646a57d570fc86fbe8df0e8826665ef6/library/alloc/src/boxed.rs:2289:9
[INFO] [stdout]   14:     0x5d3773b12562 - std[10d71ac2c42b111e]::panicking::panic_with_hook
[INFO] [stdout]                                at /rustc/b2282dd5646a57d570fc86fbe8df0e8826665ef6/library/std/src/panicking.rs:833:13
[INFO] [stdout]   15:     0x5d3773af7d02 - std[10d71ac2c42b111e]::panicking::panic_handler::{closure#0}
[INFO] [stdout]                                at /rustc/b2282dd5646a57d570fc86fbe8df0e8826665ef6/library/std/src/panicking.rs:698:13
[INFO] [stdout]   16:     0x5d3773aeccd9 - std[10d71ac2c42b111e]::sys::backtrace::__rust_end_short_backtrace::<std[10d71ac2c42b111e]::panicking::panic_handler::{closure#0}, !>
[INFO] [stdout]                                at /rustc/b2282dd5646a57d570fc86fbe8df0e8826665ef6/library/std/src/sys/backtrace.rs:182:18
[INFO] [stdout]   17:     0x5d3773af8aad - __rustc[3be9ba60078d4c86]::rust_begin_unwind
[INFO] [stdout]                                at /rustc/b2282dd5646a57d570fc86fbe8df0e8826665ef6/library/std/src/panicking.rs:689:5
[INFO] [stdout]   18:     0x5d3773b30b3c - core[8fb95b77d25ab6c8]::panicking::panic_fmt
[INFO] [stdout]                                at /rustc/b2282dd5646a57d570fc86fbe8df0e8826665ef6/library/core/src/panicking.rs:80:14
[INFO] [stdout]   19:     0x5d37738a7042 - hooks_integration_tests[d7cc9cf524cad986]::hooks_integration::after_start_break_hook_failure_is_not_fatal
[INFO] [stdout]                                at /opt/rustwide/workdir/tests/hooks_integration_tests.rs:111:9
[INFO] [stdout]   20:     0x5d37738a2b17 - hooks_integration_tests[d7cc9cf524cad986]::hooks_integration::after_start_break_hook_failure_is_not_fatal::{closure#0}
[INFO] [stdout]                                at /opt/rustwide/workdir/tests/hooks_integration_tests.rs:102:53
[INFO] [stdout]   21:     0x5d37738ad216 - <hooks_integration_tests[d7cc9cf524cad986]::hooks_integration::after_start_break_hook_failure_is_not_fatal::{closure#0} as core[8fb95b77d25ab6c8]::ops::function::FnOnce<()>>::call_once
[INFO] [stdout]                                at /rustc/b2282dd5646a57d570fc86fbe8df0e8826665ef6/library/core/src/ops/function.rs:250:5
[INFO] [stdout]   22:     0x5d37738ad7bb - <fn() -> core[8fb95b77d25ab6c8]::result::Result<(), alloc[a7ee25936407c584]::string::String> as core[8fb95b77d25ab6c8]::ops::function::FnOnce<()>>::call_once
[INFO] [stdout]                                at /rustc/b2282dd5646a57d570fc86fbe8df0e8826665ef6/library/core/src/ops/function.rs:250:5
[INFO] [stdout]   23:     0x5d37738ad7bb - test[213991da798b1c03]::__rust_begin_short_backtrace::<core[8fb95b77d25ab6c8]::result::Result<(), alloc[a7ee25936407c584]::string::String>, fn() -> core[8fb95b77d25ab6c8]::result::Result<(), alloc[a7ee25936407c584]::string::String>>
[INFO] [stdout]                                at /rustc/b2282dd5646a57d570fc86fbe8df0e8826665ef6/library/test/src/lib.rs:724:18
[INFO] [stdout]   24:     0x5d37738bb035 - test[213991da798b1c03]::run_test_in_process::{closure#0}
[INFO] [stdout]                                at /rustc/b2282dd5646a57d570fc86fbe8df0e8826665ef6/library/test/src/lib.rs:747:74
[INFO] [stdout]   25:     0x5d37738bb035 - <core[8fb95b77d25ab6c8]::panic::unwind_safe::AssertUnwindSafe<test[213991da798b1c03]::run_test_in_process::{closure#0}> as core[8fb95b77d25ab6c8]::ops::function::FnOnce<()>>::call_once
[INFO] [stdout]                                at /rustc/b2282dd5646a57d570fc86fbe8df0e8826665ef6/library/core/src/panic/unwind_safe.rs:275:9
[INFO] [stdout]   26:     0x5d37738bb035 - std[10d71ac2c42b111e]::panicking::catch_unwind::do_call::<core[8fb95b77d25ab6c8]::panic::unwind_safe::AssertUnwindSafe<test[213991da798b1c03]::run_test_in_process::{closure#0}>, core[8fb95b77d25ab6c8]::result::Result<(), alloc[a7ee25936407c584]::string::String>>
[INFO] [stdout]                                at /rustc/b2282dd5646a57d570fc86fbe8df0e8826665ef6/library/std/src/panicking.rs:581:40
[INFO] [stdout]   27:     0x5d37738bb035 - std[10d71ac2c42b111e]::panicking::catch_unwind::<core[8fb95b77d25ab6c8]::result::Result<(), alloc[a7ee25936407c584]::string::String>, core[8fb95b77d25ab6c8]::panic::unwind_safe::AssertUnwindSafe<test[213991da798b1c03]::run_test_in_process::{closure#0}>>
[INFO] [stdout]                                at /rustc/b2282dd5646a57d570fc86fbe8df0e8826665ef6/library/std/src/panicking.rs:544:19
[INFO] [stdout]   28:     0x5d37738bb035 - std[10d71ac2c42b111e]::panic::catch_unwind::<core[8fb95b77d25ab6c8]::panic::unwind_safe::AssertUnwindSafe<test[213991da798b1c03]::run_test_in_process::{closure#0}>, core[8fb95b77d25ab6c8]::result::Result<(), alloc[a7ee25936407c584]::string::String>>
[INFO] [stdout]                                at /rustc/b2282dd5646a57d570fc86fbe8df0e8826665ef6/library/std/src/panic.rs:359:14
[INFO] [stdout]   29:     0x5d37738bb035 - test[213991da798b1c03]::run_test_in_process
[INFO] [stdout]                                at /rustc/b2282dd5646a57d570fc86fbe8df0e8826665ef6/library/test/src/lib.rs:747:27
[INFO] [stdout]   30:     0x5d37738bb035 - test[213991da798b1c03]::run_test::{closure#0}
[INFO] [stdout]                                at /rustc/b2282dd5646a57d570fc86fbe8df0e8826665ef6/library/test/src/lib.rs:668:43
[INFO] [stdout]   31:     0x5d37738b4944 - test[213991da798b1c03]::run_test::{closure#1}
[INFO] [stdout]                                at /rustc/b2282dd5646a57d570fc86fbe8df0e8826665ef6/library/test/src/lib.rs:698:41
[INFO] [stdout]   32:     0x5d37738b4944 - std[10d71ac2c42b111e]::sys::backtrace::__rust_begin_short_backtrace::<test[213991da798b1c03]::run_test::{closure#1}, ()>
[INFO] [stdout]                                at /rustc/b2282dd5646a57d570fc86fbe8df0e8826665ef6/library/std/src/sys/backtrace.rs:166:18
[INFO] [stdout]   33:     0x5d37738be0b2 - std[10d71ac2c42b111e]::thread::lifecycle::spawn_unchecked::<test[213991da798b1c03]::run_test::{closure#1}, ()>::{closure#1}::{closure#0}
[INFO] [stdout]                                at /rustc/b2282dd5646a57d570fc86fbe8df0e8826665ef6/library/std/src/thread/lifecycle.rs:70:13
[INFO] [stdout]   34:     0x5d37738be0b2 - <core[8fb95b77d25ab6c8]::panic::unwind_safe::AssertUnwindSafe<std[10d71ac2c42b111e]::thread::lifecycle::spawn_unchecked<test[213991da798b1c03]::run_test::{closure#1}, ()>::{closure#1}::{closure#0}> as core[8fb95b77d25ab6c8]::ops::function::FnOnce<()>>::call_once
[INFO] [stdout]                                at /rustc/b2282dd5646a57d570fc86fbe8df0e8826665ef6/library/core/src/panic/unwind_safe.rs:275:9
[INFO] [stdout]   35:     0x5d37738be0b2 - std[10d71ac2c42b111e]::panicking::catch_unwind::do_call::<core[8fb95b77d25ab6c8]::panic::unwind_safe::AssertUnwindSafe<std[10d71ac2c42b111e]::thread::lifecycle::spawn_unchecked<test[213991da798b1c03]::run_test::{closure#1}, ()>::{closure#1}::{closure#0}>, ()>
[INFO] [stdout]                                at /rustc/b2282dd5646a57d570fc86fbe8df0e8826665ef6/library/std/src/panicking.rs:581:40
[INFO] [stdout]   36:     0x5d37738be0b2 - std[10d71ac2c42b111e]::panicking::catch_unwind::<(), core[8fb95b77d25ab6c8]::panic::unwind_safe::AssertUnwindSafe<std[10d71ac2c42b111e]::thread::lifecycle::spawn_unchecked<test[213991da798b1c03]::run_test::{closure#1}, ()>::{closure#1}::{closure#0}>>
[INFO] [stdout]                                at /rustc/b2282dd5646a57d570fc86fbe8df0e8826665ef6/library/std/src/panicking.rs:544:19
[INFO] [stdout]   37:     0x5d37738be0b2 - std[10d71ac2c42b111e]::panic::catch_unwind::<core[8fb95b77d25ab6c8]::panic::unwind_safe::AssertUnwindSafe<std[10d71ac2c42b111e]::thread::lifecycle::spawn_unchecked<test[213991da798b1c03]::run_test::{closure#1}, ()>::{closure#1}::{closure#0}>, ()>
[INFO] [stdout]                                at /rustc/b2282dd5646a57d570fc86fbe8df0e8826665ef6/library/std/src/panic.rs:359:14
[INFO] [stdout]   38:     0x5d37738be0b2 - std[10d71ac2c42b111e]::thread::lifecycle::spawn_unchecked::<test[213991da798b1c03]::run_test::{closure#1}, ()>::{closure#1}
[INFO] [stdout]                                at /rustc/b2282dd5646a57d570fc86fbe8df0e8826665ef6/library/std/src/thread/lifecycle.rs:68:26
[INFO] [stdout]   39:     0x5d37738be0b2 - <std[10d71ac2c42b111e]::thread::lifecycle::spawn_unchecked<test[213991da798b1c03]::run_test::{closure#1}, ()>::{closure#1} as core[8fb95b77d25ab6c8]::ops::function::FnOnce<()>>::call_once::{shim:vtable#0}
[INFO] [stdout]                                at /rustc/b2282dd5646a57d570fc86fbe8df0e8826665ef6/library/core/src/ops/function.rs:250:5
[INFO] [stdout]   40:     0x5d3773b1a19f - <alloc[a7ee25936407c584]::boxed::Box<dyn core[8fb95b77d25ab6c8]::ops::function::FnOnce<(), Output = ()> + core[8fb95b77d25ab6c8]::marker::Send> as core[8fb95b77d25ab6c8]::ops::function::FnOnce<()>>::call_once
[INFO] [stdout]                                at /rustc/b2282dd5646a57d570fc86fbe8df0e8826665ef6/library/alloc/src/boxed.rs:2275:9
[INFO] [stdout]   41:     0x5d3773b1a19f - <std[10d71ac2c42b111e]::sys::thread::unix::Thread>::new::thread_start
[INFO] [stdout]                                at /rustc/b2282dd5646a57d570fc86fbe8df0e8826665ef6/library/std/src/sys/thread/unix.rs:118:17
[INFO] [stdout]   42:     0x7c05ded28aa4 - <unknown>
[INFO] [stdout]   43:     0x7c05dedb5a64 - clone
[INFO] [stdout]   44:                0x0 - <unknown>
[INFO] [stdout] 
[INFO] [stdout] 
[INFO] [stdout] failures:
[INFO] [stdout]     hooks_integration::after_start_break_hook_failure_is_not_fatal
[INFO] [stdout] 
[INFO] [stdout] test result: FAILED. 32 passed; 1 failed; 0 ignored; 0 measured; 0 filtered out; finished in 0.24s
[INFO] [stdout] 
[INFO] [stderr] error: test failed, to rerun pass `--test hooks_integration_tests`
[INFO] running `Command { std: "docker" "inspect" "f95a54c891f367e792e6e550aaf5778e8490fb4d6ce5728759333b3613aa6650", kill_on_drop: false }`
[INFO] running `Command { std: "docker" "rm" "-f" "f95a54c891f367e792e6e550aaf5778e8490fb4d6ce5728759333b3613aa6650", kill_on_drop: false }`
[INFO] [stdout] f95a54c891f367e792e6e550aaf5778e8490fb4d6ce5728759333b3613aa6650
