[INFO] cloning repository https://github.com/schultyy/warenhaus
[INFO] running `Command { std: "git" "-c" "credential.helper=" "-c" "credential.helper=/workspace/cargo-home/bin/git-credential-null" "clone" "--bare" "https://github.com/schultyy/warenhaus" "/workspace/cache/git-repos/https%3A%2F%2Fgithub.com%2Fschultyy%2Fwarenhaus", kill_on_drop: false }`
[INFO] [stderr] Cloning into bare repository '/workspace/cache/git-repos/https%3A%2F%2Fgithub.com%2Fschultyy%2Fwarenhaus'...
[INFO] running `Command { std: "git" "rev-parse" "HEAD", kill_on_drop: false }`
[INFO] [stdout] 14befd16711567b38f8976d2ea8f1fa8b1158ae1
[INFO] testing schultyy/warenhaus against 1.97.0-beta.6 for beta-1.98-2
[INFO] running `Command { std: "git" "clone" "/workspace/cache/git-repos/https%3A%2F%2Fgithub.com%2Fschultyy%2Fwarenhaus" "/workspace/builds/worker-6-tc1/source", kill_on_drop: false }`
[INFO] [stderr] Cloning into '/workspace/builds/worker-6-tc1/source'...
[INFO] [stderr] done.
[INFO] started tweaking git repo https://github.com/schultyy/warenhaus
[INFO] finished tweaking git repo https://github.com/schultyy/warenhaus
[INFO] tweaked toml for git repo https://github.com/schultyy/warenhaus written to /workspace/builds/worker-6-tc1/source/Cargo.toml
[INFO] validating manifest of git repo https://github.com/schultyy/warenhaus on toolchain 1.97.0-beta.6
[INFO] running `Command { std: CARGO_HOME="/workspace/cargo-home" RUSTUP_HOME="/workspace/rustup-home" "/workspace/cargo-home/bin/cargo" "+1.97.0-beta.6" "metadata" "--manifest-path" "Cargo.toml" "--no-deps", kill_on_drop: false }`
[INFO] crate git repo https://github.com/schultyy/warenhaus already has a lockfile, it will not be regenerated
[INFO] running `Command { std: CARGO_HOME="/workspace/cargo-home" RUSTUP_HOME="/workspace/rustup-home" "/workspace/cargo-home/bin/cargo" "+1.97.0-beta.6" "fetch" "--manifest-path" "Cargo.toml", kill_on_drop: false }`
[INFO] [stderr] warning: virtual workspace defaulting to `resolver = "1"` despite one or more workspace members being on edition 2021 which implies `resolver = "2"`
[INFO] [stderr]   |
[INFO] [stderr]   = note: to keep the current resolver, specify `workspace.resolver = "1"` in the workspace root's manifest
[INFO] [stderr]   = note: to use the edition 2021 resolver, specify `workspace.resolver = "2"` in the workspace root's manifest
[INFO] [stderr]   = note: for more details see https://doc.rust-lang.org/cargo/reference/resolver.html#resolver-versions
[INFO] [stderr]     Updating crates.io index
[INFO] [stderr]  Downloading crates ...
[INFO] [stderr]   Downloaded unicode-ident v1.0.6
[INFO] [stderr]   Downloaded serde_derive v1.0.152
[INFO] [stderr]   Downloaded fastrand v1.8.0
[INFO] [stderr]   Downloaded tokio-macros v1.8.2
[INFO] [stderr]   Downloaded cranelift-native v0.92.0
[INFO] [stderr]   Downloaded num_cpus v1.15.0
[INFO] [stderr]   Downloaded form_urlencoded v1.1.0
[INFO] [stderr]   Downloaded remove_dir_all v0.5.3
[INFO] [stderr]   Downloaded wasmtime-component-macro v5.0.0
[INFO] [stderr]   Downloaded serde v1.0.152
[INFO] [stderr]   Downloaded openssl-macros v0.1.0
[INFO] [stderr]   Downloaded wasmtime-asm-macros v5.0.0
[INFO] [stderr]   Downloaded cranelift-bforest v0.92.0
[INFO] [stderr]   Downloaded futures-macro v0.3.26
[INFO] [stderr]   Downloaded crc-catalog v1.1.1
[INFO] [stderr]   Downloaded clap_lex v0.3.2
[INFO] [stderr]   Downloaded cranelift-codegen-shared v0.92.0
[INFO] [stderr]   Downloaded itoa v1.0.5
[INFO] [stderr]   Downloaded try-lock v0.2.4
[INFO] [stderr]   Downloaded futures-task v0.3.26
[INFO] [stderr]   Downloaded ittapi v0.3.3
[INFO] [stderr]   Downloaded pulldown-cmark v0.8.0
[INFO] [stderr]   Downloaded wit-parser v0.3.1
[INFO] [stderr]   Downloaded want v0.3.0
[INFO] [stderr]   Downloaded is-terminal v0.4.3
[INFO] [stderr]   Downloaded leb128 v0.2.5
[INFO] [stderr]   Downloaded memoffset v0.7.1
[INFO] [stderr]   Downloaded safemem v0.3.3
[INFO] [stderr]   Downloaded link-cplusplus v1.0.8
[INFO] [stderr]   Downloaded crc v3.0.1
[INFO] [stderr]   Downloaded iana-time-zone-haiku v0.1.1
[INFO] [stderr]   Downloaded mime v0.3.16
[INFO] [stderr]   Downloaded thiserror-impl v1.0.38
[INFO] [stderr]   Downloaded httpdate v1.0.2
[INFO] [stderr]   Downloaded hermit-abi v0.3.1
[INFO] [stderr]   Downloaded directories-next v2.0.0
[INFO] [stderr]   Downloaded mime_guess v2.0.4
[INFO] [stderr]   Downloaded scratch v1.0.4
[INFO] [stderr]   Downloaded cxxbridge-flags v1.0.91
[INFO] [stderr]   Downloaded file-per-thread-logger v0.1.6
[INFO] [stderr]   Downloaded http-body v0.4.5
[INFO] [stderr]   Downloaded wasmtime-jit-debug v5.0.0
[INFO] [stderr]   Downloaded crc v2.1.0
[INFO] [stderr]   Downloaded slice-group-by v0.3.0
[INFO] [stderr]   Downloaded ref_slice v1.2.1
[INFO] [stderr]   Downloaded wasmtime-component-util v5.0.0
[INFO] [stderr]   Downloaded rustls-pemfile v0.2.1
[INFO] [stderr]   Downloaded sha1 v0.10.5
[INFO] [stderr]   Downloaded generic-array v0.14.6
[INFO] [stderr]   Downloaded crc-catalog v2.2.0
[INFO] [stderr]   Downloaded block-buffer v0.10.3
[INFO] [stderr]   Downloaded thread_local v1.1.4
[INFO] [stderr]   Downloaded security-framework-sys v2.8.0
[INFO] [stderr]   Downloaded tempfile v3.3.0
[INFO] [stderr]   Downloaded futures-sink v0.3.26
[INFO] [stderr]   Downloaded wasmtime-types v5.0.0
[INFO] [stderr]   Downloaded wat v1.0.59
[INFO] [stderr]   Downloaded wasmtime-jit-icache-coherence v5.0.0
[INFO] [stderr]   Downloaded wasmtime-wit-bindgen v5.0.0
[INFO] [stderr]   Downloaded tokio-tungstenite v0.17.2
[INFO] [stderr]   Downloaded pin-project-internal v1.0.12
[INFO] [stderr]   Downloaded buf_redux v0.8.4
[INFO] [stderr]   Downloaded futures-executor v0.3.26
[INFO] [stderr]   Downloaded ctrlc v3.2.5
[INFO] [stderr]   Downloaded iana-time-zone v0.1.53
[INFO] [stderr]   Downloaded sha2 v0.10.6
[INFO] [stderr]   Downloaded id-arena v2.2.1
[INFO] [stderr]   Downloaded cpufeatures v0.2.5
[INFO] [stderr]   Downloaded psm v0.1.21
[INFO] [stderr]   Downloaded async-trait v0.1.64
[INFO] [stderr]   Downloaded wasi v0.10.0+wasi-snapshot-preview1
[INFO] [stderr]   Downloaded memfd v0.6.2
[INFO] [stderr]   Downloaded unicase v2.6.0
[INFO] [stderr]   Downloaded target-lexicon v0.12.6
[INFO] [stderr]   Downloaded paste v1.0.11
[INFO] [stderr]   Downloaded slab v0.4.7
[INFO] [stderr]   Downloaded futures-channel v0.3.26
[INFO] [stderr]   Downloaded winreg v0.10.1
[INFO] [stderr]   Downloaded addr2line v0.17.0
[INFO] [stderr]   Downloaded once_cell v1.17.0
[INFO] [stderr]   Downloaded crossbeam-deque v0.8.2
[INFO] [stderr]   Downloaded time v0.1.45
[INFO] [stderr]   Downloaded twoway v0.1.8
[INFO] [stderr]   Downloaded wasmtime-cache v5.0.0
[INFO] [stderr]   Downloaded digest v0.10.6
[INFO] [stderr]   Downloaded env_logger v0.10.0
[INFO] [stderr]   Downloaded crossbeam-utils v0.8.14
[INFO] [stderr]   Downloaded schannel v0.1.21
[INFO] [stderr]   Downloaded wasmtime-fiber v5.0.0
[INFO] [stderr]   Downloaded tokio-stream v0.1.11
[INFO] [stderr]   Downloaded ipnet v2.7.1
[INFO] [stderr]   Downloaded jobserver v0.1.25
[INFO] [stderr]   Downloaded cranelift-entity v0.92.0
[INFO] [stderr]   Downloaded crossbeam-epoch v0.9.13
[INFO] [stderr]   Downloaded tungstenite v0.17.3
[INFO] [stderr]   Downloaded futures v0.3.26
[INFO] [stderr]   Downloaded cxxbridge-macro v1.0.91
[INFO] [stderr]   Downloaded io-lifetimes v1.0.5
[INFO] [stderr]   Downloaded clap_derive v4.1.0
[INFO] [stderr]   Downloaded fallible-iterator v0.2.0
[INFO] [stderr]   Downloaded multipart v0.18.0
[INFO] [stderr]   Downloaded headers v0.3.8
[INFO] [stderr]   Downloaded snap v1.1.0
[INFO] [stderr]   Downloaded wasmtime-jit v5.0.0
[INFO] [stderr]   Downloaded unicode-bidi v0.3.10
[INFO] [stderr]   Downloaded security-framework v2.8.2
[INFO] [stderr]   Downloaded openssl-sys v0.9.80
[INFO] [stderr]   Downloaded thiserror v1.0.38
[INFO] [stderr]   Downloaded wasm-encoder v0.24.0
[INFO] [stderr]   Downloaded cranelift-frontend v0.92.0
[INFO] [stderr]   Downloaded rayon-core v1.10.2
[INFO] [stderr]   Downloaded pin-project v1.0.12
[INFO] [stderr]   Downloaded cxx-build v1.0.91
[INFO] [stderr]   Downloaded quote v1.0.23
[INFO] [stderr]   Downloaded socket2 v0.4.7
[INFO] [stderr]   Downloaded cranelift-isle v0.92.0
[INFO] [stderr]   Downloaded crossbeam-channel v0.5.6
[INFO] [stderr]   Downloaded proc-macro2 v1.0.51
[INFO] [stderr]   Downloaded ryu v1.0.12
[INFO] [stderr]   Downloaded warp v0.3.3
[INFO] [stderr]   Downloaded rayon v1.6.1
[INFO] [stderr]   Downloaded cxx v1.0.91
[INFO] [stderr]   Downloaded base64 v0.21.0
[INFO] [stderr]   Downloaded wasmtime-cranelift v5.0.0
[INFO] [stderr]   Downloaded cranelift-codegen-meta v0.92.0
[INFO] [stderr]   Downloaded chrono v0.4.23
[INFO] [stderr]   Downloaded url v2.3.1
[INFO] [stderr]   Downloaded nix v0.26.2
[INFO] [stderr]   Downloaded cpp_demangle v0.3.5
[INFO] [stderr]   Downloaded mio v0.8.5
[INFO] [stderr]   Downloaded http v0.2.8
[INFO] [stderr]   Downloaded unicode-normalization v0.1.22
[INFO] [stderr]   Downloaded tokio-util v0.7.6
[INFO] [stderr]   Downloaded wasmparser v0.96.0
[INFO] [stderr]   Downloaded regalloc2 v0.5.1
[INFO] [stderr]   Downloaded serde_json v1.0.93
[INFO] [stderr]   Downloaded reqwest v0.11.14
[INFO] [stderr]   Downloaded zstd-sys v2.0.7+zstd.1.5.4
[INFO] [stderr]   Downloaded kafka v0.9.0
[INFO] [stderr]   Downloaded wasmtime-runtime v5.0.0
[INFO] [stderr]   Downloaded wasmtime-environ v5.0.0
[INFO] [stderr]   Downloaded wast v54.0.0
[INFO] [stderr]   Downloaded h2 v0.3.15
[INFO] [stderr]   Downloaded futures-util v0.3.26
[INFO] [stderr]   Downloaded cranelift-wasm v0.92.0
[INFO] [stderr]   Downloaded hyper v0.14.24
[INFO] [stderr]   Downloaded syn v1.0.107
[INFO] [stderr]   Downloaded openssl v0.10.45
[INFO] [stderr]   Downloaded object v0.29.0
[INFO] [stderr]   Downloaded clap v4.1.6
[INFO] [stderr]   Downloaded wasmtime v5.0.0
[INFO] [stderr]   Downloaded idna v0.3.0
[INFO] [stderr]   Downloaded rustix v0.36.8
[INFO] [stderr]   Downloaded libc v0.2.139
[INFO] [stderr]   Downloaded tokio v1.25.0
[INFO] [stderr]   Downloaded gimli v0.26.2
[INFO] [stderr]   Downloaded cranelift-codegen v0.92.0
[INFO] [stderr]   Downloaded linux-raw-sys v0.1.4
[INFO] [stderr]   Downloaded ittapi-sys v0.3.3
[INFO] [stderr]   Downloaded encoding_rs v0.8.32
[INFO] running `Command { std: "docker" "create" "-v" "/var/lib/crater-agent-workspace/builds/worker-6-tc1/source:/opt/rustwide/workdir:ro,Z" "-v" "/var/lib/crater-agent-workspace/builds/worker-6-tc1/target:/opt/rustwide/target:rw,Z" "-v" "/var/lib/crater-agent-workspace/cargo-home:/opt/rustwide/cargo-home:ro,Z" "-v" "/var/lib/crater-agent-workspace/rustup-home:/opt/rustwide/rustup-home:ro,Z" "-m" "1610612736" "--network" "none" "ghcr.io/rust-lang/crates-build-env/linux@sha256:3d5ced03c013a94a2f102a4510f48a6e9184255caf5fd8244f58017bde7f5210" "sleep" "infinity", kill_on_drop: false }`
[INFO] [stdout] 492b805ae51d9b1bc6b81e2ee27bb7fff64329f7f5a927bed9aebd0d017c980e
[INFO] running `Command { std: "docker" "start" "492b805ae51d9b1bc6b81e2ee27bb7fff64329f7f5a927bed9aebd0d017c980e", kill_on_drop: false }`
[INFO] running `Command { std: "docker" "inspect" "492b805ae51d9b1bc6b81e2ee27bb7fff64329f7f5a927bed9aebd0d017c980e", kill_on_drop: false }`
[INFO] running `Command { std: "docker" "exec" "-e" "SOURCE_DIR=/opt/rustwide/workdir" "-e" "CARGO_HOME=/opt/rustwide/cargo-home" "-e" "RUSTUP_HOME=/opt/rustwide/rustup-home" "-e" "CARGO_TARGET_DIR=/opt/rustwide/target" "-w" "/opt/rustwide/workdir" "--user" "0:0" "492b805ae51d9b1bc6b81e2ee27bb7fff64329f7f5a927bed9aebd0d017c980e" "/opt/rustwide/cargo-home/bin/cargo" "+1.97.0-beta.6" "metadata" "--no-deps" "--format-version=1", kill_on_drop: false }`
[INFO] running `Command { std: "docker" "inspect" "492b805ae51d9b1bc6b81e2ee27bb7fff64329f7f5a927bed9aebd0d017c980e", kill_on_drop: false }`
[INFO] running `Command { std: "docker" "exec" "-e" "SOURCE_DIR=/opt/rustwide/workdir" "-e" "CARGO_HOME=/opt/rustwide/cargo-home" "-e" "RUSTUP_HOME=/opt/rustwide/rustup-home" "-e" "CARGO_TARGET_DIR=/opt/rustwide/target" "-e" "CARGO_INCREMENTAL=0" "-e" "RUST_BACKTRACE=full" "-e" "RUSTFLAGS=--cap-lints=warn" "-e" "RUSTDOCFLAGS=--cap-lints=warn" "-w" "/opt/rustwide/workdir" "--user" "0:0" "492b805ae51d9b1bc6b81e2ee27bb7fff64329f7f5a927bed9aebd0d017c980e" "/opt/rustwide/cargo-home/bin/cargo" "+1.97.0-beta.6" "build" "--frozen" "--message-format=json", kill_on_drop: false }`
[INFO] [stderr] warning: virtual workspace defaulting to `resolver = "1"` despite one or more workspace members being on edition 2021 which implies `resolver = "2"`
[INFO] [stderr]   |
[INFO] [stderr]   = note: to keep the current resolver, specify `workspace.resolver = "1"` in the workspace root's manifest
[INFO] [stderr]   = note: to use the edition 2021 resolver, specify `workspace.resolver = "2"` in the workspace root's manifest
[INFO] [stderr]   = note: for more details see https://doc.rust-lang.org/cargo/reference/resolver.html#resolver-versions
[INFO] [stderr]    Compiling libc v0.2.139
[INFO] [stderr]    Compiling proc-macro2 v1.0.51
[INFO] [stderr]    Compiling unicode-ident v1.0.6
[INFO] [stderr]    Compiling quote v1.0.23
[INFO] [stderr]    Compiling syn v1.0.107
[INFO] [stderr]    Compiling once_cell v1.17.0
[INFO] [stderr]    Compiling memchr v2.5.0
[INFO] [stderr]    Compiling serde_derive v1.0.152
[INFO] [stderr]    Compiling serde v1.0.152
[INFO] [stderr]    Compiling ahash v0.7.6
[INFO] [stderr]    Compiling indexmap v1.9.2
[INFO] [stderr]    Compiling smallvec v1.10.0
[INFO] [stderr]    Compiling bytes v1.4.0
[INFO] [stderr]    Compiling form_urlencoded v1.1.0
[INFO] [stderr]    Compiling unicode-normalization v0.1.22
[INFO] [stderr]    Compiling io-lifetimes v1.0.5
[INFO] [stderr]    Compiling unicode-bidi v0.3.10
[INFO] [stderr]    Compiling generic-array v0.14.6
[INFO] [stderr]    Compiling rustix v0.36.8
[INFO] [stderr]    Compiling thiserror v1.0.38
[INFO] [stderr]    Compiling itoa v1.0.5
[INFO] [stderr]    Compiling typenum v1.16.0
[INFO] [stderr]    Compiling linux-raw-sys v0.1.4
[INFO] [stderr]    Compiling slab v0.4.7
[INFO] [stderr]    Compiling idna v0.3.0
[INFO] [stderr]    Compiling tokio v1.25.0
[INFO] [stderr]    Compiling futures-channel v0.3.26
[INFO] [stderr]    Compiling ppv-lite86 v0.2.17
[INFO] [stderr]    Compiling jobserver v0.1.25
[INFO] [stderr]    Compiling getrandom v0.2.8
[INFO] [stderr]    Compiling num_cpus v1.15.0
[INFO] [stderr]    Compiling cc v1.0.79
[INFO] [stderr]    Compiling rand_core v0.6.4
[INFO] [stderr]    Compiling hashbrown v0.12.3
[INFO] [stderr]    Compiling url v2.3.1
[INFO] [stderr]    Compiling parking_lot_core v0.9.7
[INFO] [stderr]    Compiling futures-task v0.3.26
[INFO] [stderr]    Compiling futures-sink v0.3.26
[INFO] [stderr]    Compiling parking_lot v0.12.1
[INFO] [stderr]    Compiling rand_chacha v0.3.1
[INFO] [stderr]    Compiling socket2 v0.4.7
[INFO] [stderr]    Compiling mio v0.8.5
[INFO] [stderr]    Compiling signal-hook-registry v1.4.1
[INFO] [stderr]    Compiling openssl-sys v0.9.80
[INFO] [stderr]    Compiling http v0.2.8
[INFO] [stderr]    Compiling tracing-core v0.1.30
[INFO] [stderr]    Compiling fallible-iterator v0.2.0
[INFO] [stderr]    Compiling target-lexicon v0.12.6
[INFO] [stderr]    Compiling futures-util v0.3.26
[INFO] [stderr]    Compiling stable_deref_trait v1.2.0
[INFO] [stderr]    Compiling rand v0.8.5
[INFO] [stderr]    Compiling crypto-common v0.1.6
[INFO] [stderr]    Compiling block-buffer v0.10.3
[INFO] [stderr]    Compiling futures-io v0.3.26
[INFO] [stderr]    Compiling httparse v1.8.0
[INFO] [stderr]    Compiling cranelift-isle v0.92.0
[INFO] [stderr]    Compiling digest v0.10.6
[INFO] [stderr]    Compiling cpufeatures v0.2.5
[INFO] [stderr]    Compiling cranelift-codegen-shared v0.92.0
[INFO] [stderr]    Compiling cranelift-codegen-meta v0.92.0
[INFO] [stderr]    Compiling openssl v0.10.45
[INFO] [stderr]    Compiling crossbeam-utils v0.8.14
[INFO] [stderr]    Compiling zstd-sys v2.0.7+zstd.1.5.4
[INFO] [stderr]    Compiling wasmtime-fiber v5.0.0
[INFO] [stderr]    Compiling unicase v2.6.0
[INFO] [stderr]    Compiling memoffset v0.7.1
[INFO] [stderr]    Compiling slice-group-by v0.3.0
[INFO] [stderr]    Compiling is-terminal v0.4.3
[INFO] [stderr]    Compiling crossbeam-epoch v0.9.13
[INFO] [stderr]    Compiling regalloc2 v0.5.1
[INFO] [stderr]    Compiling mime v0.3.16
[INFO] [stderr]    Compiling httpdate v1.0.2
[INFO] [stderr]    Compiling native-tls v0.2.11
[INFO] [stderr]    Compiling try-lock v0.2.4
[INFO] [stderr]    Compiling bumpalo v3.12.0
[INFO] [stderr]    Compiling want v0.3.0
[INFO] [stderr]    Compiling http-body v0.4.5
[INFO] [stderr]    Compiling ittapi-sys v0.3.3
[INFO] [stderr]    Compiling aho-corasick v0.7.20
[INFO] [stderr]    Compiling proc-macro-error-attr v1.0.4
[INFO] [stderr]    Compiling memoffset v0.6.5
[INFO] [stderr]    Compiling serde_json v1.0.93
[INFO] [stderr]    Compiling thiserror-impl v1.0.38
[INFO] [stderr]    Compiling tokio-macros v1.8.2
[INFO] [stderr]    Compiling futures-macro v0.3.26
[INFO] [stderr]    Compiling tracing-attributes v0.1.23
[INFO] [stderr]    Compiling openssl-macros v0.1.0
[INFO] [stderr]    Compiling ryu v1.0.12
[INFO] [stderr]    Compiling cranelift-codegen v0.92.0
[INFO] [stderr]    Compiling zstd-safe v5.0.2+zstd.1.5.2
[INFO] [stderr]    Compiling regex-syntax v0.6.28
[INFO] [stderr]    Compiling openssl-probe v0.1.5
[INFO] [stderr]    Compiling tower-service v0.3.2
[INFO] [stderr]    Compiling paste v1.0.11
[INFO] [stderr]    Compiling tracing v0.1.37
[INFO] [stderr]    Compiling either v1.8.1
[INFO] [stderr]    Compiling regex v1.7.1
[INFO] [stderr]    Compiling mime_guess v2.0.4
[INFO] [stderr]    Compiling wasmtime-runtime v5.0.0
[INFO] [stderr]    Compiling wasmtime-asm-macros v5.0.0
[INFO] [stderr]    Compiling num-traits v0.2.15
[INFO] [stderr]    Compiling proc-macro-error v1.0.4
[INFO] [stderr]    Compiling leb128 v0.2.5
[INFO] [stderr]    Compiling cpp_demangle v0.3.5
[INFO] [stderr]    Compiling humantime v2.1.0
[INFO] [stderr]    Compiling rayon-core v1.10.2
[INFO] [stderr]    Compiling wasm-encoder v0.24.0
[INFO] [stderr]    Compiling env_logger v0.10.0
[INFO] [stderr]    Compiling crossbeam-deque v0.8.2
[INFO] [stderr]    Compiling tokio-util v0.7.6
[INFO] [stderr]    Compiling tokio-native-tls v0.3.1
[INFO] [stderr]    Compiling itertools v0.10.5
[INFO] [stderr]    Compiling crossbeam-channel v0.5.6
[INFO] [stderr]    Compiling sha-1 v0.10.1
[INFO] [stderr]    Compiling memfd v0.6.2
[INFO] [stderr]    Compiling psm v0.1.21
[INFO] [stderr]    Compiling dirs-sys-next v0.1.2
[INFO] [stderr]    Compiling num-integer v0.1.45
[INFO] [stderr]    Compiling snap v1.1.0
[INFO] [stderr]    Compiling safemem v0.3.3
[INFO] [stderr]    Compiling async-trait v0.1.64
[INFO] [stderr]    Compiling wasmtime-cache v5.0.0
[INFO] [stderr]    Compiling remove_dir_all v0.5.3
[INFO] [stderr]    Compiling fastrand v1.8.0
[INFO] [stderr]    Compiling cranelift-entity v0.92.0
[INFO] [stderr]    Compiling bincode v1.3.3
[INFO] [stderr]    Compiling serde_urlencoded v0.7.1
[INFO] [stderr]    Compiling miniz_oxide v0.6.2
[INFO] [stderr]    Compiling tempfile v3.3.0
[INFO] [stderr]    Compiling gimli v0.26.2
[INFO] [stderr]    Compiling wasmparser v0.96.0
[INFO] [stderr]    Compiling cranelift-bforest v0.92.0
[INFO] [stderr]    Compiling object v0.29.0
[INFO] [stderr]    Compiling h2 v0.3.15
[INFO] [stderr]    Compiling toml v0.5.11
[INFO] [stderr]    Compiling wast v54.0.0
[INFO] [stderr]    Compiling buf_redux v0.8.4
[INFO] [stderr]    Compiling tungstenite v0.17.3
[INFO] [stderr]    Compiling directories-next v2.0.0
[INFO] [stderr]    Compiling wasmtime-types v5.0.0
[INFO] [stderr]    Compiling addr2line v0.17.0
[INFO] [stderr]    Compiling wasmtime-environ v5.0.0
[INFO] [stderr]    Compiling wasmtime-jit-debug v5.0.0
[INFO] [stderr]    Compiling file-per-thread-logger v0.1.6
[INFO] [stderr]    Compiling hyper v0.14.24
[INFO] [stderr]    Compiling pin-project-internal v1.0.12
[INFO] [stderr]    Compiling headers-core v0.2.0
[INFO] [stderr]    Compiling sha2 v0.10.6
[INFO] [stderr]    Compiling sha1 v0.10.5
[INFO] [stderr]    Compiling wasmtime-jit-icache-coherence v5.0.0
[INFO] [stderr]    Compiling twoway v0.1.8
[INFO] [stderr]    Compiling encoding_rs v0.8.32
[INFO] [stderr]    Compiling quick-error v1.2.3
[INFO] [stderr]    Compiling heck v0.4.1
[INFO] [stderr]    Compiling kafka v0.9.0
[INFO] [stderr]    Compiling base64 v0.21.0
[INFO] [stderr]    Compiling ipnet v2.7.1
[INFO] [stderr]    Compiling crc-catalog v1.1.1
[INFO] [stderr]    Compiling wasmtime v5.0.0
[INFO] [stderr]    Compiling os_str_bytes v6.4.1
[INFO] [stderr]    Compiling rustc-demangle v0.1.21
[INFO] [stderr]    Compiling clap_lex v0.3.2
[INFO] [stderr]    Compiling crc v2.1.0
[INFO] [stderr]    Compiling clap_derive v4.1.0
[INFO] [stderr]    Compiling multipart v0.18.0
[INFO] [stderr]    Compiling wat v1.0.59
[INFO] [stderr]    Compiling headers v0.3.8
[INFO] [stderr]    Compiling pin-project v1.0.12
[INFO] [stderr]    Compiling hyper-tls v0.5.0
[INFO] [stderr]    Compiling rayon v1.6.1
[INFO] [stderr]    Compiling tokio-tungstenite v0.17.2
[INFO] [stderr]    Compiling flate2 v1.0.25
[INFO] [stderr]    Compiling reqwest v0.11.14
[INFO] [stderr]    Compiling tracing-log v0.1.3
[INFO] [stderr]    Compiling cranelift-frontend v0.92.0
[INFO] [stderr]    Compiling cranelift-native v0.92.0
[INFO] [stderr]    Compiling tokio-stream v0.1.11
[INFO] [stderr]    Compiling cranelift-wasm v0.92.0
[INFO] [stderr]    Compiling futures-executor v0.3.26
[INFO] [stderr]    Compiling nix v0.26.2
[INFO] [stderr]    Compiling twox-hash v1.6.3
[INFO] [stderr]    Compiling rustls-pemfile v0.2.1
[INFO] [stderr]    Compiling time v0.1.45
[INFO] [stderr]    Compiling thread_local v1.1.4
[INFO] [stderr]    Compiling strsim v0.10.0
[INFO] [stderr]    Compiling crc-catalog v2.2.0
[INFO] [stderr]    Compiling ref_slice v1.2.1
[INFO] [stderr]    Compiling wasmtime-cranelift v5.0.0
[INFO] [stderr]    Compiling iana-time-zone v0.1.53
[INFO] [stderr]    Compiling scoped-tls v1.0.1
[INFO] [stderr]    Compiling warp v0.3.3
[INFO] [stderr]    Compiling chrono v0.4.23
[INFO] [stderr]    Compiling crc v3.0.1
[INFO] [stderr]    Compiling clap v4.1.6
[INFO] [stderr]    Compiling ctrlc v3.2.5
[INFO] [stderr]    Compiling tracing-subscriber v0.3.16
[INFO] [stderr]    Compiling futures v0.3.26
[INFO] [stderr]    Compiling ittapi v0.3.3
[INFO] [stderr]    Compiling wasmtime-jit v5.0.0
[INFO] [stderr]    Compiling kafka_client v0.1.0 (/opt/rustwide/workdir/kafka_client)
[INFO] [stderr]    Compiling zstd v0.11.2+zstd.1.5.2
[INFO] [stderr]    Compiling warenhaus v0.1.0 (/opt/rustwide/workdir/server)
[INFO] [stdout] warning: unused imports: `NaiveDate` and `Utc`
[INFO] [stdout]   --> server/src/query/code_runner.rs:10:39
[INFO] [stdout]    |
[INFO] [stdout] 10 | use chrono::{DateTime, NaiveDateTime, Utc, Local, NaiveDate};
[INFO] [stdout]    |                                       ^^^         ^^^^^^^^^
[INFO] [stdout]    |
[INFO] [stdout]    = note: `#[warn(unused_imports)]` (part of `#[warn(unused)]`) on by default
[INFO] [stdout] 
[INFO] [stdout] 
[INFO] [stdout] warning: method `counter` is never used
[INFO] [stdout]   --> server/src/storage/auto_index.rs:56:12
[INFO] [stdout]    |
[INFO] [stdout] 15 | impl AutoIndex {
[INFO] [stdout]    | -------------- method in this implementation
[INFO] [stdout] ...
[INFO] [stdout] 56 |     pub fn counter(&self) -> i64 {
[INFO] [stdout]    |            ^^^^^^^
[INFO] [stdout]    |
[INFO] [stdout]    = note: `#[warn(dead_code)]` (part of `#[warn(unused)]`) on by default
[INFO] [stdout] 
[INFO] [stdout] 
[INFO] [stdout] warning: struct `MapFnParams` is never constructed
[INFO] [stdout]   --> server/src/web.rs:28:12
[INFO] [stdout]    |
[INFO] [stdout] 28 | pub struct MapFnParams {
[INFO] [stdout]    |            ^^^^^^^^^^^
[INFO] [stdout] 
[INFO] [stdout] 
[INFO] [stdout] warning: variant `InvalidCode` is never constructed
[INFO] [stdout]  --> server/src/query/wasm_error.rs:6:5
[INFO] [stdout]   |
[INFO] [stdout] 4 | pub enum WasmError {
[INFO] [stdout]   |          --------- variant in this enum
[INFO] [stdout] 5 |     #[error("Code is invalid")]
[INFO] [stdout] 6 |     InvalidCode,
[INFO] [stdout]   |     ^^^^^^^^^^^
[INFO] [stdout]   |
[INFO] [stdout]   = note: `WasmError` has a derived impl for the trait `Debug`, but this is intentionally ignored during dead code analysis
[INFO] [stdout] 
[INFO] [stdout] 
[INFO] [stderr]     Finished `dev` profile [unoptimized + debuginfo] target(s) in 1m 43s
[INFO] [stderr] warning: the following packages contain code that will be rejected by a future version of Rust: buf_redux v0.8.4, multipart v0.18.0, openssl v0.10.45
[INFO] [stderr] note: to see what the problems were, use the option `--future-incompat-report`, or run `cargo report future-incompatibilities --id 1`
[INFO] running `Command { std: "docker" "inspect" "492b805ae51d9b1bc6b81e2ee27bb7fff64329f7f5a927bed9aebd0d017c980e", kill_on_drop: false }`
[INFO] running `Command { std: "docker" "exec" "-e" "SOURCE_DIR=/opt/rustwide/workdir" "-e" "CARGO_HOME=/opt/rustwide/cargo-home" "-e" "RUSTUP_HOME=/opt/rustwide/rustup-home" "-e" "CARGO_TARGET_DIR=/opt/rustwide/target" "-e" "CARGO_INCREMENTAL=0" "-e" "RUST_BACKTRACE=full" "-e" "RUSTFLAGS=--cap-lints=warn" "-e" "RUSTDOCFLAGS=--cap-lints=warn" "-w" "/opt/rustwide/workdir" "--user" "0:0" "492b805ae51d9b1bc6b81e2ee27bb7fff64329f7f5a927bed9aebd0d017c980e" "/opt/rustwide/cargo-home/bin/cargo" "+1.97.0-beta.6" "test" "--frozen" "--no-run" "--message-format=json", kill_on_drop: false }`
[INFO] [stderr] warning: virtual workspace defaulting to `resolver = "1"` despite one or more workspace members being on edition 2021 which implies `resolver = "2"`
[INFO] [stderr]   |
[INFO] [stderr]   = note: to keep the current resolver, specify `workspace.resolver = "1"` in the workspace root's manifest
[INFO] [stderr]   = note: to use the edition 2021 resolver, specify `workspace.resolver = "2"` in the workspace root's manifest
[INFO] [stderr]   = note: for more details see https://doc.rust-lang.org/cargo/reference/resolver.html#resolver-versions
[INFO] [stderr]    Compiling kafka_client v0.1.0 (/opt/rustwide/workdir/kafka_client)
[INFO] [stderr]    Compiling warenhaus v0.1.0 (/opt/rustwide/workdir/server)
[INFO] [stdout] warning: unused import: `PathBuf`
[INFO] [stdout]    --> server/src/storage/mod.rs:343:27
[INFO] [stdout]     |
[INFO] [stdout] 343 |     use std::path::{Path, PathBuf};
[INFO] [stdout]     |                           ^^^^^^^
[INFO] [stdout]     |
[INFO] [stdout]     = note: `#[warn(unused_imports)]` (part of `#[warn(unused)]`) on by default
[INFO] [stdout] 
[INFO] [stdout] 
[INFO] [stdout] warning: unused imports: `NaiveDate` and `Utc`
[INFO] [stdout]   --> server/src/query/code_runner.rs:10:39
[INFO] [stdout]    |
[INFO] [stdout] 10 | use chrono::{DateTime, NaiveDateTime, Utc, Local, NaiveDate};
[INFO] [stdout]    |                                       ^^^         ^^^^^^^^^
[INFO] [stdout] 
[INFO] [stdout] 
[INFO] [stdout] warning: struct `MapFnParams` is never constructed
[INFO] [stdout]   --> server/src/web.rs:28:12
[INFO] [stdout]    |
[INFO] [stdout] 28 | pub struct MapFnParams {
[INFO] [stdout]    |            ^^^^^^^^^^^
[INFO] [stdout]    |
[INFO] [stdout]    = note: `#[warn(dead_code)]` (part of `#[warn(unused)]`) on by default
[INFO] [stdout] 
[INFO] [stdout] 
[INFO] [stdout] warning: variant `InvalidCode` is never constructed
[INFO] [stdout]  --> server/src/query/wasm_error.rs:6:5
[INFO] [stdout]   |
[INFO] [stdout] 4 | pub enum WasmError {
[INFO] [stdout]   |          --------- variant in this enum
[INFO] [stdout] 5 |     #[error("Code is invalid")]
[INFO] [stdout] 6 |     InvalidCode,
[INFO] [stdout]   |     ^^^^^^^^^^^
[INFO] [stdout]   |
[INFO] [stdout]   = note: `WasmError` has a derived impl for the trait `Debug`, but this is intentionally ignored during dead code analysis
[INFO] [stdout] 
[INFO] [stdout] 
[INFO] [stderr]     Finished `test` profile [unoptimized + debuginfo] target(s) in 4.30s
[INFO] [stderr] warning: the following packages contain code that will be rejected by a future version of Rust: buf_redux v0.8.4, multipart v0.18.0, openssl v0.10.45
[INFO] [stderr] note: to see what the problems were, use the option `--future-incompat-report`, or run `cargo report future-incompatibilities --id 1`
[INFO] running `Command { std: "docker" "inspect" "492b805ae51d9b1bc6b81e2ee27bb7fff64329f7f5a927bed9aebd0d017c980e", kill_on_drop: false }`
[INFO] running `Command { std: "docker" "exec" "-e" "SOURCE_DIR=/opt/rustwide/workdir" "-e" "CARGO_HOME=/opt/rustwide/cargo-home" "-e" "RUSTUP_HOME=/opt/rustwide/rustup-home" "-e" "CARGO_TARGET_DIR=/opt/rustwide/target" "-e" "CARGO_INCREMENTAL=0" "-e" "RUST_BACKTRACE=full" "-e" "RUSTFLAGS=--cap-lints=warn" "-e" "RUSTDOCFLAGS=--cap-lints=warn" "-w" "/opt/rustwide/workdir" "--user" "0:0" "492b805ae51d9b1bc6b81e2ee27bb7fff64329f7f5a927bed9aebd0d017c980e" "/opt/rustwide/cargo-home/bin/cargo" "+1.97.0-beta.6" "test" "--frozen", kill_on_drop: false }`
[INFO] [stderr] warning: virtual workspace defaulting to `resolver = "1"` despite one or more workspace members being on edition 2021 which implies `resolver = "2"`
[INFO] [stderr]   |
[INFO] [stderr]   = note: to keep the current resolver, specify `workspace.resolver = "1"` in the workspace root's manifest
[INFO] [stderr]   = note: to use the edition 2021 resolver, specify `workspace.resolver = "2"` in the workspace root's manifest
[INFO] [stderr]   = note: for more details see https://doc.rust-lang.org/cargo/reference/resolver.html#resolver-versions
[INFO] [stderr] warning: unused import: `PathBuf`
[INFO] [stderr]    --> server/src/storage/mod.rs:343:27
[INFO] [stderr]     |
[INFO] [stderr] 343 |     use std::path::{Path, PathBuf};
[INFO] [stderr]     |                           ^^^^^^^
[INFO] [stderr]     |
[INFO] [stderr]     = note: `#[warn(unused_imports)]` (part of `#[warn(unused)]`) on by default
[INFO] [stderr] 
[INFO] [stderr] warning: unused imports: `NaiveDate` and `Utc`
[INFO] [stderr]   --> server/src/query/code_runner.rs:10:39
[INFO] [stderr]    |
[INFO] [stderr] 10 | use chrono::{DateTime, NaiveDateTime, Utc, Local, NaiveDate};
[INFO] [stderr]    |                                       ^^^         ^^^^^^^^^
[INFO] [stderr] 
[INFO] [stderr] warning: struct `MapFnParams` is never constructed
[INFO] [stderr]   --> server/src/web.rs:28:12
[INFO] [stderr]    |
[INFO] [stderr] 28 | pub struct MapFnParams {
[INFO] [stderr]    |            ^^^^^^^^^^^
[INFO] [stderr]    |
[INFO] [stderr]    = note: `#[warn(dead_code)]` (part of `#[warn(unused)]`) on by default
[INFO] [stderr] 
[INFO] [stderr] warning: variant `InvalidCode` is never constructed
[INFO] [stderr]  --> server/src/query/wasm_error.rs:6:5
[INFO] [stderr]   |
[INFO] [stderr] 4 | pub enum WasmError {
[INFO] [stderr]   |          --------- variant in this enum
[INFO] [stderr] 5 |     #[error("Code is invalid")]
[INFO] [stderr] 6 |     InvalidCode,
[INFO] [stderr]   |     ^^^^^^^^^^^
[INFO] [stderr]   |
[INFO] [stderr]   = note: `WasmError` has a derived impl for the trait `Debug`, but this is intentionally ignored during dead code analysis
[INFO] [stderr] 
[INFO] [stderr] warning: `warenhaus` (bin "warenhaus" test) generated 4 warnings (run `cargo fix --bin "warenhaus" -p warenhaus --tests` to apply 2 suggestions)
[INFO] [stderr]     Finished `test` profile [unoptimized + debuginfo] target(s) in 0.27s
[INFO] [stderr] warning: the following packages contain code that will be rejected by a future version of Rust: buf_redux v0.8.4, multipart v0.18.0, openssl v0.10.45
[INFO] [stderr] note: to see what the problems were, use the option `--future-incompat-report`, or run `cargo report future-incompatibilities --id 1`
[INFO] [stderr]      Running unittests src/main.rs (/opt/rustwide/target/debug/deps/kafka_client-432b343240d41e45)
[INFO] [stdout] 
[INFO] [stdout] running 0 tests
[INFO] [stdout] 
[INFO] [stdout] test result: ok. 0 passed; 0 failed; 0 ignored; 0 measured; 0 filtered out; finished in 0.00s
[INFO] [stdout] 
[INFO] [stderr]      Running unittests src/main.rs (/opt/rustwide/target/debug/deps/warenhaus-81a43019b42b6dbe)
[INFO] [stdout] 
[INFO] [stdout] running 8 tests
[INFO] [stdout] test storage::tests::reject_insert_for_all_cells_when_one_cell_fails ... ok
[INFO] [stdout] test storage::tests::reject_insert_when_data_type_is_incompatible ... ok
[INFO] [stdout] test storage::tests::fail_on_null_value ... ok
[INFO] [stdout] test storage::tests::successful_insert_increases_counter ... ok
[INFO] [stdout] test storage::tests::insert_a_record_without_auto_timestamp_column ... ok
[INFO] [stdout] test storage::tests::reject_timestamp_value_when_autotimestamp_is_on ... ok
[INFO] [stdout] test storage::tests::rejected_insert_rolls_back_auto_index ... FAILED
[INFO] [stdout] test storage::tests::insert_a_record_with_auto_timestamp_column ... FAILED
[INFO] [stdout] 
[INFO] [stdout] failures:
[INFO] [stdout] 
[INFO] [stdout] ---- storage::tests::rejected_insert_rolls_back_auto_index stdout ----
[INFO] [stdout] 
[INFO] [stdout] thread 'storage::tests::rejected_insert_rolls_back_auto_index' (4714) panicked at server/src/storage/mod.rs:569:10:
[INFO] [stdout] called `Result::unwrap()` on an `Err` value: IoError { source: Custom { kind: UnexpectedEof, error: Error("EOF while parsing a value", line: 1, column: 0) } }
[INFO] [stdout] stack backtrace:
[INFO] [stdout]    0:     0x62a94ba237a8 - std[10d71ac2c42b111e]::backtrace_rs::backtrace::libunwind::trace
[INFO] [stdout]                                at /rustc/b2282dd5646a57d570fc86fbe8df0e8826665ef6/library/std/src/../../backtrace/src/backtrace/libunwind.rs:117:9
[INFO] [stdout]    1:     0x62a94ba237a8 - std[10d71ac2c42b111e]::backtrace_rs::backtrace::trace_unsynchronized::<std[10d71ac2c42b111e]::sys::backtrace::_print_fmt::{closure#1}>
[INFO] [stdout]                                at /rustc/b2282dd5646a57d570fc86fbe8df0e8826665ef6/library/std/src/../../backtrace/src/backtrace/mod.rs:66:14
[INFO] [stdout]    2:     0x62a94ba237a8 - std[10d71ac2c42b111e]::sys::backtrace::_print_fmt
[INFO] [stdout]                                at /rustc/b2282dd5646a57d570fc86fbe8df0e8826665ef6/library/std/src/sys/backtrace.rs:74:9
[INFO] [stdout]    3:     0x62a94ba237a8 - <<std[10d71ac2c42b111e]::sys::backtrace::BacktraceLock>::print::DisplayBacktrace as core[8fb95b77d25ab6c8]::fmt::Display>::fmt
[INFO] [stdout]                                at /rustc/b2282dd5646a57d570fc86fbe8df0e8826665ef6/library/std/src/sys/backtrace.rs:44:26
[INFO] [stdout]    4:     0x62a94ba3876a - <core[8fb95b77d25ab6c8]::fmt::rt::Argument>::fmt
[INFO] [stdout]                                at /rustc/b2282dd5646a57d570fc86fbe8df0e8826665ef6/library/core/src/fmt/rt.rs:152:76
[INFO] [stdout]    5:     0x62a94ba3876a - core[8fb95b77d25ab6c8]::fmt::write
[INFO] [stdout]    6:     0x62a94ba281d2 - std[10d71ac2c42b111e]::io::default_write_fmt::<alloc[a7ee25936407c584]::vec::Vec<u8>>
[INFO] [stdout]                                at /rustc/b2282dd5646a57d570fc86fbe8df0e8826665ef6/library/std/src/io/mod.rs:622:11
[INFO] [stdout]    7:     0x62a94ba281d2 - <alloc[a7ee25936407c584]::vec::Vec<u8> as std[10d71ac2c42b111e]::io::Write>::write_fmt
[INFO] [stdout]                                at /rustc/b2282dd5646a57d570fc86fbe8df0e8826665ef6/library/std/src/io/mod.rs:1977:13
[INFO] [stdout]    8:     0x62a94ba017a6 - <std[10d71ac2c42b111e]::sys::backtrace::BacktraceLock>::print
[INFO] [stdout]                                at /rustc/b2282dd5646a57d570fc86fbe8df0e8826665ef6/library/std/src/sys/backtrace.rs:47:9
[INFO] [stdout]    9:     0x62a94ba017a6 - std[10d71ac2c42b111e]::panicking::default_hook::{closure#0}
[INFO] [stdout]                                at /rustc/b2282dd5646a57d570fc86fbe8df0e8826665ef6/library/std/src/panicking.rs:292:27
[INFO] [stdout]   10:     0x62a94ba1ad89 - std[10d71ac2c42b111e]::panicking::default_hook
[INFO] [stdout]                                at /rustc/b2282dd5646a57d570fc86fbe8df0e8826665ef6/library/std/src/panicking.rs:316:9
[INFO] [stdout]   11:     0x62a94b97debc - <alloc[a7ee25936407c584]::boxed::Box<dyn for<'a, 'b> core[8fb95b77d25ab6c8]::ops::function::Fn<(&'a std[10d71ac2c42b111e]::panic::PanicHookInfo<'b>,), Output = ()> + core[8fb95b77d25ab6c8]::marker::Sync + core[8fb95b77d25ab6c8]::marker::Send> as core[8fb95b77d25ab6c8]::ops::function::Fn<(&std[10d71ac2c42b111e]::panic::PanicHookInfo,)>>::call
[INFO] [stdout]                                at /rustc/b2282dd5646a57d570fc86fbe8df0e8826665ef6/library/alloc/src/boxed.rs:2289:9
[INFO] [stdout]   12:     0x62a94b97debc - test[213991da798b1c03]::test_main_inner::<test[213991da798b1c03]::test_main_static::{closure#0}>::{closure#0}
[INFO] [stdout]                                at /rustc/b2282dd5646a57d570fc86fbe8df0e8826665ef6/library/test/src/lib.rs:155:21
[INFO] [stdout]   13:     0x62a94ba1af42 - <alloc[a7ee25936407c584]::boxed::Box<dyn for<'a, 'b> core[8fb95b77d25ab6c8]::ops::function::Fn<(&'a std[10d71ac2c42b111e]::panic::PanicHookInfo<'b>,), Output = ()> + core[8fb95b77d25ab6c8]::marker::Sync + core[8fb95b77d25ab6c8]::marker::Send> as core[8fb95b77d25ab6c8]::ops::function::Fn<(&std[10d71ac2c42b111e]::panic::PanicHookInfo,)>>::call
[INFO] [stdout]                                at /rustc/b2282dd5646a57d570fc86fbe8df0e8826665ef6/library/alloc/src/boxed.rs:2289:9
[INFO] [stdout]   14:     0x62a94ba1af42 - std[10d71ac2c42b111e]::panicking::panic_with_hook
[INFO] [stdout]                                at /rustc/b2282dd5646a57d570fc86fbe8df0e8826665ef6/library/std/src/panicking.rs:833:13
[INFO] [stdout]   15:     0x62a94ba01862 - std[10d71ac2c42b111e]::panicking::panic_handler::{closure#0}
[INFO] [stdout]                                at /rustc/b2282dd5646a57d570fc86fbe8df0e8826665ef6/library/std/src/panicking.rs:698:13
[INFO] [stdout]   16:     0x62a94b9f6839 - std[10d71ac2c42b111e]::sys::backtrace::__rust_end_short_backtrace::<std[10d71ac2c42b111e]::panicking::panic_handler::{closure#0}, !>
[INFO] [stdout]                                at /rustc/b2282dd5646a57d570fc86fbe8df0e8826665ef6/library/std/src/sys/backtrace.rs:182:18
[INFO] [stdout]   17:     0x62a94ba0257d - __rustc[3be9ba60078d4c86]::rust_begin_unwind
[INFO] [stdout]                                at /rustc/b2282dd5646a57d570fc86fbe8df0e8826665ef6/library/std/src/panicking.rs:689:5
[INFO] [stdout]   18:     0x62a94ba38f2c - core[8fb95b77d25ab6c8]::panicking::panic_fmt
[INFO] [stdout]                                at /rustc/b2282dd5646a57d570fc86fbe8df0e8826665ef6/library/core/src/panicking.rs:80:14
[INFO] [stdout]   19:     0x62a94ba38c72 - core[8fb95b77d25ab6c8]::result::unwrap_failed
[INFO] [stdout]                                at /rustc/b2282dd5646a57d570fc86fbe8df0e8826665ef6/library/core/src/result.rs:1867:5
[INFO] [stdout]   20:     0x62a94b95386e - <core[8fb95b77d25ab6c8]::result::Result<warenhaus[9de9bd3fa9fbd92d]::storage::Container, warenhaus[9de9bd3fa9fbd92d]::storage::ContainerError>>::unwrap
[INFO] [stdout]                                at /rustc/b2282dd5646a57d570fc86fbe8df0e8826665ef6/library/core/src/result.rs:1233:23
[INFO] [stdout]   21:     0x62a94b95386e - warenhaus[9de9bd3fa9fbd92d]::storage::tests::rejected_insert_rolls_back_auto_index
[INFO] [stdout]                                at /opt/rustwide/workdir/server/src/storage/mod.rs:569:10
[INFO] [stdout]   22:     0x62a94b951b37 - warenhaus[9de9bd3fa9fbd92d]::storage::tests::rejected_insert_rolls_back_auto_index::{closure#0}
[INFO] [stdout]                                at /opt/rustwide/workdir/server/src/storage/mod.rs:563:47
[INFO] [stdout]   23:     0x62a94b943426 - <warenhaus[9de9bd3fa9fbd92d]::storage::tests::rejected_insert_rolls_back_auto_index::{closure#0} as core[8fb95b77d25ab6c8]::ops::function::FnOnce<()>>::call_once
[INFO] [stdout]                                at /rustc/b2282dd5646a57d570fc86fbe8df0e8826665ef6/library/core/src/ops/function.rs:250:5
[INFO] [stdout]   24:     0x62a94b970f9b - <fn() -> core[8fb95b77d25ab6c8]::result::Result<(), alloc[a7ee25936407c584]::string::String> as core[8fb95b77d25ab6c8]::ops::function::FnOnce<()>>::call_once
[INFO] [stdout]                                at /rustc/b2282dd5646a57d570fc86fbe8df0e8826665ef6/library/core/src/ops/function.rs:250:5
[INFO] [stdout]   25:     0x62a94b970f9b - test[213991da798b1c03]::__rust_begin_short_backtrace::<core[8fb95b77d25ab6c8]::result::Result<(), alloc[a7ee25936407c584]::string::String>, fn() -> core[8fb95b77d25ab6c8]::result::Result<(), alloc[a7ee25936407c584]::string::String>>
[INFO] [stdout]                                at /rustc/b2282dd5646a57d570fc86fbe8df0e8826665ef6/library/test/src/lib.rs:724:18
[INFO] [stdout]   26:     0x62a94b97e815 - test[213991da798b1c03]::run_test_in_process::{closure#0}
[INFO] [stdout]                                at /rustc/b2282dd5646a57d570fc86fbe8df0e8826665ef6/library/test/src/lib.rs:747:74
[INFO] [stdout]   27:     0x62a94b97e815 - <core[8fb95b77d25ab6c8]::panic::unwind_safe::AssertUnwindSafe<test[213991da798b1c03]::run_test_in_process::{closure#0}> as core[8fb95b77d25ab6c8]::ops::function::FnOnce<()>>::call_once
[INFO] [stdout]                                at /rustc/b2282dd5646a57d570fc86fbe8df0e8826665ef6/library/core/src/panic/unwind_safe.rs:275:9
[INFO] [stdout]   28:     0x62a94b97e815 - std[10d71ac2c42b111e]::panicking::catch_unwind::do_call::<core[8fb95b77d25ab6c8]::panic::unwind_safe::AssertUnwindSafe<test[213991da798b1c03]::run_test_in_process::{closure#0}>, core[8fb95b77d25ab6c8]::result::Result<(), alloc[a7ee25936407c584]::string::String>>
[INFO] [stdout]                                at /rustc/b2282dd5646a57d570fc86fbe8df0e8826665ef6/library/std/src/panicking.rs:581:40
[INFO] [stdout]   29:     0x62a94b97e815 - std[10d71ac2c42b111e]::panicking::catch_unwind::<core[8fb95b77d25ab6c8]::result::Result<(), alloc[a7ee25936407c584]::string::String>, core[8fb95b77d25ab6c8]::panic::unwind_safe::AssertUnwindSafe<test[213991da798b1c03]::run_test_in_process::{closure#0}>>
[INFO] [stdout]                                at /rustc/b2282dd5646a57d570fc86fbe8df0e8826665ef6/library/std/src/panicking.rs:544:19
[INFO] [stdout]   30:     0x62a94b97e815 - std[10d71ac2c42b111e]::panic::catch_unwind::<core[8fb95b77d25ab6c8]::panic::unwind_safe::AssertUnwindSafe<test[213991da798b1c03]::run_test_in_process::{closure#0}>, core[8fb95b77d25ab6c8]::result::Result<(), alloc[a7ee25936407c584]::string::String>>
[INFO] [stdout]                                at /rustc/b2282dd5646a57d570fc86fbe8df0e8826665ef6/library/std/src/panic.rs:359:14
[INFO] [stdout]   31:     0x62a94b97e815 - test[213991da798b1c03]::run_test_in_process
[INFO] [stdout]                                at /rustc/b2282dd5646a57d570fc86fbe8df0e8826665ef6/library/test/src/lib.rs:747:27
[INFO] [stdout]   32:     0x62a94b97e815 - test[213991da798b1c03]::run_test::{closure#0}
[INFO] [stdout]                                at /rustc/b2282dd5646a57d570fc86fbe8df0e8826665ef6/library/test/src/lib.rs:668:43
[INFO] [stdout]   33:     0x62a94b978124 - test[213991da798b1c03]::run_test::{closure#1}
[INFO] [stdout]                                at /rustc/b2282dd5646a57d570fc86fbe8df0e8826665ef6/library/test/src/lib.rs:698:41
[INFO] [stdout]   34:     0x62a94b978124 - std[10d71ac2c42b111e]::sys::backtrace::__rust_begin_short_backtrace::<test[213991da798b1c03]::run_test::{closure#1}, ()>
[INFO] [stdout]                                at /rustc/b2282dd5646a57d570fc86fbe8df0e8826665ef6/library/std/src/sys/backtrace.rs:166:18
[INFO] [stdout]   35:     0x62a94b981892 - std[10d71ac2c42b111e]::thread::lifecycle::spawn_unchecked::<test[213991da798b1c03]::run_test::{closure#1}, ()>::{closure#1}::{closure#0}
[INFO] [stdout]                                at /rustc/b2282dd5646a57d570fc86fbe8df0e8826665ef6/library/std/src/thread/lifecycle.rs:70:13
[INFO] [stdout]   36:     0x62a94b981892 - <core[8fb95b77d25ab6c8]::panic::unwind_safe::AssertUnwindSafe<std[10d71ac2c42b111e]::thread::lifecycle::spawn_unchecked<test[213991da798b1c03]::run_test::{closure#1}, ()>::{closure#1}::{closure#0}> as core[8fb95b77d25ab6c8]::ops::function::FnOnce<()>>::call_once
[INFO] [stdout]                                at /rustc/b2282dd5646a57d570fc86fbe8df0e8826665ef6/library/core/src/panic/unwind_safe.rs:275:9
[INFO] [stdout]   37:     0x62a94b981892 - std[10d71ac2c42b111e]::panicking::catch_unwind::do_call::<core[8fb95b77d25ab6c8]::panic::unwind_safe::AssertUnwindSafe<std[10d71ac2c42b111e]::thread::lifecycle::spawn_unchecked<test[213991da798b1c03]::run_test::{closure#1}, ()>::{closure#1}::{closure#0}>, ()>
[INFO] [stdout]                                at /rustc/b2282dd5646a57d570fc86fbe8df0e8826665ef6/library/std/src/panicking.rs:581:40
[INFO] [stdout]   38:     0x62a94b981892 - std[10d71ac2c42b111e]::panicking::catch_unwind::<(), core[8fb95b77d25ab6c8]::panic::unwind_safe::AssertUnwindSafe<std[10d71ac2c42b111e]::thread::lifecycle::spawn_unchecked<test[213991da798b1c03]::run_test::{closure#1}, ()>::{closure#1}::{closure#0}>>
[INFO] [stdout]                                at /rustc/b2282dd5646a57d570fc86fbe8df0e8826665ef6/library/std/src/panicking.rs:544:19
[INFO] [stdout]   39:     0x62a94b981892 - std[10d71ac2c42b111e]::panic::catch_unwind::<core[8fb95b77d25ab6c8]::panic::unwind_safe::AssertUnwindSafe<std[10d71ac2c42b111e]::thread::lifecycle::spawn_unchecked<test[213991da798b1c03]::run_test::{closure#1}, ()>::{closure#1}::{closure#0}>, ()>
[INFO] [stdout]                                at /rustc/b2282dd5646a57d570fc86fbe8df0e8826665ef6/library/std/src/panic.rs:359:14
[INFO] [stdout]   40:     0x62a94b981892 - std[10d71ac2c42b111e]::thread::lifecycle::spawn_unchecked::<test[213991da798b1c03]::run_test::{closure#1}, ()>::{closure#1}
[INFO] [stdout]                                at /rustc/b2282dd5646a57d570fc86fbe8df0e8826665ef6/library/std/src/thread/lifecycle.rs:68:26
[INFO] [stdout]   41:     0x62a94b981892 - <std[10d71ac2c42b111e]::thread::lifecycle::spawn_unchecked<test[213991da798b1c03]::run_test::{closure#1}, ()>::{closure#1} as core[8fb95b77d25ab6c8]::ops::function::FnOnce<()>>::call_once::{shim:vtable#0}
[INFO] [stdout]                                at /rustc/b2282dd5646a57d570fc86fbe8df0e8826665ef6/library/core/src/ops/function.rs:250:5
[INFO] [stdout]   42:     0x62a94ba228ef - <alloc[a7ee25936407c584]::boxed::Box<dyn core[8fb95b77d25ab6c8]::ops::function::FnOnce<(), Output = ()> + core[8fb95b77d25ab6c8]::marker::Send> as core[8fb95b77d25ab6c8]::ops::function::FnOnce<()>>::call_once
[INFO] [stdout]                                at /rustc/b2282dd5646a57d570fc86fbe8df0e8826665ef6/library/alloc/src/boxed.rs:2275:9
[INFO] [stdout]   43:     0x62a94ba228ef - <std[10d71ac2c42b111e]::sys::thread::unix::Thread>::new::thread_start
[INFO] [stdout]                                at /rustc/b2282dd5646a57d570fc86fbe8df0e8826665ef6/library/std/src/sys/thread/unix.rs:118:17
[INFO] [stdout]   44:     0x7839f5704aa4 - <unknown>
[INFO] [stdout]   45:     0x7839f5791a64 - clone
[INFO] [stdout]   46:                0x0 - <unknown>
[INFO] [stdout] 
[INFO] [stdout] ---- storage::tests::insert_a_record_with_auto_timestamp_column stdout ----
[INFO] [stdout] 
[INFO] [stdout] thread 'storage::tests::insert_a_record_with_auto_timestamp_column' (4709) panicked at server/src/storage/mod.rs:411:33:
[INFO] [stdout] called `Result::unwrap()` on an `Err` value: FieldCountMismatch(2, 1)
[INFO] [stdout] stack backtrace:
[INFO] [stdout]    0:     0x62a94ba237a8 - std[10d71ac2c42b111e]::backtrace_rs::backtrace::libunwind::trace
[INFO] [stdout]                                at /rustc/b2282dd5646a57d570fc86fbe8df0e8826665ef6/library/std/src/../../backtrace/src/backtrace/libunwind.rs:117:9
[INFO] [stdout]    1:     0x62a94ba237a8 - std[10d71ac2c42b111e]::backtrace_rs::backtrace::trace_unsynchronized::<std[10d71ac2c42b111e]::sys::backtrace::_print_fmt::{closure#1}>
[INFO] [stdout]                                at /rustc/b2282dd5646a57d570fc86fbe8df0e8826665ef6/library/std/src/../../backtrace/src/backtrace/mod.rs:66:14
[INFO] [stdout]    2:     0x62a94ba237a8 - std[10d71ac2c42b111e]::sys::backtrace::_print_fmt
[INFO] [stdout]                                at /rustc/b2282dd5646a57d570fc86fbe8df0e8826665ef6/library/std/src/sys/backtrace.rs:74:9
[INFO] [stdout]    3:     0x62a94ba237a8 - <<std[10d71ac2c42b111e]::sys::backtrace::BacktraceLock>::print::DisplayBacktrace as core[8fb95b77d25ab6c8]::fmt::Display>::fmt
[INFO] [stdout]                                at /rustc/b2282dd5646a57d570fc86fbe8df0e8826665ef6/library/std/src/sys/backtrace.rs:44:26
[INFO] [stdout]    4:     0x62a94ba3876a - <core[8fb95b77d25ab6c8]::fmt::rt::Argument>::fmt
[INFO] [stdout]                                at /rustc/b2282dd5646a57d570fc86fbe8df0e8826665ef6/library/core/src/fmt/rt.rs:152:76
[INFO] [stdout]    5:     0x62a94ba3876a - core[8fb95b77d25ab6c8]::fmt::write
[INFO] [stdout]    6:     0x62a94ba281d2 - std[10d71ac2c42b111e]::io::default_write_fmt::<alloc[a7ee25936407c584]::vec::Vec<u8>>
[INFO] [stdout]                                at /rustc/b2282dd5646a57d570fc86fbe8df0e8826665ef6/library/std/src/io/mod.rs:622:11
[INFO] [stdout]    7:     0x62a94ba281d2 - <alloc[a7ee25936407c584]::vec::Vec<u8> as std[10d71ac2c42b111e]::io::Write>::write_fmt
[INFO] [stdout]                                at /rustc/b2282dd5646a57d570fc86fbe8df0e8826665ef6/library/std/src/io/mod.rs:1977:13
[INFO] [stdout]    8:     0x62a94ba017a6 - <std[10d71ac2c42b111e]::sys::backtrace::BacktraceLock>::print
[INFO] [stdout]                                at /rustc/b2282dd5646a57d570fc86fbe8df0e8826665ef6/library/std/src/sys/backtrace.rs:47:9
[INFO] [stdout]    9:     0x62a94ba017a6 - std[10d71ac2c42b111e]::panicking::default_hook::{closure#0}
[INFO] [stdout]                                at /rustc/b2282dd5646a57d570fc86fbe8df0e8826665ef6/library/std/src/panicking.rs:292:27
[INFO] [stdout]   10:     0x62a94ba1ad89 - std[10d71ac2c42b111e]::panicking::default_hook
[INFO] [stdout]                                at /rustc/b2282dd5646a57d570fc86fbe8df0e8826665ef6/library/std/src/panicking.rs:316:9
[INFO] [stdout]   11:     0x62a94b97debc - <alloc[a7ee25936407c584]::boxed::Box<dyn for<'a, 'b> core[8fb95b77d25ab6c8]::ops::function::Fn<(&'a std[10d71ac2c42b111e]::panic::PanicHookInfo<'b>,), Output = ()> + core[8fb95b77d25ab6c8]::marker::Sync + core[8fb95b77d25ab6c8]::marker::Send> as core[8fb95b77d25ab6c8]::ops::function::Fn<(&std[10d71ac2c42b111e]::panic::PanicHookInfo,)>>::call
[INFO] [stdout]                                at /rustc/b2282dd5646a57d570fc86fbe8df0e8826665ef6/library/alloc/src/boxed.rs:2289:9
[INFO] [stdout]   12:     0x62a94b97debc - test[213991da798b1c03]::test_main_inner::<test[213991da798b1c03]::test_main_static::{closure#0}>::{closure#0}
[INFO] [stdout]                                at /rustc/b2282dd5646a57d570fc86fbe8df0e8826665ef6/library/test/src/lib.rs:155:21
[INFO] [stdout]   13:     0x62a94ba1af42 - <alloc[a7ee25936407c584]::boxed::Box<dyn for<'a, 'b> core[8fb95b77d25ab6c8]::ops::function::Fn<(&'a std[10d71ac2c42b111e]::panic::PanicHookInfo<'b>,), Output = ()> + core[8fb95b77d25ab6c8]::marker::Sync + core[8fb95b77d25ab6c8]::marker::Send> as core[8fb95b77d25ab6c8]::ops::function::Fn<(&std[10d71ac2c42b111e]::panic::PanicHookInfo,)>>::call
[INFO] [stdout]                                at /rustc/b2282dd5646a57d570fc86fbe8df0e8826665ef6/library/alloc/src/boxed.rs:2289:9
[INFO] [stdout]   14:     0x62a94ba1af42 - std[10d71ac2c42b111e]::panicking::panic_with_hook
[INFO] [stdout]                                at /rustc/b2282dd5646a57d570fc86fbe8df0e8826665ef6/library/std/src/panicking.rs:833:13
[INFO] [stdout]   15:     0x62a94ba01862 - std[10d71ac2c42b111e]::panicking::panic_handler::{closure#0}
[INFO] [stdout]                                at /rustc/b2282dd5646a57d570fc86fbe8df0e8826665ef6/library/std/src/panicking.rs:698:13
[INFO] [stdout]   16:     0x62a94b9f6839 - std[10d71ac2c42b111e]::sys::backtrace::__rust_end_short_backtrace::<std[10d71ac2c42b111e]::panicking::panic_handler::{closure#0}, !>
[INFO] [stdout]                                at /rustc/b2282dd5646a57d570fc86fbe8df0e8826665ef6/library/std/src/sys/backtrace.rs:182:18
[INFO] [stdout]   17:     0x62a94ba0257d - __rustc[3be9ba60078d4c86]::rust_begin_unwind
[INFO] [stdout]                                at /rustc/b2282dd5646a57d570fc86fbe8df0e8826665ef6/library/std/src/panicking.rs:689:5
[INFO] [stdout]   18:     0x62a94ba38f2c - core[8fb95b77d25ab6c8]::panicking::panic_fmt
[INFO] [stdout]                                at /rustc/b2282dd5646a57d570fc86fbe8df0e8826665ef6/library/core/src/panicking.rs:80:14
[INFO] [stdout]   19:     0x62a94ba38c72 - core[8fb95b77d25ab6c8]::result::unwrap_failed
[INFO] [stdout]                                at /rustc/b2282dd5646a57d570fc86fbe8df0e8826665ef6/library/core/src/result.rs:1867:5
[INFO] [stdout]   20:     0x62a94b954867 - <core[8fb95b77d25ab6c8]::result::Result<(), warenhaus[9de9bd3fa9fbd92d]::storage::ContainerError>>::unwrap
[INFO] [stdout]                                at /rustc/b2282dd5646a57d570fc86fbe8df0e8826665ef6/library/core/src/result.rs:1233:23
[INFO] [stdout]   21:     0x62a94b954867 - warenhaus[9de9bd3fa9fbd92d]::storage::tests::insert_a_record_with_auto_timestamp_column
[INFO] [stdout]                                at /opt/rustwide/workdir/server/src/storage/mod.rs:411:33
[INFO] [stdout]   22:     0x62a94b951b67 - warenhaus[9de9bd3fa9fbd92d]::storage::tests::insert_a_record_with_auto_timestamp_column::{closure#0}
[INFO] [stdout]                                at /opt/rustwide/workdir/server/src/storage/mod.rs:403:52
[INFO] [stdout]   23:     0x62a94b943466 - <warenhaus[9de9bd3fa9fbd92d]::storage::tests::insert_a_record_with_auto_timestamp_column::{closure#0} as core[8fb95b77d25ab6c8]::ops::function::FnOnce<()>>::call_once
[INFO] [stdout]                                at /rustc/b2282dd5646a57d570fc86fbe8df0e8826665ef6/library/core/src/ops/function.rs:250:5
[INFO] [stdout]   24:     0x62a94b970f9b - <fn() -> core[8fb95b77d25ab6c8]::result::Result<(), alloc[a7ee25936407c584]::string::String> as core[8fb95b77d25ab6c8]::ops::function::FnOnce<()>>::call_once
[INFO] [stdout]                                at /rustc/b2282dd5646a57d570fc86fbe8df0e8826665ef6/library/core/src/ops/function.rs:250:5
[INFO] [stdout]   25:     0x62a94b970f9b - test[213991da798b1c03]::__rust_begin_short_backtrace::<core[8fb95b77d25ab6c8]::result::Result<(), alloc[a7ee25936407c584]::string::String>, fn() -> core[8fb95b77d25ab6c8]::result::Result<(), alloc[a7ee25936407c584]::string::String>>
[INFO] [stdout]                                at /rustc/b2282dd5646a57d570fc86fbe8df0e8826665ef6/library/test/src/lib.rs:724:18
[INFO] [stdout]   26:     0x62a94b97e815 - test[213991da798b1c03]::run_test_in_process::{closure#0}
[INFO] [stdout]                                at /rustc/b2282dd5646a57d570fc86fbe8df0e8826665ef6/library/test/src/lib.rs:747:74
[INFO] [stdout]   27:     0x62a94b97e815 - <core[8fb95b77d25ab6c8]::panic::unwind_safe::AssertUnwindSafe<test[213991da798b1c03]::run_test_in_process::{closure#0}> as core[8fb95b77d25ab6c8]::ops::function::FnOnce<()>>::call_once
[INFO] [stdout]                                at /rustc/b2282dd5646a57d570fc86fbe8df0e8826665ef6/library/core/src/panic/unwind_safe.rs:275:9
[INFO] [stdout]   28:     0x62a94b97e815 - std[10d71ac2c42b111e]::panicking::catch_unwind::do_call::<core[8fb95b77d25ab6c8]::panic::unwind_safe::AssertUnwindSafe<test[213991da798b1c03]::run_test_in_process::{closure#0}>, core[8fb95b77d25ab6c8]::result::Result<(), alloc[a7ee25936407c584]::string::String>>
[INFO] [stdout]                                at /rustc/b2282dd5646a57d570fc86fbe8df0e8826665ef6/library/std/src/panicking.rs:581:40
[INFO] [stdout]   29:     0x62a94b97e815 - std[10d71ac2c42b111e]::panicking::catch_unwind::<core[8fb95b77d25ab6c8]::result::Result<(), alloc[a7ee25936407c584]::string::String>, core[8fb95b77d25ab6c8]::panic::unwind_safe::AssertUnwindSafe<test[213991da798b1c03]::run_test_in_process::{closure#0}>>
[INFO] [stdout]                                at /rustc/b2282dd5646a57d570fc86fbe8df0e8826665ef6/library/std/src/panicking.rs:544:19
[INFO] [stdout]   30:     0x62a94b97e815 - std[10d71ac2c42b111e]::panic::catch_unwind::<core[8fb95b77d25ab6c8]::panic::unwind_safe::AssertUnwindSafe<test[213991da798b1c03]::run_test_in_process::{closure#0}>, core[8fb95b77d25ab6c8]::result::Result<(), alloc[a7ee25936407c584]::string::String>>
[INFO] [stdout]                                at /rustc/b2282dd5646a57d570fc86fbe8df0e8826665ef6/library/std/src/panic.rs:359:14
[INFO] [stdout]   31:     0x62a94b97e815 - test[213991da798b1c03]::run_test_in_process
[INFO] [stdout]                                at /rustc/b2282dd5646a57d570fc86fbe8df0e8826665ef6/library/test/src/lib.rs:747:27
[INFO] [stdout]   32:     0x62a94b97e815 - test[213991da798b1c03]::run_test::{closure#0}
[INFO] [stdout]                                at /rustc/b2282dd5646a57d570fc86fbe8df0e8826665ef6/library/test/src/lib.rs:668:43
[INFO] [stdout]   33:     0x62a94b978124 - test[213991da798b1c03]::run_test::{closure#1}
[INFO] [stdout]                                at /rustc/b2282dd5646a57d570fc86fbe8df0e8826665ef6/library/test/src/lib.rs:698:41
[INFO] [stdout]   34:     0x62a94b978124 - std[10d71ac2c42b111e]::sys::backtrace::__rust_begin_short_backtrace::<test[213991da798b1c03]::run_test::{closure#1}, ()>
[INFO] [stdout]                                at /rustc/b2282dd5646a57d570fc86fbe8df0e8826665ef6/library/std/src/sys/backtrace.rs:166:18
[INFO] [stdout]   35:     0x62a94b981892 - std[10d71ac2c42b111e]::thread::lifecycle::spawn_unchecked::<test[213991da798b1c03]::run_test::{closure#1}, ()>::{closure#1}::{closure#0}
[INFO] [stdout]                                at /rustc/b2282dd5646a57d570fc86fbe8df0e8826665ef6/library/std/src/thread/lifecycle.rs:70:13
[INFO] [stdout]   36:     0x62a94b981892 - <core[8fb95b77d25ab6c8]::panic::unwind_safe::AssertUnwindSafe<std[10d71ac2c42b111e]::thread::lifecycle::spawn_unchecked<test[213991da798b1c03]::run_test::{closure#1}, ()>::{closure#1}::{closure#0}> as core[8fb95b77d25ab6c8]::ops::function::FnOnce<()>>::call_once
[INFO] [stdout]                                at /rustc/b2282dd5646a57d570fc86fbe8df0e8826665ef6/library/core/src/panic/unwind_safe.rs:275:9
[INFO] [stdout]   37:     0x62a94b981892 - std[10d71ac2c42b111e]::panicking::catch_unwind::do_call::<core[8fb95b77d25ab6c8]::panic::unwind_safe::AssertUnwindSafe<std[10d71ac2c42b111e]::thread::lifecycle::spawn_unchecked<test[213991da798b1c03]::run_test::{closure#1}, ()>::{closure#1}::{closure#0}>, ()>
[INFO] [stdout]                                at /rustc/b2282dd5646a57d570fc86fbe8df0e8826665ef6/library/std/src/panicking.rs:581:40
[INFO] [stdout]   38:     0x62a94b981892 - std[10d71ac2c42b111e]::panicking::catch_unwind::<(), core[8fb95b77d25ab6c8]::panic::unwind_safe::AssertUnwindSafe<std[10d71ac2c42b111e]::thread::lifecycle::spawn_unchecked<test[213991da798b1c03]::run_test::{closure#1}, ()>::{closure#1}::{closure#0}>>
[INFO] [stdout]                                at /rustc/b2282dd5646a57d570fc86fbe8df0e8826665ef6/library/std/src/panicking.rs:544:19
[INFO] [stdout]   39:     0x62a94b981892 - std[10d71ac2c42b111e]::panic::catch_unwind::<core[8fb95b77d25ab6c8]::panic::unwind_safe::AssertUnwindSafe<std[10d71ac2c42b111e]::thread::lifecycle::spawn_unchecked<test[213991da798b1c03]::run_test::{closure#1}, ()>::{closure#1}::{closure#0}>, ()>
[INFO] [stdout]                                at /rustc/b2282dd5646a57d570fc86fbe8df0e8826665ef6/library/std/src/panic.rs:359:14
[INFO] [stdout]   40:     0x62a94b981892 - std[10d71ac2c42b111e]::thread::lifecycle::spawn_unchecked::<test[213991da798b1c03]::run_test::{closure#1}, ()>::{closure#1}
[INFO] [stdout]                                at /rustc/b2282dd5646a57d570fc86fbe8df0e8826665ef6/library/std/src/thread/lifecycle.rs:68:26
[INFO] [stdout]   41:     0x62a94b981892 - <std[10d71ac2c42b111e]::thread::lifecycle::spawn_unchecked<test[213991da798b1c03]::run_test::{closure#1}, ()>::{closure#1} as core[8fb95b77d25ab6c8]::ops::function::FnOnce<()>>::call_once::{shim:vtable#0}
[INFO] [stdout]                                at /rustc/b2282dd5646a57d570fc86fbe8df0e8826665ef6/library/core/src/ops/function.rs:250:5
[INFO] [stdout]   42:     0x62a94ba228ef - <alloc[a7ee25936407c584]::boxed::Box<dyn core[8fb95b77d25ab6c8]::ops::function::FnOnce<(), Output = ()> + core[8fb95b77d25ab6c8]::marker::Send> as core[8fb95b77d25ab6c8]::ops::function::FnOnce<()>>::call_once
[INFO] [stdout]                                at /rustc/b2282dd5646a57d570fc86fbe8df0e8826665ef6/library/alloc/src/boxed.rs:2275:9
[INFO] [stdout]   43:     0x62a94ba228ef - <std[10d71ac2c42b111e]::sys::thread::unix::Thread>::new::thread_start
[INFO] [stdout]                                at /rustc/b2282dd5646a57d570fc86fbe8df0e8826665ef6/library/std/src/sys/thread/unix.rs:118:17
[INFO] [stdout]   44:     0x7839f5704aa4 - <unknown>
[INFO] [stdout]   45:     0x7839f5791a64 - clone
[INFO] [stdout]   46:                0x0 - <unknown>
[INFO] [stdout] 
[INFO] [stdout] 
[INFO] [stdout] failures:
[INFO] [stdout]     storage::tests::insert_a_record_with_auto_timestamp_column
[INFO] [stdout]     storage::tests::rejected_insert_rolls_back_auto_index
[INFO] [stdout] 
[INFO] [stdout] test result: FAILED. 6 passed; 2 failed; 0 ignored; 0 measured; 0 filtered out; finished in 0.14s
[INFO] [stdout] 
[INFO] [stderr] error: test failed, to rerun pass `-p warenhaus --bin warenhaus`
[INFO] running `Command { std: "docker" "inspect" "492b805ae51d9b1bc6b81e2ee27bb7fff64329f7f5a927bed9aebd0d017c980e", kill_on_drop: false }`
[INFO] running `Command { std: "docker" "rm" "-f" "492b805ae51d9b1bc6b81e2ee27bb7fff64329f7f5a927bed9aebd0d017c980e", kill_on_drop: false }`
[INFO] [stdout] 492b805ae51d9b1bc6b81e2ee27bb7fff64329f7f5a927bed9aebd0d017c980e
