[INFO] cloning repository https://github.com/marcelxv/elicit
[INFO] running `Command { std: "git" "-c" "credential.helper=" "-c" "credential.helper=/workspace/cargo-home/bin/git-credential-null" "clone" "--bare" "https://github.com/marcelxv/elicit" "/workspace/cache/git-repos/https%3A%2F%2Fgithub.com%2Fmarcelxv%2Felicit", kill_on_drop: false }`
[INFO] [stderr] Cloning into bare repository '/workspace/cache/git-repos/https%3A%2F%2Fgithub.com%2Fmarcelxv%2Felicit'...
[INFO] running `Command { std: "git" "rev-parse" "HEAD", kill_on_drop: false }`
[INFO] [stdout] 1773c4befbb2db4926ab3674a1d7e402cb440f92
[INFO] testing marcelxv/elicit against 1.97.0-beta.6 for beta-1.98-2
[INFO] running `Command { std: "git" "clone" "/workspace/cache/git-repos/https%3A%2F%2Fgithub.com%2Fmarcelxv%2Felicit" "/workspace/builds/worker-1-tc1/source", kill_on_drop: false }`
[INFO] [stderr] Cloning into '/workspace/builds/worker-1-tc1/source'...
[INFO] [stderr] done.
[INFO] started tweaking git repo https://github.com/marcelxv/elicit
[INFO] finished tweaking git repo https://github.com/marcelxv/elicit
[INFO] tweaked toml for git repo https://github.com/marcelxv/elicit written to /workspace/builds/worker-1-tc1/source/Cargo.toml
[INFO] validating manifest of git repo https://github.com/marcelxv/elicit on toolchain 1.97.0-beta.6
[INFO] running `Command { std: CARGO_HOME="/workspace/cargo-home" RUSTUP_HOME="/workspace/rustup-home" "/workspace/cargo-home/bin/cargo" "+1.97.0-beta.6" "metadata" "--manifest-path" "Cargo.toml" "--no-deps", kill_on_drop: false }`
[INFO] crate git repo https://github.com/marcelxv/elicit already has a lockfile, it will not be regenerated
[INFO] running `Command { std: CARGO_HOME="/workspace/cargo-home" RUSTUP_HOME="/workspace/rustup-home" "/workspace/cargo-home/bin/cargo" "+1.97.0-beta.6" "fetch" "--manifest-path" "Cargo.toml", kill_on_drop: false }`
[INFO] [stderr]     Updating crates.io index
[INFO] [stderr]  Downloading crates ...
[INFO] [stderr]   Downloaded wasm-bindgen-macro-support v0.2.101
[INFO] [stderr]   Downloaded wasm-bindgen-futures v0.4.51
[INFO] [stderr]   Downloaded wasm-bindgen-shared v0.2.101
[INFO] [stderr]   Downloaded wasm-bindgen-macro v0.2.101
[INFO] [stderr]   Downloaded pdf-extract v0.7.12
[INFO] [stderr]   Downloaded unsafe-any v0.4.2
[INFO] [stderr]   Downloaded tiny_http v0.6.4
[INFO] [stderr]   Downloaded mustache v0.9.0
[INFO] [stderr]   Downloaded wasm-bindgen v0.2.101
[INFO] [stderr]   Downloaded wasm-bindgen-backend v0.2.101
[INFO] [stderr]   Downloaded chunked_transfer v0.3.1
[INFO] [stderr]   Downloaded traitobject v0.1.1
[INFO] [stderr]   Downloaded plugin v0.2.6
[INFO] [stderr]   Downloaded typeable v0.1.2
[INFO] [stderr]   Downloaded groupable v0.2.0
[INFO] [stderr]   Downloaded js-sys v0.3.78
[INFO] [stderr]   Downloaded wit-bindgen v0.45.1
[INFO] [stderr]   Downloaded typemap v0.3.3
[INFO] [stderr]   Downloaded modifier v0.1.0
[INFO] [stderr]   Downloaded mime v0.2.6
[INFO] [stderr]   Downloaded iron v0.6.1
[INFO] [stderr]   Downloaded autocfg v0.1.8
[INFO] [stderr]   Downloaded find-msvc-tools v0.1.1
[INFO] [stderr]   Downloaded mime_guess v1.8.8
[INFO] [stderr]   Downloaded cc v1.2.36
[INFO] [stderr]   Downloaded ascii v0.8.7
[INFO] [stderr]   Downloaded nickel v0.11.0
[INFO] [stderr]   Downloaded hyper v0.10.16
[INFO] [stderr]   Downloaded wasi v0.14.4+wasi-0.2.4
[INFO] [stderr]   Downloaded web-sys v0.3.78
[INFO] [stderr]   Downloaded lopdf v0.34.0
[INFO] [stderr]   Downloaded lopdf v0.32.0
[INFO] running `Command { std: "docker" "create" "-v" "/var/lib/crater-agent-workspace/builds/worker-1-tc1/source:/opt/rustwide/workdir:ro,Z" "-v" "/var/lib/crater-agent-workspace/builds/worker-1-tc1/target:/opt/rustwide/target:rw,Z" "-v" "/var/lib/crater-agent-workspace/cargo-home:/opt/rustwide/cargo-home:ro,Z" "-v" "/var/lib/crater-agent-workspace/rustup-home:/opt/rustwide/rustup-home:ro,Z" "-m" "1610612736" "--network" "none" "ghcr.io/rust-lang/crates-build-env/linux@sha256:3d5ced03c013a94a2f102a4510f48a6e9184255caf5fd8244f58017bde7f5210" "sleep" "infinity", kill_on_drop: false }`
[INFO] [stdout] dbdd4f8aae2d0fbcb2954d54e121133c4eaedc308fe027795006fe25fe4d08dc
[INFO] running `Command { std: "docker" "start" "dbdd4f8aae2d0fbcb2954d54e121133c4eaedc308fe027795006fe25fe4d08dc", kill_on_drop: false }`
[INFO] running `Command { std: "docker" "inspect" "dbdd4f8aae2d0fbcb2954d54e121133c4eaedc308fe027795006fe25fe4d08dc", kill_on_drop: false }`
[INFO] running `Command { std: "docker" "exec" "-e" "SOURCE_DIR=/opt/rustwide/workdir" "-e" "CARGO_HOME=/opt/rustwide/cargo-home" "-e" "RUSTUP_HOME=/opt/rustwide/rustup-home" "-e" "CARGO_TARGET_DIR=/opt/rustwide/target" "-w" "/opt/rustwide/workdir" "--user" "0:0" "dbdd4f8aae2d0fbcb2954d54e121133c4eaedc308fe027795006fe25fe4d08dc" "/opt/rustwide/cargo-home/bin/cargo" "+1.97.0-beta.6" "metadata" "--no-deps" "--format-version=1", kill_on_drop: false }`
[INFO] running `Command { std: "docker" "inspect" "dbdd4f8aae2d0fbcb2954d54e121133c4eaedc308fe027795006fe25fe4d08dc", kill_on_drop: false }`
[INFO] running `Command { std: "docker" "exec" "-e" "SOURCE_DIR=/opt/rustwide/workdir" "-e" "CARGO_HOME=/opt/rustwide/cargo-home" "-e" "RUSTUP_HOME=/opt/rustwide/rustup-home" "-e" "CARGO_TARGET_DIR=/opt/rustwide/target" "-e" "CARGO_INCREMENTAL=0" "-e" "RUST_BACKTRACE=full" "-e" "RUSTFLAGS=--cap-lints=warn" "-e" "RUSTDOCFLAGS=--cap-lints=warn" "-w" "/opt/rustwide/workdir" "--user" "0:0" "dbdd4f8aae2d0fbcb2954d54e121133c4eaedc308fe027795006fe25fe4d08dc" "/opt/rustwide/cargo-home/bin/cargo" "+1.97.0-beta.6" "build" "--frozen" "--message-format=json", kill_on_drop: false }`
[INFO] [stderr]    Compiling memchr v2.7.5
[INFO] [stderr]    Compiling rand_core v0.4.2
[INFO] [stderr]    Compiling version_check v0.1.5
[INFO] [stderr]    Compiling proc-macro2 v1.0.101
[INFO] [stderr]    Compiling autocfg v0.1.8
[INFO] [stderr]    Compiling siphasher v0.2.3
[INFO] [stderr]    Compiling unicode-normalization v0.1.24
[INFO] [stderr]    Compiling crc32fast v1.5.0
[INFO] [stderr]    Compiling encoding_rs v0.8.35
[INFO] [stderr]    Compiling log v0.3.9
[INFO] [stderr]    Compiling traitobject v0.1.1
[INFO] [stderr]    Compiling ahash v0.8.12
[INFO] [stderr]    Compiling getrandom v0.2.16
[INFO] [stderr]    Compiling safemem v0.3.3
[INFO] [stderr]    Compiling hashbrown v0.15.5
[INFO] [stderr]    Compiling rand_chacha v0.1.1
[INFO] [stderr]    Compiling rand_pcg v0.1.2
[INFO] [stderr]    Compiling rand v0.6.5
[INFO] [stderr]    Compiling unicase v1.4.2
[INFO] [stderr]    Compiling percent-encoding v1.0.1
[INFO] [stderr]    Compiling rand_core v0.3.1
[INFO] [stderr]    Compiling rand_jitter v0.1.4
[INFO] [stderr]    Compiling quote v1.0.40
[INFO] [stderr]    Compiling rand_os v0.1.3
[INFO] [stderr]    Compiling flate2 v1.1.2
[INFO] [stderr]    Compiling rand_xorshift v0.1.1
[INFO] [stderr]    Compiling rand_hc v0.1.0
[INFO] [stderr]    Compiling rand_isaac v0.1.1
[INFO] [stderr]    Compiling aho-corasick v1.1.3
[INFO] [stderr]    Compiling once_cell v1.21.3
[INFO] [stderr]    Compiling idna v0.1.5
[INFO] [stderr]    Compiling regex-syntax v0.8.6
[INFO] [stderr]    Compiling syn v2.0.106
[INFO] [stderr]    Compiling phf_shared v0.7.24
[INFO] [stderr]    Compiling hashbrown v0.14.5
[INFO] [stderr]    Compiling mime v0.2.6
[INFO] [stderr]    Compiling unsafe-any v0.4.2
[INFO] [stderr]    Compiling signal-hook-registry v1.4.6
[INFO] [stderr]    Compiling const-random-macro v0.1.16
[INFO] [stderr]    Compiling indexmap v2.11.0
[INFO] [stderr]    Compiling phf v0.7.24
[INFO] [stderr]    Compiling nom v7.1.3
[INFO] [stderr]    Compiling typemap v0.3.3
[INFO] [stderr]    Compiling base64 v0.9.3
[INFO] [stderr]    Compiling time v0.1.45
[INFO] [stderr]    Compiling num_cpus v1.17.0
[INFO] [stderr]    Compiling const-random v0.1.18
[INFO] [stderr]    Compiling rustix v1.0.8
[INFO] [stderr]    Compiling language-tags v0.2.2
[INFO] [stderr]    Compiling typeable v0.1.2
[INFO] [stderr]    Compiling time v0.3.43
[INFO] [stderr]    Compiling url v1.7.2
[INFO] [stderr]    Compiling mime_guess v2.0.5
[INFO] [stderr]    Compiling dlv-list v0.5.2
[INFO] [stderr]    Compiling rand_core v0.6.4
[INFO] [stderr]    Compiling plugin v0.2.6
[INFO] [stderr]    Compiling getrandom v0.3.3
[INFO] [stderr]    Compiling multer v3.1.0
[INFO] [stderr]    Compiling modifier v0.1.0
[INFO] [stderr]    Compiling linux-raw-sys v0.9.4
[INFO] [stderr]    Compiling pom v1.1.0
[INFO] [stderr]    Compiling rand_chacha v0.3.1
[INFO] [stderr]    Compiling hashlink v0.8.4
[INFO] [stderr]    Compiling ordered-multimap v0.7.3
[INFO] [stderr]    Compiling md-5 v0.10.6
[INFO] [stderr]    Compiling jpeg-decoder v0.3.2
[INFO] [stderr]    Compiling hyper v0.10.16
[INFO] [stderr]    Compiling phf_generator v0.7.24
[INFO] [stderr]    Compiling zune-inflate v0.2.54
[INFO] [stderr]    Compiling phf_codegen v0.7.24
[INFO] [stderr]    Compiling half v2.6.0
[INFO] [stderr]    Compiling chunked_transfer v0.3.1
[INFO] [stderr]    Compiling arraydeque v0.5.1
[INFO] [stderr]    Compiling mime_guess v1.8.8
[INFO] [stderr]    Compiling rangemap v1.6.0
[INFO] [stderr]    Compiling bytemuck v1.23.2
[INFO] [stderr]    Compiling ascii v0.8.7
[INFO] [stderr]    Compiling lebe v0.5.2
[INFO] [stderr]    Compiling spin v0.9.8
[INFO] [stderr]    Compiling groupable v0.2.0
[INFO] [stderr]    Compiling png v0.17.16
[INFO] [stderr]    Compiling qoi v0.4.1
[INFO] [stderr]    Compiling exr v1.73.0
[INFO] [stderr]    Compiling yaml-rust2 v0.8.1
[INFO] [stderr]    Compiling rust-ini v0.20.0
[INFO] [stderr]    Compiling convert_case v0.6.0
[INFO] [stderr]    Compiling gif v0.13.3
[INFO] [stderr]    Compiling tiff v0.9.1
[INFO] [stderr]    Compiling rand v0.8.5
[INFO] [stderr]    Compiling adobe-cmap-parser v0.4.1
[INFO] [stderr]    Compiling type1-encoding-parser v0.1.0
[INFO] [stderr]    Compiling regex-automata v0.4.10
[INFO] [stderr]    Compiling lopdf v0.34.0
[INFO] [stderr]    Compiling buf_redux v0.8.4
[INFO] [stderr]    Compiling twoway v0.1.8
[INFO] [stderr]    Compiling euclid v0.20.14
[INFO] [stderr]    Compiling pathdiff v0.2.3
[INFO] [stderr]    Compiling quick-error v1.2.3
[INFO] [stderr]    Compiling md5 v0.7.0
[INFO] [stderr]    Compiling linked-hash-map v0.5.6
[INFO] [stderr]    Compiling postscript v0.14.1
[INFO] [stderr]    Compiling uuid v1.18.1
[INFO] [stderr]    Compiling iron v0.6.1
[INFO] [stderr]    Compiling serde_derive v1.0.219
[INFO] [stderr]    Compiling thiserror-impl v2.0.16
[INFO] [stderr]    Compiling tracing-attributes v0.1.30
[INFO] [stderr]    Compiling tokio-macros v2.5.0
[INFO] [stderr]    Compiling async-trait v0.1.89
[INFO] [stderr]    Compiling thiserror-impl v1.0.69
[INFO] [stderr]    Compiling tokio v1.47.1
[INFO] [stderr]    Compiling thiserror v1.0.69
[INFO] [stderr]    Compiling pdf-extract v0.7.12
[INFO] [stderr]    Compiling tracing v0.1.41
[INFO] [stderr]    Compiling thiserror v2.0.16
[INFO] [stderr]    Compiling pest v2.8.1
[INFO] [stderr]    Compiling axum-core v0.4.5
[INFO] [stderr]    Compiling tower v0.4.13
[INFO] [stderr]    Compiling image v0.24.9
[INFO] [stderr]    Compiling regex v1.11.2
[INFO] [stderr]    Compiling matchers v0.2.0
[INFO] [stderr]    Compiling serde v1.0.219
[INFO] [stderr]    Compiling pest_meta v2.8.1
[INFO] [stderr]    Compiling pest_generator v2.8.1
[INFO] [stderr]    Compiling pest_derive v2.8.1
[INFO] [stderr]    Compiling bitflags v2.9.4
[INFO] [stderr]    Compiling serde_json v1.0.143
[INFO] [stderr]    Compiling serde_spanned v0.6.9
[INFO] [stderr]    Compiling toml_datetime v0.6.11
[INFO] [stderr]    Compiling chrono v0.4.41
[INFO] [stderr]    Compiling mustache v0.9.0
[INFO] [stderr]    Compiling tracing-serde v0.2.0
[INFO] [stderr]    Compiling json5 v0.4.1
[INFO] [stderr]    Compiling serde_path_to_error v0.1.17
[INFO] [stderr]    Compiling serde_urlencoded v0.7.1
[INFO] [stderr]    Compiling ron v0.8.1
[INFO] [stderr]    Compiling tower-http v0.5.2
[INFO] [stderr]    Compiling toml_edit v0.22.27
[INFO] [stderr]    Compiling hyper v1.7.0
[INFO] [stderr]    Compiling tower v0.5.2
[INFO] [stderr]    Compiling nickel v0.11.0
[INFO] [stderr]    Compiling tracing-subscriber v0.3.20
[INFO] [stderr]    Compiling tiny_http v0.6.4
[INFO] [stderr]    Compiling lopdf v0.32.0
[INFO] [stderr]    Compiling tempfile v3.21.0
[INFO] [stderr]    Compiling hyper-util v0.1.16
[INFO] [stderr]    Compiling multipart v0.18.0
[INFO] [stderr]    Compiling axum v0.7.9
[INFO] [stderr]    Compiling toml v0.8.23
[INFO] [stderr]    Compiling config v0.14.1
[INFO] [stderr]    Compiling elicit v0.1.0 (/opt/rustwide/workdir)
[INFO] [stdout] warning: unused import: `error`
[INFO] [stdout]  --> src/config/mod.rs:5:27
[INFO] [stdout]   |
[INFO] [stdout] 5 | use tracing::{info, warn, error};
[INFO] [stdout]   |                           ^^^^^
[INFO] [stdout]   |
[INFO] [stdout]   = note: `#[warn(unused_imports)]` (part of `#[warn(unused)]`) on by default
[INFO] [stdout] 
[INFO] [stdout] 
[INFO] [stdout] warning: unused import: `StatusCode`
[INFO] [stdout]  --> src/handlers/extract.rs:3:23
[INFO] [stdout]   |
[INFO] [stdout] 3 |     http::{HeaderMap, StatusCode},
[INFO] [stdout]   |                       ^^^^^^^^^^
[INFO] [stdout] 
[INFO] [stdout] 
[INFO] [stdout] warning: unused variable: `headers`
[INFO] [stdout]   --> src/handlers/extract.rs:15:30
[INFO] [stdout]    |
[INFO] [stdout] 15 | pub async fn extract_handler(headers: HeaderMap, mut multipart: Multipart) -> AppResult<Json<ExtractResponse>> {
[INFO] [stdout]    |                              ^^^^^^^ help: if this is intentional, prefix it with an underscore: `_headers`
[INFO] [stdout]    |
[INFO] [stdout]    = note: `#[warn(unused_variables)]` (part of `#[warn(unused)]`) on by default
[INFO] [stdout] 
[INFO] [stdout] 
[INFO] [stdout] warning: unused imports: `Json` and `http::StatusCode`
[INFO] [stdout]  --> src/main.rs:3:5
[INFO] [stdout]   |
[INFO] [stdout] 3 |     http::StatusCode,
[INFO] [stdout]   |     ^^^^^^^^^^^^^^^^
[INFO] [stdout] 4 |     response::{Html, Json},
[INFO] [stdout]   |                      ^^^^
[INFO] [stdout]   |
[INFO] [stdout]   = note: `#[warn(unused_imports)]` (part of `#[warn(unused)]`) on by default
[INFO] [stdout] 
[INFO] [stdout] 
[INFO] [stdout] warning: unused imports: `Value` and `json`
[INFO] [stdout]  --> src/main.rs:8:18
[INFO] [stdout]   |
[INFO] [stdout] 8 | use serde_json::{json, Value};
[INFO] [stdout]   |                  ^^^^  ^^^^^
[INFO] [stdout] 
[INFO] [stdout] 
[INFO] [stdout] warning: unused import: `error`
[INFO] [stdout]  --> src/config/mod.rs:5:27
[INFO] [stdout]   |
[INFO] [stdout] 5 | use tracing::{info, warn, error};
[INFO] [stdout]   |                           ^^^^^
[INFO] [stdout] 
[INFO] [stdout] 
[INFO] [stdout] warning: unused import: `StatusCode`
[INFO] [stdout]  --> src/handlers/extract.rs:3:23
[INFO] [stdout]   |
[INFO] [stdout] 3 |     http::{HeaderMap, StatusCode},
[INFO] [stdout]   |                       ^^^^^^^^^^
[INFO] [stdout] 
[INFO] [stdout] 
[INFO] [stdout] warning: unused import: `auth::*`
[INFO] [stdout]  --> src/middleware/mod.rs:5:9
[INFO] [stdout]   |
[INFO] [stdout] 5 | pub use auth::*;
[INFO] [stdout]   |         ^^^^^^^
[INFO] [stdout] 
[INFO] [stdout] 
[INFO] [stdout] warning: unused import: `rate_limit::*`
[INFO] [stdout]  --> src/middleware/mod.rs:6:9
[INFO] [stdout]   |
[INFO] [stdout] 6 | pub use rate_limit::*;
[INFO] [stdout]   |         ^^^^^^^^^^^^^
[INFO] [stdout] 
[INFO] [stdout] 
[INFO] [stdout] warning: unused import: `logging::*`
[INFO] [stdout]  --> src/middleware/mod.rs:7:9
[INFO] [stdout]   |
[INFO] [stdout] 7 | pub use logging::*;
[INFO] [stdout]   |         ^^^^^^^^^^
[INFO] [stdout] 
[INFO] [stdout] 
[INFO] [stdout] warning: unused variable: `headers`
[INFO] [stdout]   --> src/handlers/extract.rs:15:30
[INFO] [stdout]    |
[INFO] [stdout] 15 | pub async fn extract_handler(headers: HeaderMap, mut multipart: Multipart) -> AppResult<Json<ExtractResponse>> {
[INFO] [stdout]    |                              ^^^^^^^ help: if this is intentional, prefix it with an underscore: `_headers`
[INFO] [stdout]    |
[INFO] [stdout]    = note: `#[warn(unused_variables)]` (part of `#[warn(unused)]`) on by default
[INFO] [stdout] 
[INFO] [stdout] 
[INFO] [stdout] warning: variants `ServiceUnavailable` and `DatabaseError` are never constructed
[INFO] [stdout]   --> src/error/types.rs:52:5
[INFO] [stdout]    |
[INFO] [stdout] 14 | pub enum AppError {
[INFO] [stdout]    |          -------- variants in this enum
[INFO] [stdout] ...
[INFO] [stdout] 52 |     ServiceUnavailable { service: String },
[INFO] [stdout]    |     ^^^^^^^^^^^^^^^^^^
[INFO] [stdout] ...
[INFO] [stdout] 55 |     DatabaseError { message: String },
[INFO] [stdout]    |     ^^^^^^^^^^^^^
[INFO] [stdout]    |
[INFO] [stdout]    = note: `AppError` has a derived impl for the trait `Debug`, but this is intentionally ignored during dead code analysis
[INFO] [stdout]    = note: `#[warn(dead_code)]` (part of `#[warn(unused)]`) on by default
[INFO] [stdout] 
[INFO] [stdout] 
[INFO] [stdout] warning: associated functions `validation`, `service_unavailable`, `processing`, and `internal` are never used
[INFO] [stdout]    --> src/error/types.rs:163:12
[INFO] [stdout]     |
[INFO] [stdout] 162 | impl AppError {
[INFO] [stdout]     | ------------- associated functions in this implementation
[INFO] [stdout] 163 |     pub fn validation(message: impl Into<String>) -> Self {
[INFO] [stdout]     |            ^^^^^^^^^^
[INFO] [stdout] ...
[INFO] [stdout] 175 |     pub fn service_unavailable(service: impl Into<String>) -> Self {
[INFO] [stdout]     |            ^^^^^^^^^^^^^^^^^^^
[INFO] [stdout] ...
[INFO] [stdout] 181 |     pub fn processing(message: impl Into<String>) -> Self {
[INFO] [stdout]     |            ^^^^^^^^^^
[INFO] [stdout] ...
[INFO] [stdout] 187 |     pub fn internal(message: impl Into<String>) -> Self {
[INFO] [stdout]     |            ^^^^^^^^
[INFO] [stdout] 
[INFO] [stdout] 
[INFO] [stdout] warning: function `rate_limit_middleware` is never used
[INFO] [stdout]   --> src/middleware/rate_limit.rs:31:14
[INFO] [stdout]    |
[INFO] [stdout] 31 | pub async fn rate_limit_middleware(request: Request, next: Next) -> Result<Response, AppError> {
[INFO] [stdout]    |              ^^^^^^^^^^^^^^^^^^^^^
[INFO] [stdout] 
[INFO] [stdout] 
[INFO] [stdout] warning: function `logging_middleware` is never used
[INFO] [stdout]  --> src/middleware/logging.rs:9:14
[INFO] [stdout]   |
[INFO] [stdout] 9 | pub async fn logging_middleware(mut request: Request, next: Next) -> Response {
[INFO] [stdout]   |              ^^^^^^^^^^^^^^^^^^
[INFO] [stdout] 
[INFO] [stdout] 
[INFO] [stdout] warning: struct `ExtractRequest` is never constructed
[INFO] [stdout]  --> src/models/request.rs:4:12
[INFO] [stdout]   |
[INFO] [stdout] 4 | pub struct ExtractRequest {
[INFO] [stdout]   |            ^^^^^^^^^^^^^^
[INFO] [stdout] 
[INFO] [stdout] 
[INFO] [stdout] warning: struct `HealthResponse` is never constructed
[INFO] [stdout]   --> src/models/response.rs:29:12
[INFO] [stdout]    |
[INFO] [stdout] 29 | pub struct HealthResponse {
[INFO] [stdout]    |            ^^^^^^^^^^^^^^
[INFO] [stdout] 
[INFO] [stdout] 
[INFO] [stdout] warning: struct `ErrorResponse` is never constructed
[INFO] [stdout]   --> src/models/response.rs:37:12
[INFO] [stdout]    |
[INFO] [stdout] 37 | pub struct ErrorResponse {
[INFO] [stdout]    |            ^^^^^^^^^^^^^
[INFO] [stdout] 
[INFO] [stdout] 
[INFO] [stdout] warning: struct `ErrorDetail` is never constructed
[INFO] [stdout]   --> src/models/response.rs:43:12
[INFO] [stdout]    |
[INFO] [stdout] 43 | pub struct ErrorDetail {
[INFO] [stdout]    |            ^^^^^^^^^^^
[INFO] [stdout] 
[INFO] [stdout] 
[INFO] [stdout] warning: method `with_dates` is never used
[INFO] [stdout]   --> src/models/response.rs:89:12
[INFO] [stdout]    |
[INFO] [stdout] 62 | impl PdfMetadata {
[INFO] [stdout]    | ---------------- method in this implementation
[INFO] [stdout] ...
[INFO] [stdout] 89 |     pub fn with_dates(
[INFO] [stdout]    |            ^^^^^^^^^^
[INFO] [stdout] 
[INFO] [stdout] 
[INFO] [stdout] warning: method `extract_text_from_image` is never used
[INFO] [stdout]   --> src/services/ocr_service.rs:65:18
[INFO] [stdout]    |
[INFO] [stdout] 10 | impl OcrService {
[INFO] [stdout]    | --------------- method in this implementation
[INFO] [stdout] ...
[INFO] [stdout] 65 |     pub async fn extract_text_from_image(&self, _image_data: &[u8]) -> AppResult<String> {
[INFO] [stdout]    |                  ^^^^^^^^^^^^^^^^^^^^^^^
[INFO] [stdout] 
[INFO] [stdout] 
[INFO] [stderr]     Finished `dev` profile [unoptimized + debuginfo] target(s) in 1m 34s
[INFO] [stderr] warning: the following packages contain code that will be rejected by a future version of Rust: buf_redux v0.8.4, multipart v0.18.0, typemap v0.3.3
[INFO] [stderr] note: to see what the problems were, use the option `--future-incompat-report`, or run `cargo report future-incompatibilities --id 1`
[INFO] running `Command { std: "docker" "inspect" "dbdd4f8aae2d0fbcb2954d54e121133c4eaedc308fe027795006fe25fe4d08dc", kill_on_drop: false }`
[INFO] running `Command { std: "docker" "exec" "-e" "SOURCE_DIR=/opt/rustwide/workdir" "-e" "CARGO_HOME=/opt/rustwide/cargo-home" "-e" "RUSTUP_HOME=/opt/rustwide/rustup-home" "-e" "CARGO_TARGET_DIR=/opt/rustwide/target" "-e" "CARGO_INCREMENTAL=0" "-e" "RUST_BACKTRACE=full" "-e" "RUSTFLAGS=--cap-lints=warn" "-e" "RUSTDOCFLAGS=--cap-lints=warn" "-w" "/opt/rustwide/workdir" "--user" "0:0" "dbdd4f8aae2d0fbcb2954d54e121133c4eaedc308fe027795006fe25fe4d08dc" "/opt/rustwide/cargo-home/bin/cargo" "+1.97.0-beta.6" "test" "--frozen" "--no-run" "--message-format=json", kill_on_drop: false }`
[INFO] [stderr]    Compiling syn v2.0.106
[INFO] [stderr]    Compiling find-msvc-tools v0.1.1
[INFO] [stderr]    Compiling socket2 v0.5.10
[INFO] [stderr]    Compiling cc v1.2.36
[INFO] [stderr]    Compiling openssl-sys v0.9.109
[INFO] [stderr]    Compiling openssl v0.10.73
[INFO] [stderr]    Compiling native-tls v0.2.14
[INFO] [stderr]    Compiling synstructure v0.13.2
[INFO] [stderr]    Compiling serde_derive v1.0.219
[INFO] [stderr]    Compiling zerofrom-derive v0.1.6
[INFO] [stderr]    Compiling yoke-derive v0.8.0
[INFO] [stderr]    Compiling tracing-attributes v0.1.30
[INFO] [stderr]    Compiling tokio-macros v2.5.0
[INFO] [stderr]    Compiling zerovec-derive v0.11.1
[INFO] [stderr]    Compiling displaydoc v0.2.5
[INFO] [stderr]    Compiling thiserror-impl v2.0.16
[INFO] [stderr]    Compiling async-trait v0.1.89
[INFO] [stderr]    Compiling openssl-macros v0.1.1
[INFO] [stderr]    Compiling thiserror-impl v1.0.69
[INFO] [stderr]    Compiling tokio v1.47.1
[INFO] [stderr]    Compiling tracing v0.1.41
[INFO] [stderr]    Compiling axum-core v0.4.5
[INFO] [stderr]    Compiling tower v0.4.13
[INFO] [stderr]    Compiling thiserror v1.0.69
[INFO] [stderr]    Compiling zerofrom v0.1.6
[INFO] [stderr]    Compiling thiserror v2.0.16
[INFO] [stderr]    Compiling yoke v0.8.0
[INFO] [stderr]    Compiling pest v2.8.1
[INFO] [stderr]    Compiling zerovec v0.11.4
[INFO] [stderr]    Compiling zerotrie v0.2.2
[INFO] [stderr]    Compiling tinystr v0.8.1
[INFO] [stderr]    Compiling potential_utf v0.1.3
[INFO] [stderr]    Compiling icu_collections v2.0.0
[INFO] [stderr]    Compiling icu_locale_core v2.0.0
[INFO] [stderr]    Compiling pest_meta v2.8.1
[INFO] [stderr]    Compiling serde v1.0.219
[INFO] [stderr]    Compiling pest_generator v2.8.1
[INFO] [stderr]    Compiling icu_provider v2.0.0
[INFO] [stderr]    Compiling icu_properties v2.0.1
[INFO] [stderr]    Compiling icu_normalizer v2.0.0
[INFO] [stderr]    Compiling pest_derive v2.8.1
[INFO] [stderr]    Compiling idna_adapter v1.2.1
[INFO] [stderr]    Compiling idna v1.1.0
[INFO] [stderr]    Compiling hyper v1.7.0
[INFO] [stderr]    Compiling tokio-util v0.7.16
[INFO] [stderr]    Compiling tower v0.5.2
[INFO] [stderr]    Compiling h2 v0.3.27
[INFO] [stderr]    Compiling bitflags v2.9.4
[INFO] [stderr]    Compiling serde_json v1.0.143
[INFO] [stderr]    Compiling chrono v0.4.41
[INFO] [stderr]    Compiling serde_spanned v0.6.9
[INFO] [stderr]    Compiling toml_datetime v0.6.11
[INFO] [stderr]    Compiling serde_urlencoded v0.7.1
[INFO] [stderr]    Compiling mustache v0.9.0
[INFO] [stderr]    Compiling tracing-serde v0.2.0
[INFO] [stderr]    Compiling serde_path_to_error v0.1.17
[INFO] [stderr]    Compiling json5 v0.4.1
[INFO] [stderr]    Compiling url v2.5.7
[INFO] [stderr]    Compiling toml_edit v0.22.27
[INFO] [stderr]    Compiling hyper-util v0.1.16
[INFO] [stderr]    Compiling rustix v1.0.8
[INFO] [stderr]    Compiling ron v0.8.1
[INFO] [stderr]    Compiling tower-http v0.5.2
[INFO] [stderr]    Compiling tiny_http v0.6.4
[INFO] [stderr]    Compiling lopdf v0.32.0
[INFO] [stderr]    Compiling nickel v0.11.0
[INFO] [stderr]    Compiling axum v0.7.9
[INFO] [stderr]    Compiling tracing-subscriber v0.3.20
[INFO] [stderr]    Compiling tempfile v3.21.0
[INFO] [stderr]    Compiling multipart v0.18.0
[INFO] [stderr]    Compiling toml v0.8.23
[INFO] [stderr]    Compiling config v0.14.1
[INFO] [stderr]    Compiling tokio-native-tls v0.3.1
[INFO] [stderr]    Compiling hyper v0.14.32
[INFO] [stderr]    Compiling elicit v0.1.0 (/opt/rustwide/workdir)
[INFO] [stdout] warning: unused import: `error`
[INFO] [stdout]  --> src/config/mod.rs:5:27
[INFO] [stdout]   |
[INFO] [stdout] 5 | use tracing::{info, warn, error};
[INFO] [stdout]   |                           ^^^^^
[INFO] [stdout]   |
[INFO] [stdout]   = note: `#[warn(unused_imports)]` (part of `#[warn(unused)]`) on by default
[INFO] [stdout] 
[INFO] [stdout] 
[INFO] [stdout] warning: unused import: `StatusCode`
[INFO] [stdout]  --> src/handlers/extract.rs:3:23
[INFO] [stdout]   |
[INFO] [stdout] 3 |     http::{HeaderMap, StatusCode},
[INFO] [stdout]   |                       ^^^^^^^^^^
[INFO] [stdout] 
[INFO] [stdout] 
[INFO] [stdout] warning: unused variable: `headers`
[INFO] [stdout]   --> src/handlers/extract.rs:15:30
[INFO] [stdout]    |
[INFO] [stdout] 15 | pub async fn extract_handler(headers: HeaderMap, mut multipart: Multipart) -> AppResult<Json<ExtractResponse>> {
[INFO] [stdout]    |                              ^^^^^^^ help: if this is intentional, prefix it with an underscore: `_headers`
[INFO] [stdout]    |
[INFO] [stdout]    = note: `#[warn(unused_variables)]` (part of `#[warn(unused)]`) on by default
[INFO] [stdout] 
[INFO] [stdout] 
[INFO] [stderr]    Compiling hyper-tls v0.5.0
[INFO] [stderr]    Compiling reqwest v0.11.27
[INFO] [stdout] warning: unused imports: `Json` and `http::StatusCode`
[INFO] [stdout]  --> src/main.rs:3:5
[INFO] [stdout]   |
[INFO] [stdout] 3 |     http::StatusCode,
[INFO] [stdout]   |     ^^^^^^^^^^^^^^^^
[INFO] [stdout] 4 |     response::{Html, Json},
[INFO] [stdout]   |                      ^^^^
[INFO] [stdout]   |
[INFO] [stdout]   = note: `#[warn(unused_imports)]` (part of `#[warn(unused)]`) on by default
[INFO] [stdout] 
[INFO] [stdout] 
[INFO] [stdout] warning: unused imports: `Value` and `json`
[INFO] [stdout]  --> src/main.rs:8:18
[INFO] [stdout]   |
[INFO] [stdout] 8 | use serde_json::{json, Value};
[INFO] [stdout]   |                  ^^^^  ^^^^^
[INFO] [stdout] 
[INFO] [stdout] 
[INFO] [stdout] warning: unused import: `error`
[INFO] [stdout]  --> src/config/mod.rs:5:27
[INFO] [stdout]   |
[INFO] [stdout] 5 | use tracing::{info, warn, error};
[INFO] [stdout]   |                           ^^^^^
[INFO] [stdout] 
[INFO] [stdout] 
[INFO] [stdout] warning: unused import: `StatusCode`
[INFO] [stdout]  --> src/handlers/extract.rs:3:23
[INFO] [stdout]   |
[INFO] [stdout] 3 |     http::{HeaderMap, StatusCode},
[INFO] [stdout]   |                       ^^^^^^^^^^
[INFO] [stdout] 
[INFO] [stdout] 
[INFO] [stdout] warning: unused import: `auth::*`
[INFO] [stdout]  --> src/middleware/mod.rs:5:9
[INFO] [stdout]   |
[INFO] [stdout] 5 | pub use auth::*;
[INFO] [stdout]   |         ^^^^^^^
[INFO] [stdout] 
[INFO] [stdout] 
[INFO] [stdout] warning: unused import: `rate_limit::*`
[INFO] [stdout]  --> src/middleware/mod.rs:6:9
[INFO] [stdout]   |
[INFO] [stdout] 6 | pub use rate_limit::*;
[INFO] [stdout]   |         ^^^^^^^^^^^^^
[INFO] [stdout] 
[INFO] [stdout] 
[INFO] [stdout] warning: unused import: `logging::*`
[INFO] [stdout]  --> src/middleware/mod.rs:7:9
[INFO] [stdout]   |
[INFO] [stdout] 7 | pub use logging::*;
[INFO] [stdout]   |         ^^^^^^^^^^
[INFO] [stdout] 
[INFO] [stdout] 
[INFO] [stdout] warning: unused variable: `headers`
[INFO] [stdout]   --> src/handlers/extract.rs:15:30
[INFO] [stdout]    |
[INFO] [stdout] 15 | pub async fn extract_handler(headers: HeaderMap, mut multipart: Multipart) -> AppResult<Json<ExtractResponse>> {
[INFO] [stdout]    |                              ^^^^^^^ help: if this is intentional, prefix it with an underscore: `_headers`
[INFO] [stdout]    |
[INFO] [stdout]    = note: `#[warn(unused_variables)]` (part of `#[warn(unused)]`) on by default
[INFO] [stdout] 
[INFO] [stdout] 
[INFO] [stdout] warning: variants `ServiceUnavailable` and `DatabaseError` are never constructed
[INFO] [stdout]   --> src/error/types.rs:52:5
[INFO] [stdout]    |
[INFO] [stdout] 14 | pub enum AppError {
[INFO] [stdout]    |          -------- variants in this enum
[INFO] [stdout] ...
[INFO] [stdout] 52 |     ServiceUnavailable { service: String },
[INFO] [stdout]    |     ^^^^^^^^^^^^^^^^^^
[INFO] [stdout] ...
[INFO] [stdout] 55 |     DatabaseError { message: String },
[INFO] [stdout]    |     ^^^^^^^^^^^^^
[INFO] [stdout]    |
[INFO] [stdout]    = note: `AppError` has a derived impl for the trait `Debug`, but this is intentionally ignored during dead code analysis
[INFO] [stdout]    = note: `#[warn(dead_code)]` (part of `#[warn(unused)]`) on by default
[INFO] [stdout] 
[INFO] [stdout] 
[INFO] [stdout] warning: associated functions `validation`, `service_unavailable`, `processing`, and `internal` are never used
[INFO] [stdout]    --> src/error/types.rs:163:12
[INFO] [stdout]     |
[INFO] [stdout] 162 | impl AppError {
[INFO] [stdout]     | ------------- associated functions in this implementation
[INFO] [stdout] 163 |     pub fn validation(message: impl Into<String>) -> Self {
[INFO] [stdout]     |            ^^^^^^^^^^
[INFO] [stdout] ...
[INFO] [stdout] 175 |     pub fn service_unavailable(service: impl Into<String>) -> Self {
[INFO] [stdout]     |            ^^^^^^^^^^^^^^^^^^^
[INFO] [stdout] ...
[INFO] [stdout] 181 |     pub fn processing(message: impl Into<String>) -> Self {
[INFO] [stdout]     |            ^^^^^^^^^^
[INFO] [stdout] ...
[INFO] [stdout] 187 |     pub fn internal(message: impl Into<String>) -> Self {
[INFO] [stdout]     |            ^^^^^^^^
[INFO] [stdout] 
[INFO] [stdout] 
[INFO] [stdout] warning: function `rate_limit_middleware` is never used
[INFO] [stdout]   --> src/middleware/rate_limit.rs:31:14
[INFO] [stdout]    |
[INFO] [stdout] 31 | pub async fn rate_limit_middleware(request: Request, next: Next) -> Result<Response, AppError> {
[INFO] [stdout]    |              ^^^^^^^^^^^^^^^^^^^^^
[INFO] [stdout] 
[INFO] [stdout] 
[INFO] [stdout] warning: function `logging_middleware` is never used
[INFO] [stdout]  --> src/middleware/logging.rs:9:14
[INFO] [stdout]   |
[INFO] [stdout] 9 | pub async fn logging_middleware(mut request: Request, next: Next) -> Response {
[INFO] [stdout]   |              ^^^^^^^^^^^^^^^^^^
[INFO] [stdout] 
[INFO] [stdout] 
[INFO] [stdout] warning: struct `ExtractRequest` is never constructed
[INFO] [stdout]  --> src/models/request.rs:4:12
[INFO] [stdout]   |
[INFO] [stdout] 4 | pub struct ExtractRequest {
[INFO] [stdout]   |            ^^^^^^^^^^^^^^
[INFO] [stdout] 
[INFO] [stdout] 
[INFO] [stdout] warning: struct `HealthResponse` is never constructed
[INFO] [stdout]   --> src/models/response.rs:29:12
[INFO] [stdout]    |
[INFO] [stdout] 29 | pub struct HealthResponse {
[INFO] [stdout]    |            ^^^^^^^^^^^^^^
[INFO] [stdout] 
[INFO] [stdout] 
[INFO] [stdout] warning: struct `ErrorResponse` is never constructed
[INFO] [stdout]   --> src/models/response.rs:37:12
[INFO] [stdout]    |
[INFO] [stdout] 37 | pub struct ErrorResponse {
[INFO] [stdout]    |            ^^^^^^^^^^^^^
[INFO] [stdout] 
[INFO] [stdout] 
[INFO] [stdout] warning: struct `ErrorDetail` is never constructed
[INFO] [stdout]   --> src/models/response.rs:43:12
[INFO] [stdout]    |
[INFO] [stdout] 43 | pub struct ErrorDetail {
[INFO] [stdout]    |            ^^^^^^^^^^^
[INFO] [stdout] 
[INFO] [stdout] 
[INFO] [stdout] warning: method `with_dates` is never used
[INFO] [stdout]   --> src/models/response.rs:89:12
[INFO] [stdout]    |
[INFO] [stdout] 62 | impl PdfMetadata {
[INFO] [stdout]    | ---------------- method in this implementation
[INFO] [stdout] ...
[INFO] [stdout] 89 |     pub fn with_dates(
[INFO] [stdout]    |            ^^^^^^^^^^
[INFO] [stdout] 
[INFO] [stdout] 
[INFO] [stdout] warning: method `extract_text_from_image` is never used
[INFO] [stdout]   --> src/services/ocr_service.rs:65:18
[INFO] [stdout]    |
[INFO] [stdout] 10 | impl OcrService {
[INFO] [stdout]    | --------------- method in this implementation
[INFO] [stdout] ...
[INFO] [stdout] 65 |     pub async fn extract_text_from_image(&self, _image_data: &[u8]) -> AppResult<String> {
[INFO] [stdout]    |                  ^^^^^^^^^^^^^^^^^^^^^^^
[INFO] [stdout] 
[INFO] [stdout] 
[INFO] [stdout] warning: unused import: `error`
[INFO] [stdout]  --> src/config/mod.rs:5:27
[INFO] [stdout]   |
[INFO] [stdout] 5 | use tracing::{info, warn, error};
[INFO] [stdout]   |                           ^^^^^
[INFO] [stdout]   |
[INFO] [stdout]   = note: `#[warn(unused_imports)]` (part of `#[warn(unused)]`) on by default
[INFO] [stdout] 
[INFO] [stdout] 
[INFO] [stdout] warning: unused import: `StatusCode`
[INFO] [stdout]  --> src/handlers/extract.rs:3:23
[INFO] [stdout]   |
[INFO] [stdout] 3 |     http::{HeaderMap, StatusCode},
[INFO] [stdout]   |                       ^^^^^^^^^^
[INFO] [stdout] 
[INFO] [stdout] 
[INFO] [stdout] warning: unused imports: `Json` and `http::StatusCode`
[INFO] [stdout]  --> src/main.rs:3:5
[INFO] [stdout]   |
[INFO] [stdout] 3 |     http::StatusCode,
[INFO] [stdout]   |     ^^^^^^^^^^^^^^^^
[INFO] [stdout] 4 |     response::{Html, Json},
[INFO] [stdout]   |                      ^^^^
[INFO] [stdout]   |
[INFO] [stdout]   = note: `#[warn(unused_imports)]` (part of `#[warn(unused)]`) on by default
[INFO] [stdout] 
[INFO] [stdout] 
[INFO] [stdout] warning: unused imports: `Value` and `json`
[INFO] [stdout]  --> src/main.rs:8:18
[INFO] [stdout]   |
[INFO] [stdout] 8 | use serde_json::{json, Value};
[INFO] [stdout]   |                  ^^^^  ^^^^^
[INFO] [stdout] 
[INFO] [stdout] 
[INFO] [stdout] warning: unused import: `error`
[INFO] [stdout]  --> src/config/mod.rs:5:27
[INFO] [stdout]   |
[INFO] [stdout] 5 | use tracing::{info, warn, error};
[INFO] [stdout]   |                           ^^^^^
[INFO] [stdout] 
[INFO] [stdout] 
[INFO] [stdout] warning: unused import: `StatusCode`
[INFO] [stdout]  --> src/handlers/extract.rs:3:23
[INFO] [stdout]   |
[INFO] [stdout] 3 |     http::{HeaderMap, StatusCode},
[INFO] [stdout]   |                       ^^^^^^^^^^
[INFO] [stdout] 
[INFO] [stdout] 
[INFO] [stdout] warning: unused import: `auth::*`
[INFO] [stdout]  --> src/middleware/mod.rs:5:9
[INFO] [stdout]   |
[INFO] [stdout] 5 | pub use auth::*;
[INFO] [stdout]   |         ^^^^^^^
[INFO] [stdout] 
[INFO] [stdout] 
[INFO] [stdout] warning: unused import: `rate_limit::*`
[INFO] [stdout]  --> src/middleware/mod.rs:6:9
[INFO] [stdout]   |
[INFO] [stdout] 6 | pub use rate_limit::*;
[INFO] [stdout]   |         ^^^^^^^^^^^^^
[INFO] [stdout] 
[INFO] [stdout] 
[INFO] [stdout] warning: unused import: `logging::*`
[INFO] [stdout]  --> src/middleware/mod.rs:7:9
[INFO] [stdout]   |
[INFO] [stdout] 7 | pub use logging::*;
[INFO] [stdout]   |         ^^^^^^^^^^
[INFO] [stdout] 
[INFO] [stdout] 
[INFO] [stdout] warning: unused variable: `headers`
[INFO] [stdout]   --> src/handlers/extract.rs:15:30
[INFO] [stdout]    |
[INFO] [stdout] 15 | pub async fn extract_handler(headers: HeaderMap, mut multipart: Multipart) -> AppResult<Json<ExtractResponse>> {
[INFO] [stdout]    |                              ^^^^^^^ help: if this is intentional, prefix it with an underscore: `_headers`
[INFO] [stdout]    |
[INFO] [stdout]    = note: `#[warn(unused_variables)]` (part of `#[warn(unused)]`) on by default
[INFO] [stdout] 
[INFO] [stdout] 
[INFO] [stdout] warning: unused variable: `headers`
[INFO] [stdout]   --> src/handlers/extract.rs:15:30
[INFO] [stdout]    |
[INFO] [stdout] 15 | pub async fn extract_handler(headers: HeaderMap, mut multipart: Multipart) -> AppResult<Json<ExtractResponse>> {
[INFO] [stdout]    |                              ^^^^^^^ help: if this is intentional, prefix it with an underscore: `_headers`
[INFO] [stdout]    |
[INFO] [stdout]    = note: `#[warn(unused_variables)]` (part of `#[warn(unused)]`) on by default
[INFO] [stdout] 
[INFO] [stdout] 
[INFO] [stdout] warning: variants `ServiceUnavailable` and `DatabaseError` are never constructed
[INFO] [stdout]   --> src/error/types.rs:52:5
[INFO] [stdout]    |
[INFO] [stdout] 14 | pub enum AppError {
[INFO] [stdout]    |          -------- variants in this enum
[INFO] [stdout] ...
[INFO] [stdout] 52 |     ServiceUnavailable { service: String },
[INFO] [stdout]    |     ^^^^^^^^^^^^^^^^^^
[INFO] [stdout] ...
[INFO] [stdout] 55 |     DatabaseError { message: String },
[INFO] [stdout]    |     ^^^^^^^^^^^^^
[INFO] [stdout]    |
[INFO] [stdout]    = note: `AppError` has a derived impl for the trait `Debug`, but this is intentionally ignored during dead code analysis
[INFO] [stdout]    = note: `#[warn(dead_code)]` (part of `#[warn(unused)]`) on by default
[INFO] [stdout] 
[INFO] [stdout] 
[INFO] [stdout] warning: associated functions `validation`, `service_unavailable`, `processing`, and `internal` are never used
[INFO] [stdout]    --> src/error/types.rs:163:12
[INFO] [stdout]     |
[INFO] [stdout] 162 | impl AppError {
[INFO] [stdout]     | ------------- associated functions in this implementation
[INFO] [stdout] 163 |     pub fn validation(message: impl Into<String>) -> Self {
[INFO] [stdout]     |            ^^^^^^^^^^
[INFO] [stdout] ...
[INFO] [stdout] 175 |     pub fn service_unavailable(service: impl Into<String>) -> Self {
[INFO] [stdout]     |            ^^^^^^^^^^^^^^^^^^^
[INFO] [stdout] ...
[INFO] [stdout] 181 |     pub fn processing(message: impl Into<String>) -> Self {
[INFO] [stdout]     |            ^^^^^^^^^^
[INFO] [stdout] ...
[INFO] [stdout] 187 |     pub fn internal(message: impl Into<String>) -> Self {
[INFO] [stdout]     |            ^^^^^^^^
[INFO] [stdout] 
[INFO] [stdout] 
[INFO] [stdout] warning: function `create_router` is never used
[INFO] [stdout]   --> src/handlers/mod.rs:23:14
[INFO] [stdout]    |
[INFO] [stdout] 23 | pub async fn create_router() -> Router {
[INFO] [stdout]    |              ^^^^^^^^^^^^^
[INFO] [stdout] 
[INFO] [stdout] 
[INFO] [stdout] warning: function `rate_limit_middleware` is never used
[INFO] [stdout]   --> src/middleware/rate_limit.rs:31:14
[INFO] [stdout]    |
[INFO] [stdout] 31 | pub async fn rate_limit_middleware(request: Request, next: Next) -> Result<Response, AppError> {
[INFO] [stdout]    |              ^^^^^^^^^^^^^^^^^^^^^
[INFO] [stdout] 
[INFO] [stdout] 
[INFO] [stdout] warning: function `logging_middleware` is never used
[INFO] [stdout]  --> src/middleware/logging.rs:9:14
[INFO] [stdout]   |
[INFO] [stdout] 9 | pub async fn logging_middleware(mut request: Request, next: Next) -> Response {
[INFO] [stdout]   |              ^^^^^^^^^^^^^^^^^^
[INFO] [stdout] 
[INFO] [stdout] 
[INFO] [stdout] warning: struct `ExtractRequest` is never constructed
[INFO] [stdout]  --> src/models/request.rs:4:12
[INFO] [stdout]   |
[INFO] [stdout] 4 | pub struct ExtractRequest {
[INFO] [stdout]   |            ^^^^^^^^^^^^^^
[INFO] [stdout] 
[INFO] [stdout] 
[INFO] [stdout] warning: struct `HealthResponse` is never constructed
[INFO] [stdout]   --> src/models/response.rs:29:12
[INFO] [stdout]    |
[INFO] [stdout] 29 | pub struct HealthResponse {
[INFO] [stdout]    |            ^^^^^^^^^^^^^^
[INFO] [stdout] 
[INFO] [stdout] 
[INFO] [stdout] warning: struct `ErrorResponse` is never constructed
[INFO] [stdout]   --> src/models/response.rs:37:12
[INFO] [stdout]    |
[INFO] [stdout] 37 | pub struct ErrorResponse {
[INFO] [stdout]    |            ^^^^^^^^^^^^^
[INFO] [stdout] 
[INFO] [stdout] 
[INFO] [stdout] warning: struct `ErrorDetail` is never constructed
[INFO] [stdout]   --> src/models/response.rs:43:12
[INFO] [stdout]    |
[INFO] [stdout] 43 | pub struct ErrorDetail {
[INFO] [stdout]    |            ^^^^^^^^^^^
[INFO] [stdout] 
[INFO] [stdout] 
[INFO] [stdout] warning: method `with_dates` is never used
[INFO] [stdout]   --> src/models/response.rs:89:12
[INFO] [stdout]    |
[INFO] [stdout] 62 | impl PdfMetadata {
[INFO] [stdout]    | ---------------- method in this implementation
[INFO] [stdout] ...
[INFO] [stdout] 89 |     pub fn with_dates(
[INFO] [stdout]    |            ^^^^^^^^^^
[INFO] [stdout] 
[INFO] [stdout] 
[INFO] [stdout] warning: method `extract_text_from_image` is never used
[INFO] [stdout]   --> src/services/ocr_service.rs:65:18
[INFO] [stdout]    |
[INFO] [stdout] 10 | impl OcrService {
[INFO] [stdout]    | --------------- method in this implementation
[INFO] [stdout] ...
[INFO] [stdout] 65 |     pub async fn extract_text_from_image(&self, _image_data: &[u8]) -> AppResult<String> {
[INFO] [stdout]    |                  ^^^^^^^^^^^^^^^^^^^^^^^
[INFO] [stdout] 
[INFO] [stdout] 
[INFO] [stderr]     Finished `test` profile [unoptimized + debuginfo] target(s) in 39.87s
[INFO] [stderr] warning: the following packages contain code that will be rejected by a future version of Rust: buf_redux v0.8.4, multipart v0.18.0, typemap v0.3.3
[INFO] [stderr] note: to see what the problems were, use the option `--future-incompat-report`, or run `cargo report future-incompatibilities --id 1`
[INFO] running `Command { std: "docker" "inspect" "dbdd4f8aae2d0fbcb2954d54e121133c4eaedc308fe027795006fe25fe4d08dc", kill_on_drop: false }`
[INFO] running `Command { std: "docker" "exec" "-e" "SOURCE_DIR=/opt/rustwide/workdir" "-e" "CARGO_HOME=/opt/rustwide/cargo-home" "-e" "RUSTUP_HOME=/opt/rustwide/rustup-home" "-e" "CARGO_TARGET_DIR=/opt/rustwide/target" "-e" "CARGO_INCREMENTAL=0" "-e" "RUST_BACKTRACE=full" "-e" "RUSTFLAGS=--cap-lints=warn" "-e" "RUSTDOCFLAGS=--cap-lints=warn" "-w" "/opt/rustwide/workdir" "--user" "0:0" "dbdd4f8aae2d0fbcb2954d54e121133c4eaedc308fe027795006fe25fe4d08dc" "/opt/rustwide/cargo-home/bin/cargo" "+1.97.0-beta.6" "test" "--frozen", kill_on_drop: false }`
[INFO] [stderr] warning: unused import: `error`
[INFO] [stderr]  --> src/config/mod.rs:5:27
[INFO] [stderr]   |
[INFO] [stderr] 5 | use tracing::{info, warn, error};
[INFO] [stderr]   |                           ^^^^^
[INFO] [stderr]   |
[INFO] [stderr]   = note: `#[warn(unused_imports)]` (part of `#[warn(unused)]`) on by default
[INFO] [stderr] 
[INFO] [stderr] warning: unused import: `StatusCode`
[INFO] [stderr]  --> src/handlers/extract.rs:3:23
[INFO] [stderr]   |
[INFO] [stderr] 3 |     http::{HeaderMap, StatusCode},
[INFO] [stderr]   |                       ^^^^^^^^^^
[INFO] [stderr] 
[INFO] [stderr] warning: unused variable: `headers`
[INFO] [stderr]   --> src/handlers/extract.rs:15:30
[INFO] [stderr]    |
[INFO] [stderr] 15 | pub async fn extract_handler(headers: HeaderMap, mut multipart: Multipart) -> AppResult<Json<ExtractResponse>> {
[INFO] [stderr]    |                              ^^^^^^^ help: if this is intentional, prefix it with an underscore: `_headers`
[INFO] [stderr]    |
[INFO] [stderr]    = note: `#[warn(unused_variables)]` (part of `#[warn(unused)]`) on by default
[INFO] [stderr] 
[INFO] [stderr] warning: `elicit` (lib) generated 3 warnings (run `cargo fix --lib -p elicit` to apply 3 suggestions)
[INFO] [stderr] warning: unused imports: `Json` and `http::StatusCode`
[INFO] [stderr]  --> src/main.rs:3:5
[INFO] [stderr]   |
[INFO] [stderr] 3 |     http::StatusCode,
[INFO] [stderr]   |     ^^^^^^^^^^^^^^^^
[INFO] [stderr] 4 |     response::{Html, Json},
[INFO] [stderr]   |                      ^^^^
[INFO] [stderr]   |
[INFO] [stderr]   = note: `#[warn(unused_imports)]` (part of `#[warn(unused)]`) on by default
[INFO] [stderr] 
[INFO] [stderr] warning: unused imports: `Value` and `json`
[INFO] [stderr]  --> src/main.rs:8:18
[INFO] [stderr]   |
[INFO] [stderr] 8 | use serde_json::{json, Value};
[INFO] [stderr]   |                  ^^^^  ^^^^^
[INFO] [stderr] 
[INFO] [stderr] warning: unused import: `error`
[INFO] [stderr]  --> src/config/mod.rs:5:27
[INFO] [stderr]   |
[INFO] [stderr] 5 | use tracing::{info, warn, error};
[INFO] [stderr]   |                           ^^^^^
[INFO] [stderr] 
[INFO] [stderr] warning: unused import: `auth::*`
[INFO] [stderr]  --> src/middleware/mod.rs:5:9
[INFO] [stderr]   |
[INFO] [stderr] 5 | pub use auth::*;
[INFO] [stderr]   |         ^^^^^^^
[INFO] [stderr] 
[INFO] [stderr] warning: unused import: `rate_limit::*`
[INFO] [stderr]  --> src/middleware/mod.rs:6:9
[INFO] [stderr]   |
[INFO] [stderr] 6 | pub use rate_limit::*;
[INFO] [stderr]   |         ^^^^^^^^^^^^^
[INFO] [stderr] 
[INFO] [stderr] warning: unused import: `logging::*`
[INFO] [stderr]  --> src/middleware/mod.rs:7:9
[INFO] [stderr]   |
[INFO] [stderr] 7 | pub use logging::*;
[INFO] [stderr]   |         ^^^^^^^^^^
[INFO] [stderr] 
[INFO] [stderr] warning: variants `ServiceUnavailable` and `DatabaseError` are never constructed
[INFO] [stderr]   --> src/error/types.rs:52:5
[INFO] [stderr]    |
[INFO] [stderr] 14 | pub enum AppError {
[INFO] [stderr]    |          -------- variants in this enum
[INFO] [stderr] ...
[INFO] [stderr] 52 |     ServiceUnavailable { service: String },
[INFO] [stderr]    |     ^^^^^^^^^^^^^^^^^^
[INFO] [stderr] ...
[INFO] [stderr] 55 |     DatabaseError { message: String },
[INFO] [stderr]    |     ^^^^^^^^^^^^^
[INFO] [stderr]    |
[INFO] [stderr]    = note: `AppError` has a derived impl for the trait `Debug`, but this is intentionally ignored during dead code analysis
[INFO] [stderr]    = note: `#[warn(dead_code)]` (part of `#[warn(unused)]`) on by default
[INFO] [stderr] 
[INFO] [stderr] warning: associated functions `validation`, `service_unavailable`, `processing`, and `internal` are never used
[INFO] [stderr]    --> src/error/types.rs:163:12
[INFO] [stderr]     |
[INFO] [stderr] 162 | impl AppError {
[INFO] [stderr]     | ------------- associated functions in this implementation
[INFO] [stderr] 163 |     pub fn validation(message: impl Into<String>) -> Self {
[INFO] [stderr]     |            ^^^^^^^^^^
[INFO] [stderr] ...
[INFO] [stderr] 175 |     pub fn service_unavailable(service: impl Into<String>) -> Self {
[INFO] [stderr]     |            ^^^^^^^^^^^^^^^^^^^
[INFO] [stderr] ...
[INFO] [stderr] 181 |     pub fn processing(message: impl Into<String>) -> Self {
[INFO] [stderr]     |            ^^^^^^^^^^
[INFO] [stderr] ...
[INFO] [stderr] 187 |     pub fn internal(message: impl Into<String>) -> Self {
[INFO] [stderr]     |            ^^^^^^^^
[INFO] [stderr] 
[INFO] [stderr] warning: function `rate_limit_middleware` is never used
[INFO] [stderr]   --> src/middleware/rate_limit.rs:31:14
[INFO] [stderr]    |
[INFO] [stderr] 31 | pub async fn rate_limit_middleware(request: Request, next: Next) -> Result<Response, AppError> {
[INFO] [stderr]    |              ^^^^^^^^^^^^^^^^^^^^^
[INFO] [stderr] 
[INFO] [stderr] warning: function `logging_middleware` is never used
[INFO] [stderr]  --> src/middleware/logging.rs:9:14
[INFO] [stderr]   |
[INFO] [stderr] 9 | pub async fn logging_middleware(mut request: Request, next: Next) -> Response {
[INFO] [stderr]   |              ^^^^^^^^^^^^^^^^^^
[INFO] [stderr] 
[INFO] [stderr] warning: struct `ExtractRequest` is never constructed
[INFO] [stderr]  --> src/models/request.rs:4:12
[INFO] [stderr]   |
[INFO] [stderr] 4 | pub struct ExtractRequest {
[INFO] [stderr]   |            ^^^^^^^^^^^^^^
[INFO] [stderr] 
[INFO] [stderr] warning: struct `HealthResponse` is never constructed
[INFO] [stderr]   --> src/models/response.rs:29:12
[INFO] [stderr]    |
[INFO] [stderr] 29 | pub struct HealthResponse {
[INFO] [stderr]    |            ^^^^^^^^^^^^^^
[INFO] [stderr] 
[INFO] [stderr] warning: struct `ErrorResponse` is never constructed
[INFO] [stderr]   --> src/models/response.rs:37:12
[INFO] [stderr]    |
[INFO] [stderr] 37 | pub struct ErrorResponse {
[INFO] [stderr]    |            ^^^^^^^^^^^^^
[INFO] [stderr] 
[INFO] [stderr] warning: struct `ErrorDetail` is never constructed
[INFO] [stderr]   --> src/models/response.rs:43:12
[INFO] [stderr]    |
[INFO] [stderr] 43 | pub struct ErrorDetail {
[INFO] [stderr]    |            ^^^^^^^^^^^
[INFO] [stderr] 
[INFO] [stderr] warning: method `with_dates` is never used
[INFO] [stderr]   --> src/models/response.rs:89:12
[INFO] [stderr]    |
[INFO] [stderr] 62 | impl PdfMetadata {
[INFO] [stderr]    | ---------------- method in this implementation
[INFO] [stderr] ...
[INFO] [stderr] 89 |     pub fn with_dates(
[INFO] [stderr]    |            ^^^^^^^^^^
[INFO] [stderr] 
[INFO] [stderr] warning: method `extract_text_from_image` is never used
[INFO] [stderr]   --> src/services/ocr_service.rs:65:18
[INFO] [stderr]    |
[INFO] [stderr] 10 | impl OcrService {
[INFO] [stderr]    | --------------- method in this implementation
[INFO] [stderr] ...
[INFO] [stderr] 65 |     pub async fn extract_text_from_image(&self, _image_data: &[u8]) -> AppResult<String> {
[INFO] [stderr]    |                  ^^^^^^^^^^^^^^^^^^^^^^^
[INFO] [stderr] 
[INFO] [stderr] warning: `elicit` (bin "elicit") generated 18 warnings (2 duplicates) (run `cargo fix --bin "elicit" -p elicit` to apply 6 suggestions)
[INFO] [stderr] warning: function `create_router` is never used
[INFO] [stderr]   --> src/handlers/mod.rs:23:14
[INFO] [stderr]    |
[INFO] [stderr] 23 | pub async fn create_router() -> Router {
[INFO] [stderr]    |              ^^^^^^^^^^^^^
[INFO] [stderr] 
[INFO] [stderr] warning: `elicit` (lib test) generated 3 warnings (3 duplicates)
[INFO] [stderr] warning: `elicit` (bin "elicit" test) generated 19 warnings (18 duplicates)
[INFO] [stderr]     Finished `test` profile [unoptimized + debuginfo] target(s) in 0.47s
[INFO] [stderr] warning: the following packages contain code that will be rejected by a future version of Rust: buf_redux v0.8.4, multipart v0.18.0, typemap v0.3.3
[INFO] [stderr] note: to see what the problems were, use the option `--future-incompat-report`, or run `cargo report future-incompatibilities --id 1`
[INFO] [stderr]      Running unittests src/lib.rs (/opt/rustwide/target/debug/deps/elicit-53b59969e386f8e1)
[INFO] [stdout] 
[INFO] [stdout] running 0 tests
[INFO] [stdout] 
[INFO] [stdout] test result: ok. 0 passed; 0 failed; 0 ignored; 0 measured; 0 filtered out; finished in 0.00s
[INFO] [stdout] 
[INFO] [stderr]      Running unittests src/main.rs (/opt/rustwide/target/debug/deps/elicit-72ed9822c5b297f1)
[INFO] [stdout] 
[INFO] [stdout] running 0 tests
[INFO] [stdout] 
[INFO] [stdout] test result: ok. 0 passed; 0 failed; 0 ignored; 0 measured; 0 filtered out; finished in 0.00s
[INFO] [stdout] 
[INFO] [stderr]      Running tests/integration_tests.rs (/opt/rustwide/target/debug/deps/integration_tests-19043f9788a2e1f6)
[INFO] [stdout] 
[INFO] [stdout] running 5 tests
[INFO] [stdout] test test_error_helper_methods ... ok
[INFO] [stdout] test test_error_response_format ... ok
[INFO] [stdout] test test_file_size_validation ... ok
[INFO] [stdout] test test_config_loading ... ok
[INFO] [stdout] test test_concurrent_request_limits ... FAILED
[INFO] [stdout] 
[INFO] [stdout] failures:
[INFO] [stdout] 
[INFO] [stdout] ---- test_concurrent_request_limits stdout ----
[INFO] [stdout] 
[INFO] [stdout] thread 'test_concurrent_request_limits' (3674) panicked at tests/integration_tests.rs:113:5:
[INFO] [stdout] assertion `left == right` failed
[INFO] [stdout]   left: 50
[INFO] [stdout]  right: 5
[INFO] [stdout] stack backtrace:
[INFO] [stdout]    0:     0x57a2b1410938 - std[10d71ac2c42b111e]::backtrace_rs::backtrace::libunwind::trace
[INFO] [stdout]                                at /rustc/b2282dd5646a57d570fc86fbe8df0e8826665ef6/library/std/src/../../backtrace/src/backtrace/libunwind.rs:117:9
[INFO] [stdout]    1:     0x57a2b1410938 - std[10d71ac2c42b111e]::backtrace_rs::backtrace::trace_unsynchronized::<std[10d71ac2c42b111e]::sys::backtrace::_print_fmt::{closure#1}>
[INFO] [stdout]                                at /rustc/b2282dd5646a57d570fc86fbe8df0e8826665ef6/library/std/src/../../backtrace/src/backtrace/mod.rs:66:14
[INFO] [stdout]    2:     0x57a2b1410938 - std[10d71ac2c42b111e]::sys::backtrace::_print_fmt
[INFO] [stdout]                                at /rustc/b2282dd5646a57d570fc86fbe8df0e8826665ef6/library/std/src/sys/backtrace.rs:74:9
[INFO] [stdout]    3:     0x57a2b1410938 - <<std[10d71ac2c42b111e]::sys::backtrace::BacktraceLock>::print::DisplayBacktrace as core[8fb95b77d25ab6c8]::fmt::Display>::fmt
[INFO] [stdout]                                at /rustc/b2282dd5646a57d570fc86fbe8df0e8826665ef6/library/std/src/sys/backtrace.rs:44:26
[INFO] [stdout]    4:     0x57a2b142591a - <core[8fb95b77d25ab6c8]::fmt::rt::Argument>::fmt
[INFO] [stdout]                                at /rustc/b2282dd5646a57d570fc86fbe8df0e8826665ef6/library/core/src/fmt/rt.rs:152:76
[INFO] [stdout]    5:     0x57a2b142591a - core[8fb95b77d25ab6c8]::fmt::write
[INFO] [stdout]    6:     0x57a2b1415722 - std[10d71ac2c42b111e]::io::default_write_fmt::<alloc[a7ee25936407c584]::vec::Vec<u8>>
[INFO] [stdout]                                at /rustc/b2282dd5646a57d570fc86fbe8df0e8826665ef6/library/std/src/io/mod.rs:622:11
[INFO] [stdout]    7:     0x57a2b1415722 - <alloc[a7ee25936407c584]::vec::Vec<u8> as std[10d71ac2c42b111e]::io::Write>::write_fmt
[INFO] [stdout]                                at /rustc/b2282dd5646a57d570fc86fbe8df0e8826665ef6/library/std/src/io/mod.rs:1977:13
[INFO] [stdout]    8:     0x57a2b13eef06 - <std[10d71ac2c42b111e]::sys::backtrace::BacktraceLock>::print
[INFO] [stdout]                                at /rustc/b2282dd5646a57d570fc86fbe8df0e8826665ef6/library/std/src/sys/backtrace.rs:47:9
[INFO] [stdout]    9:     0x57a2b13eef06 - std[10d71ac2c42b111e]::panicking::default_hook::{closure#0}
[INFO] [stdout]                                at /rustc/b2282dd5646a57d570fc86fbe8df0e8826665ef6/library/std/src/panicking.rs:292:27
[INFO] [stdout]   10:     0x57a2b1408a69 - std[10d71ac2c42b111e]::panicking::default_hook
[INFO] [stdout]                                at /rustc/b2282dd5646a57d570fc86fbe8df0e8826665ef6/library/std/src/panicking.rs:316:9
[INFO] [stdout]   11:     0x57a2b12ead0c - <alloc[a7ee25936407c584]::boxed::Box<dyn for<'a, 'b> core[8fb95b77d25ab6c8]::ops::function::Fn<(&'a std[10d71ac2c42b111e]::panic::PanicHookInfo<'b>,), Output = ()> + core[8fb95b77d25ab6c8]::marker::Sync + core[8fb95b77d25ab6c8]::marker::Send> as core[8fb95b77d25ab6c8]::ops::function::Fn<(&std[10d71ac2c42b111e]::panic::PanicHookInfo,)>>::call
[INFO] [stdout]                                at /rustc/b2282dd5646a57d570fc86fbe8df0e8826665ef6/library/alloc/src/boxed.rs:2289:9
[INFO] [stdout]   12:     0x57a2b12ead0c - test[213991da798b1c03]::test_main_inner::<test[213991da798b1c03]::test_main_static::{closure#0}>::{closure#0}
[INFO] [stdout]                                at /rustc/b2282dd5646a57d570fc86fbe8df0e8826665ef6/library/test/src/lib.rs:155:21
[INFO] [stdout]   13:     0x57a2b1408ce2 - <alloc[a7ee25936407c584]::boxed::Box<dyn for<'a, 'b> core[8fb95b77d25ab6c8]::ops::function::Fn<(&'a std[10d71ac2c42b111e]::panic::PanicHookInfo<'b>,), Output = ()> + core[8fb95b77d25ab6c8]::marker::Sync + core[8fb95b77d25ab6c8]::marker::Send> as core[8fb95b77d25ab6c8]::ops::function::Fn<(&std[10d71ac2c42b111e]::panic::PanicHookInfo,)>>::call
[INFO] [stdout]                                at /rustc/b2282dd5646a57d570fc86fbe8df0e8826665ef6/library/alloc/src/boxed.rs:2289:9
[INFO] [stdout]   14:     0x57a2b1408ce2 - std[10d71ac2c42b111e]::panicking::panic_with_hook
[INFO] [stdout]                                at /rustc/b2282dd5646a57d570fc86fbe8df0e8826665ef6/library/std/src/panicking.rs:833:13
[INFO] [stdout]   15:     0x57a2b13eefc2 - std[10d71ac2c42b111e]::panicking::panic_handler::{closure#0}
[INFO] [stdout]                                at /rustc/b2282dd5646a57d570fc86fbe8df0e8826665ef6/library/std/src/panicking.rs:698:13
[INFO] [stdout]   16:     0x57a2b13e3a89 - std[10d71ac2c42b111e]::sys::backtrace::__rust_end_short_backtrace::<std[10d71ac2c42b111e]::panicking::panic_handler::{closure#0}, !>
[INFO] [stdout]                                at /rustc/b2282dd5646a57d570fc86fbe8df0e8826665ef6/library/std/src/sys/backtrace.rs:182:18
[INFO] [stdout]   17:     0x57a2b13eff8d - __rustc[3be9ba60078d4c86]::rust_begin_unwind
[INFO] [stdout]                                at /rustc/b2282dd5646a57d570fc86fbe8df0e8826665ef6/library/std/src/panicking.rs:689:5
[INFO] [stdout]   18:     0x57a2b142610c - core[8fb95b77d25ab6c8]::panicking::panic_fmt
[INFO] [stdout]                                at /rustc/b2282dd5646a57d570fc86fbe8df0e8826665ef6/library/core/src/panicking.rs:80:14
[INFO] [stdout]   19:     0x57a2b1425f93 - core[8fb95b77d25ab6c8]::panicking::assert_failed_inner
[INFO] [stdout]                                at /rustc/b2282dd5646a57d570fc86fbe8df0e8826665ef6/library/core/src/panicking.rs:439:17
[INFO] [stdout]   20:     0x57a2b1421a1d - core[8fb95b77d25ab6c8]::panicking::assert_failed::<usize, usize>
[INFO] [stdout]                                at /rustc/b2282dd5646a57d570fc86fbe8df0e8826665ef6/library/core/src/panicking.rs:394:5
[INFO] [stdout]   21:     0x57a2b12dc530 - integration_tests[d4f92f4789f5a1d4]::test_concurrent_request_limits::{closure#0}
[INFO] [stdout]                                at /opt/rustwide/workdir/tests/integration_tests.rs:113:5
[INFO] [stdout]   22:     0x57a2b12ddab2 - <core[8fb95b77d25ab6c8]::pin::Pin<&mut dyn core[8fb95b77d25ab6c8]::future::future::Future<Output = ()>> as core[8fb95b77d25ab6c8]::future::future::Future>::poll
[INFO] [stdout]                                at /rustc/b2282dd5646a57d570fc86fbe8df0e8826665ef6/library/core/src/future/future.rs:133:9
[INFO] [stdout]   23:     0x57a2b12ddb2d - <core[8fb95b77d25ab6c8]::pin::Pin<&mut core[8fb95b77d25ab6c8]::pin::Pin<&mut dyn core[8fb95b77d25ab6c8]::future::future::Future<Output = ()>>> as core[8fb95b77d25ab6c8]::future::future::Future>::poll
[INFO] [stdout]                                at /rustc/b2282dd5646a57d570fc86fbe8df0e8826665ef6/library/core/src/future/future.rs:133:9
[INFO] [stdout]   24:     0x57a2b12db26d - <tokio[d0487fa3360fd7a0]::runtime::scheduler::current_thread::CoreGuard>::block_on::<core[8fb95b77d25ab6c8]::pin::Pin<&mut core[8fb95b77d25ab6c8]::pin::Pin<&mut dyn core[8fb95b77d25ab6c8]::future::future::Future<Output = ()>>>>::{closure#0}::{closure#0}::{closure#0}
[INFO] [stdout]                                at /opt/rustwide/cargo-home/registry/src/index.crates.io-1949cf8c6b5b557f/tokio-1.47.1/src/runtime/scheduler/current_thread/mod.rs:742:70
[INFO] [stdout]   25:     0x57a2b12db16b - tokio[d0487fa3360fd7a0]::task::coop::with_budget::<core[8fb95b77d25ab6c8]::task::poll::Poll<()>, <tokio[d0487fa3360fd7a0]::runtime::scheduler::current_thread::CoreGuard>::block_on<core[8fb95b77d25ab6c8]::pin::Pin<&mut core[8fb95b77d25ab6c8]::pin::Pin<&mut dyn core[8fb95b77d25ab6c8]::future::future::Future<Output = ()>>>>::{closure#0}::{closure#0}::{closure#0}>
[INFO] [stdout]                                at /opt/rustwide/cargo-home/registry/src/index.crates.io-1949cf8c6b5b557f/tokio-1.47.1/src/task/coop/mod.rs:167:5
[INFO] [stdout]   26:     0x57a2b12db16b - tokio[d0487fa3360fd7a0]::task::coop::budget::<core[8fb95b77d25ab6c8]::task::poll::Poll<()>, <tokio[d0487fa3360fd7a0]::runtime::scheduler::current_thread::CoreGuard>::block_on<core[8fb95b77d25ab6c8]::pin::Pin<&mut core[8fb95b77d25ab6c8]::pin::Pin<&mut dyn core[8fb95b77d25ab6c8]::future::future::Future<Output = ()>>>>::{closure#0}::{closure#0}::{closure#0}>
[INFO] [stdout]                                at /opt/rustwide/cargo-home/registry/src/index.crates.io-1949cf8c6b5b557f/tokio-1.47.1/src/task/coop/mod.rs:133:5
[INFO] [stdout]   27:     0x57a2b12db16b - <tokio[d0487fa3360fd7a0]::runtime::scheduler::current_thread::CoreGuard>::block_on::<core[8fb95b77d25ab6c8]::pin::Pin<&mut core[8fb95b77d25ab6c8]::pin::Pin<&mut dyn core[8fb95b77d25ab6c8]::future::future::Future<Output = ()>>>>::{closure#0}::{closure#0}
[INFO] [stdout]                                at /opt/rustwide/cargo-home/registry/src/index.crates.io-1949cf8c6b5b557f/tokio-1.47.1/src/runtime/scheduler/current_thread/mod.rs:742:25
[INFO] [stdout]   28:     0x57a2b12d3b10 - <tokio[d0487fa3360fd7a0]::runtime::scheduler::current_thread::Context>::enter::<core[8fb95b77d25ab6c8]::task::poll::Poll<()>, <tokio[d0487fa3360fd7a0]::runtime::scheduler::current_thread::CoreGuard>::block_on<core[8fb95b77d25ab6c8]::pin::Pin<&mut core[8fb95b77d25ab6c8]::pin::Pin<&mut dyn core[8fb95b77d25ab6c8]::future::future::Future<Output = ()>>>>::{closure#0}::{closure#0}>
[INFO] [stdout]                                at /opt/rustwide/cargo-home/registry/src/index.crates.io-1949cf8c6b5b557f/tokio-1.47.1/src/runtime/scheduler/current_thread/mod.rs:432:19
[INFO] [stdout]   29:     0x57a2b12d970d - <tokio[d0487fa3360fd7a0]::runtime::scheduler::current_thread::CoreGuard>::block_on::<core[8fb95b77d25ab6c8]::pin::Pin<&mut core[8fb95b77d25ab6c8]::pin::Pin<&mut dyn core[8fb95b77d25ab6c8]::future::future::Future<Output = ()>>>>::{closure#0}
[INFO] [stdout]                                at /opt/rustwide/cargo-home/registry/src/index.crates.io-1949cf8c6b5b557f/tokio-1.47.1/src/runtime/scheduler/current_thread/mod.rs:741:44
[INFO] [stdout]   30:     0x57a2b12d8a04 - <tokio[d0487fa3360fd7a0]::runtime::scheduler::current_thread::CoreGuard>::enter::<<tokio[d0487fa3360fd7a0]::runtime::scheduler::current_thread::CoreGuard>::block_on<core[8fb95b77d25ab6c8]::pin::Pin<&mut core[8fb95b77d25ab6c8]::pin::Pin<&mut dyn core[8fb95b77d25ab6c8]::future::future::Future<Output = ()>>>>::{closure#0}, core[8fb95b77d25ab6c8]::option::Option<()>>::{closure#0}
[INFO] [stdout]                                at /opt/rustwide/cargo-home/registry/src/index.crates.io-1949cf8c6b5b557f/tokio-1.47.1/src/runtime/scheduler/current_thread/mod.rs:829:68
[INFO] [stdout]   31:     0x57a2b12d31db - <tokio[d0487fa3360fd7a0]::runtime::context::scoped::Scoped<tokio[d0487fa3360fd7a0]::runtime::scheduler::Context>>::set::<<tokio[d0487fa3360fd7a0]::runtime::scheduler::current_thread::CoreGuard>::enter<<tokio[d0487fa3360fd7a0]::runtime::scheduler::current_thread::CoreGuard>::block_on<core[8fb95b77d25ab6c8]::pin::Pin<&mut core[8fb95b77d25ab6c8]::pin::Pin<&mut dyn core[8fb95b77d25ab6c8]::future::future::Future<Output = ()>>>>::{closure#0}, core[8fb95b77d25ab6c8]::option::Option<()>>::{closure#0}, (alloc[a7ee25936407c584]::boxed::Box<tokio[d0487fa3360fd7a0]::runtime::scheduler::current_thread::Core>, core[8fb95b77d25ab6c8]::option::Option<()>)>
[INFO] [stdout]                                at /opt/rustwide/cargo-home/registry/src/index.crates.io-1949cf8c6b5b557f/tokio-1.47.1/src/runtime/context/scoped.rs:40:9
[INFO] [stdout]   32:     0x57a2b12da559 - tokio[d0487fa3360fd7a0]::runtime::context::set_scheduler::<(alloc[a7ee25936407c584]::boxed::Box<tokio[d0487fa3360fd7a0]::runtime::scheduler::current_thread::Core>, core[8fb95b77d25ab6c8]::option::Option<()>), <tokio[d0487fa3360fd7a0]::runtime::scheduler::current_thread::CoreGuard>::enter<<tokio[d0487fa3360fd7a0]::runtime::scheduler::current_thread::CoreGuard>::block_on<core[8fb95b77d25ab6c8]::pin::Pin<&mut core[8fb95b77d25ab6c8]::pin::Pin<&mut dyn core[8fb95b77d25ab6c8]::future::future::Future<Output = ()>>>>::{closure#0}, core[8fb95b77d25ab6c8]::option::Option<()>>::{closure#0}>::{closure#0}
[INFO] [stdout]                                at /opt/rustwide/cargo-home/registry/src/index.crates.io-1949cf8c6b5b557f/tokio-1.47.1/src/runtime/context.rs:176:38
[INFO] [stdout]   33:     0x57a2b12d4a92 - <std[10d71ac2c42b111e]::thread::local::LocalKey<tokio[d0487fa3360fd7a0]::runtime::context::Context>>::try_with::<tokio[d0487fa3360fd7a0]::runtime::context::set_scheduler<(alloc[a7ee25936407c584]::boxed::Box<tokio[d0487fa3360fd7a0]::runtime::scheduler::current_thread::Core>, core[8fb95b77d25ab6c8]::option::Option<()>), <tokio[d0487fa3360fd7a0]::runtime::scheduler::current_thread::CoreGuard>::enter<<tokio[d0487fa3360fd7a0]::runtime::scheduler::current_thread::CoreGuard>::block_on<core[8fb95b77d25ab6c8]::pin::Pin<&mut core[8fb95b77d25ab6c8]::pin::Pin<&mut dyn core[8fb95b77d25ab6c8]::future::future::Future<Output = ()>>>>::{closure#0}, core[8fb95b77d25ab6c8]::option::Option<()>>::{closure#0}>::{closure#0}, (alloc[a7ee25936407c584]::boxed::Box<tokio[d0487fa3360fd7a0]::runtime::scheduler::current_thread::Core>, core[8fb95b77d25ab6c8]::option::Option<()>)>
[INFO] [stdout]                                at /rustc/b2282dd5646a57d570fc86fbe8df0e8826665ef6/library/std/src/thread/local.rs:462:12
[INFO] [stdout]   34:     0x57a2b12d461e - <std[10d71ac2c42b111e]::thread::local::LocalKey<tokio[d0487fa3360fd7a0]::runtime::context::Context>>::with::<tokio[d0487fa3360fd7a0]::runtime::context::set_scheduler<(alloc[a7ee25936407c584]::boxed::Box<tokio[d0487fa3360fd7a0]::runtime::scheduler::current_thread::Core>, core[8fb95b77d25ab6c8]::option::Option<()>), <tokio[d0487fa3360fd7a0]::runtime::scheduler::current_thread::CoreGuard>::enter<<tokio[d0487fa3360fd7a0]::runtime::scheduler::current_thread::CoreGuard>::block_on<core[8fb95b77d25ab6c8]::pin::Pin<&mut core[8fb95b77d25ab6c8]::pin::Pin<&mut dyn core[8fb95b77d25ab6c8]::future::future::Future<Output = ()>>>>::{closure#0}, core[8fb95b77d25ab6c8]::option::Option<()>>::{closure#0}>::{closure#0}, (alloc[a7ee25936407c584]::boxed::Box<tokio[d0487fa3360fd7a0]::runtime::scheduler::current_thread::Core>, core[8fb95b77d25ab6c8]::option::Option<()>)>
[INFO] [stdout]                                at /rustc/b2282dd5646a57d570fc86fbe8df0e8826665ef6/library/std/src/thread/local.rs:426:20
[INFO] [stdout]   35:     0x57a2b12d784d - tokio[d0487fa3360fd7a0]::runtime::context::set_scheduler::<(alloc[a7ee25936407c584]::boxed::Box<tokio[d0487fa3360fd7a0]::runtime::scheduler::current_thread::Core>, core[8fb95b77d25ab6c8]::option::Option<()>), <tokio[d0487fa3360fd7a0]::runtime::scheduler::current_thread::CoreGuard>::enter<<tokio[d0487fa3360fd7a0]::runtime::scheduler::current_thread::CoreGuard>::block_on<core[8fb95b77d25ab6c8]::pin::Pin<&mut core[8fb95b77d25ab6c8]::pin::Pin<&mut dyn core[8fb95b77d25ab6c8]::future::future::Future<Output = ()>>>>::{closure#0}, core[8fb95b77d25ab6c8]::option::Option<()>>::{closure#0}>
[INFO] [stdout]                                at /opt/rustwide/cargo-home/registry/src/index.crates.io-1949cf8c6b5b557f/tokio-1.47.1/src/runtime/context.rs:176:17
[INFO] [stdout]   36:     0x57a2b12d6fb0 - <tokio[d0487fa3360fd7a0]::runtime::scheduler::current_thread::CoreGuard>::enter::<<tokio[d0487fa3360fd7a0]::runtime::scheduler::current_thread::CoreGuard>::block_on<core[8fb95b77d25ab6c8]::pin::Pin<&mut core[8fb95b77d25ab6c8]::pin::Pin<&mut dyn core[8fb95b77d25ab6c8]::future::future::Future<Output = ()>>>>::{closure#0}, core[8fb95b77d25ab6c8]::option::Option<()>>
[INFO] [stdout]                                at /opt/rustwide/cargo-home/registry/src/index.crates.io-1949cf8c6b5b557f/tokio-1.47.1/src/runtime/scheduler/current_thread/mod.rs:829:27
[INFO] [stdout]   37:     0x57a2b12d72a6 - <tokio[d0487fa3360fd7a0]::runtime::scheduler::current_thread::CoreGuard>::block_on::<core[8fb95b77d25ab6c8]::pin::Pin<&mut core[8fb95b77d25ab6c8]::pin::Pin<&mut dyn core[8fb95b77d25ab6c8]::future::future::Future<Output = ()>>>>
[INFO] [stdout]                                at /opt/rustwide/cargo-home/registry/src/index.crates.io-1949cf8c6b5b557f/tokio-1.47.1/src/runtime/scheduler/current_thread/mod.rs:729:24
[INFO] [stdout]   38:     0x57a2b12d8510 - <tokio[d0487fa3360fd7a0]::runtime::scheduler::current_thread::CurrentThread>::block_on::<core[8fb95b77d25ab6c8]::pin::Pin<&mut dyn core[8fb95b77d25ab6c8]::future::future::Future<Output = ()>>>::{closure#0}
[INFO] [stdout]                                at /opt/rustwide/cargo-home/registry/src/index.crates.io-1949cf8c6b5b557f/tokio-1.47.1/src/runtime/scheduler/current_thread/mod.rs:200:33
[INFO] [stdout]   39:     0x57a2b12d7e53 - tokio[d0487fa3360fd7a0]::runtime::context::runtime::enter_runtime::<<tokio[d0487fa3360fd7a0]::runtime::scheduler::current_thread::CurrentThread>::block_on<core[8fb95b77d25ab6c8]::pin::Pin<&mut dyn core[8fb95b77d25ab6c8]::future::future::Future<Output = ()>>>::{closure#0}, ()>
[INFO] [stdout]                                at /opt/rustwide/cargo-home/registry/src/index.crates.io-1949cf8c6b5b557f/tokio-1.47.1/src/runtime/context/runtime.rs:65:16
[INFO] [stdout]   40:     0x57a2b12d3641 - <tokio[d0487fa3360fd7a0]::runtime::scheduler::current_thread::CurrentThread>::block_on::<core[8fb95b77d25ab6c8]::pin::Pin<&mut dyn core[8fb95b77d25ab6c8]::future::future::Future<Output = ()>>>
[INFO] [stdout]                                at /opt/rustwide/cargo-home/registry/src/index.crates.io-1949cf8c6b5b557f/tokio-1.47.1/src/runtime/scheduler/current_thread/mod.rs:188:9
[INFO] [stdout]   41:     0x57a2b12d2d64 - <tokio[d0487fa3360fd7a0]::runtime::runtime::Runtime>::block_on_inner::<core[8fb95b77d25ab6c8]::pin::Pin<&mut dyn core[8fb95b77d25ab6c8]::future::future::Future<Output = ()>>>
[INFO] [stdout]                                at /opt/rustwide/cargo-home/registry/src/index.crates.io-1949cf8c6b5b557f/tokio-1.47.1/src/runtime/runtime.rs:356:52
[INFO] [stdout]   42:     0x57a2b12d2f2f - <tokio[d0487fa3360fd7a0]::runtime::runtime::Runtime>::block_on::<core[8fb95b77d25ab6c8]::pin::Pin<&mut dyn core[8fb95b77d25ab6c8]::future::future::Future<Output = ()>>>
[INFO] [stdout]                                at /opt/rustwide/cargo-home/registry/src/index.crates.io-1949cf8c6b5b557f/tokio-1.47.1/src/runtime/runtime.rs:330:18
[INFO] [stdout]   43:     0x57a2b12dcde7 - integration_tests[d4f92f4789f5a1d4]::test_concurrent_request_limits
[INFO] [stdout]                                at /opt/rustwide/workdir/tests/integration_tests.rs:117:49
[INFO] [stdout]   44:     0x57a2b12db357 - integration_tests[d4f92f4789f5a1d4]::test_concurrent_request_limits::{closure#0}
[INFO] [stdout]                                at /opt/rustwide/workdir/tests/integration_tests.rs:101:42
[INFO] [stdout]   45:     0x57a2b12ddd46 - <integration_tests[d4f92f4789f5a1d4]::test_concurrent_request_limits::{closure#0} as core[8fb95b77d25ab6c8]::ops::function::FnOnce<()>>::call_once
[INFO] [stdout]                                at /rustc/b2282dd5646a57d570fc86fbe8df0e8826665ef6/library/core/src/ops/function.rs:250:5
[INFO] [stdout]   46:     0x57a2b12dddeb - <fn() -> core[8fb95b77d25ab6c8]::result::Result<(), alloc[a7ee25936407c584]::string::String> as core[8fb95b77d25ab6c8]::ops::function::FnOnce<()>>::call_once
[INFO] [stdout]                                at /rustc/b2282dd5646a57d570fc86fbe8df0e8826665ef6/library/core/src/ops/function.rs:250:5
[INFO] [stdout]   47:     0x57a2b12dddeb - test[213991da798b1c03]::__rust_begin_short_backtrace::<core[8fb95b77d25ab6c8]::result::Result<(), alloc[a7ee25936407c584]::string::String>, fn() -> core[8fb95b77d25ab6c8]::result::Result<(), alloc[a7ee25936407c584]::string::String>>
[INFO] [stdout]                                at /rustc/b2282dd5646a57d570fc86fbe8df0e8826665ef6/library/test/src/lib.rs:724:18
[INFO] [stdout]   48:     0x57a2b12eb665 - test[213991da798b1c03]::run_test_in_process::{closure#0}
[INFO] [stdout]                                at /rustc/b2282dd5646a57d570fc86fbe8df0e8826665ef6/library/test/src/lib.rs:747:74
[INFO] [stdout]   49:     0x57a2b12eb665 - <core[8fb95b77d25ab6c8]::panic::unwind_safe::AssertUnwindSafe<test[213991da798b1c03]::run_test_in_process::{closure#0}> as core[8fb95b77d25ab6c8]::ops::function::FnOnce<()>>::call_once
[INFO] [stdout]                                at /rustc/b2282dd5646a57d570fc86fbe8df0e8826665ef6/library/core/src/panic/unwind_safe.rs:275:9
[INFO] [stdout]   50:     0x57a2b12eb665 - std[10d71ac2c42b111e]::panicking::catch_unwind::do_call::<core[8fb95b77d25ab6c8]::panic::unwind_safe::AssertUnwindSafe<test[213991da798b1c03]::run_test_in_process::{closure#0}>, core[8fb95b77d25ab6c8]::result::Result<(), alloc[a7ee25936407c584]::string::String>>
[INFO] [stdout]                                at /rustc/b2282dd5646a57d570fc86fbe8df0e8826665ef6/library/std/src/panicking.rs:581:40
[INFO] [stdout]   51:     0x57a2b12eb665 - std[10d71ac2c42b111e]::panicking::catch_unwind::<core[8fb95b77d25ab6c8]::result::Result<(), alloc[a7ee25936407c584]::string::String>, core[8fb95b77d25ab6c8]::panic::unwind_safe::AssertUnwindSafe<test[213991da798b1c03]::run_test_in_process::{closure#0}>>
[INFO] [stdout]                                at /rustc/b2282dd5646a57d570fc86fbe8df0e8826665ef6/library/std/src/panicking.rs:544:19
[INFO] [stdout]   52:     0x57a2b12eb665 - std[10d71ac2c42b111e]::panic::catch_unwind::<core[8fb95b77d25ab6c8]::panic::unwind_safe::AssertUnwindSafe<test[213991da798b1c03]::run_test_in_process::{closure#0}>, core[8fb95b77d25ab6c8]::result::Result<(), alloc[a7ee25936407c584]::string::String>>
[INFO] [stdout]                                at /rustc/b2282dd5646a57d570fc86fbe8df0e8826665ef6/library/std/src/panic.rs:359:14
[INFO] [stdout]   53:     0x57a2b12eb665 - test[213991da798b1c03]::run_test_in_process
[INFO] [stdout]                                at /rustc/b2282dd5646a57d570fc86fbe8df0e8826665ef6/library/test/src/lib.rs:747:27
[INFO] [stdout]   54:     0x57a2b12eb665 - test[213991da798b1c03]::run_test::{closure#0}
[INFO] [stdout]                                at /rustc/b2282dd5646a57d570fc86fbe8df0e8826665ef6/library/test/src/lib.rs:668:43
[INFO] [stdout]   55:     0x57a2b12e4f74 - test[213991da798b1c03]::run_test::{closure#1}
[INFO] [stdout]                                at /rustc/b2282dd5646a57d570fc86fbe8df0e8826665ef6/library/test/src/lib.rs:698:41
[INFO] [stdout]   56:     0x57a2b12e4f74 - std[10d71ac2c42b111e]::sys::backtrace::__rust_begin_short_backtrace::<test[213991da798b1c03]::run_test::{closure#1}, ()>
[INFO] [stdout]                                at /rustc/b2282dd5646a57d570fc86fbe8df0e8826665ef6/library/std/src/sys/backtrace.rs:166:18
[INFO] [stdout]   57:     0x57a2b12ee6e2 - std[10d71ac2c42b111e]::thread::lifecycle::spawn_unchecked::<test[213991da798b1c03]::run_test::{closure#1}, ()>::{closure#1}::{closure#0}
[INFO] [stdout]                                at /rustc/b2282dd5646a57d570fc86fbe8df0e8826665ef6/library/std/src/thread/lifecycle.rs:70:13
[INFO] [stdout]   58:     0x57a2b12ee6e2 - <core[8fb95b77d25ab6c8]::panic::unwind_safe::AssertUnwindSafe<std[10d71ac2c42b111e]::thread::lifecycle::spawn_unchecked<test[213991da798b1c03]::run_test::{closure#1}, ()>::{closure#1}::{closure#0}> as core[8fb95b77d25ab6c8]::ops::function::FnOnce<()>>::call_once
[INFO] [stdout]                                at /rustc/b2282dd5646a57d570fc86fbe8df0e8826665ef6/library/core/src/panic/unwind_safe.rs:275:9
[INFO] [stdout]   59:     0x57a2b12ee6e2 - std[10d71ac2c42b111e]::panicking::catch_unwind::do_call::<core[8fb95b77d25ab6c8]::panic::unwind_safe::AssertUnwindSafe<std[10d71ac2c42b111e]::thread::lifecycle::spawn_unchecked<test[213991da798b1c03]::run_test::{closure#1}, ()>::{closure#1}::{closure#0}>, ()>
[INFO] [stdout]                                at /rustc/b2282dd5646a57d570fc86fbe8df0e8826665ef6/library/std/src/panicking.rs:581:40
[INFO] [stdout]   60:     0x57a2b12ee6e2 - std[10d71ac2c42b111e]::panicking::catch_unwind::<(), core[8fb95b77d25ab6c8]::panic::unwind_safe::AssertUnwindSafe<std[10d71ac2c42b111e]::thread::lifecycle::spawn_unchecked<test[213991da798b1c03]::run_test::{closure#1}, ()>::{closure#1}::{closure#0}>>
[INFO] [stdout]                                at /rustc/b2282dd5646a57d570fc86fbe8df0e8826665ef6/library/std/src/panicking.rs:544:19
[INFO] [stdout]   61:     0x57a2b12ee6e2 - std[10d71ac2c42b111e]::panic::catch_unwind::<core[8fb95b77d25ab6c8]::panic::unwind_safe::AssertUnwindSafe<std[10d71ac2c42b111e]::thread::lifecycle::spawn_unchecked<test[213991da798b1c03]::run_test::{closure#1}, ()>::{closure#1}::{closure#0}>, ()>
[INFO] [stdout]                                at /rustc/b2282dd5646a57d570fc86fbe8df0e8826665ef6/library/std/src/panic.rs:359:14
[INFO] [stdout]   62:     0x57a2b12ee6e2 - std[10d71ac2c42b111e]::thread::lifecycle::spawn_unchecked::<test[213991da798b1c03]::run_test::{closure#1}, ()>::{closure#1}
[INFO] [stdout]                                at /rustc/b2282dd5646a57d570fc86fbe8df0e8826665ef6/library/std/src/thread/lifecycle.rs:68:26
[INFO] [stdout]   63:     0x57a2b12ee6e2 - <std[10d71ac2c42b111e]::thread::lifecycle::spawn_unchecked<test[213991da798b1c03]::run_test::{closure#1}, ()>::{closure#1} as core[8fb95b77d25ab6c8]::ops::function::FnOnce<()>>::call_once::{shim:vtable#0}
[INFO] [stdout]                                at /rustc/b2282dd5646a57d570fc86fbe8df0e8826665ef6/library/core/src/ops/function.rs:250:5
[INFO] [stdout]   64:     0x57a2b141025f - <alloc[a7ee25936407c584]::boxed::Box<dyn core[8fb95b77d25ab6c8]::ops::function::FnOnce<(), Output = ()> + core[8fb95b77d25ab6c8]::marker::Send> as core[8fb95b77d25ab6c8]::ops::function::FnOnce<()>>::call_once
[INFO] [stdout]                                at /rustc/b2282dd5646a57d570fc86fbe8df0e8826665ef6/library/alloc/src/boxed.rs:2275:9
[INFO] [stdout]   65:     0x57a2b141025f - <std[10d71ac2c42b111e]::sys::thread::unix::Thread>::new::thread_start
[INFO] [stdout]                                at /rustc/b2282dd5646a57d570fc86fbe8df0e8826665ef6/library/std/src/sys/thread/unix.rs:118:17
[INFO] [stdout]   66:     0x77ece9f4aaa4 - <unknown>
[INFO] [stdout]   67:     0x77ece9fd7a64 - clone
[INFO] [stdout]   68:                0x0 - <unknown>
[INFO] [stdout] 
[INFO] [stdout] 
[INFO] [stdout] failures:
[INFO] [stdout]     test_concurrent_request_limits
[INFO] [stdout] 
[INFO] [stdout] test result: FAILED. 4 passed; 1 failed; 0 ignored; 0 measured; 0 filtered out; finished in 0.08s
[INFO] [stdout] 
[INFO] [stderr] error: test failed, to rerun pass `--test integration_tests`
[INFO] running `Command { std: "docker" "inspect" "dbdd4f8aae2d0fbcb2954d54e121133c4eaedc308fe027795006fe25fe4d08dc", kill_on_drop: false }`
[INFO] running `Command { std: "docker" "rm" "-f" "dbdd4f8aae2d0fbcb2954d54e121133c4eaedc308fe027795006fe25fe4d08dc", kill_on_drop: false }`
[INFO] [stdout] dbdd4f8aae2d0fbcb2954d54e121133c4eaedc308fe027795006fe25fe4d08dc
