[INFO] cloning repository https://github.com/henryouly/tesla-apiscraper-rs
[INFO] running `Command { std: "git" "-c" "credential.helper=" "-c" "credential.helper=/workspace/cargo-home/bin/git-credential-null" "clone" "--bare" "https://github.com/henryouly/tesla-apiscraper-rs" "/workspace/cache/git-repos/https%3A%2F%2Fgithub.com%2Fhenryouly%2Ftesla-apiscraper-rs", kill_on_drop: false }`
[INFO] [stderr] Cloning into bare repository '/workspace/cache/git-repos/https%3A%2F%2Fgithub.com%2Fhenryouly%2Ftesla-apiscraper-rs'...
[INFO] running `Command { std: "git" "rev-parse" "HEAD", kill_on_drop: false }`
[INFO] [stdout] 12c3ebcc0489e6ad684bc735166a328a9810d372
[INFO] testing henryouly/tesla-apiscraper-rs against 1.97.0-beta.6 for beta-1.98-2
[INFO] running `Command { std: "git" "clone" "/workspace/cache/git-repos/https%3A%2F%2Fgithub.com%2Fhenryouly%2Ftesla-apiscraper-rs" "/workspace/builds/worker-4-tc1/source", kill_on_drop: false }`
[INFO] [stderr] Cloning into '/workspace/builds/worker-4-tc1/source'...
[INFO] [stderr] done.
[INFO] removed /workspace/builds/worker-4-tc1/source/rust-toolchain.toml
[INFO] started tweaking git repo https://github.com/henryouly/tesla-apiscraper-rs
[INFO] finished tweaking git repo https://github.com/henryouly/tesla-apiscraper-rs
[INFO] tweaked toml for git repo https://github.com/henryouly/tesla-apiscraper-rs written to /workspace/builds/worker-4-tc1/source/Cargo.toml
[INFO] validating manifest of git repo https://github.com/henryouly/tesla-apiscraper-rs on toolchain 1.97.0-beta.6
[INFO] running `Command { std: CARGO_HOME="/workspace/cargo-home" RUSTUP_HOME="/workspace/rustup-home" "/workspace/cargo-home/bin/cargo" "+1.97.0-beta.6" "metadata" "--manifest-path" "Cargo.toml" "--no-deps", kill_on_drop: false }`
[INFO] crate git repo https://github.com/henryouly/tesla-apiscraper-rs already has a lockfile, it will not be regenerated
[INFO] running `Command { std: CARGO_HOME="/workspace/cargo-home" RUSTUP_HOME="/workspace/rustup-home" "/workspace/cargo-home/bin/cargo" "+1.97.0-beta.6" "fetch" "--manifest-path" "Cargo.toml", kill_on_drop: false }`
[INFO] [stderr]     Updating crates.io index
[INFO] [stderr]  Downloading crates ...
[INFO] [stderr]   Downloaded wiremock v0.6.5
[INFO] [stderr]   Downloaded tracing-serde v0.2.0
[INFO] [stderr]   Downloaded deadpool v0.12.3
[INFO] [stderr]   Downloaded influxdb v0.7.2
[INFO] [stderr]   Downloaded influxdb_derive v0.5.1
[INFO] running `Command { std: "docker" "create" "-v" "/var/lib/crater-agent-workspace/builds/worker-4-tc1/source:/opt/rustwide/workdir:ro,Z" "-v" "/var/lib/crater-agent-workspace/builds/worker-4-tc1/target:/opt/rustwide/target:rw,Z" "-v" "/var/lib/crater-agent-workspace/cargo-home:/opt/rustwide/cargo-home:ro,Z" "-v" "/var/lib/crater-agent-workspace/rustup-home:/opt/rustwide/rustup-home:ro,Z" "-m" "1610612736" "--network" "none" "ghcr.io/rust-lang/crates-build-env/linux@sha256:3d5ced03c013a94a2f102a4510f48a6e9184255caf5fd8244f58017bde7f5210" "sleep" "infinity", kill_on_drop: false }`
[INFO] [stdout] 1767eaf5223ccb7c11e08bf354b4714e413981f96b77ac0ec4a8772b540ca4e6
[INFO] running `Command { std: "docker" "start" "1767eaf5223ccb7c11e08bf354b4714e413981f96b77ac0ec4a8772b540ca4e6", kill_on_drop: false }`
[INFO] running `Command { std: "docker" "inspect" "1767eaf5223ccb7c11e08bf354b4714e413981f96b77ac0ec4a8772b540ca4e6", kill_on_drop: false }`
[INFO] running `Command { std: "docker" "exec" "-e" "SOURCE_DIR=/opt/rustwide/workdir" "-e" "CARGO_HOME=/opt/rustwide/cargo-home" "-e" "RUSTUP_HOME=/opt/rustwide/rustup-home" "-e" "CARGO_TARGET_DIR=/opt/rustwide/target" "-w" "/opt/rustwide/workdir" "--user" "0:0" "1767eaf5223ccb7c11e08bf354b4714e413981f96b77ac0ec4a8772b540ca4e6" "/opt/rustwide/cargo-home/bin/cargo" "+1.97.0-beta.6" "metadata" "--no-deps" "--format-version=1", kill_on_drop: false }`
[INFO] running `Command { std: "docker" "inspect" "1767eaf5223ccb7c11e08bf354b4714e413981f96b77ac0ec4a8772b540ca4e6", kill_on_drop: false }`
[INFO] running `Command { std: "docker" "exec" "-e" "SOURCE_DIR=/opt/rustwide/workdir" "-e" "CARGO_HOME=/opt/rustwide/cargo-home" "-e" "RUSTUP_HOME=/opt/rustwide/rustup-home" "-e" "CARGO_TARGET_DIR=/opt/rustwide/target" "-e" "CARGO_INCREMENTAL=0" "-e" "RUST_BACKTRACE=full" "-e" "RUSTFLAGS=--cap-lints=warn" "-e" "RUSTDOCFLAGS=--cap-lints=warn" "-w" "/opt/rustwide/workdir" "--user" "0:0" "1767eaf5223ccb7c11e08bf354b4714e413981f96b77ac0ec4a8772b540ca4e6" "/opt/rustwide/cargo-home/bin/cargo" "+1.97.0-beta.6" "build" "--frozen" "--message-format=json", kill_on_drop: false }`
[INFO] [stderr]    Compiling mio v1.2.0
[INFO] [stderr]    Compiling socket2 v0.6.3
[INFO] [stderr]    Compiling typenum v1.20.0
[INFO] [stderr]    Compiling serde_core v1.0.228
[INFO] [stderr]    Compiling parking_lot_core v0.9.12
[INFO] [stderr]    Compiling ring v0.17.14
[INFO] [stderr]    Compiling signal-hook-registry v1.4.8
[INFO] [stderr]    Compiling zerofrom v0.1.8
[INFO] [stderr]    Compiling tracing v0.1.44
[INFO] [stderr]    Compiling futures-util v0.3.32
[INFO] [stderr]    Compiling rustls-pki-types v1.14.1
[INFO] [stderr]    Compiling futures-channel v0.3.32
[INFO] [stderr]    Compiling http v0.2.12
[INFO] [stderr]    Compiling serde_json v1.0.150
[INFO] [stderr]    Compiling zerocopy v0.8.48
[INFO] [stderr]    Compiling proc-macro2-diagnostics v0.10.1
[INFO] [stderr]    Compiling bitflags v2.11.1
[INFO] [stderr]    Compiling num-traits v0.2.19
[INFO] [stderr]    Compiling yoke v0.8.2
[INFO] [stderr]    Compiling socket2 v0.5.10
[INFO] [stderr]    Compiling thiserror-impl v1.0.69
[INFO] [stderr]    Compiling yansi v1.0.1
[INFO] [stderr]    Compiling zerovec v0.11.6
[INFO] [stderr]    Compiling parking_lot v0.12.5
[INFO] [stderr]    Compiling zerotrie v0.2.4
[INFO] [stderr]    Compiling rustix v1.1.4
[INFO] [stderr]    Compiling webpki-roots v1.0.7
[INFO] [stderr]    Compiling tokio v1.52.3
[INFO] [stderr]    Compiling uncased v0.9.10
[INFO] [stderr]    Compiling linux-raw-sys v0.12.1
[INFO] [stderr]    Compiling tinystr v0.8.3
[INFO] [stderr]    Compiling potential_utf v0.1.5
[INFO] [stderr]    Compiling pear_codegen v0.2.9
[INFO] [stderr]    Compiling getrandom v0.4.2
[INFO] [stderr]    Compiling http-body v0.4.6
[INFO] [stderr]    Compiling icu_collections v2.2.0
[INFO] [stderr]    Compiling figment v0.10.19
[INFO] [stderr]    Compiling icu_locale_core v2.2.0
[INFO] [stderr]    Compiling inlinable_string v0.1.15
[INFO] [stderr]    Compiling generic-array v0.14.7
[INFO] [stderr]    Compiling axum-core v0.5.6
[INFO] [stderr]    Compiling webpki-roots v0.26.11
[INFO] [stderr]    Compiling matchers v0.2.0
[INFO] [stderr]    Compiling regex v1.12.3
[INFO] [stderr]    Compiling influxdb_derive v0.5.1
[INFO] [stderr]    Compiling matchit v0.8.4
[INFO] [stderr]    Compiling pear v0.2.9
[INFO] [stderr]    Compiling thiserror v1.0.69
[INFO] [stderr]    Compiling crypto-common v0.1.7
[INFO] [stderr]    Compiling block-buffer v0.10.4
[INFO] [stderr]    Compiling inout v0.1.4
[INFO] [stderr]    Compiling universal-hash v0.5.1
[INFO] [stderr]    Compiling aead v0.5.2
[INFO] [stderr]    Compiling cipher v0.4.4
[INFO] [stderr]    Compiling digest v0.10.7
[INFO] [stderr]    Compiling polyval v0.6.2
[INFO] [stderr]    Compiling aes v0.8.4
[INFO] [stderr]    Compiling ctr v0.9.2
[INFO] [stderr]    Compiling ghash v0.5.1
[INFO] [stderr]    Compiling sha1 v0.10.6
[INFO] [stderr]    Compiling icu_provider v2.2.0
[INFO] [stderr]    Compiling aes-gcm v0.10.3
[INFO] [stderr]    Compiling icu_properties v2.2.0
[INFO] [stderr]    Compiling icu_normalizer v2.2.0
[INFO] [stderr]    Compiling rustls v0.23.40
[INFO] [stderr]    Compiling rustls v0.21.12
[INFO] [stderr]    Compiling tempfile v3.27.0
[INFO] [stderr]    Compiling serde v1.0.228
[INFO] [stderr]    Compiling serde_path_to_error v0.1.20
[INFO] [stderr]    Compiling serde_urlencoded v0.7.1
[INFO] [stderr]    Compiling chrono v0.4.44
[INFO] [stderr]    Compiling tracing-serde v0.2.0
[INFO] [stderr]    Compiling serde_yaml v0.9.34+deprecated
[INFO] [stderr]    Compiling idna_adapter v1.2.2
[INFO] [stderr]    Compiling idna v1.1.0
[INFO] [stderr]    Compiling rustls-webpki v0.103.13
[INFO] [stderr]    Compiling rustls-webpki v0.101.7
[INFO] [stderr]    Compiling sct v0.7.1
[INFO] [stderr]    Compiling tracing-subscriber v0.3.23
[INFO] [stderr]    Compiling url v2.5.8
[INFO] [stderr]    Compiling ppv-lite86 v0.2.21
[INFO] [stderr]    Compiling rand_chacha v0.3.1
[INFO] [stderr]    Compiling rand v0.8.6
[INFO] [stderr]    Compiling tokio-util v0.7.18
[INFO] [stderr]    Compiling hyper v1.9.0
[INFO] [stderr]    Compiling tower v0.5.3
[INFO] [stderr]    Compiling tokio-rustls v0.24.1
[INFO] [stderr]    Compiling tower-http v0.6.11
[INFO] [stderr]    Compiling h2 v0.3.27
[INFO] [stderr]    Compiling tokio-rustls v0.26.4
[INFO] [stderr]    Compiling tungstenite v0.24.0
[INFO] [stderr]    Compiling hyper-util v0.1.20
[INFO] [stderr]    Compiling tokio-tungstenite v0.24.0
[INFO] [stderr]    Compiling hyper-rustls v0.27.9
[INFO] [stderr]    Compiling axum v0.8.9
[INFO] [stderr]    Compiling reqwest v0.12.28
[INFO] [stderr]    Compiling hyper v0.14.32
[INFO] [stderr]    Compiling hyper-rustls v0.24.2
[INFO] [stderr]    Compiling reqwest v0.11.27
[INFO] [stderr]    Compiling influxdb v0.7.2
[INFO] [stderr]    Compiling tesla-apiscraper-rs v0.1.0 (/opt/rustwide/workdir)
[INFO] [stderr]     Finished `dev` profile [unoptimized + debuginfo] target(s) in 1m 16s
[INFO] [stderr] warning: the following packages contain code that will be rejected by a future version of Rust: influxdb v0.7.2
[INFO] [stderr] note: to see what the problems were, use the option `--future-incompat-report`, or run `cargo report future-incompatibilities --id 3`
[INFO] running `Command { std: "docker" "inspect" "1767eaf5223ccb7c11e08bf354b4714e413981f96b77ac0ec4a8772b540ca4e6", kill_on_drop: false }`
[INFO] running `Command { std: "docker" "exec" "-e" "SOURCE_DIR=/opt/rustwide/workdir" "-e" "CARGO_HOME=/opt/rustwide/cargo-home" "-e" "RUSTUP_HOME=/opt/rustwide/rustup-home" "-e" "CARGO_TARGET_DIR=/opt/rustwide/target" "-e" "CARGO_INCREMENTAL=0" "-e" "RUST_BACKTRACE=full" "-e" "RUSTFLAGS=--cap-lints=warn" "-e" "RUSTDOCFLAGS=--cap-lints=warn" "-w" "/opt/rustwide/workdir" "--user" "0:0" "1767eaf5223ccb7c11e08bf354b4714e413981f96b77ac0ec4a8772b540ca4e6" "/opt/rustwide/cargo-home/bin/cargo" "+1.97.0-beta.6" "test" "--frozen" "--no-run" "--message-format=json", kill_on_drop: false }`
[INFO] [stderr]    Compiling tokio v1.52.3
[INFO] [stderr]    Compiling num_cpus v1.17.0
[INFO] [stderr]    Compiling deadpool-runtime v0.1.4
[INFO] [stderr]    Compiling assert-json-diff v2.0.2
[INFO] [stderr]    Compiling tokio-util v0.7.18
[INFO] [stderr]    Compiling tokio-rustls v0.26.4
[INFO] [stderr]    Compiling tower v0.5.3
[INFO] [stderr]    Compiling tokio-rustls v0.24.1
[INFO] [stderr]    Compiling deadpool v0.12.3
[INFO] [stderr]    Compiling tokio-tungstenite v0.24.0
[INFO] [stderr]    Compiling tower-http v0.6.11
[INFO] [stderr]    Compiling h2 v0.4.14
[INFO] [stderr]    Compiling h2 v0.3.27
[INFO] [stderr]    Compiling hyper v0.14.32
[INFO] [stderr]    Compiling hyper v1.9.0
[INFO] [stderr]    Compiling hyper-util v0.1.20
[INFO] [stderr]    Compiling hyper-rustls v0.27.9
[INFO] [stderr]    Compiling wiremock v0.6.5
[INFO] [stderr]    Compiling axum v0.8.9
[INFO] [stderr]    Compiling reqwest v0.12.28
[INFO] [stderr]    Compiling hyper-rustls v0.24.2
[INFO] [stderr]    Compiling reqwest v0.11.27
[INFO] [stderr]    Compiling influxdb v0.7.2
[INFO] [stderr]    Compiling tesla-apiscraper-rs v0.1.0 (/opt/rustwide/workdir)
[INFO] [stderr]     Finished `test` profile [unoptimized + debuginfo] target(s) in 48.09s
[INFO] [stderr] warning: the following packages contain code that will be rejected by a future version of Rust: influxdb v0.7.2
[INFO] [stderr] note: to see what the problems were, use the option `--future-incompat-report`, or run `cargo report future-incompatibilities --id 3`
[INFO] running `Command { std: "docker" "inspect" "1767eaf5223ccb7c11e08bf354b4714e413981f96b77ac0ec4a8772b540ca4e6", kill_on_drop: false }`
[INFO] running `Command { std: "docker" "exec" "-e" "SOURCE_DIR=/opt/rustwide/workdir" "-e" "CARGO_HOME=/opt/rustwide/cargo-home" "-e" "RUSTUP_HOME=/opt/rustwide/rustup-home" "-e" "CARGO_TARGET_DIR=/opt/rustwide/target" "-e" "CARGO_INCREMENTAL=0" "-e" "RUST_BACKTRACE=full" "-e" "RUSTFLAGS=--cap-lints=warn" "-e" "RUSTDOCFLAGS=--cap-lints=warn" "-w" "/opt/rustwide/workdir" "--user" "0:0" "1767eaf5223ccb7c11e08bf354b4714e413981f96b77ac0ec4a8772b540ca4e6" "/opt/rustwide/cargo-home/bin/cargo" "+1.97.0-beta.6" "test" "--frozen", kill_on_drop: false }`
[INFO] [stderr]     Finished `test` profile [unoptimized + debuginfo] target(s) in 0.45s
[INFO] [stderr] warning: the following packages contain code that will be rejected by a future version of Rust: influxdb v0.7.2
[INFO] [stdout] 
[INFO] [stderr] note: to see what the problems were, use the option `--future-incompat-report`, or run `cargo report future-incompatibilities --id 3`
[INFO] [stdout] running 208 tests
[INFO] [stderr]      Running unittests src/main.rs (/opt/rustwide/target/debug/deps/tesla_apiscraper_rs-8d31201feee4229a)
[INFO] [stdout] test api::tests::health_with_trailing_slash_not_found ... ok
[INFO] [stdout] test api::tests::health_returns_200 ... ok
[INFO] [stdout] test api::auth::tests::sign_in_returns_422_on_empty_body ... ok
[INFO] [stdout] test api::auth::tests::sign_in_returns_422_on_missing_fields ... ok
[INFO] [stdout] test api::tests::options_request_returns_cors_headers ... ok
[INFO] [stdout] test api::auth::tests::refresh_returns_422_on_unexpected_fields ... ok
[INFO] [stdout] test api::auth::tests::sign_in_returns_502_on_upstream_error ... ok
[INFO] [stdout] test api::auth::tests::refresh_returns_400_on_invalid_grant ... ok
[INFO] [stdout] test api::tests::health_under_subpath_not_found ... ok
[INFO] [stdout] test api::tests::vehicles_with_trailing_slash_not_found ... ok
[INFO] [stdout] test api::tests::vehicles_subpath_not_found ... ok
[INFO] [stdout] test api::auth::tests::refresh_returns_422_on_empty_body ... ok
[INFO] [stdout] test api::auth::tests::sign_in_returns_400_on_invalid_grant ... ok
[INFO] [stdout] test api::tests::vehicles_returns_200_empty ... ok
[INFO] [stdout] test api::tests::vehicles_returns_all_fields ... ok
[INFO] [stdout] test api::tests::unknown_route_returns_404 ... ok
[INFO] [stdout] test api::vehicles::tests::list_vehicles_empty ... ok
[INFO] [stdout] test api::auth::tests::sign_in_persists_encrypted_tokens ... ok
[INFO] [stdout] test config::tests::all_errors_reported_at_once ... ok
[INFO] [stdout] test config::tests::encryption_key_rejects_invalid_hex ... ok
[INFO] [stdout] test config::tests::config_dir_defaults_to_config ... ok
[INFO] [stdout] test config::tests::encryption_key_must_be_64_hex_chars ... ok
[INFO] [stdout] test api::vehicles::tests::list_vehicles_with_data ... ok
[INFO] [stdout] test config::tests::hex_validation_rejects_short ... ok
[INFO] [stdout] test config::tests::hex_validation_accepts_correct ... ok
[INFO] [stdout] test config::tests::hex_validation_rejects_non_hex ... ok
[INFO] [stdout] test config::tests::poll_interval_zero_rejected ... ok
[INFO] [stdout] test config::tests::mqtt_host_empty_rejected ... ok
[INFO] [stdout] test config::tests::requires_data_encryption_key ... ok
[INFO] [stdout] test config::tests::requires_influxdb_url ... ok
[INFO] [stdout] test config::tests::influxdb_url_must_have_scheme ... ok
[INFO] [stdout] test config::tests::influxdb_url_accepts_https ... ok
[INFO] [stdout] test api::vehicles::tests::vehicle_state_unknown_vin ... ok
[INFO] [stdout] test config::tests::listen_addr_format ... ok
[INFO] [stdout] test config::tests::valid_config_passes ... ok
[INFO] [stdout] test config::tests::tesla_api_client_id_defaults_to_ownerapi ... ok
[INFO] [stdout] test config_yaml::tests::car_settings_default_values ... ok
[INFO] [stdout] test config::tests::tesla_api_url_defaults_to_owner_api ... ok
[INFO] [stdout] test config::tests::valid_grafana_url_passes ... ok
[INFO] [stdout] test config::tests::valid_mqtt_host_passes ... ok
[INFO] [stdout] test config::tests::port_zero_rejected ... ok
[INFO] [stdout] test config::tests::requires_influxdb_token ... ok
[INFO] [stdout] test config_yaml::tests::geofences_empty_yaml_list ... ok
[INFO] [stdout] test config_yaml::tests::global_settings_default_values ... ok
[INFO] [stdout] test config::tests::requires_tesla_api_client_id ... ok
[INFO] [stdout] test api::auth::tests::sign_in_returns_200_with_valid_tokens ... ok
[INFO] [stdout] test config_yaml::tests::decrypt_tokens_returns_none_when_missing ... ok
[INFO] [stdout] test api::auth::tests::refresh_returns_200_with_valid_token ... ok
[INFO] [stdout] test config_yaml::tests::billing_minimal_fields ... ok
[INFO] [stdout] test config_yaml::tests::load_geofences_creates_default ... ok
[INFO] [stdout] test api::tests::ready_returns_503_when_db_unreachable ... ok
[INFO] [stdout] test config_yaml::tests::empty_file_uses_defaults ... ok
[INFO] [stdout] test config_yaml::tests::decrypt_tokens_returns_original ... ok
[INFO] [stdout] test elevation::tests::parse_missing_elevation ... ok
[INFO] [stdout] test config_yaml::tests::clear_tokens_removes_file_and_state ... ok
[INFO] [stdout] test config_yaml::tests::invalid_yaml_returns_error ... ok
[INFO] [stdout] test elevation::tests::parse_valid_response ... ok
[INFO] [stdout] test elevation::tests::parse_no_data_response ... ok
[INFO] [stdout] test config_yaml::tests::load_geofences_roundtrip ... ok
[INFO] [stdout] test config_yaml::tests::load_settings_with_car_overrides ... ok
[INFO] [stdout] test config_yaml::tests::tokens_returns_none_when_missing ... ok
[INFO] [stdout] test config_yaml::tests::geofences_with_unicode_names ... ok
[INFO] [stdout] test config_yaml::tests::save_and_reload_geofences ... ok
[INFO] [stdout] test config_yaml::tests::decrypt_tokens_wrong_key_fails ... ok
[INFO] [stdout] test encryption::tests::decrypt_garbage_input_fails ... ok
[INFO] [stdout] test config_yaml::tests::geofences_with_negative_coordinates ... ok
[INFO] [stdout] test config_yaml::tests::set_encrypted_tokens_writes_tokens_yml ... ok
[INFO] [stdout] test config_yaml::tests::tokens_roundtrip ... ok
[INFO] [stdout] test elevation::tests::returns_elevation_from_api ... ok
[INFO] [stdout] test config_yaml::tests::save_settings_roundtrip ... ok
[INFO] [stdout] test encryption::tests::decrypt_too_short_fails ... ok
[INFO] [stdout] test encryption::tests::hex_to_key_valid ... ok
[INFO] [stdout] test encryption::tests::hex_to_key_invalid ... ok
[INFO] [stdout] test encryption::tests::hex_to_key_wrong_length ... ok
[INFO] [stdout] test geocode::tests::cache_hit_skips_http ... ok
[INFO] [stdout] test encryption::tests::decrypt_wrong_key_fails ... ok
[INFO] [stdout] test encryption::tests::encrypt_decrypt_roundtrip ... ok
[INFO] [stdout] test encryption::tests::encrypt_produces_different_output_each_time ... ok
[INFO] [stdout] test geocode::tests::parse_valid_response ... ok
[INFO] [stdout] test geocode::tests::parse_empty_display_name ... ok
[INFO] [stdout] test elevation::tests::returns_error_on_server_error ... ok
[INFO] [stdout] test influxdb::tests::drive_start_has_required_fields ... ok
[INFO] [stdout] test influxdb::tests::charging_session_serializes ... ok
[INFO] [stdout] test influxdb::tests::ensure_database_already_exists ... ok
[INFO] [stdout] test influxdb::tests::charge_reading_serializes ... ok
[INFO] [stdout] test influxdb::tests::ensure_database_failure ... ok
[INFO] [stdout] test influxdb::tests::position_all_fields_and_tags ... ok
[INFO] [stdout] test config::tests::empty_grafana_url_rejected ... ok
[INFO] [stdout] test config::tests::grafana_url_needs_scheme ... ok
[INFO] [stdout] test geocode::tests::returns_address_from_api ... ok
[INFO] [stdout] test geocode::tests::returns_error_on_server_error ... ok
[INFO] [stdout] test influxdb::tests::ensure_database_success ... ok
[INFO] [stdout] test influxdb::tests::ping_success ... ok
[INFO] [stdout] test geocode::tests::returns_none_on_empty_response ... ok
[INFO] [stdout] test influxdb::tests::ping_failure ... ok
[INFO] [stdout] test influxdb::tests::position_null_coords_serializes ... ok
[INFO] [stdout] test influxdb::tests::position_optional_fields_omitted_when_none ... ok
[INFO] [stdout] test influxdb::tests::write_query_helper_creates_valid_query ... ok
[INFO] [stdout] test influxdb::tests::update_serializes ... ok
[INFO] [stdout] test streaming::tests::handle_subscribe_invalid_token ... ok
[INFO] [stdout] test streaming::tests::handle_subscribe_unknown_error ... ok
[INFO] [stdout] test streaming::tests::handle_subscribe_success ... ok
[INFO] [stdout] test streaming::tests::parse_full_csv_line ... ok
[INFO] [stdout] test streaming::tests::parse_invalid_timestamp ... ok
[INFO] [stdout] test streaming::tests::parse_negative_power ... ok
[INFO] [stdout] test streaming::tests::parse_partial_csv_line ... ok
[INFO] [stdout] test streaming::tests::parse_partial_with_some_fields ... ok
[INFO] [stdout] test streaming::tests::parse_wrong_field_count ... ok
[INFO] [stdout] test streaming::tests::handle_subscribe_missing_msg_type ... ok
[INFO] [stdout] test tesla_api::tests::list_products_401_error ... ok
[INFO] [stdout] test tesla_api::tests::fetch_vehicle_data_500_error ... ok
[INFO] [stdout] test streaming::tests::handle_subscribe_invalid_json ... ok
[INFO] [stdout] test streaming::tests::handle_subscribe_vehicle_offline ... ok
[INFO] [stdout] test tesla_api::tests::fetch_vehicle_data_401_error ... ok
[INFO] [stdout] test streaming::tests::parse_empty_line ... ok
[INFO] [stdout] test influxdb::tests::vehicle_state_serializes ... ok
[INFO] [stdout] test influxdb::tests::write_lp_success ... ok
[INFO] [stdout] test tesla_api::tests::list_products_500_error ... ok
[INFO] [stdout] test tesla_auth::tests::decode_region_eu ... ok
[INFO] [stdout] test tesla_auth::tests::decode_region_na ... ok
[INFO] [stdout] test influxdb::tests::write_lp_server_error ... ok
[INFO] [stdout] test tesla_auth::tests::decode_region_cn ... ok
[INFO] [stdout] test tesla_api::tests::fetch_vehicle_data_asleep ... ok
[INFO] [stdout] test tesla_auth::tests::decode_region_defaults_to_global ... ok
[INFO] [stdout] test tesla_api::tests::fetch_vehicle_data_null_sub_objects ... ok
[INFO] [stdout] test tesla_auth::tests::decode_region_unknown_aud_uses_default ... ok
[INFO] [stdout] test tesla_auth::tests::decode_region_invalid_base64 ... ok
[INFO] [stdout] test tesla_auth::tests::decode_region_invalid_jwt ... ok
[INFO] [stdout] test tesla_api::tests::list_products_returns_empty_when_no_vehicles ... ok
[INFO] [stdout] test tesla_api::tests::list_products_multiple_vehicles ... ok
[INFO] [stdout] test tesla_api::tests::fetch_vehicle_data_success ... ok
[INFO] [stdout] test vehicles::session::tests::calculate_cost_per_minute ... ok
[INFO] [stdout] test vehicles::session::tests::calculate_cost_zero_energy ... ok
[INFO] [stdout] test vehicles::session::tests::calculate_cost_per_kwh ... ok
[INFO] [stdout] test vehicles::session::tests::calculate_cost_with_session_fee ... ok
[INFO] [stdout] test tesla_api::tests::list_products_success ... ok
[INFO] [stdout] test vehicles::session::tests::matching_geofence_empty_list ... ok
[INFO] [stdout] test vehicles::session::tests::matching_geofence_inside_radius ... ok
[INFO] [stdout] test vehicles::session::tests::matching_geofence_returns_first_match ... ok
[INFO] [stdout] test vehicles::session::tests::haversine_distance_zero ... ok
[INFO] [stdout] test tesla_auth::tests::refresh_tokens_success ... ok
[INFO] [stdout] test vehicles::session::tests::haversine_distance_known ... ok
[INFO] [stdout] test vehicles::session::tests::matching_geofence_at_center ... ok
[INFO] [stdout] test vehicles::state::tests::asleep_only_to_online_or_suspended_or_error ... ok
[INFO] [stdout] test vehicles::state::tests::charging_transitions ... ok
[INFO] [stdout] test tesla_auth::tests::refresh_tokens_upstream_error ... ok
[INFO] [stdout] test tesla_auth::tests::refresh_tokens_invalid_grant ... ok
[INFO] [stdout] test vehicles::state::tests::any_state_can_error ... ok
[INFO] [stdout] test vehicles::state::tests::driving_returns_to_online ... ok
[INFO] [stdout] test vehicles::state::tests::error_to_online_or_suspended ... ok
[INFO] [stdout] test vehicles::state::tests::invalid_transitions_are_rejected ... ok
[INFO] [stdout] test vehicles::state::tests::offline_only_to_online_or_suspended_or_error ... ok
[INFO] [stdout] test vehicles::state::tests::online_driving_charging_updating_asleep_offline ... ok
[INFO] [stdout] test vehicles::state::tests::serializes_as_string ... ok
[INFO] [stdout] test vehicles::state::tests::start_to_online ... ok
[INFO] [stdout] test vehicles::state::tests::start_to_suspended ... ok
[INFO] [stdout] test vehicles::state::tests::suspended_only_to_online_or_error ... ok
[INFO] [stdout] test vehicles::state::tests::updating_only_to_online_or_suspended_or_error ... ok
[INFO] [stdout] test tesla_auth::tests::sign_in_success ... ok
[INFO] [stdout] test tesla_auth::tests::sign_in_invalid_refresh_token ... ok
[INFO] [stdout] test vehicles::session::tests::matching_geofence_outside_radius ... ok
[INFO] [stdout] test vehicles::session::tests::haversine_distance_long ... ok
[INFO] [stdout] test config_yaml::tests::load_settings_creates_default ... ok
[INFO] [stdout] test streaming::tests::handle_subscribe_token_expired ... ok
[INFO] [stdout] test tesla_api::tests::fetch_vehicle_data_no_drive_state_returns_none ... ok
[INFO] [stdout] test vehicles::tests::auto_suspend_skipped_when_dog_mode ... ok
[INFO] [stdout] test vehicles::tests::auto_suspend_skipped_when_power_usage ... ok
[INFO] [stdout] test vehicles::tests::auto_suspend_skipped_when_preconditioning ... ok
[INFO] [stdout] test vehicles::tests::auto_suspend_after_idle ... ok
[INFO] [stdout] test vehicles::tests::auto_suspend_skipped_when_sentry_active ... ok
[INFO] [stdout] test vehicles::tests::auto_suspend_skipped_when_doors_open ... ok
[INFO] [stdout] test vehicles::tests::http_suspend_unknown_vin_returns_404 ... ok
[INFO] [stdout] test vehicles::tests::new_supervisor_is_empty ... ok
[INFO] [stdout] test vehicles::tests::charge_starts_when_charging ... ok
[INFO] [stdout] test vehicles::tests::charge_writes_reading_every_tick ... ok
[INFO] [stdout] test vehicles::tests::http_resume_unknown_vin_returns_404 ... ok
[INFO] [stdout] test vehicles::tests::charge_close_with_session_fee ... ok
[INFO] [stdout] test vehicles::tests::charge_close_with_geofence ... ok
[INFO] [stdout] test vehicles::tests::charge_close_with_cost_per_minute ... ok
[INFO] [stdout] test vehicles::tests::charge_close_with_cost_per_kwh ... ok
[INFO] [stdout] test vehicles::tests::charge_close_missing_end_coords ... ok
[INFO] [stdout] test vehicles::tests::send_cmd_to_unknown_vin_returns_false ... ok
[INFO] [stdout] test vehicles::tests::drive_starts_when_driving ... ok
[INFO] [stdout] test vehicles::tests::charge_close_without_geofence ... ok
[INFO] [stdout] test vehicles::tests::no_charge_writes_when_disconnected ... ok
[INFO] [stdout] test vehicles::tests::no_drive_writes_when_parked ... ok
[INFO] [stdout] test vehicles::tests::spawn_all_skips_existing ... ok
[INFO] [stdout] test vehicles::tests::no_update_when_no_software_update ... ok
[INFO] [stdout] test vehicles::tests::spawn_one_then_remove ... ok
[INFO] [stdout] test vehicles::tests::poll_position_includes_all_fields ... ok
[INFO] [stdout] test vehicles::tests::http_suspend_resume_endpoints ... ok
[INFO] [stdout] test vehicles::tests::state_tracks_suspend_resume ... ok
[INFO] [stdout] test vehicles::tests::poll_retries_after_write_failure ... ok
[INFO] [stdout] test vehicles::tests::drive_close_with_geofence ... ok
[INFO] [stdout] test vehicles::tests::drive_close_without_geofence ... ok
[INFO] [stdout] test vehicles::tests::poll_transitions_to_asleep ... ok
[INFO] [stdout] test vehicles::tests::poll_writes_position_on_tick ... ok
[INFO] [stdout] test vehicles::tests::update_finalizes_when_driving_detected ... ok
[INFO] [stdout] test vehicles::tests::update_finalizes_when_vehicle_state_absent_software_update ... ok
[INFO] [stdout] test vehicles::tests::update_cannot_suspend ... ok
[INFO] [stdout] test vehicles::tests::poll_skips_unchanged_position ... ok
[INFO] [stdout] test vehicles::tests::update_keeps_state_when_software_update_absent ... ok
[INFO] [stdout] test vehicles::tests::update_starts_when_installing ... ok
[INFO] [stdout] test vehicles::tests::update_cancelled_when_available ... ok
[INFO] [stdout] test vehicles::tests::update_completes_when_installed ... ok
[INFO] [stdout] test vehicles::tests::charge_ends_with_aggregated_write ... FAILED
[INFO] [stdout] test vehicles::tests::update_survives_offline_resume ... ok
[INFO] [stdout] test tesla_auth::tests::refresh_tokens_retries_on_5xx ... ok
[INFO] [stdout] 
[INFO] [stdout] failures:
[INFO] [stdout] 
[INFO] [stdout] ---- vehicles::tests::charge_ends_with_aggregated_write stdout ----
[INFO] [stdout] 
[INFO] [stdout] thread 'vehicles::tests::charge_ends_with_aggregated_write' (2181) panicked at /opt/rustwide/cargo-home/registry/src/index.crates.io-1949cf8c6b5b557f/wiremock-0.6.5/src/mock_server/exposed_server.rs:367:17:
[INFO] [stdout] Verifications failed:
[INFO] [stdout] - Mock #2.
[INFO] [stdout] 	Expected range of matching incoming requests: == 1
[INFO] [stdout] 	Number of matched incoming requests: 0
[INFO] [stdout] 
[INFO] [stdout] Received requests:
[INFO] [stdout] - Request #1
[INFO] [stdout] 	POST http://localhost/api/v3/write_lp?db=test&precision=s
[INFO] [stdout] content-type: text/plain; charset=utf-8
[INFO] [stdout] accept: */*
[INFO] [stdout] authorization: Bearer none
[INFO] [stdout] host: 127.0.0.1:40697
[INFO] [stdout] content-length: 188
[INFO] [stdout] charging_sessions,vin=ENDCHRG01,charge_id=ENDCHRG01_1783998927 start_lat=37.8,start_lng=-122.4,start_range=160,start_rated_range=130,start_battery_level=50i,connector_type="CCS" 1783998927
[INFO] [stdout] - Request #2
[INFO] [stdout] 	POST http://localhost/api/v3/write_lp?db=test&precision=s
[INFO] [stdout] content-type: text/plain; charset=utf-8
[INFO] [stdout] accept: */*
[INFO] [stdout] authorization: Bearer none
[INFO] [stdout] host: 127.0.0.1:40697
[INFO] [stdout] content-length: 204
[INFO] [stdout] positions,vin=ENDCHRG01,car_id=2300 latitude=37.8,longitude=-122.4,power=0i,odometer=73000,battery_level=50i,rated_battery_range_km=130,outside_temp=20,inside_temp=22,ideal_battery_range_km=160 1700000700
[INFO] [stdout] - Request #3
[INFO] [stdout] 	POST http://localhost/api/v3/write_lp?db=test&precision=s
[INFO] [stdout] content-type: text/plain; charset=utf-8
[INFO] [stdout] accept: */*
[INFO] [stdout] authorization: Bearer none
[INFO] [stdout] host: 127.0.0.1:40697
[INFO] [stdout] content-length: 314
[INFO] [stdout] charge_readings,vin=ENDCHRG01,charge_id=ENDCHRG01_1783998927 voltage=230,current=32,power=22080,phases=3i,energy_added=2,battery_level=55i,battery_range=145,charger_power=7000i,charger_voltage=230i,charger_phases=3i,outside_temp=20,conn_charge_cable="CCS",ideal_battery_range=175,rated_battery_range=145 1783998927
[INFO] [stdout] 
[INFO] [stdout] stack backtrace:
[INFO] [stdout]    0:     0x6070b247a438 - std[10d71ac2c42b111e]::backtrace_rs::backtrace::libunwind::trace
[INFO] [stdout]                                at /rustc/b2282dd5646a57d570fc86fbe8df0e8826665ef6/library/std/src/../../backtrace/src/backtrace/libunwind.rs:117:9
[INFO] [stdout]    1:     0x6070b247a438 - std[10d71ac2c42b111e]::backtrace_rs::backtrace::trace_unsynchronized::<std[10d71ac2c42b111e]::sys::backtrace::_print_fmt::{closure#1}>
[INFO] [stdout]                                at /rustc/b2282dd5646a57d570fc86fbe8df0e8826665ef6/library/std/src/../../backtrace/src/backtrace/mod.rs:66:14
[INFO] [stdout]    2:     0x6070b247a438 - std[10d71ac2c42b111e]::sys::backtrace::_print_fmt
[INFO] [stdout]                                at /rustc/b2282dd5646a57d570fc86fbe8df0e8826665ef6/library/std/src/sys/backtrace.rs:74:9
[INFO] [stdout]    3:     0x6070b247a438 - <<std[10d71ac2c42b111e]::sys::backtrace::BacktraceLock>::print::DisplayBacktrace as core[8fb95b77d25ab6c8]::fmt::Display>::fmt
[INFO] [stdout]                                at /rustc/b2282dd5646a57d570fc86fbe8df0e8826665ef6/library/std/src/sys/backtrace.rs:44:26
[INFO] [stdout]    4:     0x6070b24923da - <core[8fb95b77d25ab6c8]::fmt::rt::Argument>::fmt
[INFO] [stdout]                                at /rustc/b2282dd5646a57d570fc86fbe8df0e8826665ef6/library/core/src/fmt/rt.rs:152:76
[INFO] [stdout]    5:     0x6070b24923da - core[8fb95b77d25ab6c8]::fmt::write
[INFO] [stdout]    6:     0x6070b247fc92 - std[10d71ac2c42b111e]::io::default_write_fmt::<alloc[a7ee25936407c584]::vec::Vec<u8>>
[INFO] [stdout]                                at /rustc/b2282dd5646a57d570fc86fbe8df0e8826665ef6/library/std/src/io/mod.rs:622:11
[INFO] [stdout]    7:     0x6070b247fc92 - <alloc[a7ee25936407c584]::vec::Vec<u8> as std[10d71ac2c42b111e]::io::Write>::write_fmt
[INFO] [stdout]                                at /rustc/b2282dd5646a57d570fc86fbe8df0e8826665ef6/library/std/src/io/mod.rs:1977:13
[INFO] [stdout]    8:     0x6070b2456936 - <std[10d71ac2c42b111e]::sys::backtrace::BacktraceLock>::print
[INFO] [stdout]                                at /rustc/b2282dd5646a57d570fc86fbe8df0e8826665ef6/library/std/src/sys/backtrace.rs:47:9
[INFO] [stdout]    9:     0x6070b2456936 - std[10d71ac2c42b111e]::panicking::default_hook::{closure#0}
[INFO] [stdout]                                at /rustc/b2282dd5646a57d570fc86fbe8df0e8826665ef6/library/std/src/panicking.rs:292:27
[INFO] [stdout]   10:     0x6070b2471ef9 - std[10d71ac2c42b111e]::panicking::default_hook
[INFO] [stdout]                                at /rustc/b2282dd5646a57d570fc86fbe8df0e8826665ef6/library/std/src/panicking.rs:316:9
[INFO] [stdout]   11:     0x6070b1b179cc - <alloc[a7ee25936407c584]::boxed::Box<dyn for<'a, 'b> core[8fb95b77d25ab6c8]::ops::function::Fn<(&'a std[10d71ac2c42b111e]::panic::PanicHookInfo<'b>,), Output = ()> + core[8fb95b77d25ab6c8]::marker::Sync + core[8fb95b77d25ab6c8]::marker::Send> as core[8fb95b77d25ab6c8]::ops::function::Fn<(&std[10d71ac2c42b111e]::panic::PanicHookInfo,)>>::call
[INFO] [stdout]                                at /rustc/b2282dd5646a57d570fc86fbe8df0e8826665ef6/library/alloc/src/boxed.rs:2289:9
[INFO] [stdout]   12:     0x6070b1b179cc - test[213991da798b1c03]::test_main_inner::<test[213991da798b1c03]::test_main_static::{closure#0}>::{closure#0}
[INFO] [stdout]                                at /rustc/b2282dd5646a57d570fc86fbe8df0e8826665ef6/library/test/src/lib.rs:155:21
[INFO] [stdout]   13:     0x6070b2472172 - <alloc[a7ee25936407c584]::boxed::Box<dyn for<'a, 'b> core[8fb95b77d25ab6c8]::ops::function::Fn<(&'a std[10d71ac2c42b111e]::panic::PanicHookInfo<'b>,), Output = ()> + core[8fb95b77d25ab6c8]::marker::Sync + core[8fb95b77d25ab6c8]::marker::Send> as core[8fb95b77d25ab6c8]::ops::function::Fn<(&std[10d71ac2c42b111e]::panic::PanicHookInfo,)>>::call
[INFO] [stdout]                                at /rustc/b2282dd5646a57d570fc86fbe8df0e8826665ef6/library/alloc/src/boxed.rs:2289:9
[INFO] [stdout]   14:     0x6070b2472172 - std[10d71ac2c42b111e]::panicking::panic_with_hook
[INFO] [stdout]                                at /rustc/b2282dd5646a57d570fc86fbe8df0e8826665ef6/library/std/src/panicking.rs:833:13
[INFO] [stdout]   15:     0x6070b24569f2 - std[10d71ac2c42b111e]::panicking::panic_handler::{closure#0}
[INFO] [stdout]                                at /rustc/b2282dd5646a57d570fc86fbe8df0e8826665ef6/library/std/src/panicking.rs:698:13
[INFO] [stdout]   16:     0x6070b244b4a9 - std[10d71ac2c42b111e]::sys::backtrace::__rust_end_short_backtrace::<std[10d71ac2c42b111e]::panicking::panic_handler::{closure#0}, !>
[INFO] [stdout]                                at /rustc/b2282dd5646a57d570fc86fbe8df0e8826665ef6/library/std/src/sys/backtrace.rs:182:18
[INFO] [stdout]   17:     0x6070b2457a7d - __rustc[3be9ba60078d4c86]::rust_begin_unwind
[INFO] [stdout]                                at /rustc/b2282dd5646a57d570fc86fbe8df0e8826665ef6/library/std/src/panicking.rs:689:5
[INFO] [stdout]   18:     0x6070b2492c4c - core[8fb95b77d25ab6c8]::panicking::panic_fmt
[INFO] [stdout]                                at /rustc/b2282dd5646a57d570fc86fbe8df0e8826665ef6/library/core/src/panicking.rs:80:14
[INFO] [stdout]   19:     0x6070b1e11198 - core[8fb95b77d25ab6c8]::panicking::panic_display::<&alloc[a7ee25936407c584]::string::String>
[INFO] [stdout]                                at /rustc/b2282dd5646a57d570fc86fbe8df0e8826665ef6/library/core/src/panicking.rs:259:5
[INFO] [stdout]   20:     0x6070b1dfbda2 - <wiremock[496392d160036dd7]::mock_server::exposed_server::MockServer>::verify::{closure#0}
[INFO] [stdout]                                at /opt/rustwide/cargo-home/registry/src/index.crates.io-1949cf8c6b5b557f/wiremock-0.6.5/src/mock_server/exposed_server.rs:367:17
[INFO] [stdout]   21:     0x6070b1e07282 - futures_executor[eb659c05f7ea8b54]::local_pool::block_on::<<wiremock[496392d160036dd7]::mock_server::exposed_server::MockServer>::verify::{closure#0}>::{closure#0}
[INFO] [stdout]                                at /opt/rustwide/cargo-home/registry/src/index.crates.io-1949cf8c6b5b557f/futures-executor-0.3.32/src/local_pool.rs:316:34
[INFO] [stdout]   22:     0x6070b1e071fc - futures_executor[eb659c05f7ea8b54]::local_pool::run_executor::<(), futures_executor[eb659c05f7ea8b54]::local_pool::block_on<<wiremock[496392d160036dd7]::mock_server::exposed_server::MockServer>::verify::{closure#0}>::{closure#0}>::{closure#0}
[INFO] [stdout]                                at /opt/rustwide/cargo-home/registry/src/index.crates.io-1949cf8c6b5b557f/futures-executor-0.3.32/src/local_pool.rs:90:37
[INFO] [stdout]   23:     0x6070b1e0a4ac - <std[10d71ac2c42b111e]::thread::local::LocalKey<alloc[a7ee25936407c584]::sync::Arc<futures_executor[eb659c05f7ea8b54]::local_pool::ThreadNotify>>>::try_with::<futures_executor[eb659c05f7ea8b54]::local_pool::run_executor<(), futures_executor[eb659c05f7ea8b54]::local_pool::block_on<<wiremock[496392d160036dd7]::mock_server::exposed_server::MockServer>::verify::{closure#0}>::{closure#0}>::{closure#0}, ()>
[INFO] [stdout]                                at /rustc/b2282dd5646a57d570fc86fbe8df0e8826665ef6/library/std/src/thread/local.rs:462:12
[INFO] [stdout]   24:     0x6070b1e0a3c4 - <std[10d71ac2c42b111e]::thread::local::LocalKey<alloc[a7ee25936407c584]::sync::Arc<futures_executor[eb659c05f7ea8b54]::local_pool::ThreadNotify>>>::with::<futures_executor[eb659c05f7ea8b54]::local_pool::run_executor<(), futures_executor[eb659c05f7ea8b54]::local_pool::block_on<<wiremock[496392d160036dd7]::mock_server::exposed_server::MockServer>::verify::{closure#0}>::{closure#0}>::{closure#0}, ()>
[INFO] [stdout]                                at /rustc/b2282dd5646a57d570fc86fbe8df0e8826665ef6/library/std/src/thread/local.rs:426:20
[INFO] [stdout]   25:     0x6070b1e064ff - futures_executor[eb659c05f7ea8b54]::local_pool::run_executor::<(), futures_executor[eb659c05f7ea8b54]::local_pool::block_on<<wiremock[496392d160036dd7]::mock_server::exposed_server::MockServer>::verify::{closure#0}>::{closure#0}>
[INFO] [stdout]                                at /opt/rustwide/cargo-home/registry/src/index.crates.io-1949cf8c6b5b557f/futures-executor-0.3.32/src/local_pool.rs:86:27
[INFO] [stdout]   26:     0x6070b1e065a3 - futures_executor[eb659c05f7ea8b54]::local_pool::block_on::<<wiremock[496392d160036dd7]::mock_server::exposed_server::MockServer>::verify::{closure#0}>
[INFO] [stdout]                                at /opt/rustwide/cargo-home/registry/src/index.crates.io-1949cf8c6b5b557f/futures-executor-0.3.32/src/local_pool.rs:316:5
[INFO] [stdout]   27:     0x6070b1e00f88 - <wiremock[496392d160036dd7]::mock_server::exposed_server::MockServer as core[8fb95b77d25ab6c8]::ops::drop::Drop>::drop
[INFO] [stdout]                                at /opt/rustwide/cargo-home/registry/src/index.crates.io-1949cf8c6b5b557f/wiremock-0.6.5/src/mock_server/exposed_server.rs:492:9
[INFO] [stdout]   28:     0x6070b1705ba7 - core[8fb95b77d25ab6c8]::ptr::drop_glue::<wiremock[496392d160036dd7]::mock_server::exposed_server::MockServer>
[INFO] [stdout]                                at /rustc/b2282dd5646a57d570fc86fbe8df0e8826665ef6/library/core/src/ptr/mod.rs:825:1
[INFO] [stdout]   29:     0x6070b16b7289 - tesla_apiscraper_rs[c78850419e40105c]::vehicles::tests::charge_ends_with_aggregated_write::{closure#0}
[INFO] [stdout]                                at /opt/rustwide/workdir/src/vehicles/tests.rs:1148:1
[INFO] [stdout]   30:     0x6070b1912452 - <core[8fb95b77d25ab6c8]::pin::Pin<&mut dyn core[8fb95b77d25ab6c8]::future::future::Future<Output = ()>> as core[8fb95b77d25ab6c8]::future::future::Future>::poll
[INFO] [stdout]                                at /rustc/b2282dd5646a57d570fc86fbe8df0e8826665ef6/library/core/src/future/future.rs:133:9
[INFO] [stdout]   31:     0x6070b191250d - <core[8fb95b77d25ab6c8]::pin::Pin<&mut core[8fb95b77d25ab6c8]::pin::Pin<&mut dyn core[8fb95b77d25ab6c8]::future::future::Future<Output = ()>>> as core[8fb95b77d25ab6c8]::future::future::Future>::poll
[INFO] [stdout]                                at /rustc/b2282dd5646a57d570fc86fbe8df0e8826665ef6/library/core/src/future/future.rs:133:9
[INFO] [stdout]   32:     0x6070b18b361d - <tokio[142d2345c78a868e]::runtime::scheduler::current_thread::CoreGuard>::block_on::<core[8fb95b77d25ab6c8]::pin::Pin<&mut core[8fb95b77d25ab6c8]::pin::Pin<&mut dyn core[8fb95b77d25ab6c8]::future::future::Future<Output = ()>>>>::{closure#0}::{closure#0}::{closure#0}
[INFO] [stdout]                                at /opt/rustwide/cargo-home/registry/src/index.crates.io-1949cf8c6b5b557f/tokio-1.52.3/src/runtime/scheduler/current_thread/mod.rs:778:70
[INFO] [stdout]   33:     0x6070b18b333b - tokio[142d2345c78a868e]::task::coop::with_budget::<core[8fb95b77d25ab6c8]::task::poll::Poll<()>, <tokio[142d2345c78a868e]::runtime::scheduler::current_thread::CoreGuard>::block_on<core[8fb95b77d25ab6c8]::pin::Pin<&mut core[8fb95b77d25ab6c8]::pin::Pin<&mut dyn core[8fb95b77d25ab6c8]::future::future::Future<Output = ()>>>>::{closure#0}::{closure#0}::{closure#0}>
[INFO] [stdout]                                at /opt/rustwide/cargo-home/registry/src/index.crates.io-1949cf8c6b5b557f/tokio-1.52.3/src/task/coop/mod.rs:167:5
[INFO] [stdout]   34:     0x6070b18b333b - tokio[142d2345c78a868e]::task::coop::budget::<core[8fb95b77d25ab6c8]::task::poll::Poll<()>, <tokio[142d2345c78a868e]::runtime::scheduler::current_thread::CoreGuard>::block_on<core[8fb95b77d25ab6c8]::pin::Pin<&mut core[8fb95b77d25ab6c8]::pin::Pin<&mut dyn core[8fb95b77d25ab6c8]::future::future::Future<Output = ()>>>>::{closure#0}::{closure#0}::{closure#0}>
[INFO] [stdout]                                at /opt/rustwide/cargo-home/registry/src/index.crates.io-1949cf8c6b5b557f/tokio-1.52.3/src/task/coop/mod.rs:133:5
[INFO] [stdout]   35:     0x6070b18b333b - <tokio[142d2345c78a868e]::runtime::scheduler::current_thread::CoreGuard>::block_on::<core[8fb95b77d25ab6c8]::pin::Pin<&mut core[8fb95b77d25ab6c8]::pin::Pin<&mut dyn core[8fb95b77d25ab6c8]::future::future::Future<Output = ()>>>>::{closure#0}::{closure#0}
[INFO] [stdout]                                at /opt/rustwide/cargo-home/registry/src/index.crates.io-1949cf8c6b5b557f/tokio-1.52.3/src/runtime/scheduler/current_thread/mod.rs:778:25
[INFO] [stdout]   36:     0x6070b18a3fb0 - <tokio[142d2345c78a868e]::runtime::scheduler::current_thread::Context>::enter::<core[8fb95b77d25ab6c8]::task::poll::Poll<()>, <tokio[142d2345c78a868e]::runtime::scheduler::current_thread::CoreGuard>::block_on<core[8fb95b77d25ab6c8]::pin::Pin<&mut core[8fb95b77d25ab6c8]::pin::Pin<&mut dyn core[8fb95b77d25ab6c8]::future::future::Future<Output = ()>>>>::{closure#0}::{closure#0}>
[INFO] [stdout]                                at /opt/rustwide/cargo-home/registry/src/index.crates.io-1949cf8c6b5b557f/tokio-1.52.3/src/runtime/scheduler/current_thread/mod.rs:451:19
[INFO] [stdout]   37:     0x6070b18afc3d - <tokio[142d2345c78a868e]::runtime::scheduler::current_thread::CoreGuard>::block_on::<core[8fb95b77d25ab6c8]::pin::Pin<&mut core[8fb95b77d25ab6c8]::pin::Pin<&mut dyn core[8fb95b77d25ab6c8]::future::future::Future<Output = ()>>>>::{closure#0}
[INFO] [stdout]                                at /opt/rustwide/cargo-home/registry/src/index.crates.io-1949cf8c6b5b557f/tokio-1.52.3/src/runtime/scheduler/current_thread/mod.rs:777:44
[INFO] [stdout]   38:     0x6070b18ae3e4 - <tokio[142d2345c78a868e]::runtime::scheduler::current_thread::CoreGuard>::enter::<<tokio[142d2345c78a868e]::runtime::scheduler::current_thread::CoreGuard>::block_on<core[8fb95b77d25ab6c8]::pin::Pin<&mut core[8fb95b77d25ab6c8]::pin::Pin<&mut dyn core[8fb95b77d25ab6c8]::future::future::Future<Output = ()>>>>::{closure#0}, core[8fb95b77d25ab6c8]::option::Option<()>>::{closure#0}
[INFO] [stdout]                                at /opt/rustwide/cargo-home/registry/src/index.crates.io-1949cf8c6b5b557f/tokio-1.52.3/src/runtime/scheduler/current_thread/mod.rs:865:68
[INFO] [stdout]   39:     0x6070b170dfcb - <tokio[142d2345c78a868e]::runtime::context::scoped::Scoped<tokio[142d2345c78a868e]::runtime::scheduler::Context>>::set::<<tokio[142d2345c78a868e]::runtime::scheduler::current_thread::CoreGuard>::enter<<tokio[142d2345c78a868e]::runtime::scheduler::current_thread::CoreGuard>::block_on<core[8fb95b77d25ab6c8]::pin::Pin<&mut core[8fb95b77d25ab6c8]::pin::Pin<&mut dyn core[8fb95b77d25ab6c8]::future::future::Future<Output = ()>>>>::{closure#0}, core[8fb95b77d25ab6c8]::option::Option<()>>::{closure#0}, (alloc[a7ee25936407c584]::boxed::Box<tokio[142d2345c78a868e]::runtime::scheduler::current_thread::Core>, core[8fb95b77d25ab6c8]::option::Option<()>)>
[INFO] [stdout]                                at /opt/rustwide/cargo-home/registry/src/index.crates.io-1949cf8c6b5b557f/tokio-1.52.3/src/runtime/context/scoped.rs:40:9
[INFO] [stdout]   40:     0x6070b1748719 - tokio[142d2345c78a868e]::runtime::context::set_scheduler::<(alloc[a7ee25936407c584]::boxed::Box<tokio[142d2345c78a868e]::runtime::scheduler::current_thread::Core>, core[8fb95b77d25ab6c8]::option::Option<()>), <tokio[142d2345c78a868e]::runtime::scheduler::current_thread::CoreGuard>::enter<<tokio[142d2345c78a868e]::runtime::scheduler::current_thread::CoreGuard>::block_on<core[8fb95b77d25ab6c8]::pin::Pin<&mut core[8fb95b77d25ab6c8]::pin::Pin<&mut dyn core[8fb95b77d25ab6c8]::future::future::Future<Output = ()>>>>::{closure#0}, core[8fb95b77d25ab6c8]::option::Option<()>>::{closure#0}>::{closure#0}
[INFO] [stdout]                                at /opt/rustwide/cargo-home/registry/src/index.crates.io-1949cf8c6b5b557f/tokio-1.52.3/src/runtime/context.rs:181:38
[INFO] [stdout]   41:     0x6070b1915c92 - <std[10d71ac2c42b111e]::thread::local::LocalKey<tokio[142d2345c78a868e]::runtime::context::Context>>::try_with::<tokio[142d2345c78a868e]::runtime::context::set_scheduler<(alloc[a7ee25936407c584]::boxed::Box<tokio[142d2345c78a868e]::runtime::scheduler::current_thread::Core>, core[8fb95b77d25ab6c8]::option::Option<()>), <tokio[142d2345c78a868e]::runtime::scheduler::current_thread::CoreGuard>::enter<<tokio[142d2345c78a868e]::runtime::scheduler::current_thread::CoreGuard>::block_on<core[8fb95b77d25ab6c8]::pin::Pin<&mut core[8fb95b77d25ab6c8]::pin::Pin<&mut dyn core[8fb95b77d25ab6c8]::future::future::Future<Output = ()>>>>::{closure#0}, core[8fb95b77d25ab6c8]::option::Option<()>>::{closure#0}>::{closure#0}, (alloc[a7ee25936407c584]::boxed::Box<tokio[142d2345c78a868e]::runtime::scheduler::current_thread::Core>, core[8fb95b77d25ab6c8]::option::Option<()>)>
[INFO] [stdout]                                at /rustc/b2282dd5646a57d570fc86fbe8df0e8826665ef6/library/std/src/thread/local.rs:462:12
[INFO] [stdout]   42:     0x6070b191547e - <std[10d71ac2c42b111e]::thread::local::LocalKey<tokio[142d2345c78a868e]::runtime::context::Context>>::with::<tokio[142d2345c78a868e]::runtime::context::set_scheduler<(alloc[a7ee25936407c584]::boxed::Box<tokio[142d2345c78a868e]::runtime::scheduler::current_thread::Core>, core[8fb95b77d25ab6c8]::option::Option<()>), <tokio[142d2345c78a868e]::runtime::scheduler::current_thread::CoreGuard>::enter<<tokio[142d2345c78a868e]::runtime::scheduler::current_thread::CoreGuard>::block_on<core[8fb95b77d25ab6c8]::pin::Pin<&mut core[8fb95b77d25ab6c8]::pin::Pin<&mut dyn core[8fb95b77d25ab6c8]::future::future::Future<Output = ()>>>>::{closure#0}, core[8fb95b77d25ab6c8]::option::Option<()>>::{closure#0}>::{closure#0}, (alloc[a7ee25936407c584]::boxed::Box<tokio[142d2345c78a868e]::runtime::scheduler::current_thread::Core>, core[8fb95b77d25ab6c8]::option::Option<()>)>
[INFO] [stdout]                                at /rustc/b2282dd5646a57d570fc86fbe8df0e8826665ef6/library/std/src/thread/local.rs:426:20
[INFO] [stdout]   43:     0x6070b173935d - tokio[142d2345c78a868e]::runtime::context::set_scheduler::<(alloc[a7ee25936407c584]::boxed::Box<tokio[142d2345c78a868e]::runtime::scheduler::current_thread::Core>, core[8fb95b77d25ab6c8]::option::Option<()>), <tokio[142d2345c78a868e]::runtime::scheduler::current_thread::CoreGuard>::enter<<tokio[142d2345c78a868e]::runtime::scheduler::current_thread::CoreGuard>::block_on<core[8fb95b77d25ab6c8]::pin::Pin<&mut core[8fb95b77d25ab6c8]::pin::Pin<&mut dyn core[8fb95b77d25ab6c8]::future::future::Future<Output = ()>>>>::{closure#0}, core[8fb95b77d25ab6c8]::option::Option<()>>::{closure#0}>
[INFO] [stdout]                                at /opt/rustwide/cargo-home/registry/src/index.crates.io-1949cf8c6b5b557f/tokio-1.52.3/src/runtime/context.rs:181:17
[INFO] [stdout]   44:     0x6070b18a9b80 - <tokio[142d2345c78a868e]::runtime::scheduler::current_thread::CoreGuard>::enter::<<tokio[142d2345c78a868e]::runtime::scheduler::current_thread::CoreGuard>::block_on<core[8fb95b77d25ab6c8]::pin::Pin<&mut core[8fb95b77d25ab6c8]::pin::Pin<&mut dyn core[8fb95b77d25ab6c8]::future::future::Future<Output = ()>>>>::{closure#0}, core[8fb95b77d25ab6c8]::option::Option<()>>
[INFO] [stdout]                                at /opt/rustwide/cargo-home/registry/src/index.crates.io-1949cf8c6b5b557f/tokio-1.52.3/src/runtime/scheduler/current_thread/mod.rs:865:27
[INFO] [stdout]   45:     0x6070b18aa316 - <tokio[142d2345c78a868e]::runtime::scheduler::current_thread::CoreGuard>::block_on::<core[8fb95b77d25ab6c8]::pin::Pin<&mut core[8fb95b77d25ab6c8]::pin::Pin<&mut dyn core[8fb95b77d25ab6c8]::future::future::Future<Output = ()>>>>
[INFO] [stdout]                                at /opt/rustwide/cargo-home/registry/src/index.crates.io-1949cf8c6b5b557f/tokio-1.52.3/src/runtime/scheduler/current_thread/mod.rs:765:24
[INFO] [stdout]   46:     0x6070b18ad090 - <tokio[142d2345c78a868e]::runtime::scheduler::current_thread::CurrentThread>::block_on::<core[8fb95b77d25ab6c8]::pin::Pin<&mut dyn core[8fb95b77d25ab6c8]::future::future::Future<Output = ()>>>::{closure#0}
[INFO] [stdout]                                at /opt/rustwide/cargo-home/registry/src/index.crates.io-1949cf8c6b5b557f/tokio-1.52.3/src/runtime/scheduler/current_thread/mod.rs:205:33
[INFO] [stdout]   47:     0x6070b18abf33 - tokio[142d2345c78a868e]::runtime::context::runtime::enter_runtime::<<tokio[142d2345c78a868e]::runtime::scheduler::current_thread::CurrentThread>::block_on<core[8fb95b77d25ab6c8]::pin::Pin<&mut dyn core[8fb95b77d25ab6c8]::future::future::Future<Output = ()>>>::{closure#0}, ()>
[INFO] [stdout]                                at /opt/rustwide/cargo-home/registry/src/index.crates.io-1949cf8c6b5b557f/tokio-1.52.3/src/runtime/context/runtime.rs:65:16
[INFO] [stdout]   48:     0x6070b18a3601 - <tokio[142d2345c78a868e]::runtime::scheduler::current_thread::CurrentThread>::block_on::<core[8fb95b77d25ab6c8]::pin::Pin<&mut dyn core[8fb95b77d25ab6c8]::future::future::Future<Output = ()>>>
[INFO] [stdout]                                at /opt/rustwide/cargo-home/registry/src/index.crates.io-1949cf8c6b5b557f/tokio-1.52.3/src/runtime/scheduler/current_thread/mod.rs:193:9
[INFO] [stdout]   49:     0x6070b1820634 - <tokio[142d2345c78a868e]::runtime::runtime::Runtime>::block_on_inner::<core[8fb95b77d25ab6c8]::pin::Pin<&mut dyn core[8fb95b77d25ab6c8]::future::future::Future<Output = ()>>>
[INFO] [stdout]                                at /opt/rustwide/cargo-home/registry/src/index.crates.io-1949cf8c6b5b557f/tokio-1.52.3/src/runtime/runtime.rs:371:52
[INFO] [stdout]   50:     0x6070b18209af - <tokio[142d2345c78a868e]::runtime::runtime::Runtime>::block_on::<core[8fb95b77d25ab6c8]::pin::Pin<&mut dyn core[8fb95b77d25ab6c8]::future::future::Future<Output = ()>>>
[INFO] [stdout]                                at /opt/rustwide/cargo-home/registry/src/index.crates.io-1949cf8c6b5b557f/tokio-1.52.3/src/runtime/runtime.rs:345:18
[INFO] [stdout]   51:     0x6070b16eadc1 - tesla_apiscraper_rs[c78850419e40105c]::vehicles::tests::charge_ends_with_aggregated_write
[INFO] [stdout]                                at /opt/rustwide/workdir/src/vehicles/tests.rs:1147:22
[INFO] [stdout]   52:     0x6070b16383b7 - tesla_apiscraper_rs[c78850419e40105c]::vehicles::tests::charge_ends_with_aggregated_write::{closure#0}
[INFO] [stdout]                                at /opt/rustwide/workdir/src/vehicles/tests.rs:950:45
[INFO] [stdout]   53:     0x6070b170af16 - <tesla_apiscraper_rs[c78850419e40105c]::vehicles::tests::charge_ends_with_aggregated_write::{closure#0} as core[8fb95b77d25ab6c8]::ops::function::FnOnce<()>>::call_once
[INFO] [stdout]                                at /rustc/b2282dd5646a57d570fc86fbe8df0e8826665ef6/library/core/src/ops/function.rs:250:5
[INFO] [stdout]   54:     0x6070b1b0aaab - <fn() -> core[8fb95b77d25ab6c8]::result::Result<(), alloc[a7ee25936407c584]::string::String> as core[8fb95b77d25ab6c8]::ops::function::FnOnce<()>>::call_once
[INFO] [stdout]                                at /rustc/b2282dd5646a57d570fc86fbe8df0e8826665ef6/library/core/src/ops/function.rs:250:5
[INFO] [stdout]   55:     0x6070b1b0aaab - test[213991da798b1c03]::__rust_begin_short_backtrace::<core[8fb95b77d25ab6c8]::result::Result<(), alloc[a7ee25936407c584]::string::String>, fn() -> core[8fb95b77d25ab6c8]::result::Result<(), alloc[a7ee25936407c584]::string::String>>
[INFO] [stdout]                                at /rustc/b2282dd5646a57d570fc86fbe8df0e8826665ef6/library/test/src/lib.rs:724:18
[INFO] [stdout]   56:     0x6070b1b18325 - test[213991da798b1c03]::run_test_in_process::{closure#0}
[INFO] [stdout]                                at /rustc/b2282dd5646a57d570fc86fbe8df0e8826665ef6/library/test/src/lib.rs:747:74
[INFO] [stdout]   57:     0x6070b1b18325 - <core[8fb95b77d25ab6c8]::panic::unwind_safe::AssertUnwindSafe<test[213991da798b1c03]::run_test_in_process::{closure#0}> as core[8fb95b77d25ab6c8]::ops::function::FnOnce<()>>::call_once
[INFO] [stdout]                                at /rustc/b2282dd5646a57d570fc86fbe8df0e8826665ef6/library/core/src/panic/unwind_safe.rs:275:9
[INFO] [stdout]   58:     0x6070b1b18325 - std[10d71ac2c42b111e]::panicking::catch_unwind::do_call::<core[8fb95b77d25ab6c8]::panic::unwind_safe::AssertUnwindSafe<test[213991da798b1c03]::run_test_in_process::{closure#0}>, core[8fb95b77d25ab6c8]::result::Result<(), alloc[a7ee25936407c584]::string::String>>
[INFO] [stdout]                                at /rustc/b2282dd5646a57d570fc86fbe8df0e8826665ef6/library/std/src/panicking.rs:581:40
[INFO] [stdout]   59:     0x6070b1b18325 - std[10d71ac2c42b111e]::panicking::catch_unwind::<core[8fb95b77d25ab6c8]::result::Result<(), alloc[a7ee25936407c584]::string::String>, core[8fb95b77d25ab6c8]::panic::unwind_safe::AssertUnwindSafe<test[213991da798b1c03]::run_test_in_process::{closure#0}>>
[INFO] [stdout]                                at /rustc/b2282dd5646a57d570fc86fbe8df0e8826665ef6/library/std/src/panicking.rs:544:19
[INFO] [stdout]   60:     0x6070b1b18325 - std[10d71ac2c42b111e]::panic::catch_unwind::<core[8fb95b77d25ab6c8]::panic::unwind_safe::AssertUnwindSafe<test[213991da798b1c03]::run_test_in_process::{closure#0}>, core[8fb95b77d25ab6c8]::result::Result<(), alloc[a7ee25936407c584]::string::String>>
[INFO] [stdout]                                at /rustc/b2282dd5646a57d570fc86fbe8df0e8826665ef6/library/std/src/panic.rs:359:14
[INFO] [stdout]   61:     0x6070b1b18325 - test[213991da798b1c03]::run_test_in_process
[INFO] [stdout]                                at /rustc/b2282dd5646a57d570fc86fbe8df0e8826665ef6/library/test/src/lib.rs:747:27
[INFO] [stdout]   62:     0x6070b1b18325 - test[213991da798b1c03]::run_test::{closure#0}
[INFO] [stdout]                                at /rustc/b2282dd5646a57d570fc86fbe8df0e8826665ef6/library/test/src/lib.rs:668:43
[INFO] [stdout]   63:     0x6070b1b11c34 - test[213991da798b1c03]::run_test::{closure#1}
[INFO] [stdout]                                at /rustc/b2282dd5646a57d570fc86fbe8df0e8826665ef6/library/test/src/lib.rs:698:41
[INFO] [stdout]   64:     0x6070b1b11c34 - std[10d71ac2c42b111e]::sys::backtrace::__rust_begin_short_backtrace::<test[213991da798b1c03]::run_test::{closure#1}, ()>
[INFO] [stdout]                                at /rustc/b2282dd5646a57d570fc86fbe8df0e8826665ef6/library/std/src/sys/backtrace.rs:166:18
[INFO] [stdout]   65:     0x6070b1b1b3a2 - std[10d71ac2c42b111e]::thread::lifecycle::spawn_unchecked::<test[213991da798b1c03]::run_test::{closure#1}, ()>::{closure#1}::{closure#0}
[INFO] [stdout]                                at /rustc/b2282dd5646a57d570fc86fbe8df0e8826665ef6/library/std/src/thread/lifecycle.rs:70:13
[INFO] [stdout]   66:     0x6070b1b1b3a2 - <core[8fb95b77d25ab6c8]::panic::unwind_safe::AssertUnwindSafe<std[10d71ac2c42b111e]::thread::lifecycle::spawn_unchecked<test[213991da798b1c03]::run_test::{closure#1}, ()>::{closure#1}::{closure#0}> as core[8fb95b77d25ab6c8]::ops::function::FnOnce<()>>::call_once
[INFO] [stdout]                                at /rustc/b2282dd5646a57d570fc86fbe8df0e8826665ef6/library/core/src/panic/unwind_safe.rs:275:9
[INFO] [stdout]   67:     0x6070b1b1b3a2 - std[10d71ac2c42b111e]::panicking::catch_unwind::do_call::<core[8fb95b77d25ab6c8]::panic::unwind_safe::AssertUnwindSafe<std[10d71ac2c42b111e]::thread::lifecycle::spawn_unchecked<test[213991da798b1c03]::run_test::{closure#1}, ()>::{closure#1}::{closure#0}>, ()>
[INFO] [stdout]                                at /rustc/b2282dd5646a57d570fc86fbe8df0e8826665ef6/library/std/src/panicking.rs:581:40
[INFO] [stdout]   68:     0x6070b1b1b3a2 - std[10d71ac2c42b111e]::panicking::catch_unwind::<(), core[8fb95b77d25ab6c8]::panic::unwind_safe::AssertUnwindSafe<std[10d71ac2c42b111e]::thread::lifecycle::spawn_unchecked<test[213991da798b1c03]::run_test::{closure#1}, ()>::{closure#1}::{closure#0}>>
[INFO] [stdout]                                at /rustc/b2282dd5646a57d570fc86fbe8df0e8826665ef6/library/std/src/panicking.rs:544:19
[INFO] [stdout]   69:     0x6070b1b1b3a2 - std[10d71ac2c42b111e]::panic::catch_unwind::<core[8fb95b77d25ab6c8]::panic::unwind_safe::AssertUnwindSafe<std[10d71ac2c42b111e]::thread::lifecycle::spawn_unchecked<test[213991da798b1c03]::run_test::{closure#1}, ()>::{closure#1}::{closure#0}>, ()>
[INFO] [stdout]                                at /rustc/b2282dd5646a57d570fc86fbe8df0e8826665ef6/library/std/src/panic.rs:359:14
[INFO] [stdout]   70:     0x6070b1b1b3a2 - std[10d71ac2c42b111e]::thread::lifecycle::spawn_unchecked::<test[213991da798b1c03]::run_test::{closure#1}, ()>::{closure#1}
[INFO] [stdout]                                at /rustc/b2282dd5646a57d570fc86fbe8df0e8826665ef6/library/std/src/thread/lifecycle.rs:68:26
[INFO] [stdout]   71:     0x6070b1b1b3a2 - <std[10d71ac2c42b111e]::thread::lifecycle::spawn_unchecked<test[213991da798b1c03]::run_test::{closure#1}, ()>::{closure#1} as core[8fb95b77d25ab6c8]::ops::function::FnOnce<()>>::call_once::{shim:vtable#0}
[INFO] [stdout]                                at /rustc/b2282dd5646a57d570fc86fbe8df0e8826665ef6/library/core/src/ops/function.rs:250:5
[INFO] [stdout]   72:     0x6070b247984f - <alloc[a7ee25936407c584]::boxed::Box<dyn core[8fb95b77d25ab6c8]::ops::function::FnOnce<(), Output = ()> + core[8fb95b77d25ab6c8]::marker::Send> as core[8fb95b77d25ab6c8]::ops::function::FnOnce<()>>::call_once
[INFO] [stdout]                                at /rustc/b2282dd5646a57d570fc86fbe8df0e8826665ef6/library/alloc/src/boxed.rs:2275:9
[INFO] [stdout]   73:     0x6070b247984f - <std[10d71ac2c42b111e]::sys::thread::unix::Thread>::new::thread_start
[INFO] [stdout]                                at /rustc/b2282dd5646a57d570fc86fbe8df0e8826665ef6/library/std/src/sys/thread/unix.rs:118:17
[INFO] [stdout]   74:     0x7f8661536aa4 - <unknown>
[INFO] [stdout]   75:     0x7f86615c3a64 - clone
[INFO] [stdout]   76:                0x0 - <unknown>
[INFO] [stdout] 
[INFO] [stdout] 
[INFO] [stdout] failures:
[INFO] [stdout]     vehicles::tests::charge_ends_with_aggregated_write
[INFO] [stdout] 
[INFO] [stdout] test result: FAILED. 207 passed; 1 failed; 0 ignored; 0 measured; 0 filtered out; finished in 3.11s
[INFO] [stdout] 
[INFO] [stderr] error: test failed, to rerun pass `--bin tesla-apiscraper-rs`
[INFO] running `Command { std: "docker" "inspect" "1767eaf5223ccb7c11e08bf354b4714e413981f96b77ac0ec4a8772b540ca4e6", kill_on_drop: false }`
[INFO] running `Command { std: "docker" "rm" "-f" "1767eaf5223ccb7c11e08bf354b4714e413981f96b77ac0ec4a8772b540ca4e6", kill_on_drop: false }`
[INFO] [stdout] 1767eaf5223ccb7c11e08bf354b4714e413981f96b77ac0ec4a8772b540ca4e6
