[INFO] cloning repository https://github.com/glicol/glicol-cli
[INFO] running `Command { std: "git" "-c" "credential.helper=" "-c" "credential.helper=/workspace/cargo-home/bin/git-credential-null" "clone" "--bare" "https://github.com/glicol/glicol-cli" "/workspace/cache/git-repos/https%3A%2F%2Fgithub.com%2Fglicol%2Fglicol-cli", kill_on_drop: false }`
[INFO] [stderr] Cloning into bare repository '/workspace/cache/git-repos/https%3A%2F%2Fgithub.com%2Fglicol%2Fglicol-cli'...
[INFO] running `Command { std: "git" "rev-parse" "HEAD", kill_on_drop: false }`
[INFO] [stdout] fbc18e487cf1798349ccbaa18cf8f27112979b57
[INFO] testing glicol/glicol-cli against 1.97.0-beta.6 for beta-1.98-2
[INFO] running `Command { std: "git" "clone" "/workspace/cache/git-repos/https%3A%2F%2Fgithub.com%2Fglicol%2Fglicol-cli" "/workspace/builds/worker-4-tc1/source", kill_on_drop: false }`
[INFO] [stderr] Cloning into '/workspace/builds/worker-4-tc1/source'...
[INFO] [stderr] done.
[INFO] started tweaking git repo https://github.com/glicol/glicol-cli
[INFO] finished tweaking git repo https://github.com/glicol/glicol-cli
[INFO] tweaked toml for git repo https://github.com/glicol/glicol-cli written to /workspace/builds/worker-4-tc1/source/Cargo.toml
[INFO] validating manifest of git repo https://github.com/glicol/glicol-cli on toolchain 1.97.0-beta.6
[INFO] running `Command { std: CARGO_HOME="/workspace/cargo-home" RUSTUP_HOME="/workspace/rustup-home" "/workspace/cargo-home/bin/cargo" "+1.97.0-beta.6" "metadata" "--manifest-path" "Cargo.toml" "--no-deps", kill_on_drop: false }`
[INFO] crate git repo https://github.com/glicol/glicol-cli already has a lockfile, it will not be regenerated
[INFO] running `Command { std: CARGO_HOME="/workspace/cargo-home" RUSTUP_HOME="/workspace/rustup-home" "/workspace/cargo-home/bin/cargo" "+1.97.0-beta.6" "fetch" "--manifest-path" "Cargo.toml", kill_on_drop: false }`
[INFO] [stderr]     Updating crates.io index
[INFO] [stderr]  Downloading crates ...
[INFO] [stderr]   Downloaded wasm-bindgen-macro v0.2.84
[INFO] [stderr]   Downloaded wasm-bindgen-macro-support v0.2.84
[INFO] [stderr]   Downloaded wasm-bindgen-shared v0.2.84
[INFO] [stderr]   Downloaded wasm-bindgen-backend v0.2.84
[INFO] [stderr]   Downloaded wasm-bindgen v0.2.84
[INFO] [stderr]   Downloaded symphonia v0.5.3
[INFO] [stderr]   Downloaded symphonia-codec-pcm v0.5.3
[INFO] [stderr]   Downloaded symphonia-codec-adpcm v0.5.3
[INFO] [stderr]   Downloaded symphonia-utils-xiph v0.5.3
[INFO] [stderr]   Downloaded bumpalo v3.12.0
[INFO] [stderr]   Downloaded symphonia-metadata v0.5.3
[INFO] [stderr]   Downloaded symphonia-codec-vorbis v0.5.3
[INFO] [stderr]   Downloaded symphonia-bundle-flac v0.5.3
[INFO] [stderr]   Downloaded symphonia-format-wav v0.5.3
[INFO] [stderr]   Downloaded symphonia-format-ogg v0.5.3
[INFO] [stderr]   Downloaded symphonia-format-mkv v0.5.3
[INFO] [stderr]   Downloaded ringbuf v0.3.3
[INFO] [stderr]   Downloaded crossbeam-epoch v0.9.14
[INFO] [stderr]   Downloaded js-sys v0.3.61
[INFO] [stderr]   Downloaded symphonia-core v0.5.3
[INFO] [stderr]   Downloaded signal-hook-mio v0.2.4
[INFO] [stderr]   Downloaded rustix v0.38.42
[INFO] [stderr]   Downloaded parking_lot_core v0.9.7
[INFO] [stderr]   Downloaded libc v0.2.168
[INFO] [stderr]   Downloaded castaway v0.2.3
[INFO] [stderr]   Downloaded encoding_rs v0.8.32
[INFO] [stderr]   Downloaded filetime v0.2.23
[INFO] [stderr]   Downloaded glicol_synth v0.13.5
[INFO] [stderr]   Downloaded rhai v1.12.0
[INFO] [stderr]   Downloaded rhai_codegen v1.5.0
[INFO] [stderr]   Downloaded dasp_window v0.11.1
[INFO] [stderr]   Downloaded dasp_signal v0.11.0
[INFO] [stderr]   Downloaded dasp_ring_buffer v0.11.0
[INFO] [stderr]   Downloaded dasp_frame v0.11.0
[INFO] [stderr]   Downloaded dasp_interpolate v0.11.0
[INFO] [stderr]   Downloaded dasp_envelope v0.11.0
[INFO] [stderr]   Downloaded dasp_slice v0.11.0
[INFO] [stderr]   Downloaded dasp_rms v0.11.0
[INFO] [stderr]   Downloaded dasp_peak v0.11.0
[INFO] [stderr]   Downloaded glicol v0.13.5
[INFO] [stderr]   Downloaded fasteval v0.2.4
[INFO] [stderr]   Downloaded thiserror-impl v1.0.39
[INFO] [stderr]   Downloaded thiserror v1.0.39
[INFO] [stderr]   Downloaded lcs-diff v0.1.1
[INFO] [stderr]   Downloaded glicol_parser v0.13.5
[INFO] [stderr]   Downloaded digest v0.10.6
[INFO] [stderr]   Downloaded glicol_macros v0.13.5
[INFO] [stderr]   Downloaded redox_users v0.4.5
[INFO] [stderr]   Downloaded wasm-bindgen-futures v0.4.34
[INFO] [stderr]   Downloaded raw-window-handle v0.5.1
[INFO] [stderr]   Downloaded winnow v0.3.5
[INFO] [stderr]   Downloaded toml_edit v0.19.5
[INFO] [stderr]   Downloaded web-sys v0.3.61
[INFO] [stderr]   Downloaded shlex v1.1.0
[INFO] [stderr]   Downloaded clang-sys v1.6.0
[INFO] [stderr]   Downloaded alsa v0.7.0
[INFO] [stderr]   Downloaded clap v4.4.8
[INFO] [stderr]   Downloaded clap_builder v4.4.8
[INFO] [stderr]   Downloaded anstream v0.6.4
[INFO] [stderr]   Downloaded anstyle-parse v0.2.2
[INFO] running `Command { std: "docker" "create" "-v" "/var/lib/crater-agent-workspace/builds/worker-4-tc1/source:/opt/rustwide/workdir:ro,Z" "-v" "/var/lib/crater-agent-workspace/builds/worker-4-tc1/target:/opt/rustwide/target:rw,Z" "-v" "/var/lib/crater-agent-workspace/cargo-home:/opt/rustwide/cargo-home:ro,Z" "-v" "/var/lib/crater-agent-workspace/rustup-home:/opt/rustwide/rustup-home:ro,Z" "-m" "1610612736" "--network" "none" "ghcr.io/rust-lang/crates-build-env/linux@sha256:3d5ced03c013a94a2f102a4510f48a6e9184255caf5fd8244f58017bde7f5210" "sleep" "infinity", kill_on_drop: false }`
[INFO] [stdout] 013a0812422366029cd66a9c4d33e40ae244e8e04eb0e52934f42afb1640fce6
[INFO] running `Command { std: "docker" "start" "013a0812422366029cd66a9c4d33e40ae244e8e04eb0e52934f42afb1640fce6", kill_on_drop: false }`
[INFO] running `Command { std: "docker" "inspect" "013a0812422366029cd66a9c4d33e40ae244e8e04eb0e52934f42afb1640fce6", kill_on_drop: false }`
[INFO] running `Command { std: "docker" "exec" "-e" "SOURCE_DIR=/opt/rustwide/workdir" "-e" "CARGO_HOME=/opt/rustwide/cargo-home" "-e" "RUSTUP_HOME=/opt/rustwide/rustup-home" "-e" "CARGO_TARGET_DIR=/opt/rustwide/target" "-w" "/opt/rustwide/workdir" "--user" "0:0" "013a0812422366029cd66a9c4d33e40ae244e8e04eb0e52934f42afb1640fce6" "/opt/rustwide/cargo-home/bin/cargo" "+1.97.0-beta.6" "metadata" "--no-deps" "--format-version=1", kill_on_drop: false }`
[INFO] running `Command { std: "docker" "inspect" "013a0812422366029cd66a9c4d33e40ae244e8e04eb0e52934f42afb1640fce6", kill_on_drop: false }`
[INFO] running `Command { std: "docker" "exec" "-e" "SOURCE_DIR=/opt/rustwide/workdir" "-e" "CARGO_HOME=/opt/rustwide/cargo-home" "-e" "RUSTUP_HOME=/opt/rustwide/rustup-home" "-e" "CARGO_TARGET_DIR=/opt/rustwide/target" "-e" "CARGO_INCREMENTAL=0" "-e" "RUST_BACKTRACE=full" "-e" "RUSTFLAGS=--cap-lints=warn" "-e" "RUSTDOCFLAGS=--cap-lints=warn" "-w" "/opt/rustwide/workdir" "--user" "0:0" "013a0812422366029cd66a9c4d33e40ae244e8e04eb0e52934f42afb1640fce6" "/opt/rustwide/cargo-home/bin/cargo" "+1.97.0-beta.6" "build" "--frozen" "--message-format=json", kill_on_drop: false }`
[INFO] [stderr]    Compiling unicode-ident v1.0.8
[INFO] [stderr]    Compiling libc v0.2.168
[INFO] [stderr]    Compiling log v0.4.17
[INFO] [stderr]    Compiling crunchy v0.2.2
[INFO] [stderr]    Compiling tiny-keccak v2.0.2
[INFO] [stderr]    Compiling dasp_sample v0.11.0
[INFO] [stderr]    Compiling bytemuck v1.13.1
[INFO] [stderr]    Compiling smallvec v1.10.0
[INFO] [stderr]    Compiling crossbeam-utils v0.8.18
[INFO] [stderr]    Compiling ahash v0.8.11
[INFO] [stderr]    Compiling num-traits v0.2.15
[INFO] [stderr]    Compiling encoding_rs v0.8.32
[INFO] [stderr]    Compiling thiserror v1.0.39
[INFO] [stderr]    Compiling memchr v2.5.0
[INFO] [stderr]    Compiling rustversion v1.0.14
[INFO] [stderr]    Compiling proc-macro2 v1.0.92
[INFO] [stderr]    Compiling dasp_ring_buffer v0.11.0
[INFO] [stderr]    Compiling smartstring v1.0.1
[INFO] [stderr]    Compiling symphonia-core v0.5.3
[INFO] [stderr]    Compiling memoffset v0.8.0
[INFO] [stderr]    Compiling lock_api v0.4.9
[INFO] [stderr]    Compiling dasp_frame v0.11.0
[INFO] [stderr]    Compiling indexmap v1.9.2
[INFO] [stderr]    Compiling parking_lot_core v0.9.7
[INFO] [stderr]    Compiling ucd-trie v0.1.5
[INFO] [stderr]    Compiling allocator-api2 v0.2.16
[INFO] [stderr]    Compiling quote v1.0.33
[INFO] [stderr]    Compiling syn v1.0.109
[INFO] [stderr]    Compiling syn v2.0.39
[INFO] [stderr]    Compiling crossbeam-epoch v0.9.14
[INFO] [stderr]    Compiling pkg-config v0.3.26
[INFO] [stderr]    Compiling either v1.8.1
[INFO] [stderr]    Compiling dasp_window v0.11.1
[INFO] [stderr]    Compiling fixedbitset v0.4.2
[INFO] [stderr]    Compiling anstyle-parse v0.2.2
[INFO] [stderr]    Compiling tracing-core v0.1.32
[INFO] [stderr]    Compiling getrandom v0.2.8
[INFO] [stderr]    Compiling paste v1.0.14
[INFO] [stderr]    Compiling rayon-core v1.12.0
[INFO] [stderr]    Compiling fasteval v0.2.4
[INFO] [stderr]    Compiling alsa-sys v0.3.1
[INFO] [stderr]    Compiling const-random-macro v0.1.16
[INFO] [stderr]    Compiling dasp_peak v0.11.0
[INFO] [stderr]    Compiling dasp_rms v0.11.0
[INFO] [stderr]    Compiling dasp_interpolate v0.11.0
[INFO] [stderr]    Compiling dasp_slice v0.11.0
[INFO] [stderr]    Compiling anstream v0.6.4
[INFO] [stderr]    Compiling castaway v0.2.3
[INFO] [stderr]    Compiling crossbeam-deque v0.8.3
[INFO] [stderr]    Compiling itertools v0.13.0
[INFO] [stderr]    Compiling dasp_envelope v0.11.0
[INFO] [stderr]    Compiling petgraph v0.6.3
[INFO] [stderr]    Compiling overload v0.1.1
[INFO] [stderr]    Compiling iana-time-zone v0.1.60
[INFO] [stderr]    Compiling option-ext v0.2.0
[INFO] [stderr]    Compiling const-random v0.1.18
[INFO] [stderr]    Compiling cpal v0.15.2
[INFO] [stderr]    Compiling bitflags v2.4.1
[INFO] [stderr]    Compiling unicode-segmentation v1.10.1
[INFO] [stderr]    Compiling dasp_signal v0.11.0
[INFO] [stderr]    Compiling unicode-width v0.1.10
[INFO] [stderr]    Compiling anyhow v1.0.75
[INFO] [stderr]    Compiling symphonia-metadata v0.5.3
[INFO] [stderr]    Compiling ryu v1.0.17
[INFO] [stderr]    Compiling symphonia-codec-pcm v0.5.3
[INFO] [stderr]    Compiling hashbrown v0.14.3
[INFO] [stderr]    Compiling symphonia-codec-adpcm v0.5.3
[INFO] [stderr]    Compiling chrono v0.4.38
[INFO] [stderr]    Compiling compact_str v0.7.1
[INFO] [stderr]    Compiling clap_builder v4.4.8
[INFO] [stderr]    Compiling nu-ansi-term v0.46.0
[INFO] [stderr]    Compiling tracing-log v0.2.0
[INFO] [stderr]    Compiling symphonia-utils-xiph v0.5.3
[INFO] [stderr]    Compiling mio v0.8.11
[INFO] [stderr]    Compiling signal-hook-registry v1.4.1
[INFO] [stderr]    Compiling nix v0.24.3
[INFO] [stderr]    Compiling signal-hook v0.3.17
[INFO] [stderr]    Compiling inotify-sys v0.1.5
[INFO] [stderr]    Compiling parking_lot v0.12.1
[INFO] [stderr]    Compiling unicode-truncate v1.1.0
[INFO] [stderr]    Compiling inotify v0.9.6
[INFO] [stderr]    Compiling lru v0.12.1
[INFO] [stderr]    Compiling symphonia-codec-vorbis v0.5.3
[INFO] [stderr]    Compiling symphonia-bundle-flac v0.5.3
[INFO] [stderr]    Compiling alsa v0.7.0
[INFO] [stderr]    Compiling symphonia-format-ogg v0.5.3
[INFO] [stderr]    Compiling symphonia-format-mkv v0.5.3
[INFO] [stderr]    Compiling filetime v0.2.23
[INFO] [stderr]    Compiling dirs-sys v0.4.1
[INFO] [stderr]    Compiling signal-hook-mio v0.2.4
[INFO] [stderr]    Compiling symphonia-format-wav v0.5.3
[INFO] [stderr]    Compiling crossterm v0.27.0
[INFO] [stderr]    Compiling itertools v0.12.1
[INFO] [stderr]    Compiling crossbeam-channel v0.5.13
[INFO] [stderr]    Compiling thread_local v1.1.7
[INFO] [stderr]    Compiling sharded-slab v0.1.7
[INFO] [stderr]    Compiling lcs-diff v0.1.1
[INFO] [stderr]    Compiling cassowary v0.3.0
[INFO] [stderr]    Compiling symphonia v0.5.3
[INFO] [stderr]    Compiling dirs v5.0.1
[INFO] [stderr]    Compiling ringbuf v0.3.3
[INFO] [stderr]    Compiling notify v6.1.1
[INFO] [stderr]    Compiling rayon v1.8.0
[INFO] [stderr]    Compiling tracing-subscriber v0.3.18
[INFO] [stderr]    Compiling thiserror-impl v1.0.39
[INFO] [stderr]    Compiling rhai_codegen v1.5.0
[INFO] [stderr]    Compiling glicol_macros v0.13.5
[INFO] [stderr]    Compiling strum_macros v0.26.4
[INFO] [stderr]    Compiling clap_derive v4.4.7
[INFO] [stderr]    Compiling tracing-attributes v0.1.27
[INFO] [stderr]    Compiling stability v0.2.1
[INFO] [stderr]    Compiling pest v2.7.9
[INFO] [stderr]    Compiling rhai v1.12.0
[INFO] [stderr]    Compiling tracing v0.1.40
[INFO] [stderr]    Compiling clap v4.4.8
[INFO] [stderr]    Compiling strum v0.26.3
[INFO] [stderr]    Compiling ratatui v0.26.3
[INFO] [stderr]    Compiling pest_meta v2.7.9
[INFO] [stderr]    Compiling pest_generator v2.7.9
[INFO] [stderr]    Compiling pest_derive v2.7.9
[INFO] [stderr]    Compiling glicol_synth v0.13.5
[INFO] [stderr]    Compiling glicol_parser v0.13.5
[INFO] [stderr]    Compiling glicol v0.13.5
[INFO] [stderr]    Compiling glicol-cli v0.3.0 (/opt/rustwide/workdir)
[INFO] [stdout] warning: unexpected `cfg` condition value: `jack`
[INFO] [stdout]   --> src/main.rs:54:9
[INFO] [stdout]    |
[INFO] [stdout] 54 |         feature = "jack"
[INFO] [stdout]    |         ^^^^^^^^^^^^^^^^
[INFO] [stdout]    |
[INFO] [stdout]    = note: expected values for `feature` are: `default`
[INFO] [stdout]    = help: consider adding `jack` as a feature in `Cargo.toml`
[INFO] [stdout]    = note: see <https://doc.rust-lang.org/nightly/rustc/check-cfg/cargo-specifics.html> for more information about checking conditional configuration
[INFO] [stdout]    = note: `#[warn(unexpected_cfgs)]` on by default
[INFO] [stdout] 
[INFO] [stdout] 
[INFO] [stdout] warning: unexpected `cfg` condition value: `jack`
[INFO] [stdout]    --> src/main.rs:112:9
[INFO] [stdout]     |
[INFO] [stdout] 112 |         feature = "jack"
[INFO] [stdout]     |         ^^^^^^^^^^^^^^^^
[INFO] [stdout]     |
[INFO] [stdout]     = note: expected values for `feature` are: `default`
[INFO] [stdout]     = help: consider adding `jack` as a feature in `Cargo.toml`
[INFO] [stdout]     = note: see <https://doc.rust-lang.org/nightly/rustc/check-cfg/cargo-specifics.html> for more information about checking conditional configuration
[INFO] [stdout] 
[INFO] [stdout] 
[INFO] [stdout] warning: unexpected `cfg` condition value: `jack`
[INFO] [stdout]    --> src/main.rs:132:13
[INFO] [stdout]     |
[INFO] [stdout] 132 |         not(feature = "jack")
[INFO] [stdout]     |             ^^^^^^^^^^^^^^^^
[INFO] [stdout]     |
[INFO] [stdout]     = note: expected values for `feature` are: `default`
[INFO] [stdout]     = help: consider adding `jack` as a feature in `Cargo.toml`
[INFO] [stdout]     = note: see <https://doc.rust-lang.org/nightly/rustc/check-cfg/cargo-specifics.html> for more information about checking conditional configuration
[INFO] [stdout] 
[INFO] [stdout] 
[INFO] [stderr]     Finished `dev` profile [unoptimized + debuginfo] target(s) in 57.67s
[INFO] running `Command { std: "docker" "inspect" "013a0812422366029cd66a9c4d33e40ae244e8e04eb0e52934f42afb1640fce6", kill_on_drop: false }`
[INFO] running `Command { std: "docker" "exec" "-e" "SOURCE_DIR=/opt/rustwide/workdir" "-e" "CARGO_HOME=/opt/rustwide/cargo-home" "-e" "RUSTUP_HOME=/opt/rustwide/rustup-home" "-e" "CARGO_TARGET_DIR=/opt/rustwide/target" "-e" "CARGO_INCREMENTAL=0" "-e" "RUST_BACKTRACE=full" "-e" "RUSTFLAGS=--cap-lints=warn" "-e" "RUSTDOCFLAGS=--cap-lints=warn" "-w" "/opt/rustwide/workdir" "--user" "0:0" "013a0812422366029cd66a9c4d33e40ae244e8e04eb0e52934f42afb1640fce6" "/opt/rustwide/cargo-home/bin/cargo" "+1.97.0-beta.6" "test" "--frozen" "--no-run" "--message-format=json", kill_on_drop: false }`
[INFO] [stderr]    Compiling bitflags v2.4.1
[INFO] [stderr]    Compiling rustix v0.38.42
[INFO] [stderr]    Compiling linux-raw-sys v0.4.14
[INFO] [stderr]    Compiling fastrand v2.0.1
[INFO] [stderr]    Compiling crossterm v0.27.0
[INFO] [stderr]    Compiling ratatui v0.26.3
[INFO] [stderr]    Compiling tempfile v3.9.0
[INFO] [stderr]    Compiling glicol-cli v0.3.0 (/opt/rustwide/workdir)
[INFO] [stdout] warning: unexpected `cfg` condition value: `jack`
[INFO] [stdout]   --> src/main.rs:54:9
[INFO] [stdout]    |
[INFO] [stdout] 54 |         feature = "jack"
[INFO] [stdout]    |         ^^^^^^^^^^^^^^^^
[INFO] [stdout]    |
[INFO] [stdout]    = note: expected values for `feature` are: `default`
[INFO] [stdout]    = help: consider adding `jack` as a feature in `Cargo.toml`
[INFO] [stdout]    = note: see <https://doc.rust-lang.org/nightly/rustc/check-cfg/cargo-specifics.html> for more information about checking conditional configuration
[INFO] [stdout]    = note: `#[warn(unexpected_cfgs)]` on by default
[INFO] [stdout] 
[INFO] [stdout] 
[INFO] [stdout] warning: unexpected `cfg` condition value: `jack`
[INFO] [stdout]    --> src/main.rs:112:9
[INFO] [stdout]     |
[INFO] [stdout] 112 |         feature = "jack"
[INFO] [stdout]     |         ^^^^^^^^^^^^^^^^
[INFO] [stdout]     |
[INFO] [stdout]     = note: expected values for `feature` are: `default`
[INFO] [stdout]     = help: consider adding `jack` as a feature in `Cargo.toml`
[INFO] [stdout]     = note: see <https://doc.rust-lang.org/nightly/rustc/check-cfg/cargo-specifics.html> for more information about checking conditional configuration
[INFO] [stdout] 
[INFO] [stdout] 
[INFO] [stdout] warning: unexpected `cfg` condition value: `jack`
[INFO] [stdout]    --> src/main.rs:132:13
[INFO] [stdout]     |
[INFO] [stdout] 132 |         not(feature = "jack")
[INFO] [stdout]     |             ^^^^^^^^^^^^^^^^
[INFO] [stdout]     |
[INFO] [stdout]     = note: expected values for `feature` are: `default`
[INFO] [stdout]     = help: consider adding `jack` as a feature in `Cargo.toml`
[INFO] [stdout]     = note: see <https://doc.rust-lang.org/nightly/rustc/check-cfg/cargo-specifics.html> for more information about checking conditional configuration
[INFO] [stdout] 
[INFO] [stdout] 
[INFO] [stderr]     Finished `test` profile [unoptimized + debuginfo] target(s) in 7.75s
[INFO] running `Command { std: "docker" "inspect" "013a0812422366029cd66a9c4d33e40ae244e8e04eb0e52934f42afb1640fce6", kill_on_drop: false }`
[INFO] running `Command { std: "docker" "exec" "-e" "SOURCE_DIR=/opt/rustwide/workdir" "-e" "CARGO_HOME=/opt/rustwide/cargo-home" "-e" "RUSTUP_HOME=/opt/rustwide/rustup-home" "-e" "CARGO_TARGET_DIR=/opt/rustwide/target" "-e" "CARGO_INCREMENTAL=0" "-e" "RUST_BACKTRACE=full" "-e" "RUSTFLAGS=--cap-lints=warn" "-e" "RUSTDOCFLAGS=--cap-lints=warn" "-w" "/opt/rustwide/workdir" "--user" "0:0" "013a0812422366029cd66a9c4d33e40ae244e8e04eb0e52934f42afb1640fce6" "/opt/rustwide/cargo-home/bin/cargo" "+1.97.0-beta.6" "test" "--frozen", kill_on_drop: false }`
[INFO] [stderr] warning: unexpected `cfg` condition value: `jack`
[INFO] [stderr]   --> src/main.rs:54:9
[INFO] [stderr]    |
[INFO] [stderr] 54 |         feature = "jack"
[INFO] [stderr]    |         ^^^^^^^^^^^^^^^^
[INFO] [stderr]    |
[INFO] [stderr]    = note: expected values for `feature` are: `default`
[INFO] [stderr]    = help: consider adding `jack` as a feature in `Cargo.toml`
[INFO] [stderr]    = note: see <https://doc.rust-lang.org/nightly/rustc/check-cfg/cargo-specifics.html> for more information about checking conditional configuration
[INFO] [stderr]    = note: `#[warn(unexpected_cfgs)]` on by default
[INFO] [stderr] 
[INFO] [stderr] warning: unexpected `cfg` condition value: `jack`
[INFO] [stderr]    --> src/main.rs:112:9
[INFO] [stderr]     |
[INFO] [stderr] 112 |         feature = "jack"
[INFO] [stderr]     |         ^^^^^^^^^^^^^^^^
[INFO] [stderr]     |
[INFO] [stderr]     = note: expected values for `feature` are: `default`
[INFO] [stderr]     = help: consider adding `jack` as a feature in `Cargo.toml`
[INFO] [stderr]     = note: see <https://doc.rust-lang.org/nightly/rustc/check-cfg/cargo-specifics.html> for more information about checking conditional configuration
[INFO] [stderr] 
[INFO] [stderr] warning: unexpected `cfg` condition value: `jack`
[INFO] [stderr]    --> src/main.rs:132:13
[INFO] [stderr]     |
[INFO] [stderr] 132 |         not(feature = "jack")
[INFO] [stderr]     |             ^^^^^^^^^^^^^^^^
[INFO] [stderr]     |
[INFO] [stderr]     = note: expected values for `feature` are: `default`
[INFO] [stderr]     = help: consider adding `jack` as a feature in `Cargo.toml`
[INFO] [stderr]     = note: see <https://doc.rust-lang.org/nightly/rustc/check-cfg/cargo-specifics.html> for more information about checking conditional configuration
[INFO] [stderr] 
[INFO] [stderr] warning: `glicol-cli` (bin "glicol-cli" test) generated 3 warnings
[INFO] [stderr]     Finished `test` profile [unoptimized + debuginfo] target(s) in 0.68s
[INFO] [stdout] 
[INFO] [stdout] running 8 tests
[INFO] [stderr]      Running unittests src/main.rs (/opt/rustwide/target/debug/deps/glicol_cli-bb0f4dcb0a20d326)
[INFO] [stdout] test recent_lines::tests::keep_only_recent_lines ... ok
[INFO] [stdout] test watcher::tests::does_nothing_on_read ... ok
[INFO] [stdout] test watcher::tests::handle_flush ... ok
[INFO] [stdout] test recent_lines::tests::only_show_full_lines ... ok
[INFO] [stdout] test watcher::tests::show_initial_content ... ok
[INFO] [stdout] test watcher::tests::handle_renaming_in_place ... ok
[INFO] [stdout] test watcher::tests::handle_recreated ... ok
[INFO] [stdout] test watcher::tests::handle_truncation ... FAILED
[INFO] [stdout] 
[INFO] [stdout] failures:
[INFO] [stdout] 
[INFO] [stdout] ---- watcher::tests::handle_truncation stdout ----
[INFO] [stdout] 
[INFO] [stdout] thread 'watcher::tests::handle_truncation' (2542) panicked at src/watcher.rs:155:9:
[INFO] [stdout] assertion `left == right` failed
[INFO] [stdout]   left: ""
[INFO] [stdout]  right: "truncated"
[INFO] [stdout] stack backtrace:
[INFO] [stdout]    0:     0x5ddd121c8498 - std[10d71ac2c42b111e]::backtrace_rs::backtrace::libunwind::trace
[INFO] [stdout]                                at /rustc/b2282dd5646a57d570fc86fbe8df0e8826665ef6/library/std/src/../../backtrace/src/backtrace/libunwind.rs:117:9
[INFO] [stdout]    1:     0x5ddd121c8498 - std[10d71ac2c42b111e]::backtrace_rs::backtrace::trace_unsynchronized::<std[10d71ac2c42b111e]::sys::backtrace::_print_fmt::{closure#1}>
[INFO] [stdout]                                at /rustc/b2282dd5646a57d570fc86fbe8df0e8826665ef6/library/std/src/../../backtrace/src/backtrace/mod.rs:66:14
[INFO] [stdout]    2:     0x5ddd121c8498 - std[10d71ac2c42b111e]::sys::backtrace::_print_fmt
[INFO] [stdout]                                at /rustc/b2282dd5646a57d570fc86fbe8df0e8826665ef6/library/std/src/sys/backtrace.rs:74:9
[INFO] [stdout]    3:     0x5ddd121c8498 - <<std[10d71ac2c42b111e]::sys::backtrace::BacktraceLock>::print::DisplayBacktrace as core[8fb95b77d25ab6c8]::fmt::Display>::fmt
[INFO] [stdout]                                at /rustc/b2282dd5646a57d570fc86fbe8df0e8826665ef6/library/std/src/sys/backtrace.rs:44:26
[INFO] [stdout]    4:     0x5ddd121dcb9a - <core[8fb95b77d25ab6c8]::fmt::rt::Argument>::fmt
[INFO] [stdout]                                at /rustc/b2282dd5646a57d570fc86fbe8df0e8826665ef6/library/core/src/fmt/rt.rs:152:76
[INFO] [stdout]    5:     0x5ddd121dcb9a - core[8fb95b77d25ab6c8]::fmt::write
[INFO] [stdout]    6:     0x5ddd121cd0a2 - std[10d71ac2c42b111e]::io::default_write_fmt::<alloc[a7ee25936407c584]::vec::Vec<u8>>
[INFO] [stdout]                                at /rustc/b2282dd5646a57d570fc86fbe8df0e8826665ef6/library/std/src/io/mod.rs:622:11
[INFO] [stdout]    7:     0x5ddd121cd0a2 - <alloc[a7ee25936407c584]::vec::Vec<u8> as std[10d71ac2c42b111e]::io::Write>::write_fmt
[INFO] [stdout]                                at /rustc/b2282dd5646a57d570fc86fbe8df0e8826665ef6/library/std/src/io/mod.rs:1977:13
[INFO] [stdout]    8:     0x5ddd121a4a86 - <std[10d71ac2c42b111e]::sys::backtrace::BacktraceLock>::print
[INFO] [stdout]                                at /rustc/b2282dd5646a57d570fc86fbe8df0e8826665ef6/library/std/src/sys/backtrace.rs:47:9
[INFO] [stdout]    9:     0x5ddd121a4a86 - std[10d71ac2c42b111e]::panicking::default_hook::{closure#0}
[INFO] [stdout]                                at /rustc/b2282dd5646a57d570fc86fbe8df0e8826665ef6/library/std/src/panicking.rs:292:27
[INFO] [stdout]   10:     0x5ddd121bf209 - std[10d71ac2c42b111e]::panicking::default_hook
[INFO] [stdout]                                at /rustc/b2282dd5646a57d570fc86fbe8df0e8826665ef6/library/std/src/panicking.rs:316:9
[INFO] [stdout]   11:     0x5ddd120a8bcc - <alloc[a7ee25936407c584]::boxed::Box<dyn for<'a, 'b> core[8fb95b77d25ab6c8]::ops::function::Fn<(&'a std[10d71ac2c42b111e]::panic::PanicHookInfo<'b>,), Output = ()> + core[8fb95b77d25ab6c8]::marker::Sync + core[8fb95b77d25ab6c8]::marker::Send> as core[8fb95b77d25ab6c8]::ops::function::Fn<(&std[10d71ac2c42b111e]::panic::PanicHookInfo,)>>::call
[INFO] [stdout]                                at /rustc/b2282dd5646a57d570fc86fbe8df0e8826665ef6/library/alloc/src/boxed.rs:2289:9
[INFO] [stdout]   12:     0x5ddd120a8bcc - test[213991da798b1c03]::test_main_inner::<test[213991da798b1c03]::test_main_static::{closure#0}>::{closure#0}
[INFO] [stdout]                                at /rustc/b2282dd5646a57d570fc86fbe8df0e8826665ef6/library/test/src/lib.rs:155:21
[INFO] [stdout]   13:     0x5ddd121bf3c2 - <alloc[a7ee25936407c584]::boxed::Box<dyn for<'a, 'b> core[8fb95b77d25ab6c8]::ops::function::Fn<(&'a std[10d71ac2c42b111e]::panic::PanicHookInfo<'b>,), Output = ()> + core[8fb95b77d25ab6c8]::marker::Sync + core[8fb95b77d25ab6c8]::marker::Send> as core[8fb95b77d25ab6c8]::ops::function::Fn<(&std[10d71ac2c42b111e]::panic::PanicHookInfo,)>>::call
[INFO] [stdout]                                at /rustc/b2282dd5646a57d570fc86fbe8df0e8826665ef6/library/alloc/src/boxed.rs:2289:9
[INFO] [stdout]   14:     0x5ddd121bf3c2 - std[10d71ac2c42b111e]::panicking::panic_with_hook
[INFO] [stdout]                                at /rustc/b2282dd5646a57d570fc86fbe8df0e8826665ef6/library/std/src/panicking.rs:833:13
[INFO] [stdout]   15:     0x5ddd121a4b42 - std[10d71ac2c42b111e]::panicking::panic_handler::{closure#0}
[INFO] [stdout]                                at /rustc/b2282dd5646a57d570fc86fbe8df0e8826665ef6/library/std/src/panicking.rs:698:13
[INFO] [stdout]   16:     0x5ddd12199a19 - std[10d71ac2c42b111e]::sys::backtrace::__rust_end_short_backtrace::<std[10d71ac2c42b111e]::panicking::panic_handler::{closure#0}, !>
[INFO] [stdout]                                at /rustc/b2282dd5646a57d570fc86fbe8df0e8826665ef6/library/std/src/sys/backtrace.rs:182:18
[INFO] [stdout]   17:     0x5ddd121a591d - __rustc[3be9ba60078d4c86]::rust_begin_unwind
[INFO] [stdout]                                at /rustc/b2282dd5646a57d570fc86fbe8df0e8826665ef6/library/std/src/panicking.rs:689:5
[INFO] [stdout]   18:     0x5ddd121dd38c - core[8fb95b77d25ab6c8]::panicking::panic_fmt
[INFO] [stdout]                                at /rustc/b2282dd5646a57d570fc86fbe8df0e8826665ef6/library/core/src/panicking.rs:80:14
[INFO] [stdout]   19:     0x5ddd121dd213 - core[8fb95b77d25ab6c8]::panicking::assert_failed_inner
[INFO] [stdout]                                at /rustc/b2282dd5646a57d570fc86fbe8df0e8826665ef6/library/core/src/panicking.rs:439:17
[INFO] [stdout]   20:     0x5ddd12084a52 - core[8fb95b77d25ab6c8]::panicking::assert_failed::<alloc[a7ee25936407c584]::string::String, &str>
[INFO] [stdout]                                at /rustc/b2282dd5646a57d570fc86fbe8df0e8826665ef6/library/core/src/panicking.rs:394:5
[INFO] [stdout]   21:     0x5ddd1208afb1 - glicol_cli[da9a7b1ba1ac0651]::watcher::tests::handle_truncation
[INFO] [stdout]                                at /opt/rustwide/workdir/src/watcher.rs:155:9
[INFO] [stdout]   22:     0x5ddd120862a7 - glicol_cli[da9a7b1ba1ac0651]::watcher::tests::handle_truncation::{closure#0}
[INFO] [stdout]                                at /opt/rustwide/workdir/src/watcher.rs:138:27
[INFO] [stdout]   23:     0x5ddd12084196 - <glicol_cli[da9a7b1ba1ac0651]::watcher::tests::handle_truncation::{closure#0} as core[8fb95b77d25ab6c8]::ops::function::FnOnce<()>>::call_once
[INFO] [stdout]                                at /rustc/b2282dd5646a57d570fc86fbe8df0e8826665ef6/library/core/src/ops/function.rs:250:5
[INFO] [stdout]   24:     0x5ddd1209bcab - <fn() -> core[8fb95b77d25ab6c8]::result::Result<(), alloc[a7ee25936407c584]::string::String> as core[8fb95b77d25ab6c8]::ops::function::FnOnce<()>>::call_once
[INFO] [stdout]                                at /rustc/b2282dd5646a57d570fc86fbe8df0e8826665ef6/library/core/src/ops/function.rs:250:5
[INFO] [stdout]   25:     0x5ddd1209bcab - test[213991da798b1c03]::__rust_begin_short_backtrace::<core[8fb95b77d25ab6c8]::result::Result<(), alloc[a7ee25936407c584]::string::String>, fn() -> core[8fb95b77d25ab6c8]::result::Result<(), alloc[a7ee25936407c584]::string::String>>
[INFO] [stdout]                                at /rustc/b2282dd5646a57d570fc86fbe8df0e8826665ef6/library/test/src/lib.rs:724:18
[INFO] [stdout]   26:     0x5ddd120a9525 - test[213991da798b1c03]::run_test_in_process::{closure#0}
[INFO] [stdout]                                at /rustc/b2282dd5646a57d570fc86fbe8df0e8826665ef6/library/test/src/lib.rs:747:74
[INFO] [stdout]   27:     0x5ddd120a9525 - <core[8fb95b77d25ab6c8]::panic::unwind_safe::AssertUnwindSafe<test[213991da798b1c03]::run_test_in_process::{closure#0}> as core[8fb95b77d25ab6c8]::ops::function::FnOnce<()>>::call_once
[INFO] [stdout]                                at /rustc/b2282dd5646a57d570fc86fbe8df0e8826665ef6/library/core/src/panic/unwind_safe.rs:275:9
[INFO] [stdout]   28:     0x5ddd120a9525 - std[10d71ac2c42b111e]::panicking::catch_unwind::do_call::<core[8fb95b77d25ab6c8]::panic::unwind_safe::AssertUnwindSafe<test[213991da798b1c03]::run_test_in_process::{closure#0}>, core[8fb95b77d25ab6c8]::result::Result<(), alloc[a7ee25936407c584]::string::String>>
[INFO] [stdout]                                at /rustc/b2282dd5646a57d570fc86fbe8df0e8826665ef6/library/std/src/panicking.rs:581:40
[INFO] [stdout]   29:     0x5ddd120a9525 - std[10d71ac2c42b111e]::panicking::catch_unwind::<core[8fb95b77d25ab6c8]::result::Result<(), alloc[a7ee25936407c584]::string::String>, core[8fb95b77d25ab6c8]::panic::unwind_safe::AssertUnwindSafe<test[213991da798b1c03]::run_test_in_process::{closure#0}>>
[INFO] [stdout]                                at /rustc/b2282dd5646a57d570fc86fbe8df0e8826665ef6/library/std/src/panicking.rs:544:19
[INFO] [stdout]   30:     0x5ddd120a9525 - std[10d71ac2c42b111e]::panic::catch_unwind::<core[8fb95b77d25ab6c8]::panic::unwind_safe::AssertUnwindSafe<test[213991da798b1c03]::run_test_in_process::{closure#0}>, core[8fb95b77d25ab6c8]::result::Result<(), alloc[a7ee25936407c584]::string::String>>
[INFO] [stdout]                                at /rustc/b2282dd5646a57d570fc86fbe8df0e8826665ef6/library/std/src/panic.rs:359:14
[INFO] [stdout]   31:     0x5ddd120a9525 - test[213991da798b1c03]::run_test_in_process
[INFO] [stdout]                                at /rustc/b2282dd5646a57d570fc86fbe8df0e8826665ef6/library/test/src/lib.rs:747:27
[INFO] [stdout]   32:     0x5ddd120a9525 - test[213991da798b1c03]::run_test::{closure#0}
[INFO] [stdout]                                at /rustc/b2282dd5646a57d570fc86fbe8df0e8826665ef6/library/test/src/lib.rs:668:43
[INFO] [stdout]   33:     0x5ddd120a2e34 - test[213991da798b1c03]::run_test::{closure#1}
[INFO] [stdout]                                at /rustc/b2282dd5646a57d570fc86fbe8df0e8826665ef6/library/test/src/lib.rs:698:41
[INFO] [stdout]   34:     0x5ddd120a2e34 - std[10d71ac2c42b111e]::sys::backtrace::__rust_begin_short_backtrace::<test[213991da798b1c03]::run_test::{closure#1}, ()>
[INFO] [stdout]                                at /rustc/b2282dd5646a57d570fc86fbe8df0e8826665ef6/library/std/src/sys/backtrace.rs:166:18
[INFO] [stdout]   35:     0x5ddd120ac5a2 - std[10d71ac2c42b111e]::thread::lifecycle::spawn_unchecked::<test[213991da798b1c03]::run_test::{closure#1}, ()>::{closure#1}::{closure#0}
[INFO] [stdout]                                at /rustc/b2282dd5646a57d570fc86fbe8df0e8826665ef6/library/std/src/thread/lifecycle.rs:70:13
[INFO] [stdout]   36:     0x5ddd120ac5a2 - <core[8fb95b77d25ab6c8]::panic::unwind_safe::AssertUnwindSafe<std[10d71ac2c42b111e]::thread::lifecycle::spawn_unchecked<test[213991da798b1c03]::run_test::{closure#1}, ()>::{closure#1}::{closure#0}> as core[8fb95b77d25ab6c8]::ops::function::FnOnce<()>>::call_once
[INFO] [stdout]                                at /rustc/b2282dd5646a57d570fc86fbe8df0e8826665ef6/library/core/src/panic/unwind_safe.rs:275:9
[INFO] [stdout]   37:     0x5ddd120ac5a2 - std[10d71ac2c42b111e]::panicking::catch_unwind::do_call::<core[8fb95b77d25ab6c8]::panic::unwind_safe::AssertUnwindSafe<std[10d71ac2c42b111e]::thread::lifecycle::spawn_unchecked<test[213991da798b1c03]::run_test::{closure#1}, ()>::{closure#1}::{closure#0}>, ()>
[INFO] [stdout]                                at /rustc/b2282dd5646a57d570fc86fbe8df0e8826665ef6/library/std/src/panicking.rs:581:40
[INFO] [stdout]   38:     0x5ddd120ac5a2 - std[10d71ac2c42b111e]::panicking::catch_unwind::<(), core[8fb95b77d25ab6c8]::panic::unwind_safe::AssertUnwindSafe<std[10d71ac2c42b111e]::thread::lifecycle::spawn_unchecked<test[213991da798b1c03]::run_test::{closure#1}, ()>::{closure#1}::{closure#0}>>
[INFO] [stdout]                                at /rustc/b2282dd5646a57d570fc86fbe8df0e8826665ef6/library/std/src/panicking.rs:544:19
[INFO] [stdout]   39:     0x5ddd120ac5a2 - std[10d71ac2c42b111e]::panic::catch_unwind::<core[8fb95b77d25ab6c8]::panic::unwind_safe::AssertUnwindSafe<std[10d71ac2c42b111e]::thread::lifecycle::spawn_unchecked<test[213991da798b1c03]::run_test::{closure#1}, ()>::{closure#1}::{closure#0}>, ()>
[INFO] [stdout]                                at /rustc/b2282dd5646a57d570fc86fbe8df0e8826665ef6/library/std/src/panic.rs:359:14
[INFO] [stdout]   40:     0x5ddd120ac5a2 - std[10d71ac2c42b111e]::thread::lifecycle::spawn_unchecked::<test[213991da798b1c03]::run_test::{closure#1}, ()>::{closure#1}
[INFO] [stdout]                                at /rustc/b2282dd5646a57d570fc86fbe8df0e8826665ef6/library/std/src/thread/lifecycle.rs:68:26
[INFO] [stdout]   41:     0x5ddd120ac5a2 - <std[10d71ac2c42b111e]::thread::lifecycle::spawn_unchecked<test[213991da798b1c03]::run_test::{closure#1}, ()>::{closure#1} as core[8fb95b77d25ab6c8]::ops::function::FnOnce<()>>::call_once::{shim:vtable#0}
[INFO] [stdout]                                at /rustc/b2282dd5646a57d570fc86fbe8df0e8826665ef6/library/core/src/ops/function.rs:250:5
[INFO] [stdout]   42:     0x5ddd121c75df - <alloc[a7ee25936407c584]::boxed::Box<dyn core[8fb95b77d25ab6c8]::ops::function::FnOnce<(), Output = ()> + core[8fb95b77d25ab6c8]::marker::Send> as core[8fb95b77d25ab6c8]::ops::function::FnOnce<()>>::call_once
[INFO] [stdout]                                at /rustc/b2282dd5646a57d570fc86fbe8df0e8826665ef6/library/alloc/src/boxed.rs:2275:9
[INFO] [stdout]   43:     0x5ddd121c75df - <std[10d71ac2c42b111e]::sys::thread::unix::Thread>::new::thread_start
[INFO] [stdout]                                at /rustc/b2282dd5646a57d570fc86fbe8df0e8826665ef6/library/std/src/sys/thread/unix.rs:118:17
[INFO] [stdout]   44:     0x79af01d59aa4 - <unknown>
[INFO] [stdout]   45:     0x79af01de6a64 - clone
[INFO] [stdout]   46:                0x0 - <unknown>
[INFO] [stdout] 
[INFO] [stdout] 
[INFO] [stdout] failures:
[INFO] [stdout]     watcher::tests::handle_truncation
[INFO] [stdout] 
[INFO] [stdout] test result: FAILED. 7 passed; 1 failed; 0 ignored; 0 measured; 0 filtered out; finished in 0.11s
[INFO] [stdout] 
[INFO] [stderr] error: test failed, to rerun pass `--bin glicol-cli`
[INFO] running `Command { std: "docker" "inspect" "013a0812422366029cd66a9c4d33e40ae244e8e04eb0e52934f42afb1640fce6", kill_on_drop: false }`
[INFO] running `Command { std: "docker" "rm" "-f" "013a0812422366029cd66a9c4d33e40ae244e8e04eb0e52934f42afb1640fce6", kill_on_drop: false }`
[INFO] [stdout] 013a0812422366029cd66a9c4d33e40ae244e8e04eb0e52934f42afb1640fce6
