[INFO] cloning repository https://github.com/fnpratto/Sistema_YPF_Ruta
[INFO] running `Command { std: "git" "-c" "credential.helper=" "-c" "credential.helper=/workspace/cargo-home/bin/git-credential-null" "clone" "--bare" "https://github.com/fnpratto/Sistema_YPF_Ruta" "/workspace/cache/git-repos/https%3A%2F%2Fgithub.com%2Ffnpratto%2FSistema_YPF_Ruta", kill_on_drop: false }`
[INFO] [stderr] Cloning into bare repository '/workspace/cache/git-repos/https%3A%2F%2Fgithub.com%2Ffnpratto%2FSistema_YPF_Ruta'...
[INFO] running `Command { std: "git" "rev-parse" "HEAD", kill_on_drop: false }`
[INFO] [stdout] 4fae07a84e8ccc95ce4b698bbc3a554e69814f74
[INFO] testing fnpratto/Sistema_YPF_Ruta against 1.97.0-beta.6 for beta-1.98-2
[INFO] running `Command { std: "git" "clone" "/workspace/cache/git-repos/https%3A%2F%2Fgithub.com%2Ffnpratto%2FSistema_YPF_Ruta" "/workspace/builds/worker-3-tc1/source", kill_on_drop: false }`
[INFO] [stderr] Cloning into '/workspace/builds/worker-3-tc1/source'...
[INFO] [stderr] done.
[INFO] started tweaking git repo https://github.com/fnpratto/Sistema_YPF_Ruta
[INFO] finished tweaking git repo https://github.com/fnpratto/Sistema_YPF_Ruta
[INFO] tweaked toml for git repo https://github.com/fnpratto/Sistema_YPF_Ruta written to /workspace/builds/worker-3-tc1/source/Cargo.toml
[INFO] validating manifest of git repo https://github.com/fnpratto/Sistema_YPF_Ruta on toolchain 1.97.0-beta.6
[INFO] running `Command { std: CARGO_HOME="/workspace/cargo-home" RUSTUP_HOME="/workspace/rustup-home" "/workspace/cargo-home/bin/cargo" "+1.97.0-beta.6" "metadata" "--manifest-path" "Cargo.toml" "--no-deps", kill_on_drop: false }`
[INFO] crate git repo https://github.com/fnpratto/Sistema_YPF_Ruta already has a lockfile, it will not be regenerated
[INFO] running `Command { std: CARGO_HOME="/workspace/cargo-home" RUSTUP_HOME="/workspace/rustup-home" "/workspace/cargo-home/bin/cargo" "+1.97.0-beta.6" "fetch" "--manifest-path" "Cargo.toml", kill_on_drop: false }`
[INFO] [stderr]     Blocking waiting for file lock on package cache
[INFO] [stderr]     Updating crates.io index
[INFO] [stderr]     Blocking waiting for file lock on package cache
[INFO] [stderr]  Downloading crates ...
[INFO] [stderr]   Downloaded env_logger v0.11.8
[INFO] [stderr]   Downloaded portable-atomic-util v0.2.4
[INFO] [stderr]   Downloaded tokio-stream v0.1.17
[INFO] [stderr]   Downloaded env_filter v0.1.4
[INFO] [stderr]   Downloaded rustc-hash v1.1.0
[INFO] [stderr]   Downloaded untrusted v0.7.1
[INFO] [stderr]   Downloaded actix_derive v0.6.2
[INFO] [stderr]   Downloaded quinn-udp v0.4.1
[INFO] [stderr]   Downloaded is-terminal v0.4.17
[INFO] [stderr]   Downloaded tokio-macros v1.8.2
[INFO] [stderr]   Downloaded actix_async_handler v0.1.0
[INFO] [stderr]   Downloaded rust-format v0.3.4
[INFO] [stderr]   Downloaded actix-macros v0.2.4
[INFO] [stderr]   Downloaded hermit-abi v0.5.2
[INFO] [stderr]   Downloaded spin v0.5.2
[INFO] [stderr]   Downloaded rustls-pemfile v1.0.4
[INFO] [stderr]   Downloaded actix-rt v2.11.0
[INFO] [stderr]   Downloaded termcolor v1.4.1
[INFO] [stderr]   Downloaded sct v0.7.1
[INFO] [stderr]   Downloaded rustls-native-certs v0.6.3
[INFO] [stderr]   Downloaded erased-serde v0.4.9
[INFO] [stderr]   Downloaded colored v2.2.0
[INFO] [stderr]   Downloaded yasna v0.5.2
[INFO] [stderr]   Downloaded tracing-attributes v0.1.30
[INFO] [stderr]   Downloaded env_logger v0.10.2
[INFO] [stderr]   Downloaded socket2 v0.5.10
[INFO] [stderr]   Downloaded rcgen v0.11.3
[INFO] [stderr]   Downloaded quinn v0.10.2
[INFO] [stderr]   Downloaded jiff-static v0.2.16
[INFO] [stderr]   Downloaded base64 v0.21.7
[INFO] [stderr]   Downloaded crossbeam-channel v0.5.15
[INFO] [stderr]   Downloaded zerocopy-derive v0.8.30
[INFO] [stderr]   Downloaded actix v0.13.5
[INFO] [stderr]   Downloaded quinn-proto v0.10.6
[INFO] [stderr]   Downloaded portable-atomic v1.11.1
[INFO] [stderr]   Downloaded regex v1.12.2
[INFO] [stderr]   Downloaded rustls-webpki v0.101.7
[INFO] [stderr]   Downloaded zerocopy v0.8.30
[INFO] [stderr]   Downloaded rustls v0.21.12
[INFO] [stderr]   Downloaded regex-syntax v0.8.8
[INFO] [stderr]   Downloaded regex-automata v0.4.13
[INFO] [stderr]   Downloaded jiff v0.2.16
[INFO] [stderr]   Downloaded ring v0.16.20
[INFO] running `Command { std: "docker" "create" "-v" "/var/lib/crater-agent-workspace/builds/worker-3-tc1/source:/opt/rustwide/workdir:ro,Z" "-v" "/var/lib/crater-agent-workspace/builds/worker-3-tc1/target:/opt/rustwide/target:rw,Z" "-v" "/var/lib/crater-agent-workspace/cargo-home:/opt/rustwide/cargo-home:ro,Z" "-v" "/var/lib/crater-agent-workspace/rustup-home:/opt/rustwide/rustup-home:ro,Z" "-m" "1610612736" "--network" "none" "ghcr.io/rust-lang/crates-build-env/linux@sha256:3d5ced03c013a94a2f102a4510f48a6e9184255caf5fd8244f58017bde7f5210" "sleep" "infinity", kill_on_drop: false }`
[INFO] [stdout] 4bac56f6173bf0b5f07b51527f4c2c089a23fd25fff9bc00bad514784d04628a
[INFO] running `Command { std: "docker" "start" "4bac56f6173bf0b5f07b51527f4c2c089a23fd25fff9bc00bad514784d04628a", kill_on_drop: false }`
[INFO] running `Command { std: "docker" "inspect" "4bac56f6173bf0b5f07b51527f4c2c089a23fd25fff9bc00bad514784d04628a", kill_on_drop: false }`
[INFO] running `Command { std: "docker" "exec" "-e" "SOURCE_DIR=/opt/rustwide/workdir" "-e" "CARGO_HOME=/opt/rustwide/cargo-home" "-e" "RUSTUP_HOME=/opt/rustwide/rustup-home" "-e" "CARGO_TARGET_DIR=/opt/rustwide/target" "-w" "/opt/rustwide/workdir" "--user" "0:0" "4bac56f6173bf0b5f07b51527f4c2c089a23fd25fff9bc00bad514784d04628a" "/opt/rustwide/cargo-home/bin/cargo" "+1.97.0-beta.6" "metadata" "--no-deps" "--format-version=1", kill_on_drop: false }`
[INFO] running `Command { std: "docker" "inspect" "4bac56f6173bf0b5f07b51527f4c2c089a23fd25fff9bc00bad514784d04628a", kill_on_drop: false }`
[INFO] running `Command { std: "docker" "exec" "-e" "SOURCE_DIR=/opt/rustwide/workdir" "-e" "CARGO_HOME=/opt/rustwide/cargo-home" "-e" "RUSTUP_HOME=/opt/rustwide/rustup-home" "-e" "CARGO_TARGET_DIR=/opt/rustwide/target" "-e" "CARGO_INCREMENTAL=0" "-e" "RUST_BACKTRACE=full" "-e" "RUSTFLAGS=--cap-lints=warn" "-e" "RUSTDOCFLAGS=--cap-lints=warn" "-w" "/opt/rustwide/workdir" "--user" "0:0" "4bac56f6173bf0b5f07b51527f4c2c089a23fd25fff9bc00bad514784d04628a" "/opt/rustwide/cargo-home/bin/cargo" "+1.97.0-beta.6" "build" "--frozen" "--message-format=json", kill_on_drop: false }`
[INFO] [stderr]    Compiling libc v0.2.177
[INFO] [stderr]    Compiling proc-macro2 v1.0.103
[INFO] [stderr]    Compiling unicode-ident v1.0.22
[INFO] [stderr]    Compiling quote v1.0.42
[INFO] [stderr]    Compiling cfg-if v1.0.4
[INFO] [stderr]    Compiling shlex v1.3.0
[INFO] [stderr]    Compiling find-msvc-tools v0.1.5
[INFO] [stderr]    Compiling pin-project-lite v0.2.16
[INFO] [stderr]    Compiling zerocopy v0.8.30
[INFO] [stderr]    Compiling parking_lot_core v0.9.12
[INFO] [stderr]    Compiling log v0.4.28
[INFO] [stderr]    Compiling once_cell v1.21.3
[INFO] [stderr]    Compiling scopeguard v1.2.0
[INFO] [stderr]    Compiling smallvec v1.15.1
[INFO] [stderr]    Compiling bytes v1.11.0
[INFO] [stderr]    Compiling memchr v2.7.6
[INFO] [stderr]    Compiling untrusted v0.9.0
[INFO] [stderr]    Compiling lock_api v0.4.14
[INFO] [stderr]    Compiling serde_core v1.0.228
[INFO] [stderr]    Compiling futures-core v0.3.31
[INFO] [stderr]    Compiling crossbeam-utils v0.8.21
[INFO] [stderr]    Compiling autocfg v1.5.0
[INFO] [stderr]    Compiling tracing-core v0.1.34
[INFO] [stderr]    Compiling rustls v0.21.12
[INFO] [stderr]    Compiling spin v0.5.2
[INFO] [stderr]    Compiling thiserror v1.0.69
[INFO] [stderr]    Compiling base64 v0.21.7
[INFO] [stderr]    Compiling untrusted v0.7.1
[INFO] [stderr]    Compiling cc v1.2.47
[INFO] [stderr]    Compiling typeid v1.0.3
[INFO] [stderr]    Compiling tinyvec_macros v0.1.1
[INFO] [stderr]    Compiling serde v1.0.228
[INFO] [stderr]    Compiling openssl-probe v0.1.6
[INFO] [stderr]    Compiling regex-syntax v0.8.8
[INFO] [stderr]    Compiling rustls-pemfile v1.0.4
[INFO] [stderr]    Compiling tinyvec v1.10.0
[INFO] [stderr]    Compiling serde_json v1.0.145
[INFO] [stderr]    Compiling rustls-native-certs v0.6.3
[INFO] [stderr]    Compiling rustc-hash v1.1.0
[INFO] [stderr]    Compiling pin-utils v0.1.0
[INFO] [stderr]    Compiling futures-sink v0.3.31
[INFO] [stderr]    Compiling futures-task v0.3.31
[INFO] [stderr]    Compiling erased-serde v0.4.9
[INFO] [stderr]    Compiling slab v0.4.11
[INFO] [stderr]    Compiling aho-corasick v1.1.4
[INFO] [stderr]    Compiling num-traits v0.2.19
[INFO] [stderr]    Compiling futures-util v0.3.31
[INFO] [stderr]    Compiling rust-format v0.3.4
[INFO] [stderr]    Compiling crossbeam-channel v0.5.15
[INFO] [stderr]    Compiling syn v2.0.111
[INFO] [stderr]    Compiling itoa v1.0.15
[INFO] [stderr]    Compiling bitflags v2.10.0
[INFO] [stderr]    Compiling lazy_static v1.5.0
[INFO] [stderr]    Compiling ryu v1.0.20
[INFO] [stderr]    Compiling colored v2.2.0
[INFO] [stderr]    Compiling utf8parse v0.2.2
[INFO] [stderr]    Compiling termcolor v1.4.1
[INFO] [stderr]    Compiling humantime v2.3.0
[INFO] [stderr]    Compiling anstyle-parse v0.2.7
[INFO] [stderr]    Compiling anstyle v1.0.13
[INFO] [stderr]    Compiling colorchoice v1.0.4
[INFO] [stderr]    Compiling is_terminal_polyfill v1.70.2
[INFO] [stderr]    Compiling anstyle-query v1.1.5
[INFO] [stderr]    Compiling jiff v0.2.16
[INFO] [stderr]    Compiling getrandom v0.3.4
[INFO] [stderr]    Compiling powerfmt v0.2.0
[INFO] [stderr]    Compiling anstream v0.6.21
[INFO] [stderr]    Compiling getrandom v0.2.16
[INFO] [stderr]    Compiling signal-hook-registry v1.4.7
[INFO] [stderr]    Compiling socket2 v0.6.1
[INFO] [stderr]    Compiling mio v1.1.0
[INFO] [stderr]    Compiling rand_core v0.6.4
[INFO] [stderr]    Compiling socket2 v0.5.10
[INFO] [stderr]    Compiling is-terminal v0.4.17
[INFO] [stderr]    Compiling parking_lot v0.12.5
[INFO] [stderr]    Compiling deranged v0.5.5
[INFO] [stderr]    Compiling syn v1.0.109
[INFO] [stderr]    Compiling time-core v0.1.6
[INFO] [stderr]    Compiling num-conv v0.1.0
[INFO] [stderr]    Compiling rand_core v0.9.3
[INFO] [stderr]    Compiling anyhow v1.0.100
[INFO] [stderr]    Compiling base64 v0.22.1
[INFO] [stderr]    Compiling iana-time-zone v0.1.64
[INFO] [stderr]    Compiling regex-automata v0.4.13
[INFO] [stderr]    Compiling ring v0.17.14
[INFO] [stderr]    Compiling ring v0.16.20
[INFO] [stderr]    Compiling pem v3.0.6
[INFO] [stderr]    Compiling ppv-lite86 v0.2.21
[INFO] [stderr]    Compiling time v0.3.44
[INFO] [stderr]    Compiling rand_chacha v0.3.1
[INFO] [stderr]    Compiling rand_chacha v0.9.0
[INFO] [stderr]    Compiling rand v0.8.5
[INFO] [stderr]    Compiling rand v0.9.2
[INFO] [stderr]    Compiling yasna v0.5.2
[INFO] [stderr]    Compiling regex v1.12.2
[INFO] [stderr]    Compiling env_logger v0.10.2
[INFO] [stderr]    Compiling env_filter v0.1.4
[INFO] [stderr]    Compiling tokio-macros v1.8.2
[INFO] [stderr]    Compiling rcgen v0.11.3
[INFO] [stderr]    Compiling tokio-macros v2.6.0
[INFO] [stderr]    Compiling tracing-attributes v0.1.30
[INFO] [stderr]    Compiling thiserror-impl v1.0.69
[INFO] [stderr]    Compiling actix-macros v0.2.4
[INFO] [stderr]    Compiling serde_derive v1.0.228
[INFO] [stderr]    Compiling actix_derive v0.6.2
[INFO] [stderr]    Compiling actix_async_handler v0.1.0
[INFO] [stderr]    Compiling num-derive v0.4.2
[INFO] [stderr]    Compiling env_logger v0.11.8
[INFO] [stderr]    Compiling sct v0.7.1
[INFO] [stderr]    Compiling rustls-webpki v0.101.7
[INFO] [stderr]    Compiling tokio v1.48.0
[INFO] [stderr]    Compiling tracing v0.1.41
[INFO] [stderr]    Compiling quinn-udp v0.4.1
[INFO] [stderr]    Compiling quinn-proto v0.10.6
[INFO] [stderr]    Compiling chrono v0.4.42
[INFO] [stderr]    Compiling tokio-util v0.7.17
[INFO] [stderr]    Compiling actix-rt v2.11.0
[INFO] [stderr]    Compiling tokio-stream v0.1.17
[INFO] [stderr]    Compiling quinn v0.10.2
[INFO] [stderr]    Compiling actix v0.13.5
[INFO] [stderr]    Compiling common v0.1.0 (/opt/rustwide/workdir/common)
[INFO] [stderr]    Compiling company v0.1.0 (/opt/rustwide/workdir/company)
[INFO] [stderr]    Compiling card v0.1.0 (/opt/rustwide/workdir/card)
[INFO] [stderr]    Compiling company_admin v0.1.0 (/opt/rustwide/workdir/company_admin)
[INFO] [stderr]    Compiling regional_admin v0.1.0 (/opt/rustwide/workdir/regional_admin)
[INFO] [stdout] warning: unused import: `debug`
[INFO] [stdout]  --> regional_admin/src/connection_actor.rs:5:11
[INFO] [stdout]   |
[INFO] [stdout] 5 | use log::{debug, error};
[INFO] [stdout]   |           ^^^^^
[INFO] [stdout]   |
[INFO] [stdout]   = note: `#[warn(unused_imports)]` (part of `#[warn(unused)]`) on by default
[INFO] [stdout] 
[INFO] [stdout] 
[INFO] [stdout] warning: unused import: `log::debug`
[INFO] [stdout]  --> regional_admin/src/regional_admin.rs:7:5
[INFO] [stdout]   |
[INFO] [stdout] 7 | use log::debug;
[INFO] [stdout]   |     ^^^^^^^^^^
[INFO] [stdout] 
[INFO] [stdout] 
[INFO] [stderr]    Compiling gas_pump v0.1.0 (/opt/rustwide/workdir/gas_pump)
[INFO] [stdout] warning: unused import: `info`
[INFO] [stdout]   --> gas_pump/src/pump.rs:26:18
[INFO] [stdout]    |
[INFO] [stdout] 26 | use log::{error, info};
[INFO] [stdout]    |                  ^^^^
[INFO] [stdout]    |
[INFO] [stdout]    = note: `#[warn(unused_imports)]` (part of `#[warn(unused)]`) on by default
[INFO] [stdout] 
[INFO] [stdout] 
[INFO] [stdout] warning: unused import: `debug`
[INFO] [stdout]  --> regional_admin/src/connection_actor.rs:5:11
[INFO] [stdout]   |
[INFO] [stdout] 5 | use log::{debug, error};
[INFO] [stdout]   |           ^^^^^
[INFO] [stdout]   |
[INFO] [stdout]   = note: `#[warn(unused_imports)]` (part of `#[warn(unused)]`) on by default
[INFO] [stdout] 
[INFO] [stdout] 
[INFO] [stdout] warning: unused import: `log::debug`
[INFO] [stdout]  --> regional_admin/src/regional_admin.rs:7:5
[INFO] [stdout]   |
[INFO] [stdout] 7 | use log::debug;
[INFO] [stdout]   |     ^^^^^^^^^^
[INFO] [stdout] 
[INFO] [stdout] 
[INFO] [stderr]    Compiling tests v0.1.0 (/opt/rustwide/workdir/tests)
[INFO] [stdout] warning: unused import: `info`
[INFO] [stdout]   --> gas_pump/src/pump.rs:26:18
[INFO] [stdout]    |
[INFO] [stdout] 26 | use log::{error, info};
[INFO] [stdout]    |                  ^^^^
[INFO] [stdout]    |
[INFO] [stdout]    = note: `#[warn(unused_imports)]` (part of `#[warn(unused)]`) on by default
[INFO] [stdout] 
[INFO] [stdout] 
[INFO] [stderr]     Finished `dev` profile [unoptimized + debuginfo] target(s) in 1m 15s
[INFO] running `Command { std: "docker" "inspect" "4bac56f6173bf0b5f07b51527f4c2c089a23fd25fff9bc00bad514784d04628a", kill_on_drop: false }`
[INFO] running `Command { std: "docker" "exec" "-e" "SOURCE_DIR=/opt/rustwide/workdir" "-e" "CARGO_HOME=/opt/rustwide/cargo-home" "-e" "RUSTUP_HOME=/opt/rustwide/rustup-home" "-e" "CARGO_TARGET_DIR=/opt/rustwide/target" "-e" "CARGO_INCREMENTAL=0" "-e" "RUST_BACKTRACE=full" "-e" "RUSTFLAGS=--cap-lints=warn" "-e" "RUSTDOCFLAGS=--cap-lints=warn" "-w" "/opt/rustwide/workdir" "--user" "0:0" "4bac56f6173bf0b5f07b51527f4c2c089a23fd25fff9bc00bad514784d04628a" "/opt/rustwide/cargo-home/bin/cargo" "+1.97.0-beta.6" "test" "--frozen" "--no-run" "--message-format=json", kill_on_drop: false }`
[INFO] [stderr]    Compiling common v0.1.0 (/opt/rustwide/workdir/common)
[INFO] [stderr]    Compiling company_admin v0.1.0 (/opt/rustwide/workdir/company_admin)
[INFO] [stderr]    Compiling company v0.1.0 (/opt/rustwide/workdir/company)
[INFO] [stderr]    Compiling card v0.1.0 (/opt/rustwide/workdir/card)
[INFO] [stderr]    Compiling regional_admin v0.1.0 (/opt/rustwide/workdir/regional_admin)
[INFO] [stdout] warning: unused import: `debug`
[INFO] [stdout]  --> regional_admin/src/connection_actor.rs:5:11
[INFO] [stdout]   |
[INFO] [stdout] 5 | use log::{debug, error};
[INFO] [stdout]   |           ^^^^^
[INFO] [stdout]   |
[INFO] [stdout]   = note: `#[warn(unused_imports)]` (part of `#[warn(unused)]`) on by default
[INFO] [stdout] 
[INFO] [stdout] 
[INFO] [stdout] warning: unused import: `log::debug`
[INFO] [stdout]  --> regional_admin/src/regional_admin.rs:7:5
[INFO] [stdout]   |
[INFO] [stdout] 7 | use log::debug;
[INFO] [stdout]   |     ^^^^^^^^^^
[INFO] [stdout] 
[INFO] [stdout] 
[INFO] [stderr]    Compiling gas_pump v0.1.0 (/opt/rustwide/workdir/gas_pump)
[INFO] [stderr]    Compiling tests v0.1.0 (/opt/rustwide/workdir/tests)
[INFO] [stdout] warning: unused import: `info`
[INFO] [stdout]   --> gas_pump/src/pump.rs:26:18
[INFO] [stdout]    |
[INFO] [stdout] 26 | use log::{error, info};
[INFO] [stdout]    |                  ^^^^
[INFO] [stdout]    |
[INFO] [stdout]    = note: `#[warn(unused_imports)]` (part of `#[warn(unused)]`) on by default
[INFO] [stdout] 
[INFO] [stdout] 
[INFO] [stdout] warning: methods `spawn_reader_loop` and `send_json` are never used
[INFO] [stdout]   --> company_admin/src/admin_actor.rs:36:8
[INFO] [stdout]    |
[INFO] [stdout] 20 | impl CompanyAdminActor {
[INFO] [stdout]    | ---------------------- methods in this implementation
[INFO] [stdout] ...
[INFO] [stdout] 36 |     fn spawn_reader_loop(
[INFO] [stdout]    |        ^^^^^^^^^^^^^^^^^
[INFO] [stdout] ...
[INFO] [stdout] 73 |     fn send_json(&mut self, ctx: &mut Context<Self>, msg_type: MsgType, payload: Value) {
[INFO] [stdout]    |        ^^^^^^^^^
[INFO] [stdout]    |
[INFO] [stdout]    = note: `#[warn(dead_code)]` (part of `#[warn(unused)]`) on by default
[INFO] [stdout] 
[INFO] [stdout] 
[INFO] [stdout] warning: unused import: `debug`
[INFO] [stdout]  --> regional_admin/src/connection_actor.rs:5:11
[INFO] [stdout]   |
[INFO] [stdout] 5 | use log::{debug, error};
[INFO] [stdout]   |           ^^^^^
[INFO] [stdout]   |
[INFO] [stdout]   = note: `#[warn(unused_imports)]` (part of `#[warn(unused)]`) on by default
[INFO] [stdout] 
[INFO] [stdout] 
[INFO] [stdout] warning: unused import: `log::debug`
[INFO] [stdout]  --> regional_admin/src/regional_admin.rs:7:5
[INFO] [stdout]   |
[INFO] [stdout] 7 | use log::debug;
[INFO] [stdout]   |     ^^^^^^^^^^
[INFO] [stdout] 
[INFO] [stdout] 
[INFO] [stdout] warning: unused import: `info`
[INFO] [stdout]   --> gas_pump/src/pump.rs:26:18
[INFO] [stdout]    |
[INFO] [stdout] 26 | use log::{error, info};
[INFO] [stdout]    |                  ^^^^
[INFO] [stdout]    |
[INFO] [stdout]    = note: `#[warn(unused_imports)]` (part of `#[warn(unused)]`) on by default
[INFO] [stdout] 
[INFO] [stdout] 
[INFO] [stdout] warning: unused import: `info`
[INFO] [stdout]   --> gas_pump/src/pump.rs:26:18
[INFO] [stdout]    |
[INFO] [stdout] 26 | use log::{error, info};
[INFO] [stdout]    |                  ^^^^
[INFO] [stdout]    |
[INFO] [stdout]    = note: `#[warn(unused_imports)]` (part of `#[warn(unused)]`) on by default
[INFO] [stdout] 
[INFO] [stdout] 
[INFO] [stdout] warning: unused import: `debug`
[INFO] [stdout]  --> regional_admin/src/connection_actor.rs:5:11
[INFO] [stdout]   |
[INFO] [stdout] 5 | use log::{debug, error};
[INFO] [stdout]   |           ^^^^^
[INFO] [stdout]   |
[INFO] [stdout]   = note: `#[warn(unused_imports)]` (part of `#[warn(unused)]`) on by default
[INFO] [stdout] 
[INFO] [stdout] 
[INFO] [stdout] warning: unused import: `log::debug`
[INFO] [stdout]  --> regional_admin/src/regional_admin.rs:7:5
[INFO] [stdout]   |
[INFO] [stdout] 7 | use log::debug;
[INFO] [stdout]   |     ^^^^^^^^^^
[INFO] [stdout] 
[INFO] [stdout] 
[INFO] [stdout] warning: method `spawn_reader_task` is never used
[INFO] [stdout]   --> card/src/card.rs:47:8
[INFO] [stdout]    |
[INFO] [stdout] 29 | impl Card {
[INFO] [stdout]    | --------- method in this implementation
[INFO] [stdout] ...
[INFO] [stdout] 47 |     fn spawn_reader_task(
[INFO] [stdout]    |        ^^^^^^^^^^^^^^^^^
[INFO] [stdout]    |
[INFO] [stdout]    = note: `#[warn(dead_code)]` (part of `#[warn(unused)]`) on by default
[INFO] [stdout] 
[INFO] [stdout] 
[INFO] [stderr]     Finished `test` profile [unoptimized + debuginfo] target(s) in 4.92s
[INFO] running `Command { std: "docker" "inspect" "4bac56f6173bf0b5f07b51527f4c2c089a23fd25fff9bc00bad514784d04628a", kill_on_drop: false }`
[INFO] running `Command { std: "docker" "exec" "-e" "SOURCE_DIR=/opt/rustwide/workdir" "-e" "CARGO_HOME=/opt/rustwide/cargo-home" "-e" "RUSTUP_HOME=/opt/rustwide/rustup-home" "-e" "CARGO_TARGET_DIR=/opt/rustwide/target" "-e" "CARGO_INCREMENTAL=0" "-e" "RUST_BACKTRACE=full" "-e" "RUSTFLAGS=--cap-lints=warn" "-e" "RUSTDOCFLAGS=--cap-lints=warn" "-w" "/opt/rustwide/workdir" "--user" "0:0" "4bac56f6173bf0b5f07b51527f4c2c089a23fd25fff9bc00bad514784d04628a" "/opt/rustwide/cargo-home/bin/cargo" "+1.97.0-beta.6" "test" "--frozen", kill_on_drop: false }`
[INFO] [stderr] warning: unused import: `debug`
[INFO] [stderr]  --> regional_admin/src/connection_actor.rs:5:11
[INFO] [stderr]   |
[INFO] [stderr] 5 | use log::{debug, error};
[INFO] [stderr]   |           ^^^^^
[INFO] [stderr]   |
[INFO] [stderr]   = note: `#[warn(unused_imports)]` (part of `#[warn(unused)]`) on by default
[INFO] [stderr] 
[INFO] [stderr] warning: unused import: `log::debug`
[INFO] [stderr]  --> regional_admin/src/regional_admin.rs:7:5
[INFO] [stderr]   |
[INFO] [stderr] 7 | use log::debug;
[INFO] [stderr]   |     ^^^^^^^^^^
[INFO] [stderr] 
[INFO] [stderr] warning: methods `spawn_reader_loop` and `send_json` are never used
[INFO] [stderr]   --> company_admin/src/admin_actor.rs:36:8
[INFO] [stderr]    |
[INFO] [stderr] 20 | impl CompanyAdminActor {
[INFO] [stderr]    | ---------------------- methods in this implementation
[INFO] [stderr] ...
[INFO] [stderr] 36 |     fn spawn_reader_loop(
[INFO] [stderr]    |        ^^^^^^^^^^^^^^^^^
[INFO] [stderr] ...
[INFO] [stderr] 73 |     fn send_json(&mut self, ctx: &mut Context<Self>, msg_type: MsgType, payload: Value) {
[INFO] [stderr]    |        ^^^^^^^^^
[INFO] [stderr]    |
[INFO] [stderr]    = note: `#[warn(dead_code)]` (part of `#[warn(unused)]`) on by default
[INFO] [stderr] 
[INFO] [stderr] warning: `regional_admin` (lib) generated 2 warnings (run `cargo fix --lib -p regional_admin` to apply 2 suggestions)
[INFO] [stderr] warning: `regional_admin` (lib test) generated 2 warnings (2 duplicates)
[INFO] [stderr] warning: `company_admin` (bin "company_admin" test) generated 1 warning
[INFO] [stderr] warning: method `spawn_reader_task` is never used
[INFO] [stderr]   --> card/src/card.rs:47:8
[INFO] [stderr]    |
[INFO] [stderr] 29 | impl Card {
[INFO] [stderr]    | --------- method in this implementation
[INFO] [stderr] ...
[INFO] [stderr] 47 |     fn spawn_reader_task(
[INFO] [stderr]    |        ^^^^^^^^^^^^^^^^^
[INFO] [stderr]    |
[INFO] [stderr]    = note: `#[warn(dead_code)]` (part of `#[warn(unused)]`) on by default
[INFO] [stderr] 
[INFO] [stderr] warning: `regional_admin` (bin "regional_admin" test) generated 2 warnings (2 duplicates)
[INFO] [stderr] warning: `card` (bin "card" test) generated 1 warning
[INFO] [stderr] warning: unused import: `info`
[INFO] [stderr]   --> gas_pump/src/pump.rs:26:18
[INFO] [stderr]    |
[INFO] [stderr] 26 | use log::{error, info};
[INFO] [stderr]    |                  ^^^^
[INFO] [stderr]    |
[INFO] [stderr]    = note: `#[warn(unused_imports)]` (part of `#[warn(unused)]`) on by default
[INFO] [stderr] 
[INFO] [stderr] warning: `gas_pump` (lib) generated 1 warning (run `cargo fix --lib -p gas_pump` to apply 1 suggestion)
[INFO] [stderr] warning: `gas_pump` (lib test) generated 1 warning (1 duplicate)
[INFO] [stderr] warning: `gas_pump` (bin "gas_pump" test) generated 1 warning (1 duplicate)
[INFO] [stderr]     Finished `test` profile [unoptimized + debuginfo] target(s) in 0.65s
[INFO] [stderr]      Running unittests src/lib.rs (/opt/rustwide/target/debug/deps/card-68272a3618a5ba84)
[INFO] [stdout] 
[INFO] [stdout] running 0 tests
[INFO] [stdout] 
[INFO] [stdout] test result: ok. 0 passed; 0 failed; 0 ignored; 0 measured; 0 filtered out; finished in 0.00s
[INFO] [stdout] 
[INFO] [stderr]      Running unittests src/main.rs (/opt/rustwide/target/debug/deps/card-78f109cc83c6cc99)
[INFO] [stdout] 
[INFO] [stdout] running 0 tests
[INFO] [stdout] 
[INFO] [stdout] test result: ok. 0 passed; 0 failed; 0 ignored; 0 measured; 0 filtered out; finished in 0.00s
[INFO] [stdout] 
[INFO] [stderr]      Running unittests src/lib.rs (/opt/rustwide/target/debug/deps/common-dc813d531f4313e4)
[INFO] [stdout] 
[INFO] [stdout] running 0 tests
[INFO] [stdout] 
[INFO] [stdout] test result: ok. 0 passed; 0 failed; 0 ignored; 0 measured; 0 filtered out; finished in 0.00s
[INFO] [stdout] 
[INFO] [stderr]      Running unittests src/main.rs (/opt/rustwide/target/debug/deps/common-18b9535d8afa695e)
[INFO] [stdout] 
[INFO] [stdout] running 0 tests
[INFO] [stdout] 
[INFO] [stdout] test result: ok. 0 passed; 0 failed; 0 ignored; 0 measured; 0 filtered out; finished in 0.00s
[INFO] [stdout] 
[INFO] [stderr]      Running unittests src/lib.rs (/opt/rustwide/target/debug/deps/company-43910720932f103e)
[INFO] [stdout] 
[INFO] [stdout] running 5 tests
[INFO] [stdout] test company::tests::test_transaction_amount_zero_invalid ... ok
[INFO] [stdout] test company::tests::test_transaction_creates_card_if_missing ... ok
[INFO] [stdout] test company::tests::test_transaction_success ... ok
[INFO] [stdout] test company::tests::test_transaction_limit_exceeded ... ok
[INFO] [stdout] test company::tests::test_transaction_global_balance_insufficient ... ok
[INFO] [stdout] 
[INFO] [stdout] test result: ok. 5 passed; 0 failed; 0 ignored; 0 measured; 0 filtered out; finished in 0.01s
[INFO] [stdout] 
[INFO] [stderr]      Running unittests src/main.rs (/opt/rustwide/target/debug/deps/company-f88fab7e9423a6dd)
[INFO] [stdout] 
[INFO] [stdout] running 0 tests
[INFO] [stdout] 
[INFO] [stdout] test result: ok. 0 passed; 0 failed; 0 ignored; 0 measured; 0 filtered out; finished in 0.00s
[INFO] [stdout] 
[INFO] [stderr]      Running unittests src/lib.rs (/opt/rustwide/target/debug/deps/company_admin-6741872241d0e106)
[INFO] [stdout] 
[INFO] [stdout] running 0 tests
[INFO] [stdout] 
[INFO] [stdout] test result: ok. 0 passed; 0 failed; 0 ignored; 0 measured; 0 filtered out; finished in 0.00s
[INFO] [stdout] 
[INFO] [stderr]      Running unittests src/main.rs (/opt/rustwide/target/debug/deps/company_admin-a83330195b22c22f)
[INFO] [stdout] 
[INFO] [stdout] running 0 tests
[INFO] [stdout] 
[INFO] [stdout] test result: ok. 0 passed; 0 failed; 0 ignored; 0 measured; 0 filtered out; finished in 0.00s
[INFO] [stdout] 
[INFO] [stderr]      Running unittests src/lib.rs (/opt/rustwide/target/debug/deps/gas_pump-ef22d946062111d4)
[INFO] [stdout] 
[INFO] [stdout] running 0 tests
[INFO] [stdout] 
[INFO] [stdout] test result: ok. 0 passed; 0 failed; 0 ignored; 0 measured; 0 filtered out; finished in 0.00s
[INFO] [stdout] 
[INFO] [stderr]      Running unittests src/main.rs (/opt/rustwide/target/debug/deps/gas_pump-45d8f93f68baf449)
[INFO] [stdout] 
[INFO] [stdout] running 0 tests
[INFO] [stdout] 
[INFO] [stdout] test result: ok. 0 passed; 0 failed; 0 ignored; 0 measured; 0 filtered out; finished in 0.00s
[INFO] [stdout] 
[INFO] [stderr]      Running unittests src/lib.rs (/opt/rustwide/target/debug/deps/regional_admin-88678e2fb0fab2e3)
[INFO] [stderr]      Running unittests src/main.rs (/opt/rustwide/target/debug/deps/regional_admin-0436b363e86da2d5)
[INFO] [stdout] 
[INFO] [stdout] running 0 tests
[INFO] [stdout] 
[INFO] [stdout] test result: ok. 0 passed; 0 failed; 0 ignored; 0 measured; 0 filtered out; finished in 0.00s
[INFO] [stdout] 
[INFO] [stdout] 
[INFO] [stdout] running 0 tests
[INFO] [stdout] 
[INFO] [stdout] test result: ok. 0 passed; 0 failed; 0 ignored; 0 measured; 0 filtered out; finished in 0.00s
[INFO] [stdout] 
[INFO] [stderr]      Running unittests src/lib.rs (/opt/rustwide/target/debug/deps/integration_tests-9b26f9b53c7387da)
[INFO] [stdout] 
[INFO] [stdout] running 28 tests
[INFO] [stdout] test bully_tests::test_global_bully_algorithm ... ok
[INFO] [stdout] test communication_test::test_card_pump_communication_only ... ok
[INFO] [stdout] test expense_tests::test_expense_recovery_basic ... ok
[INFO] [stdout] test bully_tests::test_large_network_election ... ok
[INFO] [stdout] test communication_test::test_regional_admin_pump_connection ... ok
[INFO] [stdout] test pending_results_test::test_basic_pending_result_storage ... ok
[INFO] [stdout] test pending_results_test::test_multiple_cards_pending_results ... ok
[INFO] [stdout] test pending_results_test::test_pending_result_removal ... ok
[INFO] [stdout] test bully_tests::test_concurrent_elections ... ok
[INFO] [stdout] test pending_results_test::test_pending_result_on_connection_failure ... ok
[INFO] [stdout] test communication_test::test_company_expense_processing ... ok
[INFO] [stdout] test pending_results_test::test_pending_result_survives_pump_restart ... ok
[INFO] [stdout] test tests::it_works ... ok
[INFO] [stderr]     Blocking waiting for file lock on build directory
[INFO] [stderr]    Compiling rustls v0.21.12
[INFO] [stderr]    Compiling ring v0.17.14
[INFO] [stderr]    Compiling tokio v1.48.0
[INFO] [stdout] test pending_results_test::test_card_reconnection_with_pending_result ... ok
[INFO] [stdout] test expense_tests::test_expense_consistency_during_crash ... ok
[INFO] [stdout] test pending_results_test::test_regional_admin_sequential_failover ... ok
[INFO] [stdout] test bully_tests::test_leader_crash_recovery ... ok
[INFO] [stdout] test communication_test::test_communication_during_leader_change ... ok
[INFO] [stdout] test communication_test::test_pump_leader_communication ... ok
[INFO] [stdout] test communication_test::test_complete_communication_flow ... ok
[INFO] [stdout] test expense_tests::test_high_volume_expenses ... ok
[INFO] [stdout] test integration_tests::test_system_resilience ... ok
[INFO] [stdout] test integration_tests::test_complete_system_end_to_end ... ok
[INFO] [stdout] test communication_test::test_stress_communication ... ok
[INFO] [stderr]    Compiling sct v0.7.1
[INFO] [stderr]    Compiling rustls-webpki v0.101.7
[INFO] [stderr]     Blocking waiting for file lock on build directory
[INFO] [stderr]    Compiling actix-rt v2.11.0
[INFO] [stderr]    Compiling tokio-util v0.7.17
[INFO] [stderr]    Compiling tokio-stream v0.1.17
[INFO] [stdout] test integration_tests::test_extreme_stress ... ok
[INFO] [stderr]    Compiling actix v0.13.5
[INFO] [stderr]     Blocking waiting for file lock on build directory
[INFO] [stderr]    Compiling quinn-proto v0.10.6
[INFO] [stderr]     Blocking waiting for file lock on build directory
[INFO] [stderr]    Compiling quinn v0.10.2
[INFO] [stderr]    Compiling common v0.1.0 (/opt/rustwide/workdir/common)
[INFO] [stdout] test pending_results_test::test_regional_admin_sequential_failover_with_connection_test ... ok
[INFO] [stderr]    Compiling company v0.1.0 (/opt/rustwide/workdir/company)
[INFO] [stderr]     Blocking waiting for file lock on build directory
[INFO] [stderr]     Finished `dev` profile [unoptimized + debuginfo] target(s) in 19.35s
[INFO] [stderr]      Running `/opt/rustwide/target/debug/company`
[INFO] [stderr]     Finished `dev` profile [unoptimized + debuginfo] target(s) in 19.45s
[INFO] [stderr]      Running `/opt/rustwide/target/debug/company`
[INFO] [stderr] 
[INFO] [stderr] thread 'main' (3156) panicked at company/src/server.rs:129:14:
[INFO] [stderr] [SERVER] ERROR at binding: Os { code: 98, kind: AddrInUse, message: "Address already in use" }
[INFO] [stderr] stack backtrace:
[INFO] [stderr]    Compiling tokio v1.48.0
[INFO] [stderr]    0:     0x5e056fd6ec18 - std[10d71ac2c42b111e]::backtrace_rs::backtrace::libunwind::trace
[INFO] [stderr]                                at /rustc/b2282dd5646a57d570fc86fbe8df0e8826665ef6/library/std/src/../../backtrace/src/backtrace/libunwind.rs:117:9
[INFO] [stderr]    1:     0x5e056fd6ec18 - std[10d71ac2c42b111e]::backtrace_rs::backtrace::trace_unsynchronized::<std[10d71ac2c42b111e]::sys::backtrace::_print_fmt::{closure#1}>
[INFO] [stderr]                                at /rustc/b2282dd5646a57d570fc86fbe8df0e8826665ef6/library/std/src/../../backtrace/src/backtrace/mod.rs:66:14
[INFO] [stderr]    2:     0x5e056fd6ec18 - std[10d71ac2c42b111e]::sys::backtrace::_print_fmt
[INFO] [stderr]                                at /rustc/b2282dd5646a57d570fc86fbe8df0e8826665ef6/library/std/src/sys/backtrace.rs:74:9
[INFO] [stderr]    3:     0x5e056fd6ec18 - <<std[10d71ac2c42b111e]::sys::backtrace::BacktraceLock>::print::DisplayBacktrace as core[8fb95b77d25ab6c8]::fmt::Display>::fmt
[INFO] [stderr]                                at /rustc/b2282dd5646a57d570fc86fbe8df0e8826665ef6/library/std/src/sys/backtrace.rs:44:26
[INFO] [stderr]    4:     0x5e056fd84c5a - <core[8fb95b77d25ab6c8]::fmt::rt::Argument>::fmt
[INFO] [stderr]                                at /rustc/b2282dd5646a57d570fc86fbe8df0e8826665ef6/library/core/src/fmt/rt.rs:152:76
[INFO] [stderr]    5:     0x5e056fd84c5a - core[8fb95b77d25ab6c8]::fmt::write
[INFO] [stderr]    6:     0x5e056fd74202 - std[10d71ac2c42b111e]::io::default_write_fmt::<std[10d71ac2c42b111e]::sys::stdio::unix::Stderr>
[INFO] [stderr]                                at /rustc/b2282dd5646a57d570fc86fbe8df0e8826665ef6/library/std/src/io/mod.rs:622:11
[INFO] [stderr]    7:     0x5e056fd74202 - <std[10d71ac2c42b111e]::sys::stdio::unix::Stderr as std[10d71ac2c42b111e]::io::Write>::write_fmt
[INFO] [stderr]                                at /rustc/b2282dd5646a57d570fc86fbe8df0e8826665ef6/library/std/src/io/mod.rs:1977:13
[INFO] [stderr]    8:     0x5e056fd53a26 - <std[10d71ac2c42b111e]::sys::backtrace::BacktraceLock>::print
[INFO] [stderr]                                at /rustc/b2282dd5646a57d570fc86fbe8df0e8826665ef6/library/std/src/sys/backtrace.rs:47:9
[INFO] [stderr]    9:     0x5e056fd53a26 - std[10d71ac2c42b111e]::panicking::default_hook::{closure#0}
[INFO] [stderr]                                at /rustc/b2282dd5646a57d570fc86fbe8df0e8826665ef6/library/std/src/panicking.rs:292:27
[INFO] [stderr]   10:     0x5e056fd66d91 - std[10d71ac2c42b111e]::panicking::default_hook
[INFO] [stderr]                                at /rustc/b2282dd5646a57d570fc86fbe8df0e8826665ef6/library/std/src/panicking.rs:319:9
[INFO] [stderr]   11:     0x5e056fd6700b - std[10d71ac2c42b111e]::panicking::panic_with_hook
[INFO] [stderr]                                at /rustc/b2282dd5646a57d570fc86fbe8df0e8826665ef6/library/std/src/panicking.rs:825:13
[INFO] [stderr]   12:     0x5e056fd53ae2 - std[10d71ac2c42b111e]::panicking::panic_handler::{closure#0}
[INFO] [stderr]                                at /rustc/b2282dd5646a57d570fc86fbe8df0e8826665ef6/library/std/src/panicking.rs:698:13
[INFO] [stderr]   13:     0x5e056fd48a89 - std[10d71ac2c42b111e]::sys::backtrace::__rust_end_short_backtrace::<std[10d71ac2c42b111e]::panicking::panic_handler::{closure#0}, !>
[INFO] [stderr]                                at /rustc/b2282dd5646a57d570fc86fbe8df0e8826665ef6/library/std/src/sys/backtrace.rs:182:18
[INFO] [stderr]   14:     0x5e056fd549ad - __rustc[3be9ba60078d4c86]::rust_begin_unwind
[INFO] [stderr]                                at /rustc/b2282dd5646a57d570fc86fbe8df0e8826665ef6/library/std/src/panicking.rs:689:5
[INFO] [stderr]   15:     0x5e056fd854cc - core[8fb95b77d25ab6c8]::panicking::panic_fmt
[INFO] [stderr]                                at /rustc/b2282dd5646a57d570fc86fbe8df0e8826665ef6/library/core/src/panicking.rs:80:14
[INFO] [stderr]   16:     0x5e056fd85212 - core[8fb95b77d25ab6c8]::result::unwrap_failed
[INFO] [stderr]                                at /rustc/b2282dd5646a57d570fc86fbe8df0e8826665ef6/library/core/src/result.rs:1867:5
[INFO] [stderr]   17:     0x5e056f868ab3 - <core[8fb95b77d25ab6c8]::result::Result<tokio[6cfeb8203e11370f]::net::tcp::listener::TcpListener, std[10d71ac2c42b111e]::io::error::Error>>::expect
[INFO] [stderr]                                at /rustc/b2282dd5646a57d570fc86fbe8df0e8826665ef6/library/core/src/result.rs:1185:23
[INFO] [stderr]   18:     0x5e056f86510c - <company[c8328e450b48431f]::server::Server>::start_listener::{closure#0}
[INFO] [stderr]                                at /opt/rustwide/workdir/company/src/server.rs:129:14
[INFO] [stderr]   19:     0x5e056f8834a6 - company[ca38510fb3e4da43]::main::{closure#0}::{closure#0}
[INFO] [stderr]                                at /opt/rustwide/workdir/company/src/main.rs:15:33
[INFO] [stderr]   20:     0x5e056f8380d8 - <tokio[6cfeb8203e11370f]::runtime::task::core::Core<company[ca38510fb3e4da43]::main::{closure#0}::{closure#0}, alloc[a7ee25936407c584]::sync::Arc<tokio[6cfeb8203e11370f]::task::local::Shared>>>::poll::{closure#0}
[INFO] [stderr]                                at /opt/rustwide/cargo-home/registry/src/index.crates.io-1949cf8c6b5b557f/tokio-1.48.0/src/runtime/task/core.rs:365:24
[INFO] [stderr]   21:     0x5e056f842c68 - <tokio[6cfeb8203e11370f]::loom::std::unsafe_cell::UnsafeCell<tokio[6cfeb8203e11370f]::runtime::task::core::Stage<company[ca38510fb3e4da43]::main::{closure#0}::{closure#0}>>>::with_mut::<core[8fb95b77d25ab6c8]::task::poll::Poll<()>, <tokio[6cfeb8203e11370f]::runtime::task::core::Core<company[ca38510fb3e4da43]::main::{closure#0}::{closure#0}, alloc[a7ee25936407c584]::sync::Arc<tokio[6cfeb8203e11370f]::task::local::Shared>>>::poll::{closure#0}>
[INFO] [stderr]                                at /opt/rustwide/cargo-home/registry/src/index.crates.io-1949cf8c6b5b557f/tokio-1.48.0/src/loom/std/unsafe_cell.rs:16:9
[INFO] [stderr]   22:     0x5e056f842c68 - <tokio[6cfeb8203e11370f]::runtime::task::core::Core<company[ca38510fb3e4da43]::main::{closure#0}::{closure#0}, alloc[a7ee25936407c584]::sync::Arc<tokio[6cfeb8203e11370f]::task::local::Shared>>>::poll
[INFO] [stderr]                                at /opt/rustwide/cargo-home/registry/src/index.crates.io-1949cf8c6b5b557f/tokio-1.48.0/src/runtime/task/core.rs:354:30
[INFO] [stderr]   23:     0x5e056f82b7fa - tokio[6cfeb8203e11370f]::runtime::task::harness::poll_future::<company[ca38510fb3e4da43]::main::{closure#0}::{closure#0}, alloc[a7ee25936407c584]::sync::Arc<tokio[6cfeb8203e11370f]::task::local::Shared>>::{closure#0}
[INFO] [stderr]                                at /opt/rustwide/cargo-home/registry/src/index.crates.io-1949cf8c6b5b557f/tokio-1.48.0/src/runtime/task/harness.rs:535:30
[INFO] [stderr]   24:     0x5e056f861480 - <core[8fb95b77d25ab6c8]::panic::unwind_safe::AssertUnwindSafe<tokio[6cfeb8203e11370f]::runtime::task::harness::poll_future<company[ca38510fb3e4da43]::main::{closure#0}::{closure#0}, alloc[a7ee25936407c584]::sync::Arc<tokio[6cfeb8203e11370f]::task::local::Shared>>::{closure#0}> as core[8fb95b77d25ab6c8]::ops::function::FnOnce<()>>::call_once
[INFO] [stderr]                                at /rustc/b2282dd5646a57d570fc86fbe8df0e8826665ef6/library/core/src/panic/unwind_safe.rs:275:9
[INFO] [stderr]   25:     0x5e056f8760de - std[10d71ac2c42b111e]::panicking::catch_unwind::do_call::<core[8fb95b77d25ab6c8]::panic::unwind_safe::AssertUnwindSafe<tokio[6cfeb8203e11370f]::runtime::task::harness::poll_future<company[ca38510fb3e4da43]::main::{closure#0}::{closure#0}, alloc[a7ee25936407c584]::sync::Arc<tokio[6cfeb8203e11370f]::task::local::Shared>>::{closure#0}>, core[8fb95b77d25ab6c8]::task::poll::Poll<()>>
[INFO] [stderr]                                at /rustc/b2282dd5646a57d570fc86fbe8df0e8826665ef6/library/std/src/panicking.rs:581:40
[INFO] [stderr]   26:     0x5e056f84e80b - __rust_try
[INFO] [stderr]   27:     0x5e056f848583 - std[10d71ac2c42b111e]::panicking::catch_unwind::<core[8fb95b77d25ab6c8]::task::poll::Poll<()>, core[8fb95b77d25ab6c8]::panic::unwind_safe::AssertUnwindSafe<tokio[6cfeb8203e11370f]::runtime::task::harness::poll_future<company[ca38510fb3e4da43]::main::{closure#0}::{closure#0}, alloc[a7ee25936407c584]::sync::Arc<tokio[6cfeb8203e11370f]::task::local::Shared>>::{closure#0}>>
[INFO] [stderr]                                at /rustc/b2282dd5646a57d570fc86fbe8df0e8826665ef6/library/std/src/panicking.rs:544:19
[INFO] [stderr]   28:     0x5e056f848583 - std[10d71ac2c42b111e]::panic::catch_unwind::<core[8fb95b77d25ab6c8]::panic::unwind_safe::AssertUnwindSafe<tokio[6cfeb8203e11370f]::runtime::task::harness::poll_future<company[ca38510fb3e4da43]::main::{closure#0}::{closure#0}, alloc[a7ee25936407c584]::sync::Arc<tokio[6cfeb8203e11370f]::task::local::Shared>>::{closure#0}>, core[8fb95b77d25ab6c8]::task::poll::Poll<()>>
[INFO] [stderr]                                at /rustc/b2282dd5646a57d570fc86fbe8df0e8826665ef6/library/std/src/panic.rs:359:14
[INFO] [stderr]   29:     0x5e056f829e2f - tokio[6cfeb8203e11370f]::runtime::task::harness::poll_future::<company[ca38510fb3e4da43]::main::{closure#0}::{closure#0}, alloc[a7ee25936407c584]::sync::Arc<tokio[6cfeb8203e11370f]::task::local::Shared>>
[INFO] [stderr]                                at /opt/rustwide/cargo-home/registry/src/index.crates.io-1949cf8c6b5b557f/tokio-1.48.0/src/runtime/task/harness.rs:523:18
[INFO] [stderr]   30:     0x5e056f832a62 - <tokio[6cfeb8203e11370f]::runtime::task::harness::Harness<company[ca38510fb3e4da43]::main::{closure#0}::{closure#0}, alloc[a7ee25936407c584]::sync::Arc<tokio[6cfeb8203e11370f]::task::local::Shared>>>::poll_inner
[INFO] [stderr]                                at /opt/rustwide/cargo-home/registry/src/index.crates.io-1949cf8c6b5b557f/tokio-1.48.0/src/runtime/task/harness.rs:210:27
[INFO] [stderr]   31:     0x5e056f832d13 - <tokio[6cfeb8203e11370f]::runtime::task::harness::Harness<company[ca38510fb3e4da43]::main::{closure#0}::{closure#0}, alloc[a7ee25936407c584]::sync::Arc<tokio[6cfeb8203e11370f]::task::local::Shared>>>::poll
[INFO] [stderr]                                at /opt/rustwide/cargo-home/registry/src/index.crates.io-1949cf8c6b5b557f/tokio-1.48.0/src/runtime/task/harness.rs:155:20
[INFO] [stderr]   32:     0x5e056f871dcb - tokio[6cfeb8203e11370f]::runtime::task::raw::poll::<company[ca38510fb3e4da43]::main::{closure#0}::{closure#0}, alloc[a7ee25936407c584]::sync::Arc<tokio[6cfeb8203e11370f]::task::local::Shared>>
[INFO] [stderr]                                at /opt/rustwide/cargo-home/registry/src/index.crates.io-1949cf8c6b5b557f/tokio-1.48.0/src/runtime/task/raw.rs:325:13
[INFO] [stderr]   33:     0x5e056fcc7267 - <tokio[6cfeb8203e11370f]::runtime::task::raw::RawTask>::poll
[INFO] [stderr]                                at /opt/rustwide/cargo-home/registry/src/index.crates.io-1949cf8c6b5b557f/tokio-1.48.0/src/runtime/task/raw.rs:255:18
[INFO] [stderr]   34:     0x5e056fcb6582 - <tokio[6cfeb8203e11370f]::runtime::task::LocalNotified<alloc[a7ee25936407c584]::sync::Arc<tokio[6cfeb8203e11370f]::task::local::Shared>>>::run
[INFO] [stderr]                                at /opt/rustwide/cargo-home/registry/src/index.crates.io-1949cf8c6b5b557f/tokio-1.48.0/src/runtime/task/mod.rs:509:13
[INFO] [stderr]   35:     0x5e056fce9c5b - <tokio[6cfeb8203e11370f]::task::local::LocalSet>::tick::{closure#0}
[INFO] [stderr]                                at /opt/rustwide/cargo-home/registry/src/index.crates.io-1949cf8c6b5b557f/tokio-1.48.0/src/task/local.rs:755:65
[INFO] [stderr]   36:     0x5e056fcec137 - tokio[6cfeb8203e11370f]::task::coop::with_budget::<(), <tokio[6cfeb8203e11370f]::task::local::LocalSet>::tick::{closure#0}>
[INFO] [stderr]                                at /opt/rustwide/cargo-home/registry/src/index.crates.io-1949cf8c6b5b557f/tokio-1.48.0/src/task/coop/mod.rs:167:5
[INFO] [stderr]   37:     0x5e056fcec137 - tokio[6cfeb8203e11370f]::task::coop::budget::<(), <tokio[6cfeb8203e11370f]::task::local::LocalSet>::tick::{closure#0}>
[INFO] [stderr]                                at /opt/rustwide/cargo-home/registry/src/index.crates.io-1949cf8c6b5b557f/tokio-1.48.0/src/task/coop/mod.rs:133:5
[INFO] [stderr]   38:     0x5e056fcec137 - <tokio[6cfeb8203e11370f]::task::local::LocalSet>::tick
[INFO] [stderr]                                at /opt/rustwide/cargo-home/registry/src/index.crates.io-1949cf8c6b5b557f/tokio-1.48.0/src/task/local.rs:755:31
[INFO] [stderr]   39:     0x5e056f84e6c4 - <tokio[6cfeb8203e11370f]::task::local::RunUntil<company[ca38510fb3e4da43]::main::{closure#0}> as core[8fb95b77d25ab6c8]::future::future::Future>::poll::{closure#0}
[INFO] [stderr]                                at /opt/rustwide/cargo-home/registry/src/index.crates.io-1949cf8c6b5b557f/tokio-1.48.0/src/task/local.rs:1067:29
[INFO] [stderr]   40:     0x5e056f84c400 - <tokio[6cfeb8203e11370f]::task::local::LocalSet>::with::<core[8fb95b77d25ab6c8]::task::poll::Poll<()>, <tokio[6cfeb8203e11370f]::task::local::RunUntil<company[ca38510fb3e4da43]::main::{closure#0}> as core[8fb95b77d25ab6c8]::future::future::Future>::poll::{closure#0}>::{closure#0}
[INFO] [stderr]                                at /opt/rustwide/cargo-home/registry/src/index.crates.io-1949cf8c6b5b557f/tokio-1.48.0/src/task/local.rs:809:13
[INFO] [stderr]   41:     0x5e056f87d895 - <std[10d71ac2c42b111e]::thread::local::LocalKey<tokio[6cfeb8203e11370f]::task::local::LocalData>>::try_with::<<tokio[6cfeb8203e11370f]::task::local::LocalSet>::with<core[8fb95b77d25ab6c8]::task::poll::Poll<()>, <tokio[6cfeb8203e11370f]::task::local::RunUntil<company[ca38510fb3e4da43]::main::{closure#0}> as core[8fb95b77d25ab6c8]::future::future::Future>::poll::{closure#0}>::{closure#0}, core[8fb95b77d25ab6c8]::task::poll::Poll<()>>
[INFO] [stderr]                                at /rustc/b2282dd5646a57d570fc86fbe8df0e8826665ef6/library/std/src/thread/local.rs:462:12
[INFO] [stderr]   42:     0x5e056f87cdfe - <std[10d71ac2c42b111e]::thread::local::LocalKey<tokio[6cfeb8203e11370f]::task::local::LocalData>>::with::<<tokio[6cfeb8203e11370f]::task::local::LocalSet>::with<core[8fb95b77d25ab6c8]::task::poll::Poll<()>, <tokio[6cfeb8203e11370f]::task::local::RunUntil<company[ca38510fb3e4da43]::main::{closure#0}> as core[8fb95b77d25ab6c8]::future::future::Future>::poll::{closure#0}>::{closure#0}, core[8fb95b77d25ab6c8]::task::poll::Poll<()>>
[INFO] [stderr]                                at /rustc/b2282dd5646a57d570fc86fbe8df0e8826665ef6/library/std/src/thread/local.rs:426:20
[INFO] [stderr]   43:     0x5e056f843da6 - <tokio[6cfeb8203e11370f]::task::local::LocalSet>::with::<core[8fb95b77d25ab6c8]::task::poll::Poll<()>, <tokio[6cfeb8203e11370f]::task::local::RunUntil<company[ca38510fb3e4da43]::main::{closure#0}> as core[8fb95b77d25ab6c8]::future::future::Future>::poll::{closure#0}>
[INFO] [stderr]                                at /opt/rustwide/cargo-home/registry/src/index.crates.io-1949cf8c6b5b557f/tokio-1.48.0/src/task/local.rs:807:17
[INFO] [stderr]   44:     0x5e056f84e7e6 - <tokio[6cfeb8203e11370f]::task::local::RunUntil<company[ca38510fb3e4da43]::main::{closure#0}> as core[8fb95b77d25ab6c8]::future::future::Future>::poll
[INFO] [stderr]                                at /opt/rustwide/cargo-home/registry/src/index.crates.io-1949cf8c6b5b557f/tokio-1.48.0/src/task/local.rs:1053:22
[INFO] [stderr]   45:     0x5e056f84c615 - <tokio[6cfeb8203e11370f]::task::local::LocalSet>::run_until::<company[ca38510fb3e4da43]::main::{closure#0}>::{closure#0}
[INFO] [stderr]                                at /opt/rustwide/cargo-home/registry/src/index.crates.io-1949cf8c6b5b557f/tokio-1.48.0/src/task/local.rs:705:19
[INFO] [stderr]   46:     0x5e056f873e8d - <core[8fb95b77d25ab6c8]::pin::Pin<&mut <tokio[6cfeb8203e11370f]::task::local::LocalSet>::run_until<company[ca38510fb3e4da43]::main::{closure#0}>::{closure#0}> as core[8fb95b77d25ab6c8]::future::future::Future>::poll
[INFO] [stderr]                                at /rustc/b2282dd5646a57d570fc86fbe8df0e8826665ef6/library/core/src/future/future.rs:133:9
[INFO] [stderr]   47:     0x5e056f857bcd - <tokio[6cfeb8203e11370f]::runtime::scheduler::current_thread::CoreGuard>::block_on::<core[8fb95b77d25ab6c8]::pin::Pin<&mut <tokio[6cfeb8203e11370f]::task::local::LocalSet>::run_until<company[ca38510fb3e4da43]::main::{closure#0}>::{closure#0}>>::{closure#0}::{closure#0}::{closure#0}
[INFO] [stderr]                                at /opt/rustwide/cargo-home/registry/src/index.crates.io-1949cf8c6b5b557f/tokio-1.48.0/src/runtime/scheduler/current_thread/mod.rs:742:70
[INFO] [stderr]   48:     0x5e056f857acb - tokio[6cfeb8203e11370f]::task::coop::with_budget::<core[8fb95b77d25ab6c8]::task::poll::Poll<()>, <tokio[6cfeb8203e11370f]::runtime::scheduler::current_thread::CoreGuard>::block_on<core[8fb95b77d25ab6c8]::pin::Pin<&mut <tokio[6cfeb8203e11370f]::task::local::LocalSet>::run_until<company[ca38510fb3e4da43]::main::{closure#0}>::{closure#0}>>::{closure#0}::{closure#0}::{closure#0}>
[INFO] [stderr]                                at /opt/rustwide/cargo-home/registry/src/index.crates.io-1949cf8c6b5b557f/tokio-1.48.0/src/task/coop/mod.rs:167:5
[INFO] [stderr]   49:     0x5e056f857acb - tokio[6cfeb8203e11370f]::task::coop::budget::<core[8fb95b77d25ab6c8]::task::poll::Poll<()>, <tokio[6cfeb8203e11370f]::runtime::scheduler::current_thread::CoreGuard>::block_on<core[8fb95b77d25ab6c8]::pin::Pin<&mut <tokio[6cfeb8203e11370f]::task::local::LocalSet>::run_until<company[ca38510fb3e4da43]::main::{closure#0}>::{closure#0}>>::{closure#0}::{closure#0}::{closure#0}>
[INFO] [stderr]                                at /opt/rustwide/cargo-home/registry/src/index.crates.io-1949cf8c6b5b557f/tokio-1.48.0/src/task/coop/mod.rs:133:5
[INFO] [stderr]   50:     0x5e056f857acb - <tokio[6cfeb8203e11370f]::runtime::scheduler::current_thread::CoreGuard>::block_on::<core[8fb95b77d25ab6c8]::pin::Pin<&mut <tokio[6cfeb8203e11370f]::task::local::LocalSet>::run_until<company[ca38510fb3e4da43]::main::{closure#0}>::{closure#0}>>::{closure#0}::{closure#0}
[INFO] [stderr]                                at /opt/rustwide/cargo-home/registry/src/index.crates.io-1949cf8c6b5b557f/tokio-1.48.0/src/runtime/scheduler/current_thread/mod.rs:742:25
[INFO] [stderr]   51:     0x5e056f84ee80 - <tokio[6cfeb8203e11370f]::runtime::scheduler::current_thread::Context>::enter::<core[8fb95b77d25ab6c8]::task::poll::Poll<()>, <tokio[6cfeb8203e11370f]::runtime::scheduler::current_thread::CoreGuard>::block_on<core[8fb95b77d25ab6c8]::pin::Pin<&mut <tokio[6cfeb8203e11370f]::task::local::LocalSet>::run_until<company[ca38510fb3e4da43]::main::{closure#0}>::{closure#0}>>::{closure#0}::{closure#0}>
[INFO] [stderr]                                at /opt/rustwide/cargo-home/registry/src/index.crates.io-1949cf8c6b5b557f/tokio-1.48.0/src/runtime/scheduler/current_thread/mod.rs:432:19
[INFO] [stderr]   52:     0x5e056f856e8d - <tokio[6cfeb8203e11370f]::runtime::scheduler::current_thread::CoreGuard>::block_on::<core[8fb95b77d25ab6c8]::pin::Pin<&mut <tokio[6cfeb8203e11370f]::task::local::LocalSet>::run_until<company[ca38510fb3e4da43]::main::{closure#0}>::{closure#0}>>::{closure#0}
[INFO] [stderr]                                at /opt/rustwide/cargo-home/registry/src/index.crates.io-1949cf8c6b5b557f/tokio-1.48.0/src/runtime/scheduler/current_thread/mod.rs:741:44
[INFO] [stderr]   53:     0x5e056f856174 - <tokio[6cfeb8203e11370f]::runtime::scheduler::current_thread::CoreGuard>::enter::<<tokio[6cfeb8203e11370f]::runtime::scheduler::current_thread::CoreGuard>::block_on<core[8fb95b77d25ab6c8]::pin::Pin<&mut <tokio[6cfeb8203e11370f]::task::local::LocalSet>::run_until<company[ca38510fb3e4da43]::main::{closure#0}>::{closure#0}>>::{closure#0}, core[8fb95b77d25ab6c8]::option::Option<()>>::{closure#0}
[INFO] [stderr]                                at /opt/rustwide/cargo-home/registry/src/index.crates.io-1949cf8c6b5b557f/tokio-1.48.0/src/runtime/scheduler/current_thread/mod.rs:829:68
[INFO] [stderr]   54:     0x5e056f86224b - <tokio[6cfeb8203e11370f]::runtime::context::scoped::Scoped<tokio[6cfeb8203e11370f]::runtime::scheduler::Context>>::set::<<tokio[6cfeb8203e11370f]::runtime::scheduler::current_thread::CoreGuard>::enter<<tokio[6cfeb8203e11370f]::runtime::scheduler::current_thread::CoreGuard>::block_on<core[8fb95b77d25ab6c8]::pin::Pin<&mut <tokio[6cfeb8203e11370f]::task::local::LocalSet>::run_until<company[ca38510fb3e4da43]::main::{closure#0}>::{closure#0}>>::{closure#0}, core[8fb95b77d25ab6c8]::option::Option<()>>::{closure#0}, (alloc[a7ee25936407c584]::boxed::Box<tokio[6cfeb8203e11370f]::runtime::scheduler::current_thread::Core>, core[8fb95b77d25ab6c8]::option::Option<()>)>
[INFO] [stderr]                                at /opt/rustwide/cargo-home/registry/src/index.crates.io-1949cf8c6b5b557f/tokio-1.48.0/src/runtime/context/scoped.rs:40:9
[INFO] [stderr]   55:     0x5e056f879469 - tokio[6cfeb8203e11370f]::runtime::context::set_scheduler::<(alloc[a7ee25936407c584]::boxed::Box<tokio[6cfeb8203e11370f]::runtime::scheduler::current_thread::Core>, core[8fb95b77d25ab6c8]::option::Option<()>), <tokio[6cfeb8203e11370f]::runtime::scheduler::current_thread::CoreGuard>::enter<<tokio[6cfeb8203e11370f]::runtime::scheduler::current_thread::CoreGuard>::block_on<core[8fb95b77d25ab6c8]::pin::Pin<&mut <tokio[6cfeb8203e11370f]::task::local::LocalSet>::run_until<company[ca38510fb3e4da43]::main::{closure#0}>::{closure#0}>>::{closure#0}, core[8fb95b77d25ab6c8]::option::Option<()>>::{closure#0}>::{closure#0}
[INFO] [stderr]                                at /opt/rustwide/cargo-home/registry/src/index.crates.io-1949cf8c6b5b557f/tokio-1.48.0/src/runtime/context.rs:176:38
[INFO] [stderr]   56:     0x5e056f87e522 - <std[10d71ac2c42b111e]::thread::local::LocalKey<tokio[6cfeb8203e11370f]::runtime::context::Context>>::try_with::<tokio[6cfeb8203e11370f]::runtime::context::set_scheduler<(alloc[a7ee25936407c584]::boxed::Box<tokio[6cfeb8203e11370f]::runtime::scheduler::current_thread::Core>, core[8fb95b77d25ab6c8]::option::Option<()>), <tokio[6cfeb8203e11370f]::runtime::scheduler::current_thread::CoreGuard>::enter<<tokio[6cfeb8203e11370f]::runtime::scheduler::current_thread::CoreGuard>::block_on<core[8fb95b77d25ab6c8]::pin::Pin<&mut <tokio[6cfeb8203e11370f]::task::local::LocalSet>::run_until<company[ca38510fb3e4da43]::main::{closure#0}>::{closure#0}>>::{closure#0}, core[8fb95b77d25ab6c8]::option::Option<()>>::{closure#0}>::{closure#0}, (alloc[a7ee25936407c584]::boxed::Box<tokio[6cfeb8203e11370f]::runtime::scheduler::current_thread::Core>, core[8fb95b77d25ab6c8]::option::Option<()>)>
[INFO] [stderr]                                at /rustc/b2282dd5646a57d570fc86fbe8df0e8826665ef6/library/std/src/thread/local.rs:462:12
[INFO] [stderr]   57:     0x5e056f87e0ae - <std[10d71ac2c42b111e]::thread::local::LocalKey<tokio[6cfeb8203e11370f]::runtime::context::Context>>::with::<tokio[6cfeb8203e11370f]::runtime::context::set_scheduler<(alloc[a7ee25936407c584]::boxed::Box<tokio[6cfeb8203e11370f]::runtime::scheduler::current_thread::Core>, core[8fb95b77d25ab6c8]::option::Option<()>), <tokio[6cfeb8203e11370f]::runtime::scheduler::current_thread::CoreGuard>::enter<<tokio[6cfeb8203e11370f]::runtime::scheduler::current_thread::CoreGuard>::block_on<core[8fb95b77d25ab6c8]::pin::Pin<&mut <tokio[6cfeb8203e11370f]::task::local::LocalSet>::run_until<company[ca38510fb3e4da43]::main::{closure#0}>::{closure#0}>>::{closure#0}, core[8fb95b77d25ab6c8]::option::Option<()>>::{closure#0}>::{closure#0}, (alloc[a7ee25936407c584]::boxed::Box<tokio[6cfeb8203e11370f]::runtime::scheduler::current_thread::Core>, core[8fb95b77d25ab6c8]::option::Option<()>)>
[INFO] [stderr]                                at /rustc/b2282dd5646a57d570fc86fbe8df0e8826665ef6/library/std/src/thread/local.rs:426:20
[INFO] [stderr]   58:     0x5e056f874f2d - tokio[6cfeb8203e11370f]::runtime::context::set_scheduler::<(alloc[a7ee25936407c584]::boxed::Box<tokio[6cfeb8203e11370f]::runtime::scheduler::current_thread::Core>, core[8fb95b77d25ab6c8]::option::Option<()>), <tokio[6cfeb8203e11370f]::runtime::scheduler::current_thread::CoreGuard>::enter<<tokio[6cfeb8203e11370f]::runtime::scheduler::current_thread::CoreGuard>::block_on<core[8fb95b77d25ab6c8]::pin::Pin<&mut <tokio[6cfeb8203e11370f]::task::local::LocalSet>::run_until<company[ca38510fb3e4da43]::main::{closure#0}>::{closure#0}>>::{closure#0}, core[8fb95b77d25ab6c8]::option::Option<()>>::{closure#0}>
[INFO] [stderr]                                at /opt/rustwide/cargo-home/registry/src/index.crates.io-1949cf8c6b5b557f/tokio-1.48.0/src/runtime/context.rs:176:17
[INFO] [stderr]   59:     0x5e056f851410 - <tokio[6cfeb8203e11370f]::runtime::scheduler::current_thread::CoreGuard>::enter::<<tokio[6cfeb8203e11370f]::runtime::scheduler::current_thread::CoreGuard>::block_on<core[8fb95b77d25ab6c8]::pin::Pin<&mut <tokio[6cfeb8203e11370f]::task::local::LocalSet>::run_until<company[ca38510fb3e4da43]::main::{closure#0}>::{closure#0}>>::{closure#0}, core[8fb95b77d25ab6c8]::option::Option<()>>
[INFO] [stderr]                                at /opt/rustwide/cargo-home/registry/src/index.crates.io-1949cf8c6b5b557f/tokio-1.48.0/src/runtime/scheduler/current_thread/mod.rs:829:27
[INFO] [stderr]   60:     0x5e056f851706 - <tokio[6cfeb8203e11370f]::runtime::scheduler::current_thread::CoreGuard>::block_on::<core[8fb95b77d25ab6c8]::pin::Pin<&mut <tokio[6cfeb8203e11370f]::task::local::LocalSet>::run_until<company[ca38510fb3e4da43]::main::{closure#0}>::{closure#0}>>
[INFO] [stderr]                                at /opt/rustwide/cargo-home/registry/src/index.crates.io-1949cf8c6b5b557f/tokio-1.48.0/src/runtime/scheduler/current_thread/mod.rs:729:24
[INFO] [stderr]   61:     0x5e056f855d80 - <tokio[6cfeb8203e11370f]::runtime::scheduler::current_thread::CurrentThread>::block_on::<<tokio[6cfeb8203e11370f]::task::local::LocalSet>::run_until<company[ca38510fb3e4da43]::main::{closure#0}>::{closure#0}>::{closure#0}
[INFO] [stderr]                                at /opt/rustwide/cargo-home/registry/src/index.crates.io-1949cf8c6b5b557f/tokio-1.48.0/src/runtime/scheduler/current_thread/mod.rs:200:33
[INFO] [stderr]   62:     0x5e056f875543 - tokio[6cfeb8203e11370f]::runtime::context::runtime::enter_runtime::<<tokio[6cfeb8203e11370f]::runtime::scheduler::current_thread::CurrentThread>::block_on<<tokio[6cfeb8203e11370f]::task::local::LocalSet>::run_until<company[ca38510fb3e4da43]::main::{closure#0}>::{closure#0}>::{closure#0}, ()>
[INFO] [stderr]                                at /opt/rustwide/cargo-home/registry/src/index.crates.io-1949cf8c6b5b557f/tokio-1.48.0/src/runtime/context/runtime.rs:65:16
[INFO] [stderr]   63:     0x5e056f84e996 - <tokio[6cfeb8203e11370f]::runtime::scheduler::current_thread::CurrentThread>::block_on::<<tokio[6cfeb8203e11370f]::task::local::LocalSet>::run_until<company[ca38510fb3e4da43]::main::{closure#0}>::{closure#0}>
[INFO] [stderr]                                at /opt/rustwide/cargo-home/registry/src/index.crates.io-1949cf8c6b5b557f/tokio-1.48.0/src/runtime/scheduler/current_thread/mod.rs:188:9
[INFO] [stderr]   64:     0x5e056f87c8ec - <tokio[6cfeb8203e11370f]::runtime::runtime::Runtime>::block_on_inner::<<tokio[6cfeb8203e11370f]::task::local::LocalSet>::run_until<company[ca38510fb3e4da43]::main::{closure#0}>::{closure#0}>
[INFO] [stderr]                                at /opt/rustwide/cargo-home/registry/src/index.crates.io-1949cf8c6b5b557f/tokio-1.48.0/src/runtime/runtime.rs:368:52
[INFO] [stderr]   65:     0x5e056f87cb1b - <tokio[6cfeb8203e11370f]::runtime::runtime::Runtime>::block_on::<<tokio[6cfeb8203e11370f]::task::local::LocalSet>::run_until<company[ca38510fb3e4da43]::main::{closure#0}>::{closure#0}>
[INFO] [stderr]                                at /opt/rustwide/cargo-home/registry/src/index.crates.io-1949cf8c6b5b557f/tokio-1.48.0/src/runtime/runtime.rs:342:18
[INFO] [stderr]   66:     0x5e056f843e1e - <tokio[6cfeb8203e11370f]::task::local::LocalSet>::block_on::<company[ca38510fb3e4da43]::main::{closure#0}>
[INFO] [stderr]                                at /opt/rustwide/cargo-home/registry/src/index.crates.io-1949cf8c6b5b557f/tokio-1.48.0/src/task/local.rs:662:12
[INFO] [stderr]   67:     0x5e056f874777 - <actix_rt[e43a143881339d98]::runtime::Runtime>::block_on::<company[ca38510fb3e4da43]::main::{closure#0}>
[INFO] [stderr]                                at /opt/rustwide/cargo-home/registry/src/index.crates.io-1949cf8c6b5b557f/actix-rt-2.11.0/src/runtime.rs:138:20
[INFO] [stderr]   68:     0x5e056f874a97 - <actix_rt[e43a143881339d98]::system::SystemRunner>::block_on::<company[ca38510fb3e4da43]::main::{closure#0}>
[INFO] [stderr]                                at /opt/rustwide/cargo-home/registry/src/index.crates.io-1949cf8c6b5b557f/actix-rt-2.11.0/src/system.rs:240:17
[INFO] [stderr]   69:     0x5e056f884348 - company[ca38510fb3e4da43]::main
[INFO] [stderr]                                at /opt/rustwide/workdir/company/src/main.rs:5:1
[INFO] [stderr]   70:     0x5e056f857c0b - <fn() as core[8fb95b77d25ab6c8]::ops::function::FnOnce<()>>::call_once
[INFO] [stderr]                                at /rustc/b2282dd5646a57d570fc86fbe8df0e8826665ef6/library/core/src/ops/function.rs:250:5
[INFO] [stderr]   71:     0x5e056f8624fe - std[10d71ac2c42b111e]::sys::backtrace::__rust_begin_short_backtrace::<fn(), ()>
[INFO] [stderr]                                at /rustc/b2282dd5646a57d570fc86fbe8df0e8826665ef6/library/std/src/sys/backtrace.rs:166:18
[INFO] [stderr]   72:     0x5e056f85c281 - std[10d71ac2c42b111e]::rt::lang_start::<()>::{closure#0}
[INFO] [stderr]                                at /rustc/b2282dd5646a57d570fc86fbe8df0e8826665ef6/library/std/src/rt.rs:206:18
[INFO] [stderr]   73:     0x5e056fd66327 - <&dyn core[8fb95b77d25ab6c8]::ops::function::Fn<(), Output = i32> + core[8fb95b77d25ab6c8]::panic::unwind_safe::RefUnwindSafe + core[8fb95b77d25ab6c8]::marker::Sync as core[8fb95b77d25ab6c8]::ops::function::FnOnce<()>>::call_once
[INFO] [stderr]                                at /rustc/b2282dd5646a57d570fc86fbe8df0e8826665ef6/library/core/src/ops/function.rs:287:21
[INFO] [stderr]   74:     0x5e056fd66327 - std[10d71ac2c42b111e]::panicking::catch_unwind::do_call::<&dyn core[8fb95b77d25ab6c8]::ops::function::Fn<(), Output = i32> + core[8fb95b77d25ab6c8]::panic::unwind_safe::RefUnwindSafe + core[8fb95b77d25ab6c8]::marker::Sync, i32>
[INFO] [stderr]                                at /rustc/b2282dd5646a57d570fc86fbe8df0e8826665ef6/library/std/src/panicking.rs:581:40
[INFO] [stderr]   75:     0x5e056fd66327 - std[10d71ac2c42b111e]::panicking::catch_unwind::<i32, &dyn core[8fb95b77d25ab6c8]::ops::function::Fn<(), Output = i32> + core[8fb95b77d25ab6c8]::panic::unwind_safe::RefUnwindSafe + core[8fb95b77d25ab6c8]::marker::Sync>
[INFO] [stderr]                                at /rustc/b2282dd5646a57d570fc86fbe8df0e8826665ef6/library/std/src/panicking.rs:544:19
[INFO] [stderr]   76:     0x5e056fd66327 - std[10d71ac2c42b111e]::panic::catch_unwind::<&dyn core[8fb95b77d25ab6c8]::ops::function::Fn<(), Output = i32> + core[8fb95b77d25ab6c8]::panic::unwind_safe::RefUnwindSafe + core[8fb95b77d25ab6c8]::marker::Sync, i32>
[INFO] [stderr]                                at /rustc/b2282dd5646a57d570fc86fbe8df0e8826665ef6/library/std/src/panic.rs:359:14
[INFO] [stderr]   77:     0x5e056fd66327 - std[10d71ac2c42b111e]::rt::lang_start_internal::{closure#0}
[INFO] [stderr]                                at /rustc/b2282dd5646a57d570fc86fbe8df0e8826665ef6/library/std/src/rt.rs:175:24
[INFO] [stderr]   78:     0x5e056fd66327 - std[10d71ac2c42b111e]::panicking::catch_unwind::do_call::<std[10d71ac2c42b111e]::rt::lang_start_internal::{closure#0}, isize>
[INFO] [stderr]                                at /rustc/b2282dd5646a57d570fc86fbe8df0e8826665ef6/library/std/src/panicking.rs:581:40
[INFO] [stderr]   79:     0x5e056fd66327 - std[10d71ac2c42b111e]::panicking::catch_unwind::<isize, std[10d71ac2c42b111e]::rt::lang_start_internal::{closure#0}>
[INFO] [stderr]                                at /rustc/b2282dd5646a57d570fc86fbe8df0e8826665ef6/library/std/src/panicking.rs:544:19
[INFO] [stderr]   80:     0x5e056fd66327 - std[10d71ac2c42b111e]::panic::catch_unwind::<std[10d71ac2c42b111e]::rt::lang_start_internal::{closure#0}, isize>
[INFO] [stderr]                                at /rustc/b2282dd5646a57d570fc86fbe8df0e8826665ef6/library/std/src/panic.rs:359:14
[INFO] [stderr]   81:     0x5e056fd66327 - std[10d71ac2c42b111e]::rt::lang_start_internal
[INFO] [stderr]                                at /rustc/b2282dd5646a57d570fc86fbe8df0e8826665ef6/library/std/src/rt.rs:171:5
[INFO] [stderr]   82:     0x5e056f859697 - std[10d71ac2c42b111e]::rt::lang_start::<()>
[INFO] [stderr]                                at /rustc/b2282dd5646a57d570fc86fbe8df0e8826665ef6/library/std/src/rt.rs:205:5
[INFO] [stderr]   83:     0x5e056f88558e - main
[INFO] [stderr]   84:     0x796dab3b91ca - <unknown>
[INFO] [stderr]   85:     0x796dab3b928b - __libc_start_main
[INFO] [stderr]   86:     0x5e056f8275f5 - _start
[INFO] [stderr]   87:                0x0 - <unknown>
[INFO] [stderr]     Blocking waiting for file lock on build directory
[INFO] [stderr]    Compiling tokio-util v0.7.17
[INFO] [stderr]    Compiling actix-rt v2.11.0
[INFO] [stderr]    Compiling tokio-stream v0.1.17
[INFO] [stderr]    Compiling quinn v0.10.2
[INFO] [stderr]     Blocking waiting for file lock on build directory
[INFO] [stderr]    Compiling actix v0.13.5
[INFO] [stderr]     Blocking waiting for file lock on build directory
[INFO] [stderr]     Blocking waiting for file lock on build directory
[INFO] [stderr]    Compiling common v0.1.0 (/opt/rustwide/workdir/common)
[INFO] [stderr]     Blocking waiting for file lock on build directory
[INFO] [stderr]    Compiling company_admin v0.1.0 (/opt/rustwide/workdir/company_admin)
[INFO] [stderr]     Blocking waiting for file lock on build directory
[INFO] [stdout] test performance_tests::test_system_minimal ... ok
[INFO] [stderr]    Compiling company_admin v0.1.0 (/opt/rustwide/workdir/company_admin)
[INFO] [stderr]     Blocking waiting for file lock on build directory
[INFO] [stderr]     Blocking waiting for file lock on build directory
[INFO] [stderr]     Finished `dev` profile [unoptimized + debuginfo] target(s) in 5.37s
[INFO] [stderr]      Running `/opt/rustwide/target/debug/company_admin 2`
[INFO] [stderr]     Finished `dev` profile [unoptimized + debuginfo] target(s) in 4.50s
[INFO] [stderr]      Running `/opt/rustwide/target/debug/company_admin 3`
[INFO] [stderr]     Finished `dev` profile [unoptimized + debuginfo] target(s) in 7.57s
[INFO] [stderr]      Running `/opt/rustwide/target/debug/company_admin 0`
[INFO] [stderr]     Finished `dev` profile [unoptimized + debuginfo] target(s) in 6.61s
[INFO] [stderr]      Running `/opt/rustwide/target/debug/company_admin 1`
[INFO] [stderr]     Finished `dev` profile [unoptimized + debuginfo] target(s) in 3.66s
[INFO] [stderr]      Running `/opt/rustwide/target/debug/company_admin 4`
[INFO] [stderr]     Finished `dev` profile [unoptimized + debuginfo] target(s) in 2.61s
[INFO] [stderr]      Running `/opt/rustwide/target/debug/company_admin 5`
[INFO] [stderr]     Finished `dev` profile [unoptimized + debuginfo] target(s) in 1.65s
[INFO] [stderr]      Running `/opt/rustwide/target/debug/company_admin 6`
[INFO] [stderr]     Finished `dev` profile [unoptimized + debuginfo] target(s) in 0.69s
[INFO] [stderr]      Running `/opt/rustwide/target/debug/company_admin 7`
[INFO] [stdout] test performance_tests::test_system_load ... FAILED
[INFO] [stdout] 
[INFO] [stdout] failures:
[INFO] [stdout] 
[INFO] [stdout] ---- performance_tests::test_system_load stdout ----
[INFO] [stdout] 
[INFO] [stdout] thread 'performance_tests::test_system_load' (3154) panicked at tests/src/performance_tests.rs:198:17:
[INFO] [stdout] ❌ Error al levantar los Administradores de Empresa.
[INFO] [stdout] stack backtrace:
[INFO] [stdout]    0:     0x56ddbb587728 - std[10d71ac2c42b111e]::backtrace_rs::backtrace::libunwind::trace
[INFO] [stdout]                                at /rustc/b2282dd5646a57d570fc86fbe8df0e8826665ef6/library/std/src/../../backtrace/src/backtrace/libunwind.rs:117:9
[INFO] [stdout]    1:     0x56ddbb587728 - std[10d71ac2c42b111e]::backtrace_rs::backtrace::trace_unsynchronized::<std[10d71ac2c42b111e]::sys::backtrace::_print_fmt::{closure#1}>
[INFO] [stdout]                                at /rustc/b2282dd5646a57d570fc86fbe8df0e8826665ef6/library/std/src/../../backtrace/src/backtrace/mod.rs:66:14
[INFO] [stdout]    2:     0x56ddbb587728 - std[10d71ac2c42b111e]::sys::backtrace::_print_fmt
[INFO] [stdout]                                at /rustc/b2282dd5646a57d570fc86fbe8df0e8826665ef6/library/std/src/sys/backtrace.rs:74:9
[INFO] [stdout]    3:     0x56ddbb587728 - <<std[10d71ac2c42b111e]::sys::backtrace::BacktraceLock>::print::DisplayBacktrace as core[8fb95b77d25ab6c8]::fmt::Display>::fmt
[INFO] [stdout]                                at /rustc/b2282dd5646a57d570fc86fbe8df0e8826665ef6/library/std/src/sys/backtrace.rs:44:26
[INFO] [stdout]    4:     0x56ddbb59fc9a - <core[8fb95b77d25ab6c8]::fmt::rt::Argument>::fmt
[INFO] [stdout]                                at /rustc/b2282dd5646a57d570fc86fbe8df0e8826665ef6/library/core/src/fmt/rt.rs:152:76
[INFO] [stdout]    5:     0x56ddbb59fc9a - core[8fb95b77d25ab6c8]::fmt::write
[INFO] [stdout]    6:     0x56ddbb58d042 - std[10d71ac2c42b111e]::io::default_write_fmt::<alloc[a7ee25936407c584]::vec::Vec<u8>>
[INFO] [stdout]                                at /rustc/b2282dd5646a57d570fc86fbe8df0e8826665ef6/library/std/src/io/mod.rs:622:11
[INFO] [stdout]    7:     0x56ddbb58d042 - <alloc[a7ee25936407c584]::vec::Vec<u8> as std[10d71ac2c42b111e]::io::Write>::write_fmt
[INFO] [stdout]                                at /rustc/b2282dd5646a57d570fc86fbe8df0e8826665ef6/library/std/src/io/mod.rs:1977:13
[INFO] [stdout]    8:     0x56ddbb5653b6 - <std[10d71ac2c42b111e]::sys::backtrace::BacktraceLock>::print
[INFO] [stdout]                                at /rustc/b2282dd5646a57d570fc86fbe8df0e8826665ef6/library/std/src/sys/backtrace.rs:47:9
[INFO] [stdout]    9:     0x56ddbb5653b6 - std[10d71ac2c42b111e]::panicking::default_hook::{closure#0}
[INFO] [stdout]                                at /rustc/b2282dd5646a57d570fc86fbe8df0e8826665ef6/library/std/src/panicking.rs:292:27
[INFO] [stdout]   10:     0x56ddbb57f529 - std[10d71ac2c42b111e]::panicking::default_hook
[INFO] [stdout]                                at /rustc/b2282dd5646a57d570fc86fbe8df0e8826665ef6/library/std/src/panicking.rs:316:9
[INFO] [stdout]   11:     0x56ddbae2027c - <alloc[a7ee25936407c584]::boxed::Box<dyn for<'a, 'b> core[8fb95b77d25ab6c8]::ops::function::Fn<(&'a std[10d71ac2c42b111e]::panic::PanicHookInfo<'b>,), Output = ()> + core[8fb95b77d25ab6c8]::marker::Sync + core[8fb95b77d25ab6c8]::marker::Send> as core[8fb95b77d25ab6c8]::ops::function::Fn<(&std[10d71ac2c42b111e]::panic::PanicHookInfo,)>>::call
[INFO] [stdout]                                at /rustc/b2282dd5646a57d570fc86fbe8df0e8826665ef6/library/alloc/src/boxed.rs:2289:9
[INFO] [stdout]   12:     0x56ddbae2027c - test[213991da798b1c03]::test_main_inner::<test[213991da798b1c03]::test_main_static::{closure#0}>::{closure#0}
[INFO] [stdout]                                at /rustc/b2282dd5646a57d570fc86fbe8df0e8826665ef6/library/test/src/lib.rs:155:21
[INFO] [stdout]   13:     0x56ddbb57f7a2 - <alloc[a7ee25936407c584]::boxed::Box<dyn for<'a, 'b> core[8fb95b77d25ab6c8]::ops::function::Fn<(&'a std[10d71ac2c42b111e]::panic::PanicHookInfo<'b>,), Output = ()> + core[8fb95b77d25ab6c8]::marker::Sync + core[8fb95b77d25ab6c8]::marker::Send> as core[8fb95b77d25ab6c8]::ops::function::Fn<(&std[10d71ac2c42b111e]::panic::PanicHookInfo,)>>::call
[INFO] [stdout]                                at /rustc/b2282dd5646a57d570fc86fbe8df0e8826665ef6/library/alloc/src/boxed.rs:2289:9
[INFO] [stdout]   14:     0x56ddbb57f7a2 - std[10d71ac2c42b111e]::panicking::panic_with_hook
[INFO] [stdout]                                at /rustc/b2282dd5646a57d570fc86fbe8df0e8826665ef6/library/std/src/panicking.rs:833:13
[INFO] [stdout]   15:     0x56ddbb5654a4 - std[10d71ac2c42b111e]::panicking::panic_handler::{closure#0}
[INFO] [stdout]                                at /rustc/b2282dd5646a57d570fc86fbe8df0e8826665ef6/library/std/src/panicking.rs:691:13
[INFO] [stdout]   16:     0x56ddbb55a039 - std[10d71ac2c42b111e]::sys::backtrace::__rust_end_short_backtrace::<std[10d71ac2c42b111e]::panicking::panic_handler::{closure#0}, !>
[INFO] [stdout]                                at /rustc/b2282dd5646a57d570fc86fbe8df0e8826665ef6/library/std/src/sys/backtrace.rs:182:18
[INFO] [stdout]   17:     0x56ddbb56643d - __rustc[3be9ba60078d4c86]::rust_begin_unwind
[INFO] [stdout]                                at /rustc/b2282dd5646a57d570fc86fbe8df0e8826665ef6/library/std/src/panicking.rs:689:5
[INFO] [stdout]   18:     0x56ddbb5a050c - core[8fb95b77d25ab6c8]::panicking::panic_fmt
[INFO] [stdout]                                at /rustc/b2282dd5646a57d570fc86fbe8df0e8826665ef6/library/core/src/panicking.rs:80:14
[INFO] [stdout]   19:     0x56ddbab42829 - integration_tests[fac9f6bc2ac28a2d]::performance_tests::test_system_load
[INFO] [stdout]                                at /opt/rustwide/workdir/tests/src/performance_tests.rs:198:17
[INFO] [stdout]   20:     0x56ddbab35847 - integration_tests[fac9f6bc2ac28a2d]::performance_tests::test_system_load::{closure#0}
[INFO] [stdout]                                at /opt/rustwide/workdir/tests/src/performance_tests.rs:139:22
[INFO] [stdout]   21:     0x56ddbab35346 - <integration_tests[fac9f6bc2ac28a2d]::performance_tests::test_system_load::{closure#0} as core[8fb95b77d25ab6c8]::ops::function::FnOnce<()>>::call_once
[INFO] [stdout]                                at /rustc/b2282dd5646a57d570fc86fbe8df0e8826665ef6/library/core/src/ops/function.rs:250:5
[INFO] [stdout]   22:     0x56ddbae1335b - <fn() -> core[8fb95b77d25ab6c8]::result::Result<(), alloc[a7ee25936407c584]::string::String> as core[8fb95b77d25ab6c8]::ops::function::FnOnce<()>>::call_once
[INFO] [stdout]                                at /rustc/b2282dd5646a57d570fc86fbe8df0e8826665ef6/library/core/src/ops/function.rs:250:5
[INFO] [stdout]   23:     0x56ddbae1335b - test[213991da798b1c03]::__rust_begin_short_backtrace::<core[8fb95b77d25ab6c8]::result::Result<(), alloc[a7ee25936407c584]::string::String>, fn() -> core[8fb95b77d25ab6c8]::result::Result<(), alloc[a7ee25936407c584]::string::String>>
[INFO] [stdout]                                at /rustc/b2282dd5646a57d570fc86fbe8df0e8826665ef6/library/test/src/lib.rs:724:18
[INFO] [stdout]   24:     0x56ddbae20bd5 - test[213991da798b1c03]::run_test_in_process::{closure#0}
[INFO] [stdout]                                at /rustc/b2282dd5646a57d570fc86fbe8df0e8826665ef6/library/test/src/lib.rs:747:74
[INFO] [stdout]   25:     0x56ddbae20bd5 - <core[8fb95b77d25ab6c8]::panic::unwind_safe::AssertUnwindSafe<test[213991da798b1c03]::run_test_in_process::{closure#0}> as core[8fb95b77d25ab6c8]::ops::function::FnOnce<()>>::call_once
[INFO] [stdout]                                at /rustc/b2282dd5646a57d570fc86fbe8df0e8826665ef6/library/core/src/panic/unwind_safe.rs:275:9
[INFO] [stdout]   26:     0x56ddbae20bd5 - std[10d71ac2c42b111e]::panicking::catch_unwind::do_call::<core[8fb95b77d25ab6c8]::panic::unwind_safe::AssertUnwindSafe<test[213991da798b1c03]::run_test_in_process::{closure#0}>, core[8fb95b77d25ab6c8]::result::Result<(), alloc[a7ee25936407c584]::string::String>>
[INFO] [stdout]                                at /rustc/b2282dd5646a57d570fc86fbe8df0e8826665ef6/library/std/src/panicking.rs:581:40
[INFO] [stdout]   27:     0x56ddbae20bd5 - std[10d71ac2c42b111e]::panicking::catch_unwind::<core[8fb95b77d25ab6c8]::result::Result<(), alloc[a7ee25936407c584]::string::String>, core[8fb95b77d25ab6c8]::panic::unwind_safe::AssertUnwindSafe<test[213991da798b1c03]::run_test_in_process::{closure#0}>>
[INFO] [stdout]                                at /rustc/b2282dd5646a57d570fc86fbe8df0e8826665ef6/library/std/src/panicking.rs:544:19
[INFO] [stdout]   28:     0x56ddbae20bd5 - std[10d71ac2c42b111e]::panic::catch_unwind::<core[8fb95b77d25ab6c8]::panic::unwind_safe::AssertUnwindSafe<test[213991da798b1c03]::run_test_in_process::{closure#0}>, core[8fb95b77d25ab6c8]::result::Result<(), alloc[a7ee25936407c584]::string::String>>
[INFO] [stdout]                                at /rustc/b2282dd5646a57d570fc86fbe8df0e8826665ef6/library/std/src/panic.rs:359:14
[INFO] [stdout]   29:     0x56ddbae20bd5 - test[213991da798b1c03]::run_test_in_process
[INFO] [stdout]                                at /rustc/b2282dd5646a57d570fc86fbe8df0e8826665ef6/library/test/src/lib.rs:747:27
[INFO] [stdout]   30:     0x56ddbae20bd5 - test[213991da798b1c03]::run_test::{closure#0}
[INFO] [stdout]                                at /rustc/b2282dd5646a57d570fc86fbe8df0e8826665ef6/library/test/src/lib.rs:668:43
[INFO] [stdout]   31:     0x56ddbae1a4e4 - test[213991da798b1c03]::run_test::{closure#1}
[INFO] [stdout]                                at /rustc/b2282dd5646a57d570fc86fbe8df0e8826665ef6/library/test/src/lib.rs:698:41
[INFO] [stdout]   32:     0x56ddbae1a4e4 - std[10d71ac2c42b111e]::sys::backtrace::__rust_begin_short_backtrace::<test[213991da798b1c03]::run_test::{closure#1}, ()>
[INFO] [stdout]                                at /rustc/b2282dd5646a57d570fc86fbe8df0e8826665ef6/library/std/src/sys/backtrace.rs:166:18
[INFO] [stdout]   33:     0x56ddbae23c52 - std[10d71ac2c42b111e]::thread::lifecycle::spawn_unchecked::<test[213991da798b1c03]::run_test::{closure#1}, ()>::{closure#1}::{closure#0}
[INFO] [stdout]                                at /rustc/b2282dd5646a57d570fc86fbe8df0e8826665ef6/library/std/src/thread/lifecycle.rs:70:13
[INFO] [stdout]   34:     0x56ddbae23c52 - <core[8fb95b77d25ab6c8]::panic::unwind_safe::AssertUnwindSafe<std[10d71ac2c42b111e]::thread::lifecycle::spawn_unchecked<test[213991da798b1c03]::run_test::{closure#1}, ()>::{closure#1}::{closure#0}> as core[8fb95b77d25ab6c8]::ops::function::FnOnce<()>>::call_once
[INFO] [stdout]                                at /rustc/b2282dd5646a57d570fc86fbe8df0e8826665ef6/library/core/src/panic/unwind_safe.rs:275:9
[INFO] [stdout]   35:     0x56ddbae23c52 - std[10d71ac2c42b111e]::panicking::catch_unwind::do_call::<core[8fb95b77d25ab6c8]::panic::unwind_safe::AssertUnwindSafe<std[10d71ac2c42b111e]::thread::lifecycle::spawn_unchecked<test[213991da798b1c03]::run_test::{closure#1}, ()>::{closure#1}::{closure#0}>, ()>
[INFO] [stdout]                                at /rustc/b2282dd5646a57d570fc86fbe8df0e8826665ef6/library/std/src/panicking.rs:581:40
[INFO] [stdout]   36:     0x56ddbae23c52 - std[10d71ac2c42b111e]::panicking::catch_unwind::<(), core[8fb95b77d25ab6c8]::panic::unwind_safe::AssertUnwindSafe<std[10d71ac2c42b111e]::thread::lifecycle::spawn_unchecked<test[213991da798b1c03]::run_test::{closure#1}, ()>::{closure#1}::{closure#0}>>
[INFO] [stdout]                                at /rustc/b2282dd5646a57d570fc86fbe8df0e8826665ef6/library/std/src/panicking.rs:544:19
[INFO] [stdout]   37:     0x56ddbae23c52 - std[10d71ac2c42b111e]::panic::catch_unwind::<core[8fb95b77d25ab6c8]::panic::unwind_safe::AssertUnwindSafe<std[10d71ac2c42b111e]::thread::lifecycle::spawn_unchecked<test[213991da798b1c03]::run_test::{closure#1}, ()>::{closure#1}::{closure#0}>, ()>
[INFO] [stdout]                                at /rustc/b2282dd5646a57d570fc86fbe8df0e8826665ef6/library/std/src/panic.rs:359:14
[INFO] [stdout]   38:     0x56ddbae23c52 - std[10d71ac2c42b111e]::thread::lifecycle::spawn_unchecked::<test[213991da798b1c03]::run_test::{closure#1}, ()>::{closure#1}
[INFO] [stdout]                                at /rustc/b2282dd5646a57d570fc86fbe8df0e8826665ef6/library/std/src/thread/lifecycle.rs:68:26
[INFO] [stdout]   39:     0x56ddbae23c52 - <std[10d71ac2c42b111e]::thread::lifecycle::spawn_unchecked<test[213991da798b1c03]::run_test::{closure#1}, ()>::{closure#1} as core[8fb95b77d25ab6c8]::ops::function::FnOnce<()>>::call_once::{shim:vtable#0}
[INFO] [stdout]                                at /rustc/b2282dd5646a57d570fc86fbe8df0e8826665ef6/library/core/src/ops/function.rs:250:5
[INFO] [stdout]   40:     0x56ddbb586c2f - <alloc[a7ee25936407c584]::boxed::Box<dyn core[8fb95b77d25ab6c8]::ops::function::FnOnce<(), Output = ()> + core[8fb95b77d25ab6c8]::marker::Send> as core[8fb95b77d25ab6c8]::ops::function::FnOnce<()>>::call_once
[INFO] [stdout]                                at /rustc/b2282dd5646a57d570fc86fbe8df0e8826665ef6/library/alloc/src/boxed.rs:2275:9
[INFO] [stdout]   41:     0x56ddbb586c2f - <std[10d71ac2c42b111e]::sys::thread::unix::Thread>::new::thread_start
[INFO] [stdout]                                at /rustc/b2282dd5646a57d570fc86fbe8df0e8826665ef6/library/std/src/sys/thread/unix.rs:118:17
[INFO] [stdout]   42:     0x7d23be098aa4 - <unknown>
[INFO] [stdout]   43:     0x7d23be125a64 - clone
[INFO] [stdout]   44:                0x0 - <unknown>
[INFO] [stdout] 
[INFO] [stdout] 
[INFO] [stdout] failures:
[INFO] [stdout]     performance_tests::test_system_load
[INFO] [stdout] 
[INFO] [stdout] test result: FAILED. 27 passed; 1 failed; 0 ignored; 0 measured; 0 filtered out; finished in 33.21s
[INFO] [stdout] 
[INFO] [stderr] error: test failed, to rerun pass `-p tests --lib`
[INFO] running `Command { std: "docker" "inspect" "4bac56f6173bf0b5f07b51527f4c2c089a23fd25fff9bc00bad514784d04628a", kill_on_drop: false }`
[INFO] running `Command { std: "docker" "rm" "-f" "4bac56f6173bf0b5f07b51527f4c2c089a23fd25fff9bc00bad514784d04628a", kill_on_drop: false }`
[INFO] [stdout] 4bac56f6173bf0b5f07b51527f4c2c089a23fd25fff9bc00bad514784d04628a
