[INFO] fetching crate rs2-stream 0.3.3...
[INFO] testing rs2-stream-0.3.3 against 1.97.0-beta.6 for beta-1.98-2
[INFO] extracting crate rs2-stream 0.3.3 into /workspace/builds/worker-1-tc1/source
[INFO] started tweaking crates.io crate rs2-stream 0.3.3
[INFO] removed 0 missing examples
[INFO] removed 0 missing tests
[INFO] finished tweaking crates.io crate rs2-stream 0.3.3
[INFO] tweaked toml for crates.io crate rs2-stream 0.3.3 written to /workspace/builds/worker-1-tc1/source/Cargo.toml
[INFO] validating manifest of crates.io crate rs2-stream 0.3.3 on toolchain 1.97.0-beta.6
[INFO] running `Command { std: CARGO_HOME="/workspace/cargo-home" RUSTUP_HOME="/workspace/rustup-home" "/workspace/cargo-home/bin/cargo" "+1.97.0-beta.6" "metadata" "--manifest-path" "Cargo.toml" "--no-deps", kill_on_drop: false }`
[INFO] crate crates.io crate rs2-stream 0.3.3 already has a lockfile, it will not be regenerated
[INFO] running `Command { std: CARGO_HOME="/workspace/cargo-home" RUSTUP_HOME="/workspace/rustup-home" "/workspace/cargo-home/bin/cargo" "+1.97.0-beta.6" "fetch" "--manifest-path" "Cargo.toml", kill_on_drop: false }`
[INFO] [stderr]     Blocking waiting for file lock on package cache
[INFO] [stderr]     Updating crates.io index
[INFO] [stderr]     Blocking waiting for file lock on package cache
[INFO] [stderr]  Downloading crates ...
[INFO] [stderr]   Downloaded rustversion v1.0.21
[INFO] [stderr]   Downloaded proc-macro2 v1.0.95
[INFO] [stderr]   Downloaded uuid v1.17.0
[INFO] [stderr]   Downloaded potential_utf v0.1.2
[INFO] [stderr]   Downloaded openssl-probe v0.1.6
[INFO] [stderr]   Downloaded tokio-test v0.4.4
[INFO] [stderr]   Downloaded errno v0.3.12
[INFO] [stderr]   Downloaded cfg-if v1.0.1
[INFO] [stderr]   Downloaded xattr v1.5.0
[INFO] [stderr]   Downloaded filetime v0.2.25
[INFO] [stderr]   Downloaded rustc-demangle v0.1.25
[INFO] [stderr]   Downloaded thiserror-impl v2.0.12
[INFO] [stderr]   Downloaded serial_test_derive v3.2.0
[INFO] [stderr]   Downloaded sdd v3.0.8
[INFO] [stderr]   Downloaded home v0.5.11
[INFO] [stderr]   Downloaded time-core v0.1.4
[INFO] [stderr]   Downloaded serial_test v3.2.0
[INFO] [stderr]   Downloaded proc-macro-crate v3.3.0
[INFO] [stderr]   Downloaded uuid-simd v0.8.0
[INFO] [stderr]   Downloaded borrow-or-share v0.2.2
[INFO] [stderr]   Downloaded num-cmp v0.1.0
[INFO] [stderr]   Downloaded redox_syscall v0.5.12
[INFO] [stderr]   Downloaded winapi-util v0.1.9
[INFO] [stderr]   Downloaded signal-hook-registry v1.4.5
[INFO] [stderr]   Downloaded thiserror v2.0.12
[INFO] [stderr]   Downloaded security-framework-sys v2.14.0
[INFO] [stderr]   Downloaded tokio-rustls v0.26.2
[INFO] [stderr]   Downloaded time-macros v0.2.22
[INFO] [stderr]   Downloaded clap_lex v0.7.5
[INFO] [stderr]   Downloaded anstyle v1.0.11
[INFO] [stderr]   Downloaded crunchy v0.2.3
[INFO] [stderr]   Downloaded serde_with_macros v3.12.0
[INFO] [stderr]   Downloaded etcetera v0.10.0
[INFO] [stderr]   Downloaded num_enum v0.7.3
[INFO] [stderr]   Downloaded num_enum_derive v0.7.3
[INFO] [stderr]   Downloaded quickcheck v1.0.3
[INFO] [stderr]   Downloaded hermit-abi v0.5.1
[INFO] [stderr]   Downloaded deranged v0.4.0
[INFO] [stderr]   Downloaded parking_lot v0.12.4
[INFO] [stderr]   Downloaded email_address v0.2.9
[INFO] [stderr]   Downloaded tokio-stream v0.1.17
[INFO] [stderr]   Downloaded schannel v0.1.27
[INFO] [stderr]   Downloaded async-trait v0.1.88
[INFO] [stderr]   Downloaded iana-time-zone v0.1.63
[INFO] [stderr]   Downloaded env_logger v0.8.4
[INFO] [stderr]   Downloaded referencing v0.30.0
[INFO] [stderr]   Downloaded tokio-tar v0.3.1
[INFO] [stderr]   Downloaded bollard-stubs v1.47.1-rc.27.3.1
[INFO] [stderr]   Downloaded rustls-pki-types v1.12.0
[INFO] [stderr]   Downloaded fluent-uri v0.3.2
[INFO] [stderr]   Downloaded testcontainers v0.24.0
[INFO] [stderr]   Downloaded url v2.5.4
[INFO] [stderr]   Downloaded bumpalo v3.18.1
[INFO] [stderr]   Downloaded clap v4.5.40
[INFO] [stderr]   Downloaded half v2.6.0
[INFO] [stderr]   Downloaded security-framework v3.2.0
[INFO] [stderr]   Downloaded indexmap v2.9.0
[INFO] [stderr]   Downloaded zerocopy-derive v0.8.25
[INFO] [stderr]   Downloaded fancy-regex v0.14.0
[INFO] [stderr]   Downloaded cc v1.2.26
[INFO] [stderr]   Downloaded hyper-util v0.1.14
[INFO] [stderr]   Downloaded fraction v0.15.3
[INFO] [stderr]   Downloaded syn v2.0.102
[INFO] [stderr]   Downloaded zerovec v0.11.2
[INFO] [stderr]   Downloaded rdkafka v0.37.0
[INFO] [stderr]   Downloaded serde_with v3.12.0
[INFO] [stderr]   Downloaded time v0.3.41
[INFO] [stderr]   Downloaded bollard v0.18.1
[INFO] [stderr]   Downloaded hyper v1.6.0
[INFO] [stderr]   Downloaded scc v2.3.4
[INFO] [stderr]   Downloaded jsonschema v0.30.0
[INFO] [stderr]   Downloaded testcontainers-modules v0.12.1
[INFO] [stderr]   Downloaded idna v1.0.3
[INFO] [stderr]   Downloaded serde_json v1.0.140
[INFO] [stderr]   Downloaded winnow v0.7.11
[INFO] [stderr]   Downloaded reqwest v0.12.20
[INFO] [stderr]   Downloaded clap_builder v4.5.40
[INFO] [stderr]   Downloaded zerocopy v0.8.25
[INFO] [stderr]   Downloaded rustls v0.23.27
[INFO] [stderr]   Downloaded rustix v1.0.7
[INFO] [stderr]   Downloaded libc v0.2.172
[INFO] [stderr]   Downloaded tokio v1.45.1
[INFO] [stderr]   Downloaded libz-sys v1.1.22
[INFO] [stderr]   Downloaded linux-raw-sys v0.9.4
[INFO] [stderr]   Downloaded rdkafka-sys v4.8.0+2.3.0
[INFO] running `Command { std: "docker" "create" "-v" "/var/lib/crater-agent-workspace/builds/worker-1-tc1/source:/opt/rustwide/workdir:ro,Z" "-v" "/var/lib/crater-agent-workspace/builds/worker-1-tc1/target:/opt/rustwide/target:rw,Z" "-v" "/var/lib/crater-agent-workspace/cargo-home:/opt/rustwide/cargo-home:ro,Z" "-v" "/var/lib/crater-agent-workspace/rustup-home:/opt/rustwide/rustup-home:ro,Z" "-m" "1610612736" "--network" "none" "ghcr.io/rust-lang/crates-build-env/linux@sha256:3d5ced03c013a94a2f102a4510f48a6e9184255caf5fd8244f58017bde7f5210" "sleep" "infinity", kill_on_drop: false }`
[INFO] [stdout] 6fcafe7120d5ef5eb1c2155ea612feaeafcd11f10e206d6b107505bfcc5149bc
[INFO] running `Command { std: "docker" "start" "6fcafe7120d5ef5eb1c2155ea612feaeafcd11f10e206d6b107505bfcc5149bc", kill_on_drop: false }`
[INFO] running `Command { std: "docker" "inspect" "6fcafe7120d5ef5eb1c2155ea612feaeafcd11f10e206d6b107505bfcc5149bc", kill_on_drop: false }`
[INFO] running `Command { std: "docker" "exec" "-e" "SOURCE_DIR=/opt/rustwide/workdir" "-e" "CARGO_HOME=/opt/rustwide/cargo-home" "-e" "RUSTUP_HOME=/opt/rustwide/rustup-home" "-e" "CARGO_TARGET_DIR=/opt/rustwide/target" "-w" "/opt/rustwide/workdir" "--user" "0:0" "6fcafe7120d5ef5eb1c2155ea612feaeafcd11f10e206d6b107505bfcc5149bc" "/opt/rustwide/cargo-home/bin/cargo" "+1.97.0-beta.6" "metadata" "--no-deps" "--format-version=1", kill_on_drop: false }`
[INFO] running `Command { std: "docker" "inspect" "6fcafe7120d5ef5eb1c2155ea612feaeafcd11f10e206d6b107505bfcc5149bc", kill_on_drop: false }`
[INFO] running `Command { std: "docker" "exec" "-e" "SOURCE_DIR=/opt/rustwide/workdir" "-e" "CARGO_HOME=/opt/rustwide/cargo-home" "-e" "RUSTUP_HOME=/opt/rustwide/rustup-home" "-e" "CARGO_TARGET_DIR=/opt/rustwide/target" "-e" "CARGO_INCREMENTAL=0" "-e" "RUST_BACKTRACE=full" "-e" "RUSTFLAGS=--cap-lints=warn" "-e" "RUSTDOCFLAGS=--cap-lints=warn" "-w" "/opt/rustwide/workdir" "--user" "0:0" "6fcafe7120d5ef5eb1c2155ea612feaeafcd11f10e206d6b107505bfcc5149bc" "/opt/rustwide/cargo-home/bin/cargo" "+1.97.0-beta.6" "build" "--frozen" "--message-format=json", kill_on_drop: false }`
[INFO] [stderr]    Compiling proc-macro2 v1.0.95
[INFO] [stderr]    Compiling libc v0.2.172
[INFO] [stderr]    Compiling cfg-if v1.0.1
[INFO] [stderr]    Compiling memchr v2.7.4
[INFO] [stderr]    Compiling smallvec v1.15.1
[INFO] [stderr]    Compiling stable_deref_trait v1.2.0
[INFO] [stderr]    Compiling futures-core v0.3.31
[INFO] [stderr]    Compiling parking_lot_core v0.9.11
[INFO] [stderr]    Compiling serde v1.0.219
[INFO] [stderr]    Compiling itoa v1.0.15
[INFO] [stderr]    Compiling bytes v1.10.1
[INFO] [stderr]    Compiling futures-sink v0.3.31
[INFO] [stderr]    Compiling lock_api v0.4.13
[INFO] [stderr]    Compiling num-traits v0.2.19
[INFO] [stderr]    Compiling futures-io v0.3.31
[INFO] [stderr]    Compiling litemap v0.8.0
[INFO] [stderr]    Compiling zerocopy v0.8.25
[INFO] [stderr]    Compiling writeable v0.6.1
[INFO] [stderr]    Compiling icu_normalizer_data v2.0.0
[INFO] [stderr]    Compiling futures-channel v0.3.31
[INFO] [stderr]    Compiling icu_properties_data v2.0.1
[INFO] [stderr]    Compiling hashbrown v0.15.4
[INFO] [stderr]    Compiling once_cell v1.21.3
[INFO] [stderr]    Compiling percent-encoding v2.3.1
[INFO] [stderr]    Compiling shlex v1.3.0
[INFO] [stderr]    Compiling getrandom v0.3.3
[INFO] [stderr]    Compiling typenum v1.18.0
[INFO] [stderr]    Compiling cc v1.2.26
[INFO] [stderr]    Compiling generic-array v0.14.7
[INFO] [stderr]    Compiling regex-syntax v0.8.5
[INFO] [stderr]    Compiling serde_json v1.0.140
[INFO] [stderr]    Compiling winnow v0.7.11
[INFO] [stderr]    Compiling ryu v1.0.20
[INFO] [stderr]    Compiling toml_datetime v0.6.11
[INFO] [stderr]    Compiling http v1.3.1
[INFO] [stderr]    Compiling ref-cast v1.0.24
[INFO] [stderr]    Compiling log v0.4.27
[INFO] [stderr]    Compiling tracing-core v0.1.34
[INFO] [stderr]    Compiling form_urlencoded v1.2.1
[INFO] [stderr]    Compiling sync_wrapper v1.0.2
[INFO] [stderr]    Compiling quote v1.0.40
[INFO] [stderr]    Compiling ahash v0.8.12
[INFO] [stderr]    Compiling signal-hook-registry v1.4.5
[INFO] [stderr]    Compiling mio v1.0.4
[INFO] [stderr]    Compiling socket2 v0.5.10
[INFO] [stderr]    Compiling syn v2.0.102
[INFO] [stderr]    Compiling parking_lot v0.12.4
[INFO] [stderr]    Compiling indexmap v2.9.0
[INFO] [stderr]    Compiling aho-corasick v1.1.3
[INFO] [stderr]    Compiling num-integer v0.1.46
[INFO] [stderr]    Compiling getrandom v0.2.16
[INFO] [stderr]    Compiling utf8_iter v1.0.4
[INFO] [stderr]    Compiling http-body v1.0.1
[INFO] [stderr]    Compiling rand_core v0.6.4
[INFO] [stderr]    Compiling num-complex v0.4.6
[INFO] [stderr]    Compiling tracing v0.1.41
[INFO] [stderr]    Compiling rdkafka-sys v4.8.0+2.3.0
[INFO] [stderr]    Compiling num-bigint v0.4.6
[INFO] [stderr]    Compiling num-iter v0.1.45
[INFO] [stderr]    Compiling bitflags v2.9.1
[INFO] [stderr]    Compiling ipnet v2.11.0
[INFO] [stderr]    Compiling borrow-or-share v0.2.2
[INFO] [stderr]    Compiling iri-string v0.7.8
[INFO] [stderr]    Compiling bit-vec v0.8.0
[INFO] [stderr]    Compiling http-body-util v0.1.3
[INFO] [stderr]    Compiling uuid v1.17.0
[INFO] [stderr]    Compiling bit-set v0.8.0
[INFO] [stderr]    Compiling outref v0.5.2
[INFO] [stderr]    Compiling lazy_static v1.5.0
[INFO] [stderr]    Compiling vsimd v0.8.0
[INFO] [stderr]    Compiling num-cmp v0.1.0
[INFO] [stderr]    Compiling iana-time-zone v0.1.63
[INFO] [stderr]    Compiling crypto-common v0.1.6
[INFO] [stderr]    Compiling block-buffer v0.10.4
[INFO] [stderr]    Compiling bytecount v0.6.9
[INFO] [stderr]    Compiling num_cpus v1.17.0
[INFO] [stderr]    Compiling digest v0.10.7
[INFO] [stderr]    Compiling sha2 v0.10.9
[INFO] [stderr]    Compiling libz-sys v1.1.22
[INFO] [stderr]    Compiling ppv-lite86 v0.2.21
[INFO] [stderr]    Compiling uuid-simd v0.8.0
[INFO] [stderr]    Compiling regex-automata v0.4.9
[INFO] [stderr]    Compiling rand_chacha v0.3.1
[INFO] [stderr]    Compiling toml_edit v0.22.27
[INFO] [stderr]    Compiling num-rational v0.4.2
[INFO] [stderr]    Compiling rand v0.8.5
[INFO] [stderr]    Compiling num v0.4.3
[INFO] [stderr]    Compiling fraction v0.15.3
[INFO] [stderr]    Compiling proc-macro-crate v3.3.0
[INFO] [stderr]    Compiling synstructure v0.13.2
[INFO] [stderr]    Compiling zerofrom-derive v0.1.6
[INFO] [stderr]    Compiling yoke-derive v0.8.0
[INFO] [stderr]    Compiling zerovec-derive v0.11.1
[INFO] [stderr]    Compiling displaydoc v0.2.5
[INFO] [stderr]    Compiling zerofrom v0.1.6
[INFO] [stderr]    Compiling serde_derive v1.0.219
[INFO] [stderr]    Compiling futures-macro v0.3.31
[INFO] [stderr]    Compiling tokio-macros v2.5.0
[INFO] [stderr]    Compiling yoke v0.8.0
[INFO] [stderr]    Compiling ref-cast-impl v1.0.24
[INFO] [stderr]    Compiling regex v1.11.1
[INFO] [stderr]    Compiling num_enum_derive v0.7.3
[INFO] [stderr]    Compiling zerotrie v0.2.2
[INFO] [stderr]    Compiling zerovec v0.11.2
[INFO] [stderr]    Compiling tokio v1.45.1
[INFO] [stderr]    Compiling futures-util v0.3.31
[INFO] [stderr]    Compiling env_logger v0.8.4
[INFO] [stderr]    Compiling fancy-regex v0.14.0
[INFO] [stderr]    Compiling async-stream-impl v0.3.6
[INFO] [stderr]    Compiling thiserror-impl v1.0.69
[INFO] [stderr]    Compiling num_enum v0.7.3
[INFO] [stderr]    Compiling async-trait v0.1.88
[INFO] [stderr]    Compiling async-stream v0.3.6
[INFO] [stderr]    Compiling quickcheck v1.0.3
[INFO] [stderr]    Compiling tinystr v0.8.1
[INFO] [stderr]    Compiling potential_utf v0.1.2
[INFO] [stderr]    Compiling icu_collections v2.0.0
[INFO] [stderr]    Compiling thiserror v1.0.69
[INFO] [stderr]    Compiling icu_locale_core v2.0.0
[INFO] [stderr]    Compiling icu_provider v2.0.0
[INFO] [stderr]    Compiling icu_normalizer v2.0.0
[INFO] [stderr]    Compiling icu_properties v2.0.1
[INFO] [stderr]    Compiling futures-executor v0.3.31
[INFO] [stderr]    Compiling futures v0.3.31
[INFO] [stderr]    Compiling idna_adapter v1.2.1
[INFO] [stderr]    Compiling idna v1.0.3
[INFO] [stderr]    Compiling url v2.5.4
[INFO] [stderr]    Compiling fluent-uri v0.3.2
[INFO] [stderr]    Compiling serde_urlencoded v0.7.1
[INFO] [stderr]    Compiling email_address v0.2.9
[INFO] [stderr]    Compiling chrono v0.4.41
[INFO] [stderr]    Compiling hyper v1.6.0
[INFO] [stderr]    Compiling tower v0.5.2
[INFO] [stderr]    Compiling tokio-stream v0.1.17
[INFO] [stderr]    Compiling tower-http v0.6.6
[INFO] [stderr]    Compiling referencing v0.30.0
[INFO] [stderr]    Compiling hyper-util v0.1.14
[INFO] [stderr]    Compiling reqwest v0.12.20
[INFO] [stderr]    Compiling jsonschema v0.30.0
[INFO] [stderr]    Compiling rdkafka v0.37.0
[INFO] [stderr]    Compiling rs2-stream v0.3.3 (/opt/rustwide/workdir)
[INFO] [stdout] warning: unused import: `RetryPolicy`
[INFO] [stdout]   --> src/rs2.rs:21:47
[INFO] [stdout]    |
[INFO] [stdout] 21 | use crate::error::{StreamError, StreamResult, RetryPolicy};
[INFO] [stdout]    |                                               ^^^^^^^^^^^
[INFO] [stdout]    |
[INFO] [stdout]    = note: `#[warn(unused_imports)]` (part of `#[warn(unused)]`) on by default
[INFO] [stdout] 
[INFO] [stdout] 
[INFO] [stdout] warning: unused import: `async_stream::stream`
[INFO] [stdout]  --> src/rs2_stream_ext.rs:1:5
[INFO] [stdout]   |
[INFO] [stdout] 1 | use async_stream::stream;
[INFO] [stdout]   |     ^^^^^^^^^^^^^^^^^^^^
[INFO] [stdout] 
[INFO] [stdout] 
[INFO] [stdout] warning: unused import: `async_trait`
[INFO] [stdout]  --> src/rs2_stream_ext.rs:2:5
[INFO] [stdout]   |
[INFO] [stdout] 2 | use async_trait;
[INFO] [stdout]   |     ^^^^^^^^^^^
[INFO] [stdout] 
[INFO] [stdout] 
[INFO] [stdout] warning: unused import: `futures_util::pin_mut`
[INFO] [stdout]  --> src/rs2_stream_ext.rs:5:5
[INFO] [stdout]   |
[INFO] [stdout] 5 | use futures_util::pin_mut;
[INFO] [stdout]   |     ^^^^^^^^^^^^^^^^^^^^^
[INFO] [stdout] 
[INFO] [stdout] 
[INFO] [stdout] warning: unused import: `BoxStream`
[INFO] [stdout]  --> src/rs2_stream_ext.rs:6:28
[INFO] [stdout]   |
[INFO] [stdout] 6 | use futures_util::stream::{BoxStream, StreamExt};
[INFO] [stdout]   |                            ^^^^^^^^^
[INFO] [stdout] 
[INFO] [stdout] 
[INFO] [stdout] warning: unused import: `crate::schema_validation::SchemaError`
[INFO] [stdout]   --> src/rs2_stream_ext.rs:19:5
[INFO] [stdout]    |
[INFO] [stdout] 19 | use crate::schema_validation::SchemaError;
[INFO] [stdout]    |     ^^^^^^^^^^^^^^^^^^^^^^^^^^^^^^^^^^^^^
[INFO] [stdout] 
[INFO] [stdout] 
[INFO] [stdout] warning: unused import: `crate::*`
[INFO] [stdout]  --> src/state/stream_ext.rs:1:5
[INFO] [stdout]   |
[INFO] [stdout] 1 | use crate::*;
[INFO] [stdout]   |     ^^^^^^^^
[INFO] [stdout] 
[INFO] [stdout] 
[INFO] [stdout] warning: unused import: `futures_util::pin_mut`
[INFO] [stdout]  --> src/state/stream_ext.rs:5:5
[INFO] [stdout]   |
[INFO] [stdout] 5 | use futures_util::pin_mut;
[INFO] [stdout]   |     ^^^^^^^^^^^^^^^^^^^^^
[INFO] [stdout] 
[INFO] [stdout] 
[INFO] [stdout] warning: unused import: `Mutex`
[INFO] [stdout]   --> src/state/stream_ext.rs:11:22
[INFO] [stdout]    |
[INFO] [stdout] 11 | use std::sync::{Arc, Mutex};
[INFO] [stdout]    |                      ^^^^^
[INFO] [stdout] 
[INFO] [stdout] 
[INFO] [stdout] warning: unused import: `Deserialize`
[INFO] [stdout]  --> src/state/traits.rs:2:13
[INFO] [stdout]   |
[INFO] [stdout] 2 | use serde::{Deserialize, Serialize};
[INFO] [stdout]   |             ^^^^^^^^^^^
[INFO] [stdout] 
[INFO] [stdout] 
[INFO] [stdout] warning: unused doc comment
[INFO] [stdout]    --> src/resource_manager.rs:293:1
[INFO] [stdout]     |
[INFO] [stdout] 293 | /// Global resource manager instance
[INFO] [stdout]     | ^^^^^^^^^^^^^^^^^^^^^^^^^^^^^^^^^^^^ rustdoc does not generate documentation for macro invocations
[INFO] [stdout]     |
[INFO] [stdout]     = help: to document an item produced by a macro, the macro must produce the documentation as part of its expansion
[INFO] [stdout]     = note: `#[warn(unused_doc_comments)]` (part of `#[warn(unused)]`) on by default
[INFO] [stdout] 
[INFO] [stdout] 
[INFO] [stdout] warning: methods `create_live_chunk` and `update_metrics` are never used
[INFO] [stdout]    --> src/media/streaming.rs:208:14
[INFO] [stdout]     |
[INFO] [stdout]  19 | impl MediaStreamingService {
[INFO] [stdout]     | -------------------------- methods in this implementation
[INFO] [stdout] ...
[INFO] [stdout] 208 |     async fn create_live_chunk(&self, config: &MediaStream, sequence: u64) -> MediaChunk {
[INFO] [stdout]     |              ^^^^^^^^^^^^^^^^^
[INFO] [stdout] ...
[INFO] [stdout] 247 |     async fn update_metrics(
[INFO] [stdout]     |              ^^^^^^^^^^^^^^
[INFO] [stdout]     |
[INFO] [stdout]     = note: `#[warn(dead_code)]` (part of `#[warn(unused)]`) on by default
[INFO] [stdout] 
[INFO] [stdout] 
[INFO] [stdout] warning: methods `cleanup_expired` and `enforce_max_size` are never used
[INFO] [stdout]   --> src/state/storage.rs:30:14
[INFO] [stdout]    |
[INFO] [stdout] 16 | impl InMemoryState {
[INFO] [stdout]    | ------------------ methods in this implementation
[INFO] [stdout] ...
[INFO] [stdout] 30 |     async fn cleanup_expired(&self) {
[INFO] [stdout]    |              ^^^^^^^^^^^^^^^
[INFO] [stdout] ...
[INFO] [stdout] 36 |     async fn enforce_max_size(&self) {
[INFO] [stdout]    |              ^^^^^^^^^^^^^^^^
[INFO] [stdout] 
[INFO] [stdout] 
[INFO] [stderr]     Finished `dev` profile [unoptimized + debuginfo] target(s) in 2m 21s
[INFO] running `Command { std: "docker" "inspect" "6fcafe7120d5ef5eb1c2155ea612feaeafcd11f10e206d6b107505bfcc5149bc", kill_on_drop: false }`
[INFO] running `Command { std: "docker" "exec" "-e" "SOURCE_DIR=/opt/rustwide/workdir" "-e" "CARGO_HOME=/opt/rustwide/cargo-home" "-e" "RUSTUP_HOME=/opt/rustwide/rustup-home" "-e" "CARGO_TARGET_DIR=/opt/rustwide/target" "-e" "CARGO_INCREMENTAL=0" "-e" "RUST_BACKTRACE=full" "-e" "RUSTFLAGS=--cap-lints=warn" "-e" "RUSTDOCFLAGS=--cap-lints=warn" "-w" "/opt/rustwide/workdir" "--user" "0:0" "6fcafe7120d5ef5eb1c2155ea612feaeafcd11f10e206d6b107505bfcc5149bc" "/opt/rustwide/cargo-home/bin/cargo" "+1.97.0-beta.6" "test" "--frozen" "--no-run" "--message-format=json", kill_on_drop: false }`
[INFO] [stderr]    Compiling serde v1.0.219
[INFO] [stderr]    Compiling futures-sink v0.3.31
[INFO] [stderr]    Compiling tokio v1.45.1
[INFO] [stderr]    Compiling ring v0.17.14
[INFO] [stderr]    Compiling zeroize v1.8.1
[INFO] [stderr]    Compiling bitflags v2.9.1
[INFO] [stderr]    Compiling darling_core v0.20.11
[INFO] [stderr]    Compiling untrusted v0.9.0
[INFO] [stderr]    Compiling rustls v0.23.27
[INFO] [stderr]    Compiling memchr v2.7.4
[INFO] [stderr]    Compiling subtle v2.6.1
[INFO] [stderr]    Compiling either v1.15.0
[INFO] [stderr]    Compiling rustix v1.0.7
[INFO] [stderr]    Compiling structmeta-derive v0.3.0
[INFO] [stderr]    Compiling linux-raw-sys v0.9.4
[INFO] [stderr]    Compiling thiserror v2.0.12
[INFO] [stderr]    Compiling futures-channel v0.3.31
[INFO] [stderr]    Compiling thiserror-impl v2.0.12
[INFO] [stderr]    Compiling serde_repr v0.1.20
[INFO] [stderr]    Compiling rustls-pki-types v1.12.0
[INFO] [stderr]    Compiling openssl-probe v0.1.6
[INFO] [stderr]    Compiling home v0.5.11
[INFO] [stderr]    Compiling rayon-core v1.12.1
[INFO] [stderr]    Compiling filetime v0.2.25
[INFO] [stderr]    Compiling half v2.6.0
[INFO] [stderr]    Compiling clap_lex v0.7.5
[INFO] [stderr]    Compiling futures-util v0.3.31
[INFO] [stderr]    Compiling anstyle v1.0.11
[INFO] [stderr]    Compiling itertools v0.10.5
[INFO] [stderr]    Compiling etcetera v0.10.0
[INFO] [stderr]    Compiling clap_builder v4.5.40
[INFO] [stderr]    Compiling rustls-pemfile v2.2.0
[INFO] [stderr]    Compiling rustls-native-certs v0.8.1
[INFO] [stderr]    Compiling ciborium-ll v0.2.2
[INFO] [stderr]    Compiling sdd v3.0.8
[INFO] [stderr]    Compiling structmeta v0.3.0
[INFO] [stderr]    Compiling aho-corasick v1.1.3
[INFO] [stderr]    Compiling plotters v0.3.7
[INFO] [stderr]    Compiling scc v2.3.4
[INFO] [stderr]    Compiling is-terminal v0.4.16
[INFO] [stderr]    Compiling serial_test_derive v3.2.0
[INFO] [stderr]    Compiling rayon v1.10.0
[INFO] [stderr]    Compiling criterion-plot v0.5.0
[INFO] [stderr]    Compiling xattr v1.5.0
[INFO] [stderr]    Compiling regex-automata v0.4.9
[INFO] [stderr]    Compiling darling_macro v0.20.11
[INFO] [stderr]    Compiling clap v4.5.40
[INFO] [stderr]    Compiling darling v0.20.11
[INFO] [stderr]    Compiling serde_with_macros v3.12.0
[INFO] [stderr]    Compiling serde_json v1.0.140
[INFO] [stderr]    Compiling url v2.5.4
[INFO] [stderr]    Compiling serde_urlencoded v0.7.1
[INFO] [stderr]    Compiling serde_with v3.12.0
[INFO] [stderr]    Compiling ahash v0.8.12
[INFO] [stderr]    Compiling fluent-uri v0.3.2
[INFO] [stderr]    Compiling email_address v0.2.9
[INFO] [stderr]    Compiling ciborium v0.2.2
[INFO] [stderr]    Compiling chrono v0.4.41
[INFO] [stderr]    Compiling futures-executor v0.3.31
[INFO] [stderr]    Compiling futures v0.3.31
[INFO] [stderr]    Compiling serial_test v3.2.0
[INFO] [stderr]    Compiling rustls-webpki v0.103.3
[INFO] [stderr]    Compiling referencing v0.30.0
[INFO] [stderr]    Compiling docker_credential v1.3.2
[INFO] [stderr]    Compiling tinytemplate v1.2.1
[INFO] [stderr]    Compiling regex v1.11.1
[INFO] [stderr]    Compiling hyper v1.6.0
[INFO] [stderr]    Compiling tokio-stream v0.1.17
[INFO] [stderr]    Compiling tower v0.5.2
[INFO] [stderr]    Compiling tokio-util v0.7.15
[INFO] [stderr]    Compiling rdkafka v0.37.0
[INFO] [stderr]    Compiling criterion v0.5.1
[INFO] [stderr]    Compiling parse-display-derive v0.9.1
[INFO] [stderr]    Compiling tower-http v0.6.6
[INFO] [stderr]    Compiling tokio-tar v0.3.1
[INFO] [stderr]    Compiling tokio-test v0.4.4
[INFO] [stderr]    Compiling bollard-stubs v1.47.1-rc.27.3.1
[INFO] [stderr]    Compiling hyper-util v0.1.14
[INFO] [stderr]    Compiling parse-display v0.9.1
[INFO] [stderr]    Compiling hyperlocal v0.9.1
[INFO] [stderr]    Compiling reqwest v0.12.20
[INFO] [stderr]    Compiling tokio-rustls v0.26.2
[INFO] [stderr]    Compiling hyper-rustls v0.27.7
[INFO] [stderr]    Compiling jsonschema v0.30.0
[INFO] [stderr]    Compiling rs2-stream v0.3.3 (/opt/rustwide/workdir)
[INFO] [stdout] warning: unused import: `RetryPolicy`
[INFO] [stdout]   --> src/rs2.rs:21:47
[INFO] [stdout]    |
[INFO] [stdout] 21 | use crate::error::{StreamError, StreamResult, RetryPolicy};
[INFO] [stdout]    |                                               ^^^^^^^^^^^
[INFO] [stdout]    |
[INFO] [stdout]    = note: `#[warn(unused_imports)]` (part of `#[warn(unused)]`) on by default
[INFO] [stdout] 
[INFO] [stdout] 
[INFO] [stdout] warning: unused import: `async_stream::stream`
[INFO] [stdout]  --> src/rs2_stream_ext.rs:1:5
[INFO] [stdout]   |
[INFO] [stdout] 1 | use async_stream::stream;
[INFO] [stdout]   |     ^^^^^^^^^^^^^^^^^^^^
[INFO] [stdout] 
[INFO] [stdout] 
[INFO] [stdout] warning: unused import: `async_trait`
[INFO] [stdout]  --> src/rs2_stream_ext.rs:2:5
[INFO] [stdout]   |
[INFO] [stdout] 2 | use async_trait;
[INFO] [stdout]   |     ^^^^^^^^^^^
[INFO] [stdout] 
[INFO] [stdout] 
[INFO] [stdout] warning: unused import: `futures_util::pin_mut`
[INFO] [stdout]  --> src/rs2_stream_ext.rs:5:5
[INFO] [stdout]   |
[INFO] [stdout] 5 | use futures_util::pin_mut;
[INFO] [stdout]   |     ^^^^^^^^^^^^^^^^^^^^^
[INFO] [stdout] 
[INFO] [stdout] 
[INFO] [stdout] warning: unused import: `BoxStream`
[INFO] [stdout]  --> src/rs2_stream_ext.rs:6:28
[INFO] [stdout]   |
[INFO] [stdout] 6 | use futures_util::stream::{BoxStream, StreamExt};
[INFO] [stdout]   |                            ^^^^^^^^^
[INFO] [stdout] 
[INFO] [stdout] 
[INFO] [stdout] warning: unused import: `crate::schema_validation::SchemaError`
[INFO] [stdout]   --> src/rs2_stream_ext.rs:19:5
[INFO] [stdout]    |
[INFO] [stdout] 19 | use crate::schema_validation::SchemaError;
[INFO] [stdout]    |     ^^^^^^^^^^^^^^^^^^^^^^^^^^^^^^^^^^^^^
[INFO] [stdout] 
[INFO] [stdout] 
[INFO] [stdout] warning: unused import: `crate::*`
[INFO] [stdout]  --> src/state/stream_ext.rs:1:5
[INFO] [stdout]   |
[INFO] [stdout] 1 | use crate::*;
[INFO] [stdout]   |     ^^^^^^^^
[INFO] [stdout] 
[INFO] [stdout] 
[INFO] [stdout] warning: unused import: `futures_util::pin_mut`
[INFO] [stdout]  --> src/state/stream_ext.rs:5:5
[INFO] [stdout]   |
[INFO] [stdout] 5 | use futures_util::pin_mut;
[INFO] [stdout]   |     ^^^^^^^^^^^^^^^^^^^^^
[INFO] [stdout] 
[INFO] [stdout] 
[INFO] [stdout] warning: unused import: `Mutex`
[INFO] [stdout]   --> src/state/stream_ext.rs:11:22
[INFO] [stdout]    |
[INFO] [stdout] 11 | use std::sync::{Arc, Mutex};
[INFO] [stdout]    |                      ^^^^^
[INFO] [stdout] 
[INFO] [stdout] 
[INFO] [stdout] warning: unused import: `Deserialize`
[INFO] [stdout]  --> src/state/traits.rs:2:13
[INFO] [stdout]   |
[INFO] [stdout] 2 | use serde::{Deserialize, Serialize};
[INFO] [stdout]   |             ^^^^^^^^^^^
[INFO] [stdout] 
[INFO] [stdout] 
[INFO] [stdout] warning: unused doc comment
[INFO] [stdout]    --> src/resource_manager.rs:293:1
[INFO] [stdout]     |
[INFO] [stdout] 293 | /// Global resource manager instance
[INFO] [stdout]     | ^^^^^^^^^^^^^^^^^^^^^^^^^^^^^^^^^^^^ rustdoc does not generate documentation for macro invocations
[INFO] [stdout]     |
[INFO] [stdout]     = help: to document an item produced by a macro, the macro must produce the documentation as part of its expansion
[INFO] [stdout]     = note: `#[warn(unused_doc_comments)]` (part of `#[warn(unused)]`) on by default
[INFO] [stdout] 
[INFO] [stdout] 
[INFO] [stdout] warning: methods `create_live_chunk` and `update_metrics` are never used
[INFO] [stdout]    --> src/media/streaming.rs:208:14
[INFO] [stdout]     |
[INFO] [stdout]  19 | impl MediaStreamingService {
[INFO] [stdout]     | -------------------------- methods in this implementation
[INFO] [stdout] ...
[INFO] [stdout] 208 |     async fn create_live_chunk(&self, config: &MediaStream, sequence: u64) -> MediaChunk {
[INFO] [stdout]     |              ^^^^^^^^^^^^^^^^^
[INFO] [stdout] ...
[INFO] [stdout] 247 |     async fn update_metrics(
[INFO] [stdout]     |              ^^^^^^^^^^^^^^
[INFO] [stdout]     |
[INFO] [stdout]     = note: `#[warn(dead_code)]` (part of `#[warn(unused)]`) on by default
[INFO] [stdout] 
[INFO] [stdout] 
[INFO] [stdout] warning: methods `cleanup_expired` and `enforce_max_size` are never used
[INFO] [stdout]   --> src/state/storage.rs:30:14
[INFO] [stdout]    |
[INFO] [stdout] 16 | impl InMemoryState {
[INFO] [stdout]    | ------------------ methods in this implementation
[INFO] [stdout] ...
[INFO] [stdout] 30 |     async fn cleanup_expired(&self) {
[INFO] [stdout]    |              ^^^^^^^^^^^^^^^
[INFO] [stdout] ...
[INFO] [stdout] 36 |     async fn enforce_max_size(&self) {
[INFO] [stdout]    |              ^^^^^^^^^^^^^^^^
[INFO] [stdout] 
[INFO] [stdout] 
[INFO] [stderr]    Compiling bollard v0.18.1
[INFO] [stderr]    Compiling testcontainers v0.24.0
[INFO] [stderr]    Compiling testcontainers-modules v0.12.1
[INFO] [stdout] warning: unused import: `rs2_stream::rs2::*`
[INFO] [stdout]  --> examples/real_time_analytics_pipeline.rs:1:5
[INFO] [stdout]   |
[INFO] [stdout] 1 | use rs2_stream::rs2::*;
[INFO] [stdout]   |     ^^^^^^^^^^^^^^^^^^
[INFO] [stdout]   |
[INFO] [stdout]   = note: `#[warn(unused_imports)]` (part of `#[warn(unused)]`) on by default
[INFO] [stdout] 
[INFO] [stdout] 
[INFO] [stdout] warning: unused import: `stream::iter`
[INFO] [stdout]  --> examples/real_time_analytics_pipeline.rs:5:31
[INFO] [stdout]   |
[INFO] [stdout] 5 | use futures_util::{StreamExt, stream::iter};
[INFO] [stdout]   |                               ^^^^^^^^^^^^
[INFO] [stdout] 
[INFO] [stdout] 
[INFO] [stdout] warning: field `timestamp` is never read
[INFO] [stdout]   --> examples/queue_message_processing.rs:15:5
[INFO] [stdout]    |
[INFO] [stdout] 11 | struct Message {
[INFO] [stdout]    |        ------- field in this struct
[INFO] [stdout] ...
[INFO] [stdout] 15 |     timestamp: u64,
[INFO] [stdout]    |     ^^^^^^^^^
[INFO] [stdout]    |
[INFO] [stdout]    = note: `Message` has derived impls for the traits `Clone` and `Debug`, but these are intentionally ignored during dead code analysis
[INFO] [stdout]    = note: `#[warn(dead_code)]` (part of `#[warn(unused)]`) on by default
[INFO] [stdout] 
[INFO] [stdout] 
[INFO] [stdout] warning: unused variable: `live_service`
[INFO] [stdout]   --> tests/streaming_tests.rs:10:9
[INFO] [stdout]    |
[INFO] [stdout] 10 |     let live_service = StreamingServiceFactory::create_live_streaming_service();
[INFO] [stdout]    |         ^^^^^^^^^^^^ help: if this is intentional, prefix it with an underscore: `_live_service`
[INFO] [stdout]    |
[INFO] [stdout]    = note: `#[warn(unused_variables)]` (part of `#[warn(unused)]`) on by default
[INFO] [stdout] 
[INFO] [stdout] 
[INFO] [stdout] warning: unused variable: `file_service`
[INFO] [stdout]   --> tests/streaming_tests.rs:11:9
[INFO] [stdout]    |
[INFO] [stdout] 11 |     let file_service = StreamingServiceFactory::create_file_streaming_service();
[INFO] [stdout]    |         ^^^^^^^^^^^^ help: if this is intentional, prefix it with an underscore: `_file_service`
[INFO] [stdout] 
[INFO] [stdout] 
[INFO] [stdout] warning: unused variable: `low_latency_service`
[INFO] [stdout]   --> tests/streaming_tests.rs:12:9
[INFO] [stdout]    |
[INFO] [stdout] 12 |     let low_latency_service = StreamingServiceFactory::create_low_latency_service();
[INFO] [stdout]    |         ^^^^^^^^^^^^^^^^^^^ help: if this is intentional, prefix it with an underscore: `_low_latency_service`
[INFO] [stdout] 
[INFO] [stdout] 
[INFO] [stdout] warning: unused variable: `chunk_stream`
[INFO] [stdout]    --> tests/streaming_tests.rs:118:13
[INFO] [stdout]     |
[INFO] [stdout] 118 |         let chunk_stream = service.get_chunk_stream();
[INFO] [stdout]     |             ^^^^^^^^^^^^ help: if this is intentional, prefix it with an underscore: `_chunk_stream`
[INFO] [stdout] 
[INFO] [stdout] 
[INFO] [stdout] warning: function `create_test_stream_config` is never used
[INFO] [stdout]    --> tests/streaming_tests.rs:126:4
[INFO] [stdout]     |
[INFO] [stdout] 126 | fn create_test_stream_config(id: &str, chunk_size: usize) -> MediaStream {
[INFO] [stdout]     |    ^^^^^^^^^^^^^^^^^^^^^^^^^
[INFO] [stdout]     |
[INFO] [stdout]     = note: `#[warn(dead_code)]` (part of `#[warn(unused)]`) on by default
[INFO] [stdout] 
[INFO] [stdout] 
[INFO] [stdout] warning: struct `UserSession` is never constructed
[INFO] [stdout]   --> examples/real_time_analytics_pipeline.rs:25:8
[INFO] [stdout]    |
[INFO] [stdout] 25 | struct UserSession {
[INFO] [stdout]    |        ^^^^^^^^^^^
[INFO] [stdout]    |
[INFO] [stdout]    = note: `#[warn(dead_code)]` (part of `#[warn(unused)]`) on by default
[INFO] [stdout] 
[INFO] [stdout] 
[INFO] [stdout] warning: struct `EventPattern` is never constructed
[INFO] [stdout]   --> examples/real_time_analytics_pipeline.rs:76:8
[INFO] [stdout]    |
[INFO] [stdout] 76 | struct EventPattern {
[INFO] [stdout]    |        ^^^^^^^^^^^^
[INFO] [stdout] 
[INFO] [stdout] 
[INFO] [stdout] warning: unused variable: `state_access`
[INFO] [stdout]   --> tests/state_stream_ext_advanced.rs:71:21
[INFO] [stdout]    |
[INFO] [stdout] 71 |         |acc, item, state_access| Box::pin(async move { Ok(acc + item.count) }),
[INFO] [stdout]    |                     ^^^^^^^^^^^^ help: if this is intentional, prefix it with an underscore: `_state_access`
[INFO] [stdout]    |
[INFO] [stdout]    = note: `#[warn(unused_variables)]` (part of `#[warn(unused)]`) on by default
[INFO] [stdout] 
[INFO] [stdout] 
[INFO] [stdout] warning: unused variable: `state_access`
[INFO] [stdout]    --> tests/state_stream_ext_advanced.rs:843:21
[INFO] [stdout]     |
[INFO] [stdout] 843 |         |acc, item, state_access| Box::pin(async move { Ok(acc + item.count) }),
[INFO] [stdout]     |                     ^^^^^^^^^^^^ help: if this is intentional, prefix it with an underscore: `_state_access`
[INFO] [stdout] 
[INFO] [stdout] 
[INFO] [stdout] warning: function `tuple_key_extractor` is never used
[INFO] [stdout]    --> tests/state_stream_ext_advanced.rs:611:4
[INFO] [stdout]     |
[INFO] [stdout] 611 | fn tuple_key_extractor(item: &(Instant, TestData)) -> String {
[INFO] [stdout]     |    ^^^^^^^^^^^^^^^^^^^
[INFO] [stdout]     |
[INFO] [stdout]     = note: `#[warn(dead_code)]` (part of `#[warn(unused)]`) on by default
[INFO] [stdout] 
[INFO] [stdout] 
[INFO] [stdout] warning: field `common` is never read
[INFO] [stdout]   --> tests/connector_tests.rs:18:5
[INFO] [stdout]    |
[INFO] [stdout] 16 | struct MockConfig {
[INFO] [stdout]    |        ---------- field in this struct
[INFO] [stdout] 17 |     topic: String,
[INFO] [stdout] 18 |     common: CommonConfig,
[INFO] [stdout]    |     ^^^^^^
[INFO] [stdout]    |
[INFO] [stdout]    = note: `MockConfig` has a derived impl for the trait `Clone`, but this is intentionally ignored during dead code analysis
[INFO] [stdout]    = note: `#[warn(dead_code)]` (part of `#[warn(unused)]`) on by default
[INFO] [stdout] 
[INFO] [stdout] 
[INFO] [stderr] error: could not compile `rs2-stream` (test "extension_trait_tests")
[INFO] [stderr] 
[INFO] [stderr] Caused by:
[INFO] [stderr]   process didn't exit successfully: `/opt/rustwide/rustup-home/toolchains/1.97.0-beta.6-x86_64-unknown-linux-gnu/bin/rustc --crate-name extension_trait_tests --edition=2021 tests/extension_trait_tests.rs --error-format=json --json=diagnostic-rendered-ansi,artifacts,future-incompat --emit=dep-info,link -C embed-bitcode=no -C debuginfo=2 --test --check-cfg 'cfg(docsrs,test)' --check-cfg 'cfg(feature, values())' -C metadata=82f22dc45a50cc8d -C extra-filename=-82e721ebef5a390d --out-dir /opt/rustwide/target/debug/deps -L dependency=/opt/rustwide/target/debug/deps --extern async_stream=/opt/rustwide/target/debug/deps/libasync_stream-e58f69bcb21e1951.rlib --extern async_trait=/opt/rustwide/target/debug/deps/libasync_trait-da45386d63139bf1.so --extern base64=/opt/rustwide/target/debug/deps/libbase64-13144a1f1e192158.rlib --extern chrono=/opt/rustwide/target/debug/deps/libchrono-ff13259510589454.rlib --extern criterion=/opt/rustwide/target/debug/deps/libcriterion-2fa668a47250f3da.rlib --extern futures=/opt/rustwide/target/debug/deps/libfutures-2c8de42ef6ac4aab.rlib --extern futures_core=/opt/rustwide/target/debug/deps/libfutures_core-3b920243fce8fec0.rlib --extern futures_util=/opt/rustwide/target/debug/deps/libfutures_util-ee5ec916f3df3aa3.rlib --extern jsonschema=/opt/rustwide/target/debug/deps/libjsonschema-39927f3e972639bb.rlib --extern lazy_static=/opt/rustwide/target/debug/deps/liblazy_static-3674be3f4245d19b.rlib --extern log=/opt/rustwide/target/debug/deps/liblog-d6f7bb1298e9acd0.rlib --extern num_cpus=/opt/rustwide/target/debug/deps/libnum_cpus-323021c9f68b93a9.rlib --extern once_cell=/opt/rustwide/target/debug/deps/libonce_cell-e9252a7b5119f3eb.rlib --extern quickcheck=/opt/rustwide/target/debug/deps/libquickcheck-e85b67c83b289bf5.rlib --extern rand=/opt/rustwide/target/debug/deps/librand-5d985b1dddec620c.rlib --extern rdkafka=/opt/rustwide/target/debug/deps/librdkafka-80af54f04ebd6866.rlib --extern rs2_stream=/opt/rustwide/target/debug/deps/librs2_stream-24e4417c1986ba70.rlib --extern serde=/opt/rustwide/target/debug/deps/libserde-243c0df1e5f2ee3d.rlib --extern serde_json=/opt/rustwide/target/debug/deps/libserde_json-2c82ff8b9872cead.rlib --extern serial_test=/opt/rustwide/target/debug/deps/libserial_test-64b9b6911a0d9639.rlib --extern sha2=/opt/rustwide/target/debug/deps/libsha2-cf34dea0b8093ec6.rlib --extern testcontainers=/opt/rustwide/target/debug/deps/libtestcontainers-b9a10458012801cb.rlib --extern testcontainers_modules=/opt/rustwide/target/debug/deps/libtestcontainers_modules-cd522f136ee963f7.rlib --extern thiserror=/opt/rustwide/target/debug/deps/libthiserror-95348734a7b66624.rlib --extern tokio=/opt/rustwide/target/debug/deps/libtokio-fab502868ba0d03e.rlib --extern tokio_stream=/opt/rustwide/target/debug/deps/libtokio_stream-8dd9cb7e60feea49.rlib --extern tokio_test=/opt/rustwide/target/debug/deps/libtokio_test-f4cfc91cbb478533.rlib --extern uuid=/opt/rustwide/target/debug/deps/libuuid-53ba7eb0eafc2c26.rlib --cap-lints=warn -L native=/opt/rustwide/target/debug/build/rdkafka-sys-2024d84345d64375/out/src -L native=/opt/rustwide/target/debug/build/ring-c6a78ec7ca2adb07/out` (signal: 9, SIGKILL: kill)
[INFO] [stderr] warning: build failed, waiting for other jobs to finish...
[INFO] [stderr] error: could not compile `rs2-stream` (test "media_comprehensive_tests")
[INFO] [stderr] 
[INFO] [stderr] Caused by:
[INFO] [stderr]   process didn't exit successfully: `/opt/rustwide/rustup-home/toolchains/1.97.0-beta.6-x86_64-unknown-linux-gnu/bin/rustc --crate-name media_comprehensive_tests --edition=2021 tests/media_comprehensive_tests.rs --error-format=json --json=diagnostic-rendered-ansi,artifacts,future-incompat --emit=dep-info,link -C embed-bitcode=no -C debuginfo=2 --test --check-cfg 'cfg(docsrs,test)' --check-cfg 'cfg(feature, values())' -C metadata=086cd2502c5d5262 -C extra-filename=-688b77871c192080 --out-dir /opt/rustwide/target/debug/deps -L dependency=/opt/rustwide/target/debug/deps --extern async_stream=/opt/rustwide/target/debug/deps/libasync_stream-e58f69bcb21e1951.rlib --extern async_trait=/opt/rustwide/target/debug/deps/libasync_trait-da45386d63139bf1.so --extern base64=/opt/rustwide/target/debug/deps/libbase64-13144a1f1e192158.rlib --extern chrono=/opt/rustwide/target/debug/deps/libchrono-ff13259510589454.rlib --extern criterion=/opt/rustwide/target/debug/deps/libcriterion-2fa668a47250f3da.rlib --extern futures=/opt/rustwide/target/debug/deps/libfutures-2c8de42ef6ac4aab.rlib --extern futures_core=/opt/rustwide/target/debug/deps/libfutures_core-3b920243fce8fec0.rlib --extern futures_util=/opt/rustwide/target/debug/deps/libfutures_util-ee5ec916f3df3aa3.rlib --extern jsonschema=/opt/rustwide/target/debug/deps/libjsonschema-39927f3e972639bb.rlib --extern lazy_static=/opt/rustwide/target/debug/deps/liblazy_static-3674be3f4245d19b.rlib --extern log=/opt/rustwide/target/debug/deps/liblog-d6f7bb1298e9acd0.rlib --extern num_cpus=/opt/rustwide/target/debug/deps/libnum_cpus-323021c9f68b93a9.rlib --extern once_cell=/opt/rustwide/target/debug/deps/libonce_cell-e9252a7b5119f3eb.rlib --extern quickcheck=/opt/rustwide/target/debug/deps/libquickcheck-e85b67c83b289bf5.rlib --extern rand=/opt/rustwide/target/debug/deps/librand-5d985b1dddec620c.rlib --extern rdkafka=/opt/rustwide/target/debug/deps/librdkafka-80af54f04ebd6866.rlib --extern rs2_stream=/opt/rustwide/target/debug/deps/librs2_stream-24e4417c1986ba70.rlib --extern serde=/opt/rustwide/target/debug/deps/libserde-243c0df1e5f2ee3d.rlib --extern serde_json=/opt/rustwide/target/debug/deps/libserde_json-2c82ff8b9872cead.rlib --extern serial_test=/opt/rustwide/target/debug/deps/libserial_test-64b9b6911a0d9639.rlib --extern sha2=/opt/rustwide/target/debug/deps/libsha2-cf34dea0b8093ec6.rlib --extern testcontainers=/opt/rustwide/target/debug/deps/libtestcontainers-b9a10458012801cb.rlib --extern testcontainers_modules=/opt/rustwide/target/debug/deps/libtestcontainers_modules-cd522f136ee963f7.rlib --extern thiserror=/opt/rustwide/target/debug/deps/libthiserror-95348734a7b66624.rlib --extern tokio=/opt/rustwide/target/debug/deps/libtokio-fab502868ba0d03e.rlib --extern tokio_stream=/opt/rustwide/target/debug/deps/libtokio_stream-8dd9cb7e60feea49.rlib --extern tokio_test=/opt/rustwide/target/debug/deps/libtokio_test-f4cfc91cbb478533.rlib --extern uuid=/opt/rustwide/target/debug/deps/libuuid-53ba7eb0eafc2c26.rlib --cap-lints=warn -L native=/opt/rustwide/target/debug/build/rdkafka-sys-2024d84345d64375/out/src -L native=/opt/rustwide/target/debug/build/ring-c6a78ec7ca2adb07/out` (signal: 9, SIGKILL: kill)
[INFO] [stderr] error: could not compile `rs2-stream` (example "advanced_analytics_example")
[INFO] [stderr] 
[INFO] [stderr] Caused by:
[INFO] [stderr]   process didn't exit successfully: `/opt/rustwide/rustup-home/toolchains/1.97.0-beta.6-x86_64-unknown-linux-gnu/bin/rustc --crate-name advanced_analytics_example --edition=2021 examples/advanced_analytics_example.rs --error-format=json --json=diagnostic-rendered-ansi,artifacts,future-incompat --crate-type bin --emit=dep-info,link -C embed-bitcode=no -C debuginfo=2 --check-cfg 'cfg(docsrs,test)' --check-cfg 'cfg(feature, values())' -C metadata=318ce28f4fcf0cb6 -C extra-filename=-71e703f431c81ab7 --out-dir /opt/rustwide/target/debug/examples -L dependency=/opt/rustwide/target/debug/deps --extern async_stream=/opt/rustwide/target/debug/deps/libasync_stream-e58f69bcb21e1951.rlib --extern async_trait=/opt/rustwide/target/debug/deps/libasync_trait-da45386d63139bf1.so --extern base64=/opt/rustwide/target/debug/deps/libbase64-13144a1f1e192158.rlib --extern chrono=/opt/rustwide/target/debug/deps/libchrono-ff13259510589454.rlib --extern criterion=/opt/rustwide/target/debug/deps/libcriterion-2fa668a47250f3da.rlib --extern futures=/opt/rustwide/target/debug/deps/libfutures-2c8de42ef6ac4aab.rlib --extern futures_core=/opt/rustwide/target/debug/deps/libfutures_core-3b920243fce8fec0.rlib --extern futures_util=/opt/rustwide/target/debug/deps/libfutures_util-ee5ec916f3df3aa3.rlib --extern jsonschema=/opt/rustwide/target/debug/deps/libjsonschema-39927f3e972639bb.rlib --extern lazy_static=/opt/rustwide/target/debug/deps/liblazy_static-3674be3f4245d19b.rlib --extern log=/opt/rustwide/target/debug/deps/liblog-d6f7bb1298e9acd0.rlib --extern num_cpus=/opt/rustwide/target/debug/deps/libnum_cpus-323021c9f68b93a9.rlib --extern once_cell=/opt/rustwide/target/debug/deps/libonce_cell-e9252a7b5119f3eb.rlib --extern quickcheck=/opt/rustwide/target/debug/deps/libquickcheck-e85b67c83b289bf5.rlib --extern rand=/opt/rustwide/target/debug/deps/librand-5d985b1dddec620c.rlib --extern rdkafka=/opt/rustwide/target/debug/deps/librdkafka-80af54f04ebd6866.rlib --extern rs2_stream=/opt/rustwide/target/debug/deps/librs2_stream-24e4417c1986ba70.rlib --extern serde=/opt/rustwide/target/debug/deps/libserde-243c0df1e5f2ee3d.rlib --extern serde_json=/opt/rustwide/target/debug/deps/libserde_json-2c82ff8b9872cead.rlib --extern serial_test=/opt/rustwide/target/debug/deps/libserial_test-64b9b6911a0d9639.rlib --extern sha2=/opt/rustwide/target/debug/deps/libsha2-cf34dea0b8093ec6.rlib --extern testcontainers=/opt/rustwide/target/debug/deps/libtestcontainers-b9a10458012801cb.rlib --extern testcontainers_modules=/opt/rustwide/target/debug/deps/libtestcontainers_modules-cd522f136ee963f7.rlib --extern thiserror=/opt/rustwide/target/debug/deps/libthiserror-95348734a7b66624.rlib --extern tokio=/opt/rustwide/target/debug/deps/libtokio-fab502868ba0d03e.rlib --extern tokio_stream=/opt/rustwide/target/debug/deps/libtokio_stream-8dd9cb7e60feea49.rlib --extern tokio_test=/opt/rustwide/target/debug/deps/libtokio_test-f4cfc91cbb478533.rlib --extern uuid=/opt/rustwide/target/debug/deps/libuuid-53ba7eb0eafc2c26.rlib --cap-lints=warn -L native=/opt/rustwide/target/debug/build/rdkafka-sys-2024d84345d64375/out/src -L native=/opt/rustwide/target/debug/build/ring-c6a78ec7ca2adb07/out` (signal: 9, SIGKILL: kill)
[INFO] [stderr] error: could not compile `rs2-stream` (test "state_stream_ext_advanced"); 3 warnings emitted
[INFO] [stderr] 
[INFO] [stderr] Caused by:
[INFO] [stderr]   process didn't exit successfully: `/opt/rustwide/rustup-home/toolchains/1.97.0-beta.6-x86_64-unknown-linux-gnu/bin/rustc --crate-name state_stream_ext_advanced --edition=2021 tests/state_stream_ext_advanced.rs --error-format=json --json=diagnostic-rendered-ansi,artifacts,future-incompat --emit=dep-info,link -C embed-bitcode=no -C debuginfo=2 --test --check-cfg 'cfg(docsrs,test)' --check-cfg 'cfg(feature, values())' -C metadata=f67944a379e53ecb -C extra-filename=-e27b95dd6b002b60 --out-dir /opt/rustwide/target/debug/deps -L dependency=/opt/rustwide/target/debug/deps --extern async_stream=/opt/rustwide/target/debug/deps/libasync_stream-e58f69bcb21e1951.rlib --extern async_trait=/opt/rustwide/target/debug/deps/libasync_trait-da45386d63139bf1.so --extern base64=/opt/rustwide/target/debug/deps/libbase64-13144a1f1e192158.rlib --extern chrono=/opt/rustwide/target/debug/deps/libchrono-ff13259510589454.rlib --extern criterion=/opt/rustwide/target/debug/deps/libcriterion-2fa668a47250f3da.rlib --extern futures=/opt/rustwide/target/debug/deps/libfutures-2c8de42ef6ac4aab.rlib --extern futures_core=/opt/rustwide/target/debug/deps/libfutures_core-3b920243fce8fec0.rlib --extern futures_util=/opt/rustwide/target/debug/deps/libfutures_util-ee5ec916f3df3aa3.rlib --extern jsonschema=/opt/rustwide/target/debug/deps/libjsonschema-39927f3e972639bb.rlib --extern lazy_static=/opt/rustwide/target/debug/deps/liblazy_static-3674be3f4245d19b.rlib --extern log=/opt/rustwide/target/debug/deps/liblog-d6f7bb1298e9acd0.rlib --extern num_cpus=/opt/rustwide/target/debug/deps/libnum_cpus-323021c9f68b93a9.rlib --extern once_cell=/opt/rustwide/target/debug/deps/libonce_cell-e9252a7b5119f3eb.rlib --extern quickcheck=/opt/rustwide/target/debug/deps/libquickcheck-e85b67c83b289bf5.rlib --extern rand=/opt/rustwide/target/debug/deps/librand-5d985b1dddec620c.rlib --extern rdkafka=/opt/rustwide/target/debug/deps/librdkafka-80af54f04ebd6866.rlib --extern rs2_stream=/opt/rustwide/target/debug/deps/librs2_stream-24e4417c1986ba70.rlib --extern serde=/opt/rustwide/target/debug/deps/libserde-243c0df1e5f2ee3d.rlib --extern serde_json=/opt/rustwide/target/debug/deps/libserde_json-2c82ff8b9872cead.rlib --extern serial_test=/opt/rustwide/target/debug/deps/libserial_test-64b9b6911a0d9639.rlib --extern sha2=/opt/rustwide/target/debug/deps/libsha2-cf34dea0b8093ec6.rlib --extern testcontainers=/opt/rustwide/target/debug/deps/libtestcontainers-b9a10458012801cb.rlib --extern testcontainers_modules=/opt/rustwide/target/debug/deps/libtestcontainers_modules-cd522f136ee963f7.rlib --extern thiserror=/opt/rustwide/target/debug/deps/libthiserror-95348734a7b66624.rlib --extern tokio=/opt/rustwide/target/debug/deps/libtokio-fab502868ba0d03e.rlib --extern tokio_stream=/opt/rustwide/target/debug/deps/libtokio_stream-8dd9cb7e60feea49.rlib --extern tokio_test=/opt/rustwide/target/debug/deps/libtokio_test-f4cfc91cbb478533.rlib --extern uuid=/opt/rustwide/target/debug/deps/libuuid-53ba7eb0eafc2c26.rlib --cap-lints=warn -L native=/opt/rustwide/target/debug/build/rdkafka-sys-2024d84345d64375/out/src -L native=/opt/rustwide/target/debug/build/ring-c6a78ec7ca2adb07/out` (signal: 9, SIGKILL: kill)
[INFO] [stderr] error: could not compile `rs2-stream` (example "real_time_analytics_pipeline"); 4 warnings emitted
[INFO] [stderr] 
[INFO] [stderr] Caused by:
[INFO] [stderr]   process didn't exit successfully: `/opt/rustwide/rustup-home/toolchains/1.97.0-beta.6-x86_64-unknown-linux-gnu/bin/rustc --crate-name real_time_analytics_pipeline --edition=2021 examples/real_time_analytics_pipeline.rs --error-format=json --json=diagnostic-rendered-ansi,artifacts,future-incompat --crate-type bin --emit=dep-info,link -C embed-bitcode=no -C debuginfo=2 --check-cfg 'cfg(docsrs,test)' --check-cfg 'cfg(feature, values())' -C metadata=30ad259885234be0 -C extra-filename=-4b0eb261d218afbf --out-dir /opt/rustwide/target/debug/examples -L dependency=/opt/rustwide/target/debug/deps --extern async_stream=/opt/rustwide/target/debug/deps/libasync_stream-e58f69bcb21e1951.rlib --extern async_trait=/opt/rustwide/target/debug/deps/libasync_trait-da45386d63139bf1.so --extern base64=/opt/rustwide/target/debug/deps/libbase64-13144a1f1e192158.rlib --extern chrono=/opt/rustwide/target/debug/deps/libchrono-ff13259510589454.rlib --extern criterion=/opt/rustwide/target/debug/deps/libcriterion-2fa668a47250f3da.rlib --extern futures=/opt/rustwide/target/debug/deps/libfutures-2c8de42ef6ac4aab.rlib --extern futures_core=/opt/rustwide/target/debug/deps/libfutures_core-3b920243fce8fec0.rlib --extern futures_util=/opt/rustwide/target/debug/deps/libfutures_util-ee5ec916f3df3aa3.rlib --extern jsonschema=/opt/rustwide/target/debug/deps/libjsonschema-39927f3e972639bb.rlib --extern lazy_static=/opt/rustwide/target/debug/deps/liblazy_static-3674be3f4245d19b.rlib --extern log=/opt/rustwide/target/debug/deps/liblog-d6f7bb1298e9acd0.rlib --extern num_cpus=/opt/rustwide/target/debug/deps/libnum_cpus-323021c9f68b93a9.rlib --extern once_cell=/opt/rustwide/target/debug/deps/libonce_cell-e9252a7b5119f3eb.rlib --extern quickcheck=/opt/rustwide/target/debug/deps/libquickcheck-e85b67c83b289bf5.rlib --extern rand=/opt/rustwide/target/debug/deps/librand-5d985b1dddec620c.rlib --extern rdkafka=/opt/rustwide/target/debug/deps/librdkafka-80af54f04ebd6866.rlib --extern rs2_stream=/opt/rustwide/target/debug/deps/librs2_stream-24e4417c1986ba70.rlib --extern serde=/opt/rustwide/target/debug/deps/libserde-243c0df1e5f2ee3d.rlib --extern serde_json=/opt/rustwide/target/debug/deps/libserde_json-2c82ff8b9872cead.rlib --extern serial_test=/opt/rustwide/target/debug/deps/libserial_test-64b9b6911a0d9639.rlib --extern sha2=/opt/rustwide/target/debug/deps/libsha2-cf34dea0b8093ec6.rlib --extern testcontainers=/opt/rustwide/target/debug/deps/libtestcontainers-b9a10458012801cb.rlib --extern testcontainers_modules=/opt/rustwide/target/debug/deps/libtestcontainers_modules-cd522f136ee963f7.rlib --extern thiserror=/opt/rustwide/target/debug/deps/libthiserror-95348734a7b66624.rlib --extern tokio=/opt/rustwide/target/debug/deps/libtokio-fab502868ba0d03e.rlib --extern tokio_stream=/opt/rustwide/target/debug/deps/libtokio_stream-8dd9cb7e60feea49.rlib --extern tokio_test=/opt/rustwide/target/debug/deps/libtokio_test-f4cfc91cbb478533.rlib --extern uuid=/opt/rustwide/target/debug/deps/libuuid-53ba7eb0eafc2c26.rlib --cap-lints=warn -L native=/opt/rustwide/target/debug/build/rdkafka-sys-2024d84345d64375/out/src -L native=/opt/rustwide/target/debug/build/ring-c6a78ec7ca2adb07/out` (signal: 9, SIGKILL: kill)
[INFO] [stdout] error: linking with `cc` failed: exit status: 1
[INFO] [stdout]   |
[INFO] [stdout]   = note:  "cc" "-m64" "/opt/rustwide/target/debug/examples/rustcaBhiIT/symbols.o" "<9 object files omitted>" "-Wl,--as-needed" "-Wl,-Bstatic" "/opt/rustwide/target/debug/deps/{librs2_stream-24e4417c1986ba70,librand-5d985b1dddec620c,librand_chacha-f34158605d541882,libppv_lite86-d626cad1568825a8,librand_core-cf4f417f809365f4,libgetrandom-993cc5f0cb2d3c0c,libthiserror-95348734a7b66624,libjsonschema-39927f3e972639bb,libreqwest-72b0ce9e148c3976,libserde_urlencoded-dfff9401506e78d1,libtower_http-5a9f342896f9341c,libbitflags-ff7cd226995c6b8d,libiri_string-f2231ba2cbe5b068,libtower-a2abbc4bba1d2b5a,libtower_layer-d908dd771b239ecd,libhyper_util-3caba199f59ea61b,libipnet-a38805d99c19843f,libtower_service-3fb88d28c2218805,libtracing-deb07285d1769c69,libtracing_core-05e1b75a06fc0004,libhyper-3ddf2926c2aa88be,libwant-7a6260b9c50f1479,libtry_lock-8fa2f6971035be84,libhttparse-8c9b827b8f345444,libhttpdate-331798cefc82cc7e,libhttp_body_util-3e17c470bd7f7a50,libhttp_body-105ee97081f5a2ad,liburl-8183ff1621157296,libform_urlencoded-48069ad4ff13b53d,libhttp-2d03230cfda7aff1,libfnv-79e2cbfbe03dcd16,libsync_wrapper-a254cb6192850e87,libbytecount-4690dc5a500fb13e,libregex-78c5df473095bf93,libidna-7745f7de524a35a0,libutf8_iter-51566bbad89f3a68,libidna_adapter-7971d44b59bedcde,libicu_properties-8a15dd2bafc86198,libicu_properties_data-b53d225676b50701,libicu_normalizer-c828db2d98407691,libicu_normalizer_data-ff82f05aef08137e,libicu_collections-8035258d3569803d,libpotential_utf-f9549ada82b6f8f8,libicu_provider-6dc75ee3078cd5ec,libicu_locale_core-35e843494e3fc839,libtinystr-3f9670f33a00d420,liblitemap-76c583890b84c465,libwriteable-240af3fb4837c678,libzerovec-4fe921b5cbc34d93,libzerotrie-a231d3b7c0fe0dd2,libyoke-a788d8a506119bdd,libstable_deref_trait-14e4a70bda35dfe8,libzerofrom-2f56b40db8d6891c,libuuid_simd-8a187984df65b22f,libuuid-53ba7eb0eafc2c26,liboutref-a8d151a70d892957,libvsimd-df18ed82e402df6e,libfancy_regex-d2df156f6322719a,libbit_set-0311c4fb3031ff2a,libbit_vec-b1d1b68c2b4b1dac,libregex_automata-0dc0f7b69c4ec413,libaho_corasick-c633c294b3f5f5b4,libemail_address-032742ea2f8b2c71,libfraction-22d22b0e94f92446,liblazy_static-3674be3f4245d19b,libnum-6897f4abdbc78939,libnum_iter-37a668b433c4d09d,libnum_rational-d009e0e849abb8b4,libnum_complex-80f38841d0382d40,libnum_bigint-9d304bc98550754b,libnum_integer-ae85f07eeca9f464,libnum_cmp-ef5cddd5e953f8cc,libregex_syntax-cf9ef9729ec61e4c,libbase64-32787b0325ea6df8,libreferencing-df7043abe6c8344f,libpercent_encoding-af9df9186596bd92,libfluent_uri-372adf8115e0e5e1,libborrow_or_share-f6065f3de0ac576a,libref_cast-9e9cf62fb5b31af3,libahash-c82bb190cff9ca07,libgetrandom-03f3f5713eb20832,libonce_cell-e9252a7b5119f3eb,libzerocopy-12b53a8da3b97913,libnum_cpus-323021c9f68b93a9,libchrono-ff13259510589454,libiana_time_zone-7ebdf60e360da8b0,libnum_traits-42959e071cc51d13,libsha2-cf34dea0b8093ec6,libcpufeatures-e04321643d03190d,libdigest-0dc99e4daa127caa,libblock_buffer-0dc685f90ebcf515,libcrypto_common-05bf6487d37e6f7c,libgeneric_array-373dfccc781d5b87,libtypenum-2411508f27232473,librdkafka-80af54f04ebd6866,libserde_json-2c82ff8b9872cead,libitoa-ef40fa516293a9d3,libryu-a7164637bc4900ee,librdkafka_sys-0c9fab4fae768de7,libnum_enum-15f27c997f25f938,liblibz_sys-b51ebd4c860748b5,liblog-d6f7bb1298e9acd0,libserde-243c0df1e5f2ee3d,libfutures-2c8de42ef6ac4aab,libfutures_executor-7e5b2139981d3cc8,libtokio-fab502868ba0d03e,libsignal_hook_registry-9f58287b993b8142,libsocket2-1534c296dc04b564,libbytes-82ad4f0211bdc963,libmio-4461456c11172528,libparking_lot-a0a20d880968a2bc,libparking_lot_core-920e39da6459434b,liblibc-e97dc10e4d08f66c,libcfg_if-3a213765134f0c85,libsmallvec-bc3128fdd57228fc,liblock_api-b83b84f4fd5335c9,libscopeguard-7ec2214574194454,libfutures_util-ee5ec916f3df3aa3,libmemchr-08f38e9718637002,libfutures_io-59d0071c9258d69f,libslab-3788524c377108ad,libfutures_channel-3bb2db6cecc5bacb,libfutures_sink-ae1eb2d060de53a2,libfutures_task-e09ab7898221cb97,libpin_utils-3860774ad9b215b5,libasync_stream-e58f69bcb21e1951,libpin_project_lite-72bf04572caa1c84,libfutures_core-3b920243fce8fec0}.rlib" "<sysroot>/lib/rustlib/x86_64-unknown-linux-gnu/lib/{libstd-*,libpanic_unwind-*,libobject-*,libmemchr-*,libaddr2line-*,libgimli-*,libcfg_if-*,librustc_demangle-*,libstd_detect-*,libhashbrown-*,librustc_std_workspace_alloc-*,libminiz_oxide-*,libadler2-*,libunwind-*,liblibc-*,librustc_std_workspace_core-*,liballoc-*,libcore-*,libcompiler_builtins-*}.rlib" "-Wl,-Bdynamic" "-lz" "-lgcc_s" "-lutil" "-lrt" "-lpthread" "-lm" "-ldl" "-lc" "-L" "/opt/rustwide/target/debug/examples/rustcaBhiIT/raw-dylibs" "-B<sysroot>/lib/rustlib/x86_64-unknown-linux-gnu/bin/gcc-ld" "-fuse-ld=lld" "-Wl,--eh-frame-hdr" "-Wl,-z,noexecstack" "-L" "/opt/rustwide/target/debug/build/rdkafka-sys-2024d84345d64375/out/src" "-L" "/opt/rustwide/target/debug/build/ring-c6a78ec7ca2adb07/out" "-L" "<sysroot>/lib/rustlib/x86_64-unknown-linux-gnu/lib" "-o" "/opt/rustwide/target/debug/examples/connector_kafka-ae86a09ed7de6d01" "-Wl,--gc-sections" "-pie" "-Wl,-z,relro,-z,now" "-nodefaultlibs"
[INFO] [stdout]   = note: some arguments are omitted. use `--verbose` to show all linker arguments
[INFO] [stdout]   = note: collect2: fatal error: ld terminated with signal 9 [Killed]
[INFO] [stdout]           compilation terminated.
[INFO] [stdout]           
[INFO] [stdout] 
[INFO] [stdout] 
[INFO] [stderr] error: could not compile `rs2-stream` (example "connector_kafka") due to 1 previous error
[INFO] [stdout] error: linking with `cc` failed: exit status: 1
[INFO] [stdout]   |
[INFO] [stdout]   = note:  "cc" "-m64" "/opt/rustwide/target/debug/deps/rustcjGMUsj/symbols.o" "<11 object files omitted>" "-Wl,--as-needed" "-Wl,-Bstatic" "<sysroot>/lib/rustlib/x86_64-unknown-linux-gnu/lib/{libtest-*,libgetopts-*,librustc_std_workspace_std-*}.rlib" "/opt/rustwide/target/debug/deps/{librs2_stream-24e4417c1986ba70,librand-5d985b1dddec620c,librand_chacha-f34158605d541882,libppv_lite86-d626cad1568825a8,librand_core-cf4f417f809365f4,libgetrandom-993cc5f0cb2d3c0c,libthiserror-95348734a7b66624,libjsonschema-39927f3e972639bb,libreqwest-72b0ce9e148c3976,libserde_urlencoded-dfff9401506e78d1,libtower_http-5a9f342896f9341c,libbitflags-ff7cd226995c6b8d,libiri_string-f2231ba2cbe5b068,libtower-a2abbc4bba1d2b5a,libtower_layer-d908dd771b239ecd,libhyper_util-3caba199f59ea61b,libipnet-a38805d99c19843f,libtower_service-3fb88d28c2218805,libtracing-deb07285d1769c69,libtracing_core-05e1b75a06fc0004,libhyper-3ddf2926c2aa88be,libwant-7a6260b9c50f1479,libtry_lock-8fa2f6971035be84,libhttparse-8c9b827b8f345444,libhttpdate-331798cefc82cc7e,libhttp_body_util-3e17c470bd7f7a50,libhttp_body-105ee97081f5a2ad,liburl-8183ff1621157296,libform_urlencoded-48069ad4ff13b53d,libhttp-2d03230cfda7aff1,libfnv-79e2cbfbe03dcd16,libsync_wrapper-a254cb6192850e87,libbytecount-4690dc5a500fb13e,libregex-78c5df473095bf93,libidna-7745f7de524a35a0,libutf8_iter-51566bbad89f3a68,libidna_adapter-7971d44b59bedcde,libicu_properties-8a15dd2bafc86198,libicu_properties_data-b53d225676b50701,libicu_normalizer-c828db2d98407691,libicu_normalizer_data-ff82f05aef08137e,libicu_collections-8035258d3569803d,libpotential_utf-f9549ada82b6f8f8,libicu_provider-6dc75ee3078cd5ec,libicu_locale_core-35e843494e3fc839,libtinystr-3f9670f33a00d420,liblitemap-76c583890b84c465,libwriteable-240af3fb4837c678,libzerovec-4fe921b5cbc34d93,libzerotrie-a231d3b7c0fe0dd2,libyoke-a788d8a506119bdd,libstable_deref_trait-14e4a70bda35dfe8,libzerofrom-2f56b40db8d6891c,libuuid_simd-8a187984df65b22f,libuuid-53ba7eb0eafc2c26,liboutref-a8d151a70d892957,libvsimd-df18ed82e402df6e,libfancy_regex-d2df156f6322719a,libbit_set-0311c4fb3031ff2a,libbit_vec-b1d1b68c2b4b1dac,libregex_automata-0dc0f7b69c4ec413,libaho_corasick-c633c294b3f5f5b4,libemail_address-032742ea2f8b2c71,libfraction-22d22b0e94f92446,liblazy_static-3674be3f4245d19b,libnum-6897f4abdbc78939,libnum_iter-37a668b433c4d09d,libnum_rational-d009e0e849abb8b4,libnum_complex-80f38841d0382d40,libnum_bigint-9d304bc98550754b,libnum_integer-ae85f07eeca9f464,libnum_cmp-ef5cddd5e953f8cc,libregex_syntax-cf9ef9729ec61e4c,libbase64-32787b0325ea6df8,libreferencing-df7043abe6c8344f,libpercent_encoding-af9df9186596bd92,libfluent_uri-372adf8115e0e5e1,libborrow_or_share-f6065f3de0ac576a,libref_cast-9e9cf62fb5b31af3,libahash-c82bb190cff9ca07,libgetrandom-03f3f5713eb20832,libonce_cell-e9252a7b5119f3eb,libzerocopy-12b53a8da3b97913,libnum_cpus-323021c9f68b93a9,libchrono-ff13259510589454,libiana_time_zone-7ebdf60e360da8b0,libnum_traits-42959e071cc51d13,libsha2-cf34dea0b8093ec6,libcpufeatures-e04321643d03190d,libdigest-0dc99e4daa127caa,libblock_buffer-0dc685f90ebcf515,libcrypto_common-05bf6487d37e6f7c,libgeneric_array-373dfccc781d5b87,libtypenum-2411508f27232473,librdkafka-80af54f04ebd6866,libserde_json-2c82ff8b9872cead,libitoa-ef40fa516293a9d3,libryu-a7164637bc4900ee,librdkafka_sys-0c9fab4fae768de7,libnum_enum-15f27c997f25f938,liblibz_sys-b51ebd4c860748b5,liblog-d6f7bb1298e9acd0,libserde-243c0df1e5f2ee3d,libfutures-2c8de42ef6ac4aab,libfutures_executor-7e5b2139981d3cc8,libtokio-fab502868ba0d03e,libsignal_hook_registry-9f58287b993b8142,libsocket2-1534c296dc04b564,libbytes-82ad4f0211bdc963,libmio-4461456c11172528,libparking_lot-a0a20d880968a2bc,libparking_lot_core-920e39da6459434b,liblibc-e97dc10e4d08f66c,libcfg_if-3a213765134f0c85,libsmallvec-bc3128fdd57228fc,liblock_api-b83b84f4fd5335c9,libscopeguard-7ec2214574194454,libasync_stream-e58f69bcb21e1951,libfutures_util-ee5ec916f3df3aa3,libmemchr-08f38e9718637002,libfutures_io-59d0071c9258d69f,libslab-3788524c377108ad,libfutures_channel-3bb2db6cecc5bacb,libpin_project_lite-72bf04572caa1c84,libfutures_sink-ae1eb2d060de53a2,libfutures_task-e09ab7898221cb97,libpin_utils-3860774ad9b215b5,libfutures_core-3b920243fce8fec0}.rlib" "<sysroot>/lib/rustlib/x86_64-unknown-linux-gnu/lib/{libstd-*,libpanic_unwind-*,libobject-*,libmemchr-*,libaddr2line-*,libgimli-*,libcfg_if-*,librustc_demangle-*,libstd_detect-*,libhashbrown-*,librustc_std_workspace_alloc-*,libminiz_oxide-*,libadler2-*,libunwind-*,liblibc-*,librustc_std_workspace_core-*,liballoc-*,libcore-*,libcompiler_builtins-*}.rlib" "-Wl,-Bdynamic" "-lz" "-lgcc_s" "-lutil" "-lrt" "-lpthread" "-lm" "-ldl" "-lc" "-L" "/opt/rustwide/target/debug/deps/rustcjGMUsj/raw-dylibs" "-B<sysroot>/lib/rustlib/x86_64-unknown-linux-gnu/bin/gcc-ld" "-fuse-ld=lld" "-Wl,--eh-frame-hdr" "-Wl,-z,noexecstack" "-L" "/opt/rustwide/target/debug/build/rdkafka-sys-2024d84345d64375/out/src" "-L" "/opt/rustwide/target/debug/build/ring-c6a78ec7ca2adb07/out" "-L" "<sysroot>/lib/rustlib/x86_64-unknown-linux-gnu/lib" "-o" "/opt/rustwide/target/debug/deps/streaming_tests-195d9377d57bb978" "-Wl,--gc-sections" "-pie" "-Wl,-z,relro,-z,now" "-nodefaultlibs"
[INFO] [stdout]   = note: some arguments are omitted. use `--verbose` to show all linker arguments
[INFO] [stdout]   = note: collect2: fatal error: ld terminated with signal 9 [Killed]
[INFO] [stdout]           compilation terminated.
[INFO] [stdout]           
[INFO] [stdout] 
[INFO] [stdout] 
[INFO] [stderr] error: could not compile `rs2-stream` (test "streaming_tests") due to 1 previous error; 5 warnings emitted
[INFO] [stdout] error: linking with `cc` failed: exit status: 1
[INFO] [stdout]   |
[INFO] [stdout]   = note:  "cc" "-m64" "/opt/rustwide/target/debug/deps/rustcMH3lra/symbols.o" "<17 object files omitted>" "-Wl,--as-needed" "-Wl,-Bstatic" "<sysroot>/lib/rustlib/x86_64-unknown-linux-gnu/lib/{libtest-*,libgetopts-*,librustc_std_workspace_std-*}.rlib" "/opt/rustwide/target/debug/deps/{librs2_stream-24e4417c1986ba70,librand-5d985b1dddec620c,librand_chacha-f34158605d541882,libppv_lite86-d626cad1568825a8,librand_core-cf4f417f809365f4,libgetrandom-993cc5f0cb2d3c0c,libthiserror-95348734a7b66624,libjsonschema-39927f3e972639bb,libreqwest-72b0ce9e148c3976,libserde_urlencoded-dfff9401506e78d1,libtower_http-5a9f342896f9341c,libbitflags-ff7cd226995c6b8d,libiri_string-f2231ba2cbe5b068,libtower-a2abbc4bba1d2b5a,libtower_layer-d908dd771b239ecd,libhyper_util-3caba199f59ea61b,libipnet-a38805d99c19843f,libtower_service-3fb88d28c2218805,libtracing-deb07285d1769c69,libtracing_core-05e1b75a06fc0004,libhyper-3ddf2926c2aa88be,libwant-7a6260b9c50f1479,libtry_lock-8fa2f6971035be84,libhttparse-8c9b827b8f345444,libhttpdate-331798cefc82cc7e,libhttp_body_util-3e17c470bd7f7a50,libhttp_body-105ee97081f5a2ad,liburl-8183ff1621157296,libform_urlencoded-48069ad4ff13b53d,libhttp-2d03230cfda7aff1,libfnv-79e2cbfbe03dcd16,libsync_wrapper-a254cb6192850e87,libbytecount-4690dc5a500fb13e,libregex-78c5df473095bf93,libidna-7745f7de524a35a0,libutf8_iter-51566bbad89f3a68,libidna_adapter-7971d44b59bedcde,libicu_properties-8a15dd2bafc86198,libicu_properties_data-b53d225676b50701,libicu_normalizer-c828db2d98407691,libicu_normalizer_data-ff82f05aef08137e,libicu_collections-8035258d3569803d,libpotential_utf-f9549ada82b6f8f8,libicu_provider-6dc75ee3078cd5ec,libicu_locale_core-35e843494e3fc839,libtinystr-3f9670f33a00d420,liblitemap-76c583890b84c465,libwriteable-240af3fb4837c678,libzerovec-4fe921b5cbc34d93,libzerotrie-a231d3b7c0fe0dd2,libyoke-a788d8a506119bdd,libstable_deref_trait-14e4a70bda35dfe8,libzerofrom-2f56b40db8d6891c,libuuid_simd-8a187984df65b22f,libuuid-53ba7eb0eafc2c26,liboutref-a8d151a70d892957,libvsimd-df18ed82e402df6e,libfancy_regex-d2df156f6322719a,libbit_set-0311c4fb3031ff2a,libbit_vec-b1d1b68c2b4b1dac,libregex_automata-0dc0f7b69c4ec413,libaho_corasick-c633c294b3f5f5b4,libemail_address-032742ea2f8b2c71,libfraction-22d22b0e94f92446,liblazy_static-3674be3f4245d19b,libnum-6897f4abdbc78939,libnum_iter-37a668b433c4d09d,libnum_rational-d009e0e849abb8b4,libnum_complex-80f38841d0382d40,libnum_bigint-9d304bc98550754b,libnum_integer-ae85f07eeca9f464,libnum_cmp-ef5cddd5e953f8cc,libregex_syntax-cf9ef9729ec61e4c,libbase64-32787b0325ea6df8,libreferencing-df7043abe6c8344f,libpercent_encoding-af9df9186596bd92,libfluent_uri-372adf8115e0e5e1,libborrow_or_share-f6065f3de0ac576a,libref_cast-9e9cf62fb5b31af3,libahash-c82bb190cff9ca07,libgetrandom-03f3f5713eb20832,libonce_cell-e9252a7b5119f3eb,libzerocopy-12b53a8da3b97913,libnum_cpus-323021c9f68b93a9,libchrono-ff13259510589454,libiana_time_zone-7ebdf60e360da8b0,libnum_traits-42959e071cc51d13,libsha2-cf34dea0b8093ec6,libcpufeatures-e04321643d03190d,libdigest-0dc99e4daa127caa,libblock_buffer-0dc685f90ebcf515,libcrypto_common-05bf6487d37e6f7c,libgeneric_array-373dfccc781d5b87,libtypenum-2411508f27232473,librdkafka-80af54f04ebd6866,libserde_json-2c82ff8b9872cead,libitoa-ef40fa516293a9d3,libryu-a7164637bc4900ee,librdkafka_sys-0c9fab4fae768de7,libnum_enum-15f27c997f25f938,liblibz_sys-b51ebd4c860748b5,liblog-d6f7bb1298e9acd0,libserde-243c0df1e5f2ee3d,libfutures-2c8de42ef6ac4aab,libfutures_executor-7e5b2139981d3cc8,libtokio-fab502868ba0d03e,libsignal_hook_registry-9f58287b993b8142,libsocket2-1534c296dc04b564,libbytes-82ad4f0211bdc963,libmio-4461456c11172528,libparking_lot-a0a20d880968a2bc,libparking_lot_core-920e39da6459434b,liblibc-e97dc10e4d08f66c,libcfg_if-3a213765134f0c85,libsmallvec-bc3128fdd57228fc,liblock_api-b83b84f4fd5335c9,libscopeguard-7ec2214574194454,libasync_stream-e58f69bcb21e1951,libfutures_util-ee5ec916f3df3aa3,libmemchr-08f38e9718637002,libfutures_io-59d0071c9258d69f,libslab-3788524c377108ad,libfutures_channel-3bb2db6cecc5bacb,libpin_project_lite-72bf04572caa1c84,libfutures_sink-ae1eb2d060de53a2,libfutures_task-e09ab7898221cb97,libpin_utils-3860774ad9b215b5,libfutures_core-3b920243fce8fec0}.rlib" "<sysroot>/lib/rustlib/x86_64-unknown-linux-gnu/lib/{libstd-*,libpanic_unwind-*,libobject-*,libmemchr-*,libaddr2line-*,libgimli-*,libcfg_if-*,librustc_demangle-*,libstd_detect-*,libhashbrown-*,librustc_std_workspace_alloc-*,libminiz_oxide-*,libadler2-*,libunwind-*,liblibc-*,librustc_std_workspace_core-*,liballoc-*,libcore-*,libcompiler_builtins-*}.rlib" "-Wl,-Bdynamic" "-lz" "-lgcc_s" "-lutil" "-lrt" "-lpthread" "-lm" "-ldl" "-lc" "-L" "/opt/rustwide/target/debug/deps/rustcMH3lra/raw-dylibs" "-B<sysroot>/lib/rustlib/x86_64-unknown-linux-gnu/bin/gcc-ld" "-fuse-ld=lld" "-Wl,--eh-frame-hdr" "-Wl,-z,noexecstack" "-L" "/opt/rustwide/target/debug/build/rdkafka-sys-2024d84345d64375/out/src" "-L" "/opt/rustwide/target/debug/build/ring-c6a78ec7ca2adb07/out" "-L" "<sysroot>/lib/rustlib/x86_64-unknown-linux-gnu/lib" "-o" "/opt/rustwide/target/debug/deps/backpressure_tests-3524135a5ddf81d4" "-Wl,--gc-sections" "-pie" "-Wl,-z,relro,-z,now" "-nodefaultlibs"
[INFO] [stdout]   = note: some arguments are omitted. use `--verbose` to show all linker arguments
[INFO] [stdout]   = note: collect2: fatal error: ld terminated with signal 9 [Killed]
[INFO] [stdout]           compilation terminated.
[INFO] [stdout]           
[INFO] [stdout] 
[INFO] [stdout] 
[INFO] [stderr] error: could not compile `rs2-stream` (test "backpressure_tests") due to 1 previous error
[INFO] running `Command { std: "docker" "inspect" "6fcafe7120d5ef5eb1c2155ea612feaeafcd11f10e206d6b107505bfcc5149bc", kill_on_drop: false }`
[INFO] running `Command { std: "docker" "rm" "-f" "6fcafe7120d5ef5eb1c2155ea612feaeafcd11f10e206d6b107505bfcc5149bc", kill_on_drop: false }`
[INFO] [stdout] 6fcafe7120d5ef5eb1c2155ea612feaeafcd11f10e206d6b107505bfcc5149bc
