[INFO] fetching crate atim 0.3.4...
[INFO] testing atim-0.3.4 against 1.98.0-beta.1 for beta-1.98-2
[INFO] extracting crate atim 0.3.4 into /workspace/builds/worker-4-tc2/source
[INFO] started tweaking crates.io crate atim 0.3.4
[INFO] finished tweaking crates.io crate atim 0.3.4
[INFO] tweaked toml for crates.io crate atim 0.3.4 written to /workspace/builds/worker-4-tc2/source/Cargo.toml
[INFO] validating manifest of crates.io crate atim 0.3.4 on toolchain 1.98.0-beta.1
[INFO] running `Command { std: CARGO_HOME="/workspace/cargo-home" RUSTUP_HOME="/workspace/rustup-home" "/workspace/cargo-home/bin/cargo" "+1.98.0-beta.1" "metadata" "--manifest-path" "Cargo.toml" "--no-deps", kill_on_drop: false }`
[INFO] crate crates.io crate atim 0.3.4 already has a lockfile, it will not be regenerated
[INFO] running `Command { std: CARGO_HOME="/workspace/cargo-home" RUSTUP_HOME="/workspace/rustup-home" "/workspace/cargo-home/bin/cargo" "+1.98.0-beta.1" "fetch" "--manifest-path" "Cargo.toml", kill_on_drop: false }`
[INFO] [stderr]     Blocking waiting for file lock on package cache
[ERROR] error running command: no output for 300 seconds
[INFO] testing atim-0.3.4 against 1.98.0-beta.1 for beta-1.98-2
[INFO] extracting crate atim 0.3.4 into /workspace/builds/worker-4-tc2/source
[INFO] started tweaking crates.io crate atim 0.3.4
[INFO] finished tweaking crates.io crate atim 0.3.4
[INFO] tweaked toml for crates.io crate atim 0.3.4 written to /workspace/builds/worker-4-tc2/source/Cargo.toml
[INFO] validating manifest of crates.io crate atim 0.3.4 on toolchain 1.98.0-beta.1
[INFO] running `Command { std: CARGO_HOME="/workspace/cargo-home" RUSTUP_HOME="/workspace/rustup-home" "/workspace/cargo-home/bin/cargo" "+1.98.0-beta.1" "metadata" "--manifest-path" "Cargo.toml" "--no-deps", kill_on_drop: false }`
[INFO] crate crates.io crate atim 0.3.4 already has a lockfile, it will not be regenerated
[INFO] running `Command { std: CARGO_HOME="/workspace/cargo-home" RUSTUP_HOME="/workspace/rustup-home" "/workspace/cargo-home/bin/cargo" "+1.98.0-beta.1" "fetch" "--manifest-path" "Cargo.toml", kill_on_drop: false }`
[INFO] [stderr]     Blocking waiting for file lock on package cache
[INFO] [stderr]     Updating crates.io index
[INFO] [stderr]     Blocking waiting for file lock on package cache
[ERROR] error running command: no output for 300 seconds
[INFO] testing atim-0.3.4 against 1.98.0-beta.1 for beta-1.98-2
[INFO] extracting crate atim 0.3.4 into /workspace/builds/worker-4-tc2/source
[INFO] started tweaking crates.io crate atim 0.3.4
[INFO] finished tweaking crates.io crate atim 0.3.4
[INFO] tweaked toml for crates.io crate atim 0.3.4 written to /workspace/builds/worker-4-tc2/source/Cargo.toml
[INFO] validating manifest of crates.io crate atim 0.3.4 on toolchain 1.98.0-beta.1
[INFO] running `Command { std: CARGO_HOME="/workspace/cargo-home" RUSTUP_HOME="/workspace/rustup-home" "/workspace/cargo-home/bin/cargo" "+1.98.0-beta.1" "metadata" "--manifest-path" "Cargo.toml" "--no-deps", kill_on_drop: false }`
[INFO] crate crates.io crate atim 0.3.4 already has a lockfile, it will not be regenerated
[INFO] running `Command { std: CARGO_HOME="/workspace/cargo-home" RUSTUP_HOME="/workspace/rustup-home" "/workspace/cargo-home/bin/cargo" "+1.98.0-beta.1" "fetch" "--manifest-path" "Cargo.toml", kill_on_drop: false }`
[INFO] [stderr]     Blocking waiting for file lock on package cache
[ERROR] error running command: no output for 300 seconds
[INFO] testing atim-0.3.4 against 1.98.0-beta.1 for beta-1.98-2
[INFO] extracting crate atim 0.3.4 into /workspace/builds/worker-4-tc2/source
[INFO] started tweaking crates.io crate atim 0.3.4
[INFO] finished tweaking crates.io crate atim 0.3.4
[INFO] tweaked toml for crates.io crate atim 0.3.4 written to /workspace/builds/worker-4-tc2/source/Cargo.toml
[INFO] validating manifest of crates.io crate atim 0.3.4 on toolchain 1.98.0-beta.1
[INFO] running `Command { std: CARGO_HOME="/workspace/cargo-home" RUSTUP_HOME="/workspace/rustup-home" "/workspace/cargo-home/bin/cargo" "+1.98.0-beta.1" "metadata" "--manifest-path" "Cargo.toml" "--no-deps", kill_on_drop: false }`
[INFO] crate crates.io crate atim 0.3.4 already has a lockfile, it will not be regenerated
[INFO] running `Command { std: CARGO_HOME="/workspace/cargo-home" RUSTUP_HOME="/workspace/rustup-home" "/workspace/cargo-home/bin/cargo" "+1.98.0-beta.1" "fetch" "--manifest-path" "Cargo.toml", kill_on_drop: false }`
[INFO] [stderr]     Blocking waiting for file lock on package cache
[INFO] [stderr]     Blocking waiting for file lock on package cache
[INFO] [stderr]  Downloading crates ...
[INFO] [stderr]   Downloaded rand_distr v0.4.3
[INFO] [stderr]   Downloaded atim-tmux v0.3.4
[INFO] [stderr]   Downloaded imgref v1.12.1
[INFO] [stderr]   Downloaded atim-core v0.3.4
[INFO] [stderr]   Downloaded simba v0.8.1
[INFO] [stderr]   Downloaded imageproc v0.25.1
[INFO] [stderr]   Downloaded atim-state v0.3.4
[INFO] [stderr]   Downloaded atim-queue v0.3.4
[INFO] [stderr]   Downloaded atim-monitor v0.3.4
[INFO] [stderr]   Downloaded atim-parser v0.3.4
[INFO] [stderr]   Downloaded atim-im v0.3.4
[INFO] [stderr]   Downloaded serde_with_macros v3.4.0
[INFO] [stderr]   Downloaded nalgebra v0.32.6
[INFO] [stderr]   Downloaded openlark-core v0.17.0
[INFO] [stderr]   Downloaded lark-websocket-protobuf v0.1.1
[INFO] [stderr]   Downloaded pulldown-cmark v0.12.2
[INFO] [stderr]   Downloaded serde_with v3.4.0
[INFO] [stderr]   Downloaded prost-build v0.12.6
[INFO] [stderr]   Downloaded openlark-client v0.17.0
[INFO] [stderr]   Downloaded openlark-auth v0.17.0
[INFO] [stderr]   Downloaded openlark v0.17.0
[INFO] running `Command { std: "docker" "create" "-v" "/var/lib/crater-agent-workspace/builds/worker-4-tc2/source:/opt/rustwide/workdir:ro,Z" "-v" "/var/lib/crater-agent-workspace/builds/worker-4-tc2/target:/opt/rustwide/target:rw,Z" "-v" "/var/lib/crater-agent-workspace/cargo-home:/opt/rustwide/cargo-home:ro,Z" "-v" "/var/lib/crater-agent-workspace/rustup-home:/opt/rustwide/rustup-home:ro,Z" "-m" "1610612736" "--network" "none" "ghcr.io/rust-lang/crates-build-env/linux@sha256:3d5ced03c013a94a2f102a4510f48a6e9184255caf5fd8244f58017bde7f5210" "sleep" "infinity", kill_on_drop: false }`
[INFO] [stdout] 769c8efe889776a7e94460da0b525da8c8cfa02fc7134df4227d624d64370bb6
[INFO] running `Command { std: "docker" "start" "769c8efe889776a7e94460da0b525da8c8cfa02fc7134df4227d624d64370bb6", kill_on_drop: false }`
[INFO] running `Command { std: "docker" "inspect" "769c8efe889776a7e94460da0b525da8c8cfa02fc7134df4227d624d64370bb6", kill_on_drop: false }`
[INFO] running `Command { std: "docker" "exec" "-e" "SOURCE_DIR=/opt/rustwide/workdir" "-e" "CARGO_HOME=/opt/rustwide/cargo-home" "-e" "RUSTUP_HOME=/opt/rustwide/rustup-home" "-e" "CARGO_TARGET_DIR=/opt/rustwide/target" "-w" "/opt/rustwide/workdir" "--user" "0:0" "769c8efe889776a7e94460da0b525da8c8cfa02fc7134df4227d624d64370bb6" "/opt/rustwide/cargo-home/bin/cargo" "+1.98.0-beta.1" "metadata" "--no-deps" "--format-version=1", kill_on_drop: false }`
[INFO] running `Command { std: "docker" "inspect" "769c8efe889776a7e94460da0b525da8c8cfa02fc7134df4227d624d64370bb6", kill_on_drop: false }`
[INFO] running `Command { std: "docker" "exec" "-e" "SOURCE_DIR=/opt/rustwide/workdir" "-e" "CARGO_HOME=/opt/rustwide/cargo-home" "-e" "RUSTUP_HOME=/opt/rustwide/rustup-home" "-e" "CARGO_TARGET_DIR=/opt/rustwide/target" "-e" "CARGO_INCREMENTAL=0" "-e" "RUST_BACKTRACE=full" "-e" "RUSTFLAGS=--cap-lints=warn" "-e" "RUSTDOCFLAGS=--cap-lints=warn" "-w" "/opt/rustwide/workdir" "--user" "0:0" "769c8efe889776a7e94460da0b525da8c8cfa02fc7134df4227d624d64370bb6" "/opt/rustwide/cargo-home/bin/cargo" "+1.98.0-beta.1" "build" "--frozen" "--message-format=json", kill_on_drop: false }`
[INFO] [stderr]    Compiling num-traits v0.2.19
[INFO] [stderr]    Compiling zerocopy v0.8.48
[INFO] [stderr]    Compiling zerocopy-derive v0.8.48
[INFO] [stderr]    Compiling parking_lot_core v0.9.12
[INFO] [stderr]    Compiling getrandom v0.2.17
[INFO] [stderr]    Compiling zerofrom v0.1.8
[INFO] [stderr]    Compiling ring v0.17.14
[INFO] [stderr]    Compiling tracing v0.1.44
[INFO] [stderr]    Compiling yoke v0.8.2
[INFO] [stderr]    Compiling parking_lot v0.12.5
[INFO] [stderr]    Compiling zerovec v0.11.6
[INFO] [stderr]    Compiling bitflags v2.11.1
[INFO] [stderr]    Compiling zerotrie v0.2.4
[INFO] [stderr]    Compiling rustls v0.23.40
[INFO] [stderr]    Compiling serde_json v1.0.149
[INFO] [stderr]    Compiling tokio v1.52.3
[INFO] [stderr]    Compiling slab v0.4.12
[INFO] [stderr]    Compiling futures-util v0.3.32
[INFO] [stderr]    Compiling itertools v0.14.0
[INFO] [stderr]    Compiling num-integer v0.1.46
[INFO] [stderr]    Compiling tinystr v0.8.3
[INFO] [stderr]    Compiling icu_locale_core v2.2.0
[INFO] [stderr]    Compiling potential_utf v0.1.5
[INFO] [stderr]    Compiling icu_collections v2.2.0
[INFO] [stderr]    Compiling chrono v0.4.44
[INFO] [stderr]    Compiling num-bigint v0.4.6
[INFO] [stderr]    Compiling icu_provider v2.2.0
[INFO] [stderr]    Compiling icu_properties v2.2.0
[INFO] [stderr]    Compiling icu_normalizer v2.2.0
[INFO] [stderr]    Compiling digest v0.10.7
[INFO] [stderr]    Compiling rand_core v0.6.4
[INFO] [stderr]    Compiling futures-channel v0.3.32
[INFO] [stderr]    Compiling itertools v0.12.1
[INFO] [stderr]    Compiling equator-macro v0.4.2
[INFO] [stderr]    Compiling fnv v1.0.7
[INFO] [stderr]    Compiling getrandom v0.4.2
[INFO] [stderr]    Compiling darling_core v0.20.11
[INFO] [stderr]    Compiling rustix v1.1.4
[INFO] [stderr]    Compiling idna_adapter v1.2.2
[INFO] [stderr]    Compiling idna v1.1.0
[INFO] [stderr]    Compiling equator v0.4.2
[INFO] [stderr]    Compiling num-rational v0.4.2
[INFO] [stderr]    Compiling mime_guess v2.0.5
[INFO] [stderr]    Compiling toml_datetime v0.6.11
[INFO] [stderr]    Compiling rustls-webpki v0.103.13
[INFO] [stderr]    Compiling serde_spanned v0.6.9
[INFO] [stderr]    Compiling prost-derive v0.12.6
[INFO] [stderr]    Compiling bytes v1.11.1
[INFO] [stderr]    Compiling linux-raw-sys v0.12.1
[INFO] [stderr]    Compiling prettyplease v0.2.37
[INFO] [stderr]    Compiling winnow v0.7.15
[INFO] [stderr]    Compiling regex-syntax v0.8.10
[INFO] [stderr]    Compiling ppv-lite86 v0.2.21
[INFO] [stderr]    Compiling hyper v1.9.0
[INFO] [stderr]    Compiling rand_chacha v0.3.1
[INFO] [stderr]    Compiling darling_macro v0.20.11
[INFO] [stderr]    Compiling prost v0.12.6
[INFO] [stderr]    Compiling regex-automata v0.4.14
[INFO] [stderr]    Compiling rand v0.8.6
[INFO] [stderr]    Compiling toml_edit v0.22.27
[INFO] [stderr]    Compiling hyper-util v0.1.20
[INFO] [stderr]    Compiling tower v0.5.3
[INFO] [stderr]    Compiling url v2.5.8
[INFO] [stderr]    Compiling aligned-vec v0.6.4
[INFO] [stderr]    Compiling webpki-roots v1.0.7
[INFO] [stderr]    Compiling fastrand v2.4.1
[INFO] [stderr]    Compiling fixedbitset v0.4.2
[INFO] [stderr]    Compiling bytemuck v1.25.0
[INFO] [stderr]    Compiling serde_urlencoded v0.7.1
[INFO] [stderr]    Compiling petgraph v0.6.5
[INFO] [stderr]    Compiling regex v1.12.3
[INFO] [stderr]    Compiling tempfile v3.27.0
[INFO] [stderr]    Compiling v_frame v0.3.9
[INFO] [stderr]    Compiling tower-http v0.6.10
[INFO] [stderr]    Compiling prost-types v0.12.6
[INFO] [stderr]    Compiling darling v0.20.11
[INFO] [stderr]    Compiling rayon v1.12.0
[INFO] [stderr]    Compiling as-slice v0.2.1
[INFO] [stderr]    Compiling built v0.8.0
[INFO] [stderr]    Compiling av-scenechange v0.14.1
[INFO] [stderr]    Compiling multimap v0.10.1
[INFO] [stderr]    Compiling aligned v0.4.3
[INFO] [stderr]    Compiling serde_with_macros v3.4.0
[INFO] [stderr]    Compiling toml v0.8.23
[INFO] [stderr]    Compiling rav1e v0.8.1
[INFO] [stderr]    Compiling rand_chacha v0.9.0
[INFO] [stderr]    Compiling atim-core v0.3.4
[INFO] [stderr]    Compiling tokio-util v0.7.18
[INFO] [stderr]    Compiling arg_enum_proc_macro v0.3.4
[INFO] [stderr]    Compiling prost-build v0.12.6
[INFO] [stderr]    Compiling profiling-procmacros v1.0.18
[INFO] [stderr]    Compiling no_std_io2 v0.9.4
[INFO] [stderr]    Compiling nom v8.0.0
[INFO] [stderr]    Compiling quick-error v2.0.1
[INFO] [stderr]    Compiling pastey v0.1.1
[INFO] [stderr]    Compiling y4m v0.8.0
[INFO] [stderr]    Compiling tokio-rustls v0.26.4
[INFO] [stderr]    Compiling rustls-platform-verifier v0.7.0
[INFO] [stderr]    Compiling hyper-rustls v0.27.9
[INFO] [stderr]    Compiling profiling v1.0.18
[INFO] [stderr]    Compiling bitstream-io v4.10.0
[INFO] [stderr]    Compiling lark-websocket-protobuf v0.1.1
[INFO] [stderr]    Compiling reqwest v0.13.3
[INFO] [stderr]    Compiling serde_with v3.4.0
[INFO] [stderr]    Compiling maybe-rayon v0.1.1
[INFO] [stderr]    Compiling rand v0.9.4
[INFO] [stderr]    Compiling safe_arch v0.7.4
[INFO] [stderr]    Compiling half v2.7.1
[INFO] [stderr]    Compiling sha1 v0.10.6
[INFO] [stderr]    Compiling sha2 v0.10.9
[INFO] [stderr]    Compiling hmac v0.12.1
[INFO] [stderr]    Compiling prost-derive v0.13.5
[INFO] [stderr]    Compiling num-complex v0.4.6
[INFO] [stderr]    Compiling uuid v1.6.1
[INFO] [stderr]    Compiling num-derive v0.4.2
[INFO] [stderr]    Compiling num_cpus v1.17.0
[INFO] [stderr]    Compiling simd_helpers v0.1.0
[INFO] [stderr]    Compiling matrixmultiply v0.3.10
[INFO] [stderr]    Compiling weezl v0.1.12
[INFO] [stderr]    Compiling data-encoding v2.11.0
[INFO] [stderr]    Compiling zune-core v0.5.1
[INFO] [stderr]    Compiling noop_proc_macro v0.3.0
[INFO] [stderr]    Compiling imgref v1.12.1
[INFO] [stderr]    Compiling loop9 v0.1.5
[INFO] [stderr]    Compiling tungstenite v0.29.0
[INFO] [stderr]    Compiling libsqlite3-sys v0.30.1
[INFO] [stderr]    Compiling openlark-core v0.17.0
[INFO] [stderr]    Compiling zune-jpeg v0.5.15
[INFO] [stderr]    Compiling av1-grain v0.2.5
[INFO] [stderr]    Compiling prost v0.13.5
[INFO] [stderr]    Compiling wide v0.7.33
[INFO] [stderr]    Compiling ahash v0.8.12
[INFO] [stderr]    Compiling avif-serialize v0.8.9
[INFO] [stderr]    Compiling zune-inflate v0.2.54
[INFO] [stderr]    Compiling approx v0.5.1
[INFO] [stderr]    Compiling bit_field v0.10.3
[INFO] [stderr]    Compiling byteorder-lite v0.1.0
[INFO] [stderr]    Compiling fax v0.2.7
[INFO] [stderr]    Compiling lebe v0.5.3
[INFO] [stderr]    Compiling rgb v0.8.53
[INFO] [stderr]    Compiling rawpointer v0.2.1
[INFO] [stderr]    Compiling tiff v0.11.3
[INFO] [stderr]    Compiling image-webp v0.2.4
[INFO] [stderr]    Compiling exr v1.74.0
[INFO] [stderr]    Compiling simba v0.8.1
[INFO] [stderr]    Compiling moxcms v0.8.1
[INFO] [stderr]    Compiling gif v0.14.2
[INFO] [stderr]    Compiling openlark-auth v0.17.0
[INFO] [stderr]    Compiling anstyle-parse v1.0.0
[INFO] [stderr]    Compiling png v0.18.1
[INFO] [stderr]    Compiling hashbrown v0.14.5
[INFO] [stderr]    Compiling tokio-tungstenite v0.29.0
[INFO] [stderr]    Compiling qoi v0.4.1
[INFO] [stderr]    Compiling num-iter v0.1.45
[INFO] [stderr]    Compiling colorchoice v1.0.5
[INFO] [stderr]    Compiling pulldown-cmark v0.12.2
[INFO] [stderr]    Compiling anstyle v1.0.14
[INFO] [stderr]    Compiling anstyle-query v1.1.5
[INFO] [stderr]    Compiling anstream v1.0.0
[INFO] [stderr]    Compiling num v0.4.3
[INFO] [stderr]    Compiling openlark-client v0.17.0
[INFO] [stderr]    Compiling hashlink v0.9.1
[INFO] [stderr]    Compiling atim-parser v0.3.4
[INFO] [stderr]    Compiling rand_distr v0.4.3
[INFO] [stderr]    Compiling ravif v0.13.0
[INFO] [stderr]    Compiling fallible-streaming-iterator v0.1.9
[INFO] [stderr]    Compiling clap_lex v1.1.0
[INFO] [stderr]    Compiling nalgebra v0.32.6
[INFO] [stderr]    Compiling fallible-iterator v0.3.0
[INFO] [stderr]    Compiling image v0.25.10
[INFO] [stderr]    Compiling openlark v0.17.0
[INFO] [stderr]    Compiling clap_builder v4.6.0
[INFO] [stderr]    Compiling reqwest v0.12.28
[INFO] [stderr]    Compiling clap_derive v4.6.1
[INFO] [stderr]    Compiling tracing-subscriber v0.3.23
[INFO] [stderr] error: could not compile `image` (lib)
[INFO] [stderr] 
[INFO] [stderr] Caused by:
[INFO] [stderr]   process didn't exit successfully: `/opt/rustwide/rustup-home/toolchains/1.98.0-beta.1-x86_64-unknown-linux-gnu/bin/rustc --crate-name image --edition=2021 /opt/rustwide/cargo-home/registry/src/index.crates.io-1949cf8c6b5b557f/image-0.25.10/src/lib.rs --error-format=json --json=diagnostic-rendered-ansi,artifacts,future-incompat --crate-type lib --emit=dep-info,metadata,link -C embed-bitcode=no -C debuginfo=2 --cfg 'feature="avif"' --cfg 'feature="bmp"' --cfg 'feature="dds"' --cfg 'feature="default"' --cfg 'feature="default-formats"' --cfg 'feature="exr"' --cfg 'feature="ff"' --cfg 'feature="gif"' --cfg 'feature="hdr"' --cfg 'feature="ico"' --cfg 'feature="jpeg"' --cfg 'feature="png"' --cfg 'feature="pnm"' --cfg 'feature="qoi"' --cfg 'feature="rayon"' --cfg 'feature="tga"' --cfg 'feature="tiff"' --cfg 'feature="webp"' --check-cfg 'cfg(docsrs,test)' --check-cfg 'cfg(feature, values("avif", "avif-native", "benchmarks", "bmp", "color_quant", "dds", "default", "default-formats", "exr", "ff", "gif", "hdr", "ico", "jpeg", "nasm", "png", "pnm", "qoi", "rayon", "serde", "tga", "tiff", "webp"))' -C metadata=9d2b94533099ee69 -C extra-filename=-c7f1ea5e92dab803 --out-dir /opt/rustwide/target/debug/deps -L dependency=/opt/rustwide/target/debug/deps --extern bytemuck=/opt/rustwide/target/debug/deps/libbytemuck-690da78adee7b727.rmeta --extern byteorder_lite=/opt/rustwide/target/debug/deps/libbyteorder_lite-f5df2d14b4488fc7.rmeta --extern color_quant=/opt/rustwide/target/debug/deps/libcolor_quant-72accfe2cafd1a2d.rmeta --extern exr=/opt/rustwide/target/debug/deps/libexr-1109680eadf15355.rmeta --extern gif=/opt/rustwide/target/debug/deps/libgif-4f238d76e3d541f2.rmeta --extern image_webp=/opt/rustwide/target/debug/deps/libimage_webp-34e741a8e5524094.rmeta --extern moxcms=/opt/rustwide/target/debug/deps/libmoxcms-70a3b652c60dabe8.rmeta --extern num_traits=/opt/rustwide/target/debug/deps/libnum_traits-5f5f7eaedd5abb87.rmeta --extern png=/opt/rustwide/target/debug/deps/libpng-a65a44176758b672.rmeta --extern qoi=/opt/rustwide/target/debug/deps/libqoi-2314e2a23580d32b.rmeta --extern ravif=/opt/rustwide/target/debug/deps/libravif-7568a25b370c9eb1.rmeta --extern rayon=/opt/rustwide/target/debug/deps/librayon-debd678a60a7a7eb.rmeta --extern rgb=/opt/rustwide/target/debug/deps/librgb-938bd2eae0856c3c.rmeta --extern tiff=/opt/rustwide/target/debug/deps/libtiff-9c9f9f60b9da3b83.rmeta --extern zune_core=/opt/rustwide/target/debug/deps/libzune_core-1e52e593f0022a9f.rmeta --extern zune_jpeg=/opt/rustwide/target/debug/deps/libzune_jpeg-ecb95bf532f6a64f.rmeta --cap-lints allow --cap-lints=warn` (signal: 9, SIGKILL: kill)
[INFO] [stderr] warning: build failed, waiting for other jobs to finish...
[INFO] running `Command { std: "docker" "inspect" "769c8efe889776a7e94460da0b525da8c8cfa02fc7134df4227d624d64370bb6", kill_on_drop: false }`
[INFO] running `Command { std: "docker" "rm" "-f" "769c8efe889776a7e94460da0b525da8c8cfa02fc7134df4227d624d64370bb6", kill_on_drop: false }`
[INFO] [stdout] 769c8efe889776a7e94460da0b525da8c8cfa02fc7134df4227d624d64370bb6
