[INFO] cloning repository https://github.com/xcshuan/ckb-standard-udt-contracts
[INFO] running `Command { std: "git" "-c" "credential.helper=" "-c" "credential.helper=/workspace/cargo-home/bin/git-credential-null" "clone" "--bare" "https://github.com/xcshuan/ckb-standard-udt-contracts" "/workspace/cache/git-repos/https%3A%2F%2Fgithub.com%2Fxcshuan%2Fckb-standard-udt-contracts", kill_on_drop: false }`
[INFO] [stderr] Cloning into bare repository '/workspace/cache/git-repos/https%3A%2F%2Fgithub.com%2Fxcshuan%2Fckb-standard-udt-contracts'...
[INFO] running `Command { std: "git" "rev-parse" "HEAD", kill_on_drop: false }`
[INFO] [stdout] d6e6da0109e082551af9873c64cda0d1f514c9e3
[INFO] testing xcshuan/ckb-standard-udt-contracts against 1.97.0-beta.6 for beta-1.98-2
[INFO] running `Command { std: "git" "clone" "/workspace/cache/git-repos/https%3A%2F%2Fgithub.com%2Fxcshuan%2Fckb-standard-udt-contracts" "/workspace/builds/worker-7-tc1/source", kill_on_drop: false }`
[INFO] [stderr] Cloning into '/workspace/builds/worker-7-tc1/source'...
[INFO] [stderr] done.
[INFO] removed /workspace/builds/worker-7-tc1/source/rust-toolchain.toml
[INFO] started tweaking git repo https://github.com/xcshuan/ckb-standard-udt-contracts
[INFO] finished tweaking git repo https://github.com/xcshuan/ckb-standard-udt-contracts
[INFO] tweaked toml for git repo https://github.com/xcshuan/ckb-standard-udt-contracts written to /workspace/builds/worker-7-tc1/source/Cargo.toml
[INFO] validating manifest of git repo https://github.com/xcshuan/ckb-standard-udt-contracts on toolchain 1.97.0-beta.6
[INFO] running `Command { std: CARGO_HOME="/workspace/cargo-home" RUSTUP_HOME="/workspace/rustup-home" "/workspace/cargo-home/bin/cargo" "+1.97.0-beta.6" "metadata" "--manifest-path" "Cargo.toml" "--no-deps", kill_on_drop: false }`
[INFO] crate git repo https://github.com/xcshuan/ckb-standard-udt-contracts already has a lockfile, it will not be regenerated
[INFO] running `Command { std: CARGO_HOME="/workspace/cargo-home" RUSTUP_HOME="/workspace/rustup-home" "/workspace/cargo-home/bin/cargo" "+1.97.0-beta.6" "fetch" "--manifest-path" "Cargo.toml", kill_on_drop: false }`
[INFO] [stderr]     Updating crates.io index
[INFO] [stderr]  Downloading crates ...
[INFO] [stderr]   Downloaded molecule v0.9.2
[INFO] [stderr]   Downloaded ckb-types v1.1.1
[INFO] [stderr]   Downloaded faster-hex v0.6.1
[INFO] [stderr]   Downloaded numext-fixed-uint v0.1.6
[INFO] [stderr]   Downloaded numext-fixed-uint-hack v0.1.6
[INFO] [stderr]   Downloaded ckb-merkle-mountain-range v0.5.2
[INFO] [stderr]   Downloaded ckb-fixed-hash-macros v1.1.0
[INFO] [stderr]   Downloaded ckb-fixed-hash v1.1.0
[INFO] [stderr]   Downloaded merkle-cbt v0.3.2
[INFO] [stderr]   Downloaded ckb-constant v1.1.1
[INFO] [stderr]   Downloaded ckb-rational v1.1.0
[INFO] [stderr]   Downloaded phf_generator v0.12.1
[INFO] [stderr]   Downloaded numext-constructor v0.1.6
[INFO] [stderr]   Downloaded buddy-alloc v0.6.0
[INFO] [stderr]   Downloaded blake2b-rs v0.2.0
[INFO] [stderr]   Downloaded int-enum v1.2.0
[INFO] [stderr]   Downloaded thiserror v1.0.62
[INFO] [stderr]   Downloaded dyn-clone v1.0.17
[INFO] [stderr]   Downloaded ckb-occupied-capacity v1.1.0
[INFO] [stderr]   Downloaded ckb-hash v1.1.0
[INFO] [stderr]   Downloaded ckb-mock-tx-types v1.1.1
[INFO] [stderr]   Downloaded ckb-occupied-capacity-core v1.1.0
[INFO] [stderr]   Downloaded ckb-fixed-hash-core v1.1.1
[INFO] [stderr]   Downloaded ckb-error v1.1.0
[INFO] [stderr]   Downloaded gcd v2.3.0
[INFO] [stderr]   Downloaded ckb-verification-traits v0.119.0
[INFO] [stderr]   Downloaded numext-fixed-uint-core v0.1.6
[INFO] [stderr]   Downloaded ckb-occupied-capacity v0.119.0
[INFO] [stderr]   Downloaded scroll_derive v0.10.5
[INFO] [stderr]   Downloaded molecule v0.8.0
[INFO] [stderr]   Downloaded ckb-hash v0.119.0
[INFO] [stderr]   Downloaded ckb-fixed-hash v0.119.0
[INFO] [stderr]   Downloaded ckb-fixed-hash-macros v0.119.0
[INFO] [stderr]   Downloaded lru v0.7.8
[INFO] [stderr]   Downloaded ckb-error v0.119.0
[INFO] [stderr]   Downloaded ckb-constant v0.119.0
[INFO] [stderr]   Downloaded ckb-rational v0.119.0
[INFO] [stderr]   Downloaded ckb-vm-definitions v0.24.12
[INFO] [stderr]   Downloaded includedir_codegen v0.6.0
[INFO] [stderr]   Downloaded ckb-pow v0.119.0
[INFO] [stderr]   Downloaded thiserror-impl v1.0.62
[INFO] [stderr]   Downloaded golomb-coded-set v0.2.1
[INFO] [stderr]   Downloaded ckb-occupied-capacity-macros v1.1.0
[INFO] [stderr]   Downloaded ckb-testtool v0.14.1
[INFO] [stderr]   Downloaded ckb-traits v1.1.0
[INFO] [stderr]   Downloaded ckb-channel v0.119.0
[INFO] [stderr]   Downloaded ckb-occupied-capacity-core v0.119.0
[INFO] [stderr]   Downloaded ckb-fixed-hash-core v0.119.0
[INFO] [stderr]   Downloaded ckb-traits v0.119.0
[INFO] [stderr]   Downloaded ckb-systemtime v0.119.0
[INFO] [stderr]   Downloaded ckb-logger v0.119.0
[INFO] [stderr]   Downloaded includedir v0.6.0
[INFO] [stderr]   Downloaded eaglesong v0.1.0
[INFO] [stderr]   Downloaded ckb-dao-utils v0.119.0
[INFO] [stderr]   Downloaded ckb-crypto v0.119.0
[INFO] [stderr]   Downloaded cpufeatures v0.2.13
[INFO] [stderr]   Downloaded ckb-verification v0.119.0
[INFO] [stderr]   Downloaded ckb_schemars_derive v0.8.19
[INFO] [stderr]   Downloaded scroll v0.10.2
[INFO] [stderr]   Downloaded phf_macros v0.12.1
[INFO] [stderr]   Downloaded ckb-occupied-capacity-macros v0.119.0
[INFO] [stderr]   Downloaded ckb-chain-spec v0.119.0
[INFO] [stderr]   Downloaded ckb-jsonrpc-types v1.1.1
[INFO] [stderr]   Downloaded ssri v9.2.0
[INFO] [stderr]   Downloaded xxhash-rust v0.8.12
[INFO] [stderr]   Downloaded reflink-copy v0.1.19
[INFO] [stderr]   Downloaded ckb-dao v0.119.0
[INFO] [stderr]   Downloaded ckb-always-success-script v0.0.1
[INFO] [stderr]   Downloaded ckb-x64-simulator v1.1.0
[INFO] [stderr]   Downloaded ckb-resource v0.119.0
[INFO] [stderr]   Downloaded ckb-jsonrpc-types v0.119.0
[INFO] [stderr]   Downloaded cacache v12.0.0
[INFO] [stderr]   Downloaded blake2b-ref v0.3.1
[INFO] [stderr]   Downloaded ckb-mock-tx-types v0.119.0
[INFO] [stderr]   Downloaded ckb_schemars v0.8.19
[INFO] [stderr]   Downloaded addr2line v0.22.0
[INFO] [stderr]   Downloaded cc v1.1.1
[INFO] [stderr]   Downloaded ckb-types v0.119.0
[INFO] [stderr]   Downloaded flate2 v1.0.30
[INFO] [stderr]   Downloaded ckb-gen-types v0.119.0
[INFO] [stderr]   Downloaded ckb-vm v0.24.12
[INFO] [stderr]   Downloaded ckb-gen-types v1.1.0
[INFO] [stderr]   Downloaded backtrace v0.3.73
[INFO] [stderr]   Downloaded ckb-std v1.1.0
[INFO] [stderr]   Downloaded goblin v0.2.3
[INFO] [stderr]   Downloaded goblin v0.4.0
[INFO] [stderr]   Downloaded gimli v0.29.0
[INFO] [stderr]   Downloaded object v0.36.3
[INFO] [stderr]   Downloaded tokio v1.39.3
[INFO] [stderr]   Downloaded ckb-system-scripts v0.5.4
[INFO] [stderr]   Downloaded ckb-script v0.119.0
[INFO] running `Command { std: "docker" "create" "-v" "/var/lib/crater-agent-workspace/builds/worker-7-tc1/source:/opt/rustwide/workdir:ro,Z" "-v" "/var/lib/crater-agent-workspace/builds/worker-7-tc1/target:/opt/rustwide/target:rw,Z" "-v" "/var/lib/crater-agent-workspace/cargo-home:/opt/rustwide/cargo-home:ro,Z" "-v" "/var/lib/crater-agent-workspace/rustup-home:/opt/rustwide/rustup-home:ro,Z" "-m" "1610612736" "--network" "none" "ghcr.io/rust-lang/crates-build-env/linux@sha256:3d5ced03c013a94a2f102a4510f48a6e9184255caf5fd8244f58017bde7f5210" "sleep" "infinity", kill_on_drop: false }`
[INFO] [stdout] d35973ecb0835b426682947a560284bbe309382eb937f73e2396c297d2607504
[INFO] running `Command { std: "docker" "start" "d35973ecb0835b426682947a560284bbe309382eb937f73e2396c297d2607504", kill_on_drop: false }`
[INFO] running `Command { std: "docker" "inspect" "d35973ecb0835b426682947a560284bbe309382eb937f73e2396c297d2607504", kill_on_drop: false }`
[INFO] running `Command { std: "docker" "exec" "-e" "SOURCE_DIR=/opt/rustwide/workdir" "-e" "CARGO_HOME=/opt/rustwide/cargo-home" "-e" "RUSTUP_HOME=/opt/rustwide/rustup-home" "-e" "CARGO_TARGET_DIR=/opt/rustwide/target" "-w" "/opt/rustwide/workdir" "--user" "0:0" "d35973ecb0835b426682947a560284bbe309382eb937f73e2396c297d2607504" "/opt/rustwide/cargo-home/bin/cargo" "+1.97.0-beta.6" "metadata" "--no-deps" "--format-version=1", kill_on_drop: false }`
[INFO] running `Command { std: "docker" "inspect" "d35973ecb0835b426682947a560284bbe309382eb937f73e2396c297d2607504", kill_on_drop: false }`
[INFO] running `Command { std: "docker" "exec" "-e" "SOURCE_DIR=/opt/rustwide/workdir" "-e" "CARGO_HOME=/opt/rustwide/cargo-home" "-e" "RUSTUP_HOME=/opt/rustwide/rustup-home" "-e" "CARGO_TARGET_DIR=/opt/rustwide/target" "-e" "CARGO_INCREMENTAL=0" "-e" "RUST_BACKTRACE=full" "-e" "RUSTFLAGS=--cap-lints=warn" "-e" "RUSTDOCFLAGS=--cap-lints=warn" "-w" "/opt/rustwide/workdir" "--user" "0:0" "d35973ecb0835b426682947a560284bbe309382eb937f73e2396c297d2607504" "/opt/rustwide/cargo-home/bin/cargo" "+1.97.0-beta.6" "build" "--frozen" "--message-format=json", kill_on_drop: false }`
[INFO] [stderr]    Compiling proc-macro2 v1.0.86
[INFO] [stderr]    Compiling serde v1.0.228
[INFO] [stderr]    Compiling syn v1.0.109
[INFO] [stderr]    Compiling thiserror v1.0.62
[INFO] [stderr]    Compiling libc v0.2.155
[INFO] [stderr]    Compiling zmij v1.0.21
[INFO] [stderr]    Compiling serde_json v1.0.149
[INFO] [stderr]    Compiling cc v1.1.1
[INFO] [stderr]    Compiling itoa v1.0.11
[INFO] [stderr]    Compiling faster-hex v0.6.1
[INFO] [stderr]    Compiling getrandom v0.1.16
[INFO] [stderr]    Compiling dyn-clone v1.0.17
[INFO] [stderr]    Compiling memchr v2.7.4
[INFO] [stderr]    Compiling heapsize v0.4.2
[INFO] [stderr]    Compiling cty v0.2.2
[INFO] [stderr]    Compiling anyhow v1.0.86
[INFO] [stderr]    Compiling blake2b-ref v0.3.1
[INFO] [stderr]    Compiling ref-cast v1.0.25
[INFO] [stderr]    Compiling golomb-coded-set v0.2.1
[INFO] [stderr]    Compiling ckb-merkle-mountain-range v0.5.2
[INFO] [stderr]    Compiling merkle-cbt v0.3.2
[INFO] [stderr]    Compiling bit-vec v0.6.3
[INFO] [stderr]    Compiling proc-macro2-diagnostics v0.10.1
[INFO] [stderr]    Compiling ckb_schemars v0.8.19
[INFO] [stderr]    Compiling seq-macro v0.3.6
[INFO] [stderr]    Compiling buddy-alloc v0.6.0
[INFO] [stderr]    Compiling gcd v2.3.0
[INFO] [stderr]    Compiling once_cell v1.19.0
[INFO] [stderr]    Compiling siphasher v1.0.3
[INFO] [stderr]    Compiling crossbeam-utils v0.8.20
[INFO] [stderr]    Compiling fastrand v2.1.1
[INFO] [stderr]    Compiling generic-array v0.14.7
[INFO] [stderr]    Compiling ckb-constant v0.119.0
[INFO] [stderr]    Compiling miniz_oxide v0.7.4
[INFO] [stderr]    Compiling phf_shared v0.12.1
[INFO] [stderr]    Compiling same-file v1.0.6
[INFO] [stderr]    Compiling autocfg v1.3.0
[INFO] [stderr]    Compiling phf_generator v0.12.1
[INFO] [stderr]    Compiling futures-core v0.3.30
[INFO] [stderr]    Compiling pin-project-lite v0.2.14
[INFO] [stderr]    Compiling quote v1.0.36
[INFO] [stderr]    Compiling walkdir v2.5.0
[INFO] [stderr]    Compiling rustix v0.38.34
[INFO] [stderr]    Compiling log v0.4.22
[INFO] [stderr]    Compiling cpufeatures v0.2.13
[INFO] [stderr]    Compiling futures-channel v0.3.30
[INFO] [stderr]    Compiling linux-raw-sys v0.4.14
[INFO] [stderr]    Compiling syn v2.0.87
[INFO] [stderr]    Compiling crossbeam-channel v0.5.13
[INFO] [stderr]    Compiling flate2 v1.0.30
[INFO] [stderr]    Compiling slab v0.4.9
[INFO] [stderr]    Compiling bitflags v2.6.0
[INFO] [stderr]    Compiling getrandom v0.2.15
[INFO] [stderr]    Compiling signal-hook-registry v1.4.2
[INFO] [stderr]    Compiling mio v1.0.2
[INFO] [stderr]    Compiling rand_core v0.5.1
[INFO] [stderr]    Compiling ckb-channel v0.119.0
[INFO] [stderr]    Compiling block-buffer v0.10.4
[INFO] [stderr]    Compiling crypto-common v0.1.6
[INFO] [stderr]    Compiling includedir v0.6.0
[INFO] [stderr]    Compiling rand_core v0.6.4
[INFO] [stderr]    Compiling digest v0.10.7
[INFO] [stderr]    Compiling unicode-width v0.1.13
[INFO] [stderr]    Compiling xxhash-rust v0.8.12
[INFO] [stderr]    Compiling rand_chacha v0.2.2
[INFO] [stderr]    Compiling rand_pcg v0.2.1
[INFO] [stderr]    Compiling rand_chacha v0.3.1
[INFO] [stderr]    Compiling sha2 v0.10.8
[INFO] [stderr]    Compiling sha-1 v0.10.1
[INFO] [stderr]    Compiling blake2b-rs v0.2.0
[INFO] [stderr]    Compiling ckb-std v1.1.0
[INFO] [stderr]    Compiling secp256k1-sys v0.10.1
[INFO] [stderr]    Compiling rand v0.7.3
[INFO] [stderr]    Compiling rand v0.8.5
[INFO] [stderr]    Compiling sha1 v0.10.6
[INFO] [stderr]    Compiling memmap2 v0.5.10
[INFO] [stderr]    Compiling ahash v0.7.8
[INFO] [stderr]    Compiling plain v0.2.3
[INFO] [stderr]    Compiling eaglesong v0.1.0
[INFO] [stderr]    Compiling serde_derive_internals v0.26.0
[INFO] [stderr]    Compiling either v1.13.0
[INFO] [stderr]    Compiling ckb-vm v0.24.12
[INFO] [stderr]    Compiling ckb-logger v0.119.0
[INFO] [stderr]    Compiling ckb-vm-definitions v0.24.12
[INFO] [stderr]    Compiling ckb-script v0.119.0
[INFO] [stderr]    Compiling xudt v0.1.0 (/opt/rustwide/workdir/contracts/xudt)
[INFO] [stderr]    Compiling xudt-meta v0.1.0 (/opt/rustwide/workdir/contracts/xudt-meta)
[INFO] [stderr]    Compiling sudt-meta v0.1.0 (/opt/rustwide/workdir/contracts/sudt-meta)
[INFO] [stderr]    Compiling ckb-systemtime v0.119.0
[INFO] [stderr]    Compiling ckb-always-success-script v0.0.1
[INFO] [stderr]    Compiling ckb-hash v1.1.0
[INFO] [stderr]    Compiling ckb-hash v0.119.0
[INFO] [stderr]    Compiling hashbrown v0.12.3
[INFO] [stderr]    Compiling phf_generator v0.8.0
[INFO] [stderr]    Compiling phf_codegen v0.8.0
[INFO] [stderr]    Compiling includedir_codegen v0.6.0
[INFO] [stderr] warning: xudt-meta@0.1.0: XUDT_CODE_HASH not set; using zero code hash for host build
[INFO] [stderr] warning: xudt-meta@0.1.0: ACCESS_LIST_CODE_HASH not set; using zero code hash for host build
[INFO] [stderr]    Compiling reflink-copy v0.1.19
[INFO] [stderr]    Compiling tempfile v3.12.0
[INFO] [stderr] warning: xudt@0.1.0: ACCESS_LIST_CODE_HASH not set; using zero code hash for host build
[INFO] [stderr] warning: sudt-meta@0.1.0: SUDT_CODE_HASH not set; using zero code hash for host/library/test build
[INFO] [stderr]    Compiling numext-constructor v0.1.6
[INFO] [stderr]    Compiling scroll_derive v0.10.5
[INFO] [stderr]    Compiling ckb-system-scripts v0.5.4
[INFO] [stderr]    Compiling ckb_schemars_derive v0.8.19
[INFO] [stderr]    Compiling lru v0.7.8
[INFO] [stderr]    Compiling scroll v0.10.2
[INFO] [stderr]    Compiling goblin v0.4.0
[INFO] [stderr]    Compiling goblin v0.2.3
[INFO] [stderr]    Compiling serde_derive_internals v0.29.1
[INFO] [stderr]    Compiling serde_derive v1.0.228
[INFO] [stderr]    Compiling thiserror-impl v1.0.62
[INFO] [stderr]    Compiling ref-cast-impl v1.0.25
[INFO] [stderr]    Compiling derive_more-impl v1.0.0
[INFO] [stderr]    Compiling strum_macros v0.27.2
[INFO] [stderr]    Compiling int-enum v1.2.0
[INFO] [stderr]    Compiling derive_more v0.99.18
[INFO] [stderr]    Compiling phf_macros v0.12.1
[INFO] [stderr]    Compiling futures-macro v0.3.30
[INFO] [stderr]    Compiling tokio-macros v2.4.0
[INFO] [stderr]    Compiling miette-derive v5.10.0
[INFO] [stderr]    Compiling schemars_derive v1.2.1
[INFO] [stderr]    Compiling futures-util v0.3.30
[INFO] [stderr]    Compiling secp256k1 v0.29.1
[INFO] [stderr]    Compiling miette v5.10.0
[INFO] [stderr]    Compiling phf v0.12.1
[INFO] [stderr]    Compiling derive_more v1.0.0
[INFO] [stderr]    Compiling ckb-constant v1.1.1
[INFO] [stderr]    Compiling strum v0.27.2
[INFO] [stderr]    Compiling numext-fixed-uint-core v0.1.6
[INFO] [stderr]    Compiling bytes v1.11.1
[INFO] [stderr]    Compiling schemars v1.2.1
[INFO] [stderr]    Compiling ckb-occupied-capacity-core v1.1.0
[INFO] [stderr]    Compiling ckb-occupied-capacity-core v0.119.0
[INFO] [stderr]    Compiling ssri v9.2.0
[INFO] [stderr]    Compiling toml v0.5.11
[INFO] [stderr]    Compiling ckb-occupied-capacity-macros v1.1.0
[INFO] [stderr]    Compiling ckb-occupied-capacity-macros v0.119.0
[INFO] [stderr]    Compiling ckb-occupied-capacity v1.1.0
[INFO] [stderr]    Compiling ckb-occupied-capacity v0.119.0
[INFO] [stderr]    Compiling ckb-error v1.1.0
[INFO] [stderr]    Compiling ckb-error v0.119.0
[INFO] [stderr]    Compiling ckb-verification-traits v0.119.0
[INFO] [stderr]    Compiling futures-executor v0.3.30
[INFO] [stderr]    Compiling molecule v0.9.2
[INFO] [stderr]    Compiling molecule v0.8.0
[INFO] [stderr]    Compiling tokio v1.39.3
[INFO] [stderr]    Compiling futures v0.3.30
[INFO] [stderr]    Compiling ckb-fixed-hash-core v1.1.1
[INFO] [stderr]    Compiling ckb-fixed-hash-core v0.119.0
[INFO] [stderr]    Compiling ckb-fixed-hash-macros v1.1.0
[INFO] [stderr]    Compiling ckb-fixed-hash-macros v0.119.0
[INFO] [stderr]    Compiling ckb-fixed-hash v1.1.0
[INFO] [stderr]    Compiling ckb-fixed-hash v0.119.0
[INFO] [stderr]    Compiling ckb-crypto v0.119.0
[INFO] [stderr]    Compiling tokio-stream v0.1.15
[INFO] [stderr]    Compiling cacache v12.0.0
[INFO] [stderr]    Compiling numext-fixed-uint-hack v0.1.6
[INFO] [stderr]    Compiling numext-fixed-uint v0.1.6
[INFO] [stderr]    Compiling ckb-rational v0.119.0
[INFO] [stderr]    Compiling ckb-gen-types v0.119.0
[INFO] [stderr]    Compiling ckb-gen-types v1.1.0
[INFO] [stderr]    Compiling ckb-rational v1.1.0
[INFO] [stderr]    Compiling ckb-types v0.119.0
[INFO] [stderr]    Compiling ckb-types v1.1.1
[INFO] [stderr]    Compiling ckb-resource v0.119.0
[INFO] [stderr]    Compiling spawn-allow v0.1.0 (/opt/rustwide/workdir/tests/plugins/spawn-allow)
[INFO] [stderr]    Compiling spawn-deny v0.1.0 (/opt/rustwide/workdir/tests/plugins/spawn-deny)
[INFO] [stderr]    Compiling authority-spawn-deny v0.1.0 (/opt/rustwide/workdir/tests/plugins/authority-spawn-deny)
[INFO] [stderr]    Compiling authority-spawn-allow v0.1.0 (/opt/rustwide/workdir/tests/plugins/authority-spawn-allow)
[INFO] [stderr]    Compiling dl-allow v0.1.0 (/opt/rustwide/workdir/tests/plugins/dl-allow)
[INFO] [stderr]    Compiling ckb-jsonrpc-types v0.119.0
[INFO] [stderr]    Compiling ckb-traits v0.119.0
[INFO] [stderr]    Compiling ckb-pow v0.119.0
[INFO] [stderr]    Compiling ckb-dao-utils v0.119.0
[INFO] [stderr]    Compiling standard-udt-types v0.1.0 (/opt/rustwide/workdir/lib/types)
[INFO] [stdout] error: linking with `cc` failed: exit status: 1
[INFO] [stdout]   |
[INFO] [stdout]   = note:  "cc" "-m64" "/opt/rustwide/target/debug/deps/rustcsvrsca/symbols.o" "<2 object files omitted>" "-Wl,--as-needed" "-Wl,-Bstatic" "/opt/rustwide/target/debug/deps/{libckb_std-f44ac918edce2f90,libgcd-df1e9b5aa49a819b,libbuddy_alloc-1a9e054a7f34928d,libckb_gen_types-0a29c4ddb2d76f7f,libmolecule-368221f2eb05290d,libbytes-38787a1dbe973553,libckb_hash-eb2a920e019929fe,libblake2b_ref-77084bad5c35912c,libckb_error-bf621f9fd263a6ec,libanyhow-3af8de1cec1772f1,libderive_more-7f9dfe4f783c8ce3,libstrum-a458553312b497c8,libnumext_fixed_uint-dee0883f0d289a75,libnumext_fixed_uint_core-377ee757ce79516f,libheapsize-e07160878588362f,librand-22243c593588bdfd,librand_chacha-10b90734b202f7ad,libppv_lite86-74d192d5fb0d20a2,librand_core-348083c8bf6785cd,libgetrandom-c3588e7080ef9e7e,liblibc-32c7908c8f3e9020,libcfg_if-3e7fc4e38d4a72b5,libckb_occupied_capacity-a5956dee543b20fa,libckb_occupied_capacity_core-384b0c7763b900bc,libckb_fixed_hash-8340155441649ef2,libckb_fixed_hash_core-9de8d686b80a77c6,libfaster_hex-802dc543074013d1,libthiserror-87ee5e9e84ce5e14,libschemars-2f006209a2552fda,libdyn_clone-5258a20ab3811a89,libserde-e65b78e52e0df7c2,libref_cast-9d6f5a12b655ed3e,libserde_json-0b2de6d660af9a6b,libmemchr-08f38e9718637002,libitoa-20e94f961f8d160c,libzmij-ef63f1da73704b4c,libserde_core-21f22ac7b803fb0e}.rlib" "<sysroot>/lib/rustlib/x86_64-unknown-linux-gnu/lib/{libstd-*,libpanic_unwind-*,libobject-*,libmemchr-*,libaddr2line-*,libgimli-*,libcfg_if-*,librustc_demangle-*,libstd_detect-*,libhashbrown-*,librustc_std_workspace_alloc-*,libminiz_oxide-*,libadler2-*,libunwind-*,liblibc-*,librustc_std_workspace_core-*,liballoc-*,libcore-*,libcompiler_builtins-*}.rlib" "-Wl,-Bdynamic" "-lgcc_s" "-lutil" "-lrt" "-lpthread" "-lm" "-ldl" "-lc" "-L" "/opt/rustwide/target/debug/deps/rustcsvrsca/raw-dylibs" "-B<sysroot>/lib/rustlib/x86_64-unknown-linux-gnu/bin/gcc-ld" "-fuse-ld=lld" "-Wl,--eh-frame-hdr" "-Wl,-z,noexecstack" "-L" "/opt/rustwide/target/debug/build/blake2b-rs-1208544f46c3d082/out" "-L" "<sysroot>/lib/rustlib/x86_64-unknown-linux-gnu/lib" "-o" "/opt/rustwide/target/debug/deps/dl_allow-476f6fc69c03e7b2" "-Wl,--gc-sections" "-pie" "-Wl,-z,relro,-z,now" "-nodefaultlibs"
[INFO] [stdout]   = note: some arguments are omitted. use `--verbose` to show all linker arguments
[INFO] [stdout]   = note: rust-lld: error: duplicate symbol: _start
[INFO] [stdout]           >>> defined at /usr/lib/gcc/x86_64-linux-gnu/13/../../../x86_64-linux-gnu/Scrt1.o:(_start)
[INFO] [stdout]           >>> defined at entry.rs:21 (/opt/rustwide/cargo-home/registry/src/index.crates.io-1949cf8c6b5b557f/ckb-std-1.1.0/src/entry.rs:21)
[INFO] [stdout]           >>>            /opt/rustwide/target/debug/deps/dl_allow-476f6fc69c03e7b2.dl_allow.75e07f0285c315f-cgu.0.rcgu.o:(.text._start+0x0)
[INFO] [stdout]           collect2: error: ld returned 1 exit status
[INFO] [stdout]           
[INFO] [stdout] 
[INFO] [stdout] 
[INFO] [stderr] error: could not compile `dl-allow` (bin "dl-allow") due to 1 previous error
[INFO] [stderr] warning: build failed, waiting for other jobs to finish...
[INFO] [stdout] error: linking with `cc` failed: exit status: 1
[INFO] [stdout]   |
[INFO] [stdout]   = note:  "cc" "-m64" "/opt/rustwide/target/debug/deps/rustcJCU8DN/symbols.o" "<2 object files omitted>" "-Wl,--as-needed" "-Wl,-Bstatic" "/opt/rustwide/target/debug/deps/{libckb_std-f44ac918edce2f90,libgcd-df1e9b5aa49a819b,libbuddy_alloc-1a9e054a7f34928d,libckb_gen_types-0a29c4ddb2d76f7f,libmolecule-368221f2eb05290d,libbytes-38787a1dbe973553,libckb_hash-eb2a920e019929fe,libblake2b_ref-77084bad5c35912c,libckb_error-bf621f9fd263a6ec,libanyhow-3af8de1cec1772f1,libderive_more-7f9dfe4f783c8ce3,libstrum-a458553312b497c8,libnumext_fixed_uint-dee0883f0d289a75,libnumext_fixed_uint_core-377ee757ce79516f,libheapsize-e07160878588362f,librand-22243c593588bdfd,librand_chacha-10b90734b202f7ad,libppv_lite86-74d192d5fb0d20a2,librand_core-348083c8bf6785cd,libgetrandom-c3588e7080ef9e7e,liblibc-32c7908c8f3e9020,libcfg_if-3e7fc4e38d4a72b5,libckb_occupied_capacity-a5956dee543b20fa,libckb_occupied_capacity_core-384b0c7763b900bc,libckb_fixed_hash-8340155441649ef2,libckb_fixed_hash_core-9de8d686b80a77c6,libfaster_hex-802dc543074013d1,libthiserror-87ee5e9e84ce5e14,libschemars-2f006209a2552fda,libdyn_clone-5258a20ab3811a89,libserde-e65b78e52e0df7c2,libref_cast-9d6f5a12b655ed3e,libserde_json-0b2de6d660af9a6b,libmemchr-08f38e9718637002,libitoa-20e94f961f8d160c,libzmij-ef63f1da73704b4c,libserde_core-21f22ac7b803fb0e}.rlib" "<sysroot>/lib/rustlib/x86_64-unknown-linux-gnu/lib/{libstd-*,libpanic_unwind-*,libobject-*,libmemchr-*,libaddr2line-*,libgimli-*,libcfg_if-*,librustc_demangle-*,libstd_detect-*,libhashbrown-*,librustc_std_workspace_alloc-*,libminiz_oxide-*,libadler2-*,libunwind-*,liblibc-*,librustc_std_workspace_core-*,liballoc-*,libcore-*,libcompiler_builtins-*}.rlib" "-Wl,-Bdynamic" "-lgcc_s" "-lutil" "-lrt" "-lpthread" "-lm" "-ldl" "-lc" "-L" "/opt/rustwide/target/debug/deps/rustcJCU8DN/raw-dylibs" "-B<sysroot>/lib/rustlib/x86_64-unknown-linux-gnu/bin/gcc-ld" "-fuse-ld=lld" "-Wl,--eh-frame-hdr" "-Wl,-z,noexecstack" "-L" "/opt/rustwide/target/debug/build/blake2b-rs-1208544f46c3d082/out" "-L" "<sysroot>/lib/rustlib/x86_64-unknown-linux-gnu/lib" "-o" "/opt/rustwide/target/debug/deps/spawn_allow-b1f002c1a0151406" "-Wl,--gc-sections" "-pie" "-Wl,-z,relro,-z,now" "-nodefaultlibs"
[INFO] [stdout]   = note: some arguments are omitted. use `--verbose` to show all linker arguments
[INFO] [stdout]   = note: rust-lld: error: duplicate symbol: _start
[INFO] [stdout]           >>> defined at /usr/lib/gcc/x86_64-linux-gnu/13/../../../x86_64-linux-gnu/Scrt1.o:(_start)
[INFO] [stdout]           >>> defined at entry.rs:21 (/opt/rustwide/cargo-home/registry/src/index.crates.io-1949cf8c6b5b557f/ckb-std-1.1.0/src/entry.rs:21)
[INFO] [stdout]           >>>            /opt/rustwide/target/debug/deps/spawn_allow-b1f002c1a0151406.spawn_allow.e3a58c5ffca5690-cgu.0.rcgu.o:(.text._start+0x0)
[INFO] [stdout]           collect2: error: ld returned 1 exit status
[INFO] [stdout]           
[INFO] [stdout] 
[INFO] [stdout] 
[INFO] [stdout] error: linking with `cc` failed: exit status: 1
[INFO] [stdout]   |
[INFO] [stdout]   = note:  "cc" "-m64" "/opt/rustwide/target/debug/deps/rustctOVmd5/symbols.o" "<2 object files omitted>" "-Wl,--as-needed" "-Wl,-Bstatic" "/opt/rustwide/target/debug/deps/{libckb_std-f44ac918edce2f90,libgcd-df1e9b5aa49a819b,libbuddy_alloc-1a9e054a7f34928d,libckb_gen_types-0a29c4ddb2d76f7f,libmolecule-368221f2eb05290d,libbytes-38787a1dbe973553,libckb_hash-eb2a920e019929fe,libblake2b_ref-77084bad5c35912c,libckb_error-bf621f9fd263a6ec,libanyhow-3af8de1cec1772f1,libderive_more-7f9dfe4f783c8ce3,libstrum-a458553312b497c8,libnumext_fixed_uint-dee0883f0d289a75,libnumext_fixed_uint_core-377ee757ce79516f,libheapsize-e07160878588362f,librand-22243c593588bdfd,librand_chacha-10b90734b202f7ad,libppv_lite86-74d192d5fb0d20a2,librand_core-348083c8bf6785cd,libgetrandom-c3588e7080ef9e7e,liblibc-32c7908c8f3e9020,libcfg_if-3e7fc4e38d4a72b5,libckb_occupied_capacity-a5956dee543b20fa,libckb_occupied_capacity_core-384b0c7763b900bc,libckb_fixed_hash-8340155441649ef2,libckb_fixed_hash_core-9de8d686b80a77c6,libfaster_hex-802dc543074013d1,libthiserror-87ee5e9e84ce5e14,libschemars-2f006209a2552fda,libdyn_clone-5258a20ab3811a89,libserde-e65b78e52e0df7c2,libref_cast-9d6f5a12b655ed3e,libserde_json-0b2de6d660af9a6b,libmemchr-08f38e9718637002,libitoa-20e94f961f8d160c,libzmij-ef63f1da73704b4c,libserde_core-21f22ac7b803fb0e}.rlib" "<sysroot>/lib/rustlib/x86_64-unknown-linux-gnu/lib/{libstd-*,libpanic_unwind-*,libobject-*,libmemchr-*,libaddr2line-*,libgimli-*,libcfg_if-*,librustc_demangle-*,libstd_detect-*,libhashbrown-*,librustc_std_workspace_alloc-*,libminiz_oxide-*,libadler2-*,libunwind-*,liblibc-*,librustc_std_workspace_core-*,liballoc-*,libcore-*,libcompiler_builtins-*}.rlib" "-Wl,-Bdynamic" "-lgcc_s" "-lutil" "-lrt" "-lpthread" "-lm" "-ldl" "-lc" "-L" "/opt/rustwide/target/debug/deps/rustctOVmd5/raw-dylibs" "-B<sysroot>/lib/rustlib/x86_64-unknown-linux-gnu/bin/gcc-ld" "-fuse-ld=lld" "-Wl,--eh-frame-hdr" "-Wl,-z,noexecstack" "-L" "/opt/rustwide/target/debug/build/blake2b-rs-1208544f46c3d082/out" "-L" "<sysroot>/lib/rustlib/x86_64-unknown-linux-gnu/lib" "-o" "/opt/rustwide/target/debug/deps/authority_spawn_deny-7f56ae6a4f2d870d" "-Wl,--gc-sections" "-pie" "-Wl,-z,relro,-z,now" "-nodefaultlibs"
[INFO] [stdout]   = note: some arguments are omitted. use `--verbose` to show all linker arguments
[INFO] [stdout]   = note: rust-lld: error: duplicate symbol: _start
[INFO] [stdout]           >>> defined at /usr/lib/gcc/x86_64-linux-gnu/13/../../../x86_64-linux-gnu/Scrt1.o:(_start)
[INFO] [stdout]           >>> defined at entry.rs:21 (/opt/rustwide/cargo-home/registry/src/index.crates.io-1949cf8c6b5b557f/ckb-std-1.1.0/src/entry.rs:21)
[INFO] [stdout]           >>>            /opt/rustwide/target/debug/deps/authority_spawn_deny-7f56ae6a4f2d870d.authority_spawn_deny.28aff2d4eebafa22-cgu.0.rcgu.o:(.text._start+0x0)
[INFO] [stdout]           collect2: error: ld returned 1 exit status
[INFO] [stdout]           
[INFO] [stdout] 
[INFO] [stdout] 
[INFO] [stderr] error: could not compile `spawn-allow` (bin "spawn-allow") due to 1 previous error
[INFO] [stderr] error: could not compile `authority-spawn-deny` (bin "authority-spawn-deny") due to 1 previous error
[INFO] [stderr] error: could not compile `authority-spawn-allow` (bin "authority-spawn-allow") due to 1 previous error
[INFO] [stdout] error: linking with `cc` failed: exit status: 1
[INFO] [stdout]   |
[INFO] [stdout]   = note:  "cc" "-m64" "/opt/rustwide/target/debug/deps/rustchvxChV/symbols.o" "<2 object files omitted>" "-Wl,--as-needed" "-Wl,-Bstatic" "/opt/rustwide/target/debug/deps/{libckb_std-f44ac918edce2f90,libgcd-df1e9b5aa49a819b,libbuddy_alloc-1a9e054a7f34928d,libckb_gen_types-0a29c4ddb2d76f7f,libmolecule-368221f2eb05290d,libbytes-38787a1dbe973553,libckb_hash-eb2a920e019929fe,libblake2b_ref-77084bad5c35912c,libckb_error-bf621f9fd263a6ec,libanyhow-3af8de1cec1772f1,libderive_more-7f9dfe4f783c8ce3,libstrum-a458553312b497c8,libnumext_fixed_uint-dee0883f0d289a75,libnumext_fixed_uint_core-377ee757ce79516f,libheapsize-e07160878588362f,librand-22243c593588bdfd,librand_chacha-10b90734b202f7ad,libppv_lite86-74d192d5fb0d20a2,librand_core-348083c8bf6785cd,libgetrandom-c3588e7080ef9e7e,liblibc-32c7908c8f3e9020,libcfg_if-3e7fc4e38d4a72b5,libckb_occupied_capacity-a5956dee543b20fa,libckb_occupied_capacity_core-384b0c7763b900bc,libckb_fixed_hash-8340155441649ef2,libckb_fixed_hash_core-9de8d686b80a77c6,libfaster_hex-802dc543074013d1,libthiserror-87ee5e9e84ce5e14,libschemars-2f006209a2552fda,libdyn_clone-5258a20ab3811a89,libserde-e65b78e52e0df7c2,libref_cast-9d6f5a12b655ed3e,libserde_json-0b2de6d660af9a6b,libmemchr-08f38e9718637002,libitoa-20e94f961f8d160c,libzmij-ef63f1da73704b4c,libserde_core-21f22ac7b803fb0e}.rlib" "<sysroot>/lib/rustlib/x86_64-unknown-linux-gnu/lib/{libstd-*,libpanic_unwind-*,libobject-*,libmemchr-*,libaddr2line-*,libgimli-*,libcfg_if-*,librustc_demangle-*,libstd_detect-*,libhashbrown-*,librustc_std_workspace_alloc-*,libminiz_oxide-*,libadler2-*,libunwind-*,liblibc-*,librustc_std_workspace_core-*,liballoc-*,libcore-*,libcompiler_builtins-*}.rlib" "-Wl,-Bdynamic" "-lgcc_s" "-lutil" "-lrt" "-lpthread" "-lm" "-ldl" "-lc" "-L" "/opt/rustwide/target/debug/deps/rustchvxChV/raw-dylibs" "-B<sysroot>/lib/rustlib/x86_64-unknown-linux-gnu/bin/gcc-ld" "-fuse-ld=lld" "-Wl,--eh-frame-hdr" "-Wl,-z,noexecstack" "-L" "/opt/rustwide/target/debug/build/blake2b-rs-1208544f46c3d082/out" "-L" "<sysroot>/lib/rustlib/x86_64-unknown-linux-gnu/lib" "-o" "/opt/rustwide/target/debug/deps/authority_spawn_allow-ce501e54718160f3" "-Wl,--gc-sections" "-pie" "-Wl,-z,relro,-z,now" "-nodefaultlibs"
[INFO] [stdout]   = note: some arguments are omitted. use `--verbose` to show all linker arguments
[INFO] [stdout]   = note: rust-lld: error: duplicate symbol: _start
[INFO] [stdout]           >>> defined at /usr/lib/gcc/x86_64-linux-gnu/13/../../../x86_64-linux-gnu/Scrt1.o:(_start)
[INFO] [stdout]           >>> defined at entry.rs:21 (/opt/rustwide/cargo-home/registry/src/index.crates.io-1949cf8c6b5b557f/ckb-std-1.1.0/src/entry.rs:21)
[INFO] [stdout]           >>>            /opt/rustwide/target/debug/deps/authority_spawn_allow-ce501e54718160f3.authority_spawn_allow.dcb955db80fa6a14-cgu.0.rcgu.o:(.text._start+0x0)
[INFO] [stdout]           collect2: error: ld returned 1 exit status
[INFO] [stdout]           
[INFO] [stdout] 
[INFO] [stdout] 
[INFO] [stdout] error: linking with `cc` failed: exit status: 1
[INFO] [stdout]   |
[INFO] [stdout]   = note:  "cc" "-m64" "/opt/rustwide/target/debug/deps/rustcWNtf5N/symbols.o" "<2 object files omitted>" "-Wl,--as-needed" "-Wl,-Bstatic" "/opt/rustwide/target/debug/deps/{libckb_std-f44ac918edce2f90,libgcd-df1e9b5aa49a819b,libbuddy_alloc-1a9e054a7f34928d,libckb_gen_types-0a29c4ddb2d76f7f,libmolecule-368221f2eb05290d,libbytes-38787a1dbe973553,libckb_hash-eb2a920e019929fe,libblake2b_ref-77084bad5c35912c,libckb_error-bf621f9fd263a6ec,libanyhow-3af8de1cec1772f1,libderive_more-7f9dfe4f783c8ce3,libstrum-a458553312b497c8,libnumext_fixed_uint-dee0883f0d289a75,libnumext_fixed_uint_core-377ee757ce79516f,libheapsize-e07160878588362f,librand-22243c593588bdfd,librand_chacha-10b90734b202f7ad,libppv_lite86-74d192d5fb0d20a2,librand_core-348083c8bf6785cd,libgetrandom-c3588e7080ef9e7e,liblibc-32c7908c8f3e9020,libcfg_if-3e7fc4e38d4a72b5,libckb_occupied_capacity-a5956dee543b20fa,libckb_occupied_capacity_core-384b0c7763b900bc,libckb_fixed_hash-8340155441649ef2,libckb_fixed_hash_core-9de8d686b80a77c6,libfaster_hex-802dc543074013d1,libthiserror-87ee5e9e84ce5e14,libschemars-2f006209a2552fda,libdyn_clone-5258a20ab3811a89,libserde-e65b78e52e0df7c2,libref_cast-9d6f5a12b655ed3e,libserde_json-0b2de6d660af9a6b,libmemchr-08f38e9718637002,libitoa-20e94f961f8d160c,libzmij-ef63f1da73704b4c,libserde_core-21f22ac7b803fb0e}.rlib" "<sysroot>/lib/rustlib/x86_64-unknown-linux-gnu/lib/{libstd-*,libpanic_unwind-*,libobject-*,libmemchr-*,libaddr2line-*,libgimli-*,libcfg_if-*,librustc_demangle-*,libstd_detect-*,libhashbrown-*,librustc_std_workspace_alloc-*,libminiz_oxide-*,libadler2-*,libunwind-*,liblibc-*,librustc_std_workspace_core-*,liballoc-*,libcore-*,libcompiler_builtins-*}.rlib" "-Wl,-Bdynamic" "-lgcc_s" "-lutil" "-lrt" "-lpthread" "-lm" "-ldl" "-lc" "-L" "/opt/rustwide/target/debug/deps/rustcWNtf5N/raw-dylibs" "-B<sysroot>/lib/rustlib/x86_64-unknown-linux-gnu/bin/gcc-ld" "-fuse-ld=lld" "-Wl,--eh-frame-hdr" "-Wl,-z,noexecstack" "-L" "/opt/rustwide/target/debug/build/blake2b-rs-1208544f46c3d082/out" "-L" "<sysroot>/lib/rustlib/x86_64-unknown-linux-gnu/lib" "-o" "/opt/rustwide/target/debug/deps/spawn_deny-9a28fca874c30729" "-Wl,--gc-sections" "-pie" "-Wl,-z,relro,-z,now" "-nodefaultlibs"
[INFO] [stdout]   = note: some arguments are omitted. use `--verbose` to show all linker arguments
[INFO] [stdout]   = note: rust-lld: error: duplicate symbol: _start
[INFO] [stdout]           >>> defined at /usr/lib/gcc/x86_64-linux-gnu/13/../../../x86_64-linux-gnu/Scrt1.o:(_start)
[INFO] [stdout]           >>> defined at entry.rs:21 (/opt/rustwide/cargo-home/registry/src/index.crates.io-1949cf8c6b5b557f/ckb-std-1.1.0/src/entry.rs:21)
[INFO] [stdout]           >>>            /opt/rustwide/target/debug/deps/spawn_deny-9a28fca874c30729.spawn_deny.2d2fa78192e25f93-cgu.0.rcgu.o:(.text._start+0x0)
[INFO] [stdout]           collect2: error: ld returned 1 exit status
[INFO] [stdout]           
[INFO] [stdout] 
[INFO] [stdout] 
[INFO] [stderr] error: could not compile `spawn-deny` (bin "spawn-deny") due to 1 previous error
[INFO] running `Command { std: "docker" "inspect" "d35973ecb0835b426682947a560284bbe309382eb937f73e2396c297d2607504", kill_on_drop: false }`
[INFO] running `Command { std: "docker" "rm" "-f" "d35973ecb0835b426682947a560284bbe309382eb937f73e2396c297d2607504", kill_on_drop: false }`
[INFO] [stdout] d35973ecb0835b426682947a560284bbe309382eb937f73e2396c297d2607504
