[INFO] cloning repository https://github.com/writeabook/ROUSSATL
[INFO] running `Command { std: "git" "-c" "credential.helper=" "-c" "credential.helper=/workspace/cargo-home/bin/git-credential-null" "clone" "--bare" "https://github.com/writeabook/ROUSSATL" "/workspace/cache/git-repos/https%3A%2F%2Fgithub.com%2Fwriteabook%2FROUSSATL", kill_on_drop: false }`
[INFO] [stderr] Cloning into bare repository '/workspace/cache/git-repos/https%3A%2F%2Fgithub.com%2Fwriteabook%2FROUSSATL'...
[INFO] running `Command { std: "git" "rev-parse" "HEAD", kill_on_drop: false }`
[INFO] [stdout] 0a2e90f5d6303d632ced8fa3d53a781f60353080
[INFO] testing writeabook/ROUSSATL against 1.97.0-beta.6 for beta-1.98-2
[INFO] running `Command { std: "git" "clone" "/workspace/cache/git-repos/https%3A%2F%2Fgithub.com%2Fwriteabook%2FROUSSATL" "/workspace/builds/worker-6-tc1/source", kill_on_drop: false }`
[INFO] [stderr] Cloning into '/workspace/builds/worker-6-tc1/source'...
[INFO] [stderr] done.
[INFO] removed /workspace/builds/worker-6-tc1/source/rust-toolchain.toml
[INFO] started tweaking git repo https://github.com/writeabook/ROUSSATL
[INFO] finished tweaking git repo https://github.com/writeabook/ROUSSATL
[INFO] tweaked toml for git repo https://github.com/writeabook/ROUSSATL written to /workspace/builds/worker-6-tc1/source/Cargo.toml
[INFO] validating manifest of git repo https://github.com/writeabook/ROUSSATL on toolchain 1.97.0-beta.6
[INFO] running `Command { std: CARGO_HOME="/workspace/cargo-home" RUSTUP_HOME="/workspace/rustup-home" "/workspace/cargo-home/bin/cargo" "+1.97.0-beta.6" "metadata" "--manifest-path" "Cargo.toml" "--no-deps", kill_on_drop: false }`
[INFO] crate git repo https://github.com/writeabook/ROUSSATL already has a lockfile, it will not be regenerated
[INFO] running `Command { std: CARGO_HOME="/workspace/cargo-home" RUSTUP_HOME="/workspace/rustup-home" "/workspace/cargo-home/bin/cargo" "+1.97.0-beta.6" "fetch" "--manifest-path" "Cargo.toml", kill_on_drop: false }`
[INFO] running `Command { std: "docker" "create" "-v" "/var/lib/crater-agent-workspace/builds/worker-6-tc1/source:/opt/rustwide/workdir:ro,Z" "-v" "/var/lib/crater-agent-workspace/builds/worker-6-tc1/target:/opt/rustwide/target:rw,Z" "-v" "/var/lib/crater-agent-workspace/cargo-home:/opt/rustwide/cargo-home:ro,Z" "-v" "/var/lib/crater-agent-workspace/rustup-home:/opt/rustwide/rustup-home:ro,Z" "-m" "1610612736" "--network" "none" "ghcr.io/rust-lang/crates-build-env/linux@sha256:3d5ced03c013a94a2f102a4510f48a6e9184255caf5fd8244f58017bde7f5210" "sleep" "infinity", kill_on_drop: false }`
[INFO] [stdout] 9db09aaf5de2595c61ad8216ddb8caf2ced0474f7374001a3532d00c703b4b15
[INFO] running `Command { std: "docker" "start" "9db09aaf5de2595c61ad8216ddb8caf2ced0474f7374001a3532d00c703b4b15", kill_on_drop: false }`
[INFO] running `Command { std: "docker" "inspect" "9db09aaf5de2595c61ad8216ddb8caf2ced0474f7374001a3532d00c703b4b15", kill_on_drop: false }`
[INFO] running `Command { std: "docker" "exec" "-e" "SOURCE_DIR=/opt/rustwide/workdir" "-e" "CARGO_HOME=/opt/rustwide/cargo-home" "-e" "RUSTUP_HOME=/opt/rustwide/rustup-home" "-e" "CARGO_TARGET_DIR=/opt/rustwide/target" "-w" "/opt/rustwide/workdir" "--user" "0:0" "9db09aaf5de2595c61ad8216ddb8caf2ced0474f7374001a3532d00c703b4b15" "/opt/rustwide/cargo-home/bin/cargo" "+1.97.0-beta.6" "metadata" "--no-deps" "--format-version=1", kill_on_drop: false }`
[INFO] running `Command { std: "docker" "inspect" "9db09aaf5de2595c61ad8216ddb8caf2ced0474f7374001a3532d00c703b4b15", kill_on_drop: false }`
[INFO] running `Command { std: "docker" "exec" "-e" "SOURCE_DIR=/opt/rustwide/workdir" "-e" "CARGO_HOME=/opt/rustwide/cargo-home" "-e" "RUSTUP_HOME=/opt/rustwide/rustup-home" "-e" "CARGO_TARGET_DIR=/opt/rustwide/target" "-e" "CARGO_INCREMENTAL=0" "-e" "RUST_BACKTRACE=full" "-e" "RUSTFLAGS=--cap-lints=warn" "-e" "RUSTDOCFLAGS=--cap-lints=warn" "-w" "/opt/rustwide/workdir" "--user" "0:0" "9db09aaf5de2595c61ad8216ddb8caf2ced0474f7374001a3532d00c703b4b15" "/opt/rustwide/cargo-home/bin/cargo" "+1.97.0-beta.6" "build" "--frozen" "--message-format=json", kill_on_drop: false }`
[INFO] [stderr]    Compiling osal-api v0.1.0 (/opt/rustwide/workdir/crates/osal-api)
[INFO] [stderr]    Compiling scopeguard v1.2.0
[INFO] [stderr]    Compiling libc v0.2.186
[INFO] [stderr]    Compiling lock_api v0.4.14
[INFO] [stderr]    Compiling osal-shared v0.1.0 (/opt/rustwide/workdir/crates/osal-shared)
[INFO] [stderr]    Compiling osal-bsp v0.1.0 (/opt/rustwide/workdir/crates/osal-bsp)
[INFO] [stderr]    Compiling osal-testkit v0.1.0 (/opt/rustwide/workdir/crates/osal-testkit)
[INFO] [stderr]    Compiling osal-bsp-linux v0.1.0 (/opt/rustwide/workdir/crates/osal-bsp-linux)
[INFO] [stderr]    Compiling osal-portable v0.1.0 (/opt/rustwide/workdir/crates/osal-portable)
[INFO] [stderr]    Compiling spin v0.9.8
[INFO] [stderr]    Compiling osal-backend-mock v0.1.0 (/opt/rustwide/workdir/crates/osal-backend-mock)
[INFO] [stderr]    Compiling osal-backend-posix v0.1.0 (/opt/rustwide/workdir/crates/osal-backend-posix)
[INFO] [stderr]    Compiling osal v0.1.0 (/opt/rustwide/workdir/crates/osal)
[INFO] [stderr]     Finished `dev` profile [unoptimized + debuginfo] target(s) in 2.49s
[INFO] running `Command { std: "docker" "inspect" "9db09aaf5de2595c61ad8216ddb8caf2ced0474f7374001a3532d00c703b4b15", kill_on_drop: false }`
[INFO] running `Command { std: "docker" "exec" "-e" "SOURCE_DIR=/opt/rustwide/workdir" "-e" "CARGO_HOME=/opt/rustwide/cargo-home" "-e" "RUSTUP_HOME=/opt/rustwide/rustup-home" "-e" "CARGO_TARGET_DIR=/opt/rustwide/target" "-e" "CARGO_INCREMENTAL=0" "-e" "RUST_BACKTRACE=full" "-e" "RUSTFLAGS=--cap-lints=warn" "-e" "RUSTDOCFLAGS=--cap-lints=warn" "-w" "/opt/rustwide/workdir" "--user" "0:0" "9db09aaf5de2595c61ad8216ddb8caf2ced0474f7374001a3532d00c703b4b15" "/opt/rustwide/cargo-home/bin/cargo" "+1.97.0-beta.6" "test" "--frozen" "--no-run" "--message-format=json", kill_on_drop: false }`
[INFO] [stderr]    Compiling osal-api v0.1.0 (/opt/rustwide/workdir/crates/osal-api)
[INFO] [stderr]    Compiling spin v0.9.8
[INFO] [stderr]    Compiling osal-shared v0.1.0 (/opt/rustwide/workdir/crates/osal-shared)
[INFO] [stderr]    Compiling osal-bsp v0.1.0 (/opt/rustwide/workdir/crates/osal-bsp)
[INFO] [stderr]    Compiling osal-testkit v0.1.0 (/opt/rustwide/workdir/crates/osal-testkit)
[INFO] [stderr]    Compiling osal-bsp-linux v0.1.0 (/opt/rustwide/workdir/crates/osal-bsp-linux)
[INFO] [stderr]    Compiling osal-portable v0.1.0 (/opt/rustwide/workdir/crates/osal-portable)
[INFO] [stderr]    Compiling osal-backend-posix v0.1.0 (/opt/rustwide/workdir/crates/osal-backend-posix)
[INFO] [stderr]    Compiling osal-backend-mock v0.1.0 (/opt/rustwide/workdir/crates/osal-backend-mock)
[INFO] [stderr]    Compiling osal v0.1.0 (/opt/rustwide/workdir/crates/osal)
[INFO] [stdout] error[E0432]: unresolved import `osal_backend_mock::task::MockTaskFactory`
[INFO] [stdout]    --> crates/osal-backend-mock/tests/task_contract.rs:8:5
[INFO] [stdout]     |
[INFO] [stdout]   8 | use osal_backend_mock::task::MockTaskFactory;
[INFO] [stdout]     |     ^^^^^^^^^^^^^^^^^^^^^^^^^^^^^^^^^^^^^^^^ no `MockTaskFactory` in `task`
[INFO] [stdout]     |
[INFO] [stdout] note: found an item that was configured out
[INFO] [stdout]    --> crates/osal-backend-mock/src/task.rs:143:12
[INFO] [stdout]     |
[INFO] [stdout] 142 | #[cfg(feature = "testkit")]
[INFO] [stdout]     |       ------------------- the item is gated behind the `testkit` feature
[INFO] [stdout] 143 | pub struct MockTaskFactory;
[INFO] [stdout]     |            ^^^^^^^^^^^^^^^
[INFO] [stdout] 
[INFO] [stdout] 
[INFO] [stdout] error[E0433]: cannot find module or crate `osal_testkit` in this scope
[INFO] [stdout]   --> crates/osal-backend-mock/tests/task_contract.rs:13:5
[INFO] [stdout]    |
[INFO] [stdout] 13 |     osal_testkit::contract::task::run_smoke_contracts(&factory);
[INFO] [stdout]    |     ^^^^^^^^^^^^ use of unresolved module or unlinked crate `osal_testkit`
[INFO] [stdout]    |
[INFO] [stdout]    = help: if you wanted to use a crate named `osal_testkit`, use `cargo add osal_testkit` to add it to your `Cargo.toml`
[INFO] [stdout] 
[INFO] [stdout] 
[INFO] [stdout] error[E0432]: unresolved import `osal_backend_mock::system::MockSystemFactory`
[INFO] [stdout]   --> crates/osal-backend-mock/tests/system_contract.rs:8:5
[INFO] [stdout]    |
[INFO] [stdout]  8 | use osal_backend_mock::system::MockSystemFactory;
[INFO] [stdout]    |     ^^^^^^^^^^^^^^^^^^^^^^^^^^^^^^^^^^^^^^^^^^^^ no `MockSystemFactory` in `system`
[INFO] [stdout]    |
[INFO] [stdout] note: found an item that was configured out
[INFO] [stdout]   --> crates/osal-backend-mock/src/system.rs:76:12
[INFO] [stdout]    |
[INFO] [stdout] 75 | #[cfg(feature = "testkit")]
[INFO] [stdout]    |       ------------------- the item is gated behind the `testkit` feature
[INFO] [stdout] 76 | pub struct MockSystemFactory;
[INFO] [stdout]    |            ^^^^^^^^^^^^^^^^^
[INFO] [stdout] 
[INFO] [stdout] 
[INFO] [stdout] Some errors have detailed explanations: E0432, E0433.
[INFO] [stdout] 
[INFO] [stdout] For more information about an error, try `rustc --explain E0432`.
[INFO] [stdout] 
[INFO] [stdout] error[E0433]: cannot find module or crate `osal_testkit` in this scope
[INFO] [stdout]   --> crates/osal-backend-mock/tests/queue_contract.rs:21:5
[INFO] [stdout]    |
[INFO] [stdout] 21 |     osal_testkit::contract::queue::run_core_contracts(&factory);
[INFO] [stdout]    |     ^^^^^^^^^^^^ use of unresolved module or unlinked crate `osal_testkit`
[INFO] [stdout]    |
[INFO] [stdout]    = help: if you wanted to use a crate named `osal_testkit`, use `cargo add osal_testkit` to add it to your `Cargo.toml`
[INFO] [stdout] 
[INFO] [stdout] 
[INFO] [stdout] error[E0433]: cannot find module or crate `osal_testkit` in this scope
[INFO] [stdout]   --> crates/osal-backend-mock/tests/system_contract.rs:13:5
[INFO] [stdout]    |
[INFO] [stdout] 13 |     osal_testkit::contract::system::run_all(&factory);
[INFO] [stdout]    |     ^^^^^^^^^^^^ use of unresolved module or unlinked crate `osal_testkit`
[INFO] [stdout]    |
[INFO] [stdout]    = help: if you wanted to use a crate named `osal_testkit`, use `cargo add osal_testkit` to add it to your `Cargo.toml`
[INFO] [stdout] 
[INFO] [stdout] 
[INFO] [stderr] error: could not compile `osal-backend-mock` (test "task_contract") due to 2 previous errors
[INFO] [stderr] warning: build failed, waiting for other jobs to finish...
[INFO] [stdout] Some errors have detailed explanations: E0432, E0433.
[INFO] [stdout] 
[INFO] [stdout] For more information about an error, try `rustc --explain E0432`.
[INFO] [stdout] 
[INFO] [stderr] error: could not compile `osal-backend-mock` (test "system_contract") due to 2 previous errors
[INFO] [stdout] error[E0432]: unresolved import `osal_backend_mock::test_support`
[INFO] [stdout]   --> crates/osal-backend-mock/tests/timer_contract.rs:11:24
[INFO] [stdout]    |
[INFO] [stdout] 11 | use osal_backend_mock::test_support::mock_time_test_guard;
[INFO] [stdout]    |                        ^^^^^^^^^^^^ could not find `test_support` in `osal_backend_mock`
[INFO] [stdout]    |
[INFO] [stdout] note: found an item that was configured out
[INFO] [stdout]   --> crates/osal-backend-mock/src/lib.rs:22:9
[INFO] [stdout]    |
[INFO] [stdout] 21 | #[cfg(feature = "testkit")]
[INFO] [stdout]    |       ------------------- the item is gated behind the `testkit` feature
[INFO] [stdout] 22 | pub mod test_support;
[INFO] [stdout]    |         ^^^^^^^^^^^^
[INFO] [stdout] 
[INFO] [stdout] 
[INFO] [stdout] error[E0433]: cannot find module or crate `osal_testkit` in this scope
[INFO] [stdout]   --> crates/osal-backend-mock/tests/queue_contract.rs:27:5
[INFO] [stdout]    |
[INFO] [stdout] 27 |     osal_testkit::contract::lifetime::run_clone_contracts(&factory);
[INFO] [stdout]    |     ^^^^^^^^^^^^ use of unresolved module or unlinked crate `osal_testkit`
[INFO] [stdout]    |
[INFO] [stdout]    = help: if you wanted to use a crate named `osal_testkit`, use `cargo add osal_testkit` to add it to your `Cargo.toml`
[INFO] [stdout] 
[INFO] [stdout] 
[INFO] [stdout] error[E0433]: cannot find module or crate `osal_testkit` in this scope
[INFO] [stdout]   --> crates/osal-backend-mock/tests/queue_contract.rs:38:5
[INFO] [stdout]    |
[INFO] [stdout] 38 |     osal_testkit::contract::clock::run_basic_contracts(&factory);
[INFO] [stdout]    |     ^^^^^^^^^^^^ use of unresolved module or unlinked crate `osal_testkit`
[INFO] [stdout]    |
[INFO] [stdout]    = help: if you wanted to use a crate named `osal_testkit`, use `cargo add osal_testkit` to add it to your `Cargo.toml`
[INFO] [stdout] 
[INFO] [stdout] 
[INFO] [stdout] error[E0433]: cannot find module or crate `osal_testkit` in this scope
[INFO] [stdout]   --> crates/osal-backend-mock/tests/timer_stabilization.rs:13:5
[INFO] [stdout]    |
[INFO] [stdout] 13 | use osal_testkit::factory::clock::ClockControl as _;
[INFO] [stdout]    |     ^^^^^^^^^^^^ use of unresolved module or unlinked crate `osal_testkit`
[INFO] [stdout]    |
[INFO] [stdout]    = help: if you wanted to use a crate named `osal_testkit`, use `cargo add osal_testkit` to add it to your `Cargo.toml`
[INFO] [stdout] 
[INFO] [stdout] 
[INFO] [stdout] error[E0432]: unresolved import `osal_backend_mock::test_support`
[INFO] [stdout]   --> crates/osal-backend-mock/tests/timer_stabilization.rs:11:24
[INFO] [stdout]    |
[INFO] [stdout] 11 | use osal_backend_mock::test_support::mock_time_test_guard;
[INFO] [stdout]    |                        ^^^^^^^^^^^^ could not find `test_support` in `osal_backend_mock`
[INFO] [stdout]    |
[INFO] [stdout] note: found an item that was configured out
[INFO] [stdout]   --> crates/osal-backend-mock/src/lib.rs:22:9
[INFO] [stdout]    |
[INFO] [stdout] 21 | #[cfg(feature = "testkit")]
[INFO] [stdout]    |       ------------------- the item is gated behind the `testkit` feature
[INFO] [stdout] 22 | pub mod test_support;
[INFO] [stdout]    |         ^^^^^^^^^^^^
[INFO] [stdout] 
[INFO] [stdout] 
[INFO] [stdout] error[E0433]: cannot find module or crate `osal_testkit` in this scope
[INFO] [stdout]   --> crates/osal-backend-mock/tests/timer_contract.rs:20:5
[INFO] [stdout]    |
[INFO] [stdout] 20 |     osal_testkit::contract::timer::run_core_contracts(&factory);
[INFO] [stdout]    |     ^^^^^^^^^^^^ use of unresolved module or unlinked crate `osal_testkit`
[INFO] [stdout]    |
[INFO] [stdout]    = help: if you wanted to use a crate named `osal_testkit`, use `cargo add osal_testkit` to add it to your `Cargo.toml`
[INFO] [stdout] 
[INFO] [stdout] 
[INFO] [stdout] error[E0433]: cannot find module or crate `osal_testkit` in this scope
[INFO] [stdout]   --> crates/osal-backend-mock/tests/queue_contract.rs:45:5
[INFO] [stdout]    |
[INFO] [stdout] 45 |     osal_testkit::contract::clock::run_controlled_contracts(&factory);
[INFO] [stdout]    |     ^^^^^^^^^^^^ use of unresolved module or unlinked crate `osal_testkit`
[INFO] [stdout]    |
[INFO] [stdout]    = help: if you wanted to use a crate named `osal_testkit`, use `cargo add osal_testkit` to add it to your `Cargo.toml`
[INFO] [stdout] 
[INFO] [stdout] 
[INFO] [stdout] error[E0433]: cannot find module or crate `osal_testkit` in this scope
[INFO] [stdout]   --> crates/osal-backend-mock/tests/mutex_contract.rs:17:5
[INFO] [stdout]    |
[INFO] [stdout] 17 |     osal_testkit::contract::mutex::run_core_contracts(&factory);
[INFO] [stdout]    |     ^^^^^^^^^^^^ use of unresolved module or unlinked crate `osal_testkit`
[INFO] [stdout]    |
[INFO] [stdout]    = help: if you wanted to use a crate named `osal_testkit`, use `cargo add osal_testkit` to add it to your `Cargo.toml`
[INFO] [stdout] 
[INFO] [stdout] 
[INFO] [stdout] error[E0433]: cannot find module or crate `osal_testkit` in this scope
[INFO] [stdout]   --> crates/osal-backend-mock/tests/timer_contract.rs:29:5
[INFO] [stdout]    |
[INFO] [stdout] 29 |     osal_testkit::contract::timer::run_controlled_contracts(&factory);
[INFO] [stdout]    |     ^^^^^^^^^^^^ use of unresolved module or unlinked crate `osal_testkit`
[INFO] [stdout]    |
[INFO] [stdout]    = help: if you wanted to use a crate named `osal_testkit`, use `cargo add osal_testkit` to add it to your `Cargo.toml`
[INFO] [stdout] 
[INFO] [stdout] 
[INFO] [stdout] error[E0433]: cannot find module or crate `osal_testkit` in this scope
[INFO] [stdout]   --> crates/osal-backend-mock/tests/queue_contract.rs:55:5
[INFO] [stdout]    |
[INFO] [stdout] 55 |     osal_testkit::contract::fault::run_queue_fault_contracts(&factory);
[INFO] [stdout]    |     ^^^^^^^^^^^^ use of unresolved module or unlinked crate `osal_testkit`
[INFO] [stdout]    |
[INFO] [stdout]    = help: if you wanted to use a crate named `osal_testkit`, use `cargo add osal_testkit` to add it to your `Cargo.toml`
[INFO] [stdout] 
[INFO] [stdout] 
[INFO] [stdout] error[E0433]: cannot find module or crate `osal_testkit` in this scope
[INFO] [stdout]   --> crates/osal-backend-mock/tests/semaphore_contract.rs:13:5
[INFO] [stdout]    |
[INFO] [stdout] 13 |     osal_testkit::contract::semaphore::run_all(&factory);
[INFO] [stdout]    |     ^^^^^^^^^^^^ use of unresolved module or unlinked crate `osal_testkit`
[INFO] [stdout]    |
[INFO] [stdout]    = help: if you wanted to use a crate named `osal_testkit`, use `cargo add osal_testkit` to add it to your `Cargo.toml`
[INFO] [stdout] 
[INFO] [stdout] 
[INFO] [stdout] For more information about this error, try `rustc --explain E0433`.
[INFO] [stdout] 
[INFO] [stdout] Some errors have detailed explanations: E0432, E0433.
[INFO] [stdout] 
[INFO] [stdout] For more information about an error, try `rustc --explain E0432`.
[INFO] [stdout] 
[INFO] [stderr] error: could not compile `osal-backend-mock` (test "mutex_contract") due to 1 previous error
[INFO] [stderr] error: could not compile `osal-backend-mock` (test "timer_contract") due to 3 previous errors
[INFO] [stdout] For more information about this error, try `rustc --explain E0433`.
[INFO] [stdout] 
[INFO] [stdout] For more information about this error, try `rustc --explain E0433`.
[INFO] [stdout] 
[INFO] [stderr] error: could not compile `osal-backend-mock` (test "queue_contract") due to 5 previous errors
[INFO] [stderr] error: could not compile `osal-backend-mock` (test "semaphore_contract") due to 1 previous error
[INFO] [stdout] error[E0599]: no method named `advance_clock` found for struct `MockClockControl` in the current scope
[INFO] [stdout]   --> crates/osal-backend-mock/tests/timer_stabilization.rs:39:22
[INFO] [stdout]    |
[INFO] [stdout] 39 |     MockClockControl.advance_clock(Duration::from_millis(200));
[INFO] [stdout]    |                      ^^^^^^^^^^^^^ method not found in `MockClockControl`
[INFO] [stdout] 
[INFO] [stdout] 
[INFO] [stdout] error[E0599]: no method named `advance_clock` found for struct `MockClockControl` in the current scope
[INFO] [stdout]   --> crates/osal-backend-mock/tests/timer_stabilization.rs:67:22
[INFO] [stdout]    |
[INFO] [stdout] 67 |     MockClockControl.advance_clock(Duration::from_millis(200));
[INFO] [stdout]    |                      ^^^^^^^^^^^^^ method not found in `MockClockControl`
[INFO] [stdout] 
[INFO] [stdout] 
[INFO] [stdout] error[E0599]: no method named `advance_clock` found for struct `MockClockControl` in the current scope
[INFO] [stdout]    --> crates/osal-backend-mock/tests/timer_stabilization.rs:115:22
[INFO] [stdout]     |
[INFO] [stdout] 115 |     MockClockControl.advance_clock(Duration::from_millis(200));
[INFO] [stdout]     |                      ^^^^^^^^^^^^^ method not found in `MockClockControl`
[INFO] [stdout] 
[INFO] [stdout] 
[INFO] [stdout] error[E0599]: no method named `advance_clock` found for struct `MockClockControl` in the current scope
[INFO] [stdout]    --> crates/osal-backend-mock/tests/timer_stabilization.rs:141:22
[INFO] [stdout]     |
[INFO] [stdout] 141 |     MockClockControl.advance_clock(Duration::from_millis(150));
[INFO] [stdout]     |                      ^^^^^^^^^^^^^ method not found in `MockClockControl`
[INFO] [stdout] 
[INFO] [stdout] 
[INFO] [stdout] error[E0599]: no method named `advance_clock` found for struct `MockClockControl` in the current scope
[INFO] [stdout]    --> crates/osal-backend-mock/tests/timer_stabilization.rs:144:22
[INFO] [stdout]     |
[INFO] [stdout] 144 |     MockClockControl.advance_clock(Duration::from_millis(150));
[INFO] [stdout]     |                      ^^^^^^^^^^^^^ method not found in `MockClockControl`
[INFO] [stdout] 
[INFO] [stdout] 
[INFO] [stdout] error[E0599]: no method named `advance_clock` found for struct `MockClockControl` in the current scope
[INFO] [stdout]    --> crates/osal-backend-mock/tests/timer_stabilization.rs:185:22
[INFO] [stdout]     |
[INFO] [stdout] 185 |     MockClockControl.advance_clock(Duration::from_millis(200));
[INFO] [stdout]     |                      ^^^^^^^^^^^^^ method not found in `MockClockControl`
[INFO] [stdout] 
[INFO] [stdout] 
[INFO] [stdout] error[E0599]: no method named `advance_clock` found for struct `MockClockControl` in the current scope
[INFO] [stdout]    --> crates/osal-backend-mock/tests/timer_stabilization.rs:206:22
[INFO] [stdout]     |
[INFO] [stdout] 206 |     MockClockControl.advance_clock(Duration::from_millis(350));
[INFO] [stdout]     |                      ^^^^^^^^^^^^^ method not found in `MockClockControl`
[INFO] [stdout] 
[INFO] [stdout] 
[INFO] [stdout] error[E0599]: no method named `advance_clock` found for struct `MockClockControl` in the current scope
[INFO] [stdout]    --> crates/osal-backend-mock/tests/timer_stabilization.rs:228:22
[INFO] [stdout]     |
[INFO] [stdout] 228 |     MockClockControl.advance_clock(Duration::from_millis(200));
[INFO] [stdout]     |                      ^^^^^^^^^^^^^ method not found in `MockClockControl`
[INFO] [stdout] 
[INFO] [stdout] 
[INFO] [stdout] Some errors have detailed explanations: E0432, E0433, E0599.
[INFO] [stdout] 
[INFO] [stderr] error: could not compile `osal-backend-mock` (test "timer_stabilization") due to 10 previous errors
[INFO] [stdout] For more information about an error, try `rustc --explain E0432`.
[INFO] [stdout] 
[INFO] running `Command { std: "docker" "inspect" "9db09aaf5de2595c61ad8216ddb8caf2ced0474f7374001a3532d00c703b4b15", kill_on_drop: false }`
[INFO] running `Command { std: "docker" "rm" "-f" "9db09aaf5de2595c61ad8216ddb8caf2ced0474f7374001a3532d00c703b4b15", kill_on_drop: false }`
[INFO] [stdout] 9db09aaf5de2595c61ad8216ddb8caf2ced0474f7374001a3532d00c703b4b15
