[INFO] cloning repository https://github.com/verdenmax/proteinCopilot
[INFO] running `Command { std: "git" "-c" "credential.helper=" "-c" "credential.helper=/workspace/cargo-home/bin/git-credential-null" "clone" "--bare" "https://github.com/verdenmax/proteinCopilot" "/workspace/cache/git-repos/https%3A%2F%2Fgithub.com%2Fverdenmax%2FproteinCopilot", kill_on_drop: false }`
[INFO] [stderr] Cloning into bare repository '/workspace/cache/git-repos/https%3A%2F%2Fgithub.com%2Fverdenmax%2FproteinCopilot'...
[INFO] running `Command { std: "git" "rev-parse" "HEAD", kill_on_drop: false }`
[INFO] [stdout] 4bb9848df3602adb5d1f9e66db4f1c737f397d4f
[INFO] testing verdenmax/proteinCopilot against 1.97.0-beta.6 for beta-1.98-2
[INFO] running `Command { std: "git" "clone" "/workspace/cache/git-repos/https%3A%2F%2Fgithub.com%2Fverdenmax%2FproteinCopilot" "/workspace/builds/worker-6-tc1/source", kill_on_drop: false }`
[INFO] [stderr] Cloning into '/workspace/builds/worker-6-tc1/source'...
[INFO] [stderr] done.
[INFO] started tweaking git repo https://github.com/verdenmax/proteinCopilot
[INFO] finished tweaking git repo https://github.com/verdenmax/proteinCopilot
[INFO] tweaked toml for git repo https://github.com/verdenmax/proteinCopilot written to /workspace/builds/worker-6-tc1/source/Cargo.toml
[INFO] validating manifest of git repo https://github.com/verdenmax/proteinCopilot on toolchain 1.97.0-beta.6
[INFO] running `Command { std: CARGO_HOME="/workspace/cargo-home" RUSTUP_HOME="/workspace/rustup-home" "/workspace/cargo-home/bin/cargo" "+1.97.0-beta.6" "metadata" "--manifest-path" "Cargo.toml" "--no-deps", kill_on_drop: false }`
[INFO] crate git repo https://github.com/verdenmax/proteinCopilot already has a lockfile, it will not be regenerated
[INFO] running `Command { std: CARGO_HOME="/workspace/cargo-home" RUSTUP_HOME="/workspace/rustup-home" "/workspace/cargo-home/bin/cargo" "+1.97.0-beta.6" "fetch" "--manifest-path" "Cargo.toml", kill_on_drop: false }`
[INFO] [stderr]     Updating git repository `https://github.com/lazear/sage.git`
[INFO] [stderr]  Downloading crates ...
[INFO] [stderr]   Downloaded rmcp-macros v1.3.0
[INFO] [stderr]   Downloaded tempfile v3.14.0
[INFO] [stderr]   Downloaded pastey v0.2.1
[INFO] [stderr]   Downloaded lexical-core v1.0.6
[INFO] [stderr]   Downloaded flatbuffers v24.12.23
[INFO] [stderr]   Downloaded lexical-parse-integer v1.0.6
[INFO] [stderr]   Downloaded arrow-string v54.3.1
[INFO] [stderr]   Downloaded lz4_flex v0.11.6
[INFO] [stderr]   Downloaded arrow-ord v54.3.1
[INFO] [stderr]   Downloaded arrow-arith v54.3.1
[INFO] [stderr]   Downloaded arrow-data v54.3.1
[INFO] [stderr]   Downloaded arrow-schema v54.3.1
[INFO] [stderr]   Downloaded lexical-write-integer v1.0.6
[INFO] [stderr]   Downloaded arrow-row v54.3.1
[INFO] [stderr]   Downloaded arrow-select v54.3.1
[INFO] [stderr]   Downloaded arrow-buffer v54.3.1
[INFO] [stderr]   Downloaded arrow v54.3.1
[INFO] [stderr]   Downloaded arrow-cast v54.3.1
[INFO] [stderr]   Downloaded lexical-util v1.0.7
[INFO] [stderr]   Downloaded lexical-write-float v1.0.6
[INFO] [stderr]   Downloaded quick-xml v0.37.0
[INFO] [stderr]   Downloaded arrow-ipc v54.3.1
[INFO] [stderr]   Downloaded lexical-parse-float v1.0.6
[INFO] [stderr]   Downloaded rmcp v1.3.0
[INFO] [stderr]   Downloaded arrow-array v54.3.1
[INFO] [stderr]   Downloaded rustls v0.23.38
[INFO] [stderr]   Downloaded parquet v54.3.1
[INFO] running `Command { std: "docker" "create" "-v" "/var/lib/crater-agent-workspace/builds/worker-6-tc1/source:/opt/rustwide/workdir:ro,Z" "-v" "/var/lib/crater-agent-workspace/builds/worker-6-tc1/target:/opt/rustwide/target:rw,Z" "-v" "/var/lib/crater-agent-workspace/cargo-home:/opt/rustwide/cargo-home:ro,Z" "-v" "/var/lib/crater-agent-workspace/rustup-home:/opt/rustwide/rustup-home:ro,Z" "-m" "1610612736" "--network" "none" "ghcr.io/rust-lang/crates-build-env/linux@sha256:3d5ced03c013a94a2f102a4510f48a6e9184255caf5fd8244f58017bde7f5210" "sleep" "infinity", kill_on_drop: false }`
[INFO] [stdout] 52fe1a49312a009d6c7760cb3af6df4b425b1dfcec6c5c7bcffdb09eeaa2f245
[INFO] running `Command { std: "docker" "start" "52fe1a49312a009d6c7760cb3af6df4b425b1dfcec6c5c7bcffdb09eeaa2f245", kill_on_drop: false }`
[INFO] running `Command { std: "docker" "inspect" "52fe1a49312a009d6c7760cb3af6df4b425b1dfcec6c5c7bcffdb09eeaa2f245", kill_on_drop: false }`
[INFO] running `Command { std: "docker" "exec" "-e" "SOURCE_DIR=/opt/rustwide/workdir" "-e" "CARGO_HOME=/opt/rustwide/cargo-home" "-e" "RUSTUP_HOME=/opt/rustwide/rustup-home" "-e" "CARGO_TARGET_DIR=/opt/rustwide/target" "-w" "/opt/rustwide/workdir" "--user" "0:0" "52fe1a49312a009d6c7760cb3af6df4b425b1dfcec6c5c7bcffdb09eeaa2f245" "/opt/rustwide/cargo-home/bin/cargo" "+1.97.0-beta.6" "metadata" "--no-deps" "--format-version=1", kill_on_drop: false }`
[INFO] running `Command { std: "docker" "inspect" "52fe1a49312a009d6c7760cb3af6df4b425b1dfcec6c5c7bcffdb09eeaa2f245", kill_on_drop: false }`
[INFO] running `Command { std: "docker" "exec" "-e" "SOURCE_DIR=/opt/rustwide/workdir" "-e" "CARGO_HOME=/opt/rustwide/cargo-home" "-e" "RUSTUP_HOME=/opt/rustwide/rustup-home" "-e" "CARGO_TARGET_DIR=/opt/rustwide/target" "-e" "CARGO_INCREMENTAL=0" "-e" "RUST_BACKTRACE=full" "-e" "RUSTFLAGS=--cap-lints=warn" "-e" "RUSTDOCFLAGS=--cap-lints=warn" "-w" "/opt/rustwide/workdir" "--user" "0:0" "52fe1a49312a009d6c7760cb3af6df4b425b1dfcec6c5c7bcffdb09eeaa2f245" "/opt/rustwide/cargo-home/bin/cargo" "+1.97.0-beta.6" "build" "--frozen" "--message-format=json", kill_on_drop: false }`
[INFO] [stderr]    Compiling libc v0.2.183
[INFO] [stderr]    Compiling zerocopy v0.8.48
[INFO] [stderr]    Compiling num-traits v0.2.19
[INFO] [stderr]    Compiling quote v1.0.45
[INFO] [stderr]    Compiling serde_json v1.0.149
[INFO] [stderr]    Compiling ref-cast v1.0.25
[INFO] [stderr]    Compiling ahash v0.8.12
[INFO] [stderr]    Compiling arrow-schema v54.3.1
[INFO] [stderr]    Compiling aho-corasick v1.1.4
[INFO] [stderr]    Compiling lexical-util v1.0.7
[INFO] [stderr]    Compiling futures-channel v0.3.32
[INFO] [stderr]    Compiling either v1.15.0
[INFO] [stderr]    Compiling futures-io v0.3.32
[INFO] [stderr]    Compiling slab v0.4.12
[INFO] [stderr]    Compiling semver v1.0.28
[INFO] [stderr]    Compiling hashbrown v0.14.5
[INFO] [stderr]    Compiling flate2 v1.0.35
[INFO] [stderr]    Compiling quick-xml v0.37.0
[INFO] [stderr]    Compiling http v1.4.0
[INFO] [stderr]    Compiling unicode-width v0.2.2
[INFO] [stderr]    Compiling zstd-safe v7.2.4
[INFO] [stderr]    Compiling syn v2.0.117
[INFO] [stderr]    Compiling rustc_version v0.4.1
[INFO] [stderr]    Compiling rustls-pki-types v1.14.0
[INFO] [stderr]    Compiling snap v1.1.1
[INFO] [stderr]    Compiling rayon v1.12.0
[INFO] [stderr]    Compiling itertools v0.10.5
[INFO] [stderr]    Compiling comfy-table v7.2.2
[INFO] [stderr]    Compiling lexical-parse-integer v1.0.6
[INFO] [stderr]    Compiling lexical-write-integer v1.0.6
[INFO] [stderr]    Compiling flatbuffers v24.12.23
[INFO] [stderr]    Compiling lexical-parse-float v1.0.6
[INFO] [stderr]    Compiling block-buffer v0.10.4
[INFO] [stderr]    Compiling crypto-common v0.1.7
[INFO] [stderr]    Compiling integer-encoding v3.0.4
[INFO] [stderr]    Compiling lexical-write-float v1.0.6
[INFO] [stderr]    Compiling twox-hash v2.1.2
[INFO] [stderr]    Compiling num-integer v0.1.46
[INFO] [stderr]    Compiling num-complex v0.4.6
[INFO] [stderr]    Compiling lexical-core v1.0.6
[INFO] [stderr]    Compiling atoi v2.0.0
[INFO] [stderr]    Compiling ordered-float v2.10.1
[INFO] [stderr]    Compiling bitflags v2.11.0
[INFO] [stderr]    Compiling rustls v0.23.38
[INFO] [stderr]    Compiling getrandom v0.2.15
[INFO] [stderr]    Compiling jobserver v0.1.34
[INFO] [stderr]    Compiling parking_lot_core v0.9.12
[INFO] [stderr]    Compiling errno v0.3.14
[INFO] [stderr]    Compiling mio v1.2.0
[INFO] [stderr]    Compiling socket2 v0.6.3
[INFO] [stderr]    Compiling signal-hook-registry v1.4.8
[INFO] [stderr]    Compiling num-bigint v0.4.6
[INFO] [stderr]    Compiling num-iter v0.1.45
[INFO] [stderr]    Compiling cc v1.2.57
[INFO] [stderr]    Compiling parking_lot v0.12.5
[INFO] [stderr]    Compiling getrandom v0.3.4
[INFO] [stderr]    Compiling regex-automata v0.4.14
[INFO] [stderr]    Compiling rand_core v0.6.4
[INFO] [stderr]    Compiling http-body v1.0.1
[INFO] [stderr]    Compiling thrift v0.17.0
[INFO] [stderr]    Compiling twox-hash v1.6.3
[INFO] [stderr]    Compiling lz4_flex v0.11.6
[INFO] [stderr]    Compiling digest v0.10.7
[INFO] [stderr]    Compiling csv-core v0.1.13
[INFO] [stderr]    Compiling seq-macro v0.3.6
[INFO] [stderr]    Compiling serde_core v1.0.228
[INFO] [stderr]    Compiling sha2 v0.10.9
[INFO] [stderr]    Compiling unsafe-libyaml v0.2.11
[INFO] [stderr]    Compiling csv v1.4.0
[INFO] [stderr]    Compiling webpki-roots v1.0.6
[INFO] [stderr]    Compiling memchr v2.8.0
[INFO] [stderr]    Compiling rustix v0.38.44
[INFO] [stderr]    Compiling http-body-util v0.1.3
[INFO] [stderr]    Compiling tracing-log v0.2.0
[INFO] [stderr]    Compiling rmcp v1.3.0
[INFO] [stderr]    Compiling dirs-sys v0.5.0
[INFO] [stderr]    Compiling pastey v0.2.1
[INFO] [stderr]    Compiling lru v0.12.5
[INFO] [stderr]    Compiling dirs v6.0.0
[INFO] [stderr]    Compiling num-rational v0.4.2
[INFO] [stderr]    Compiling zstd-sys v2.0.16+zstd.1.5.7
[INFO] [stderr]    Compiling ring v0.17.14
[INFO] [stderr]    Compiling num v0.4.3
[INFO] [stderr]    Compiling dashmap v5.5.3
[INFO] [stderr]    Compiling synstructure v0.13.2
[INFO] [stderr]    Compiling serde_derive_internals v0.29.1
[INFO] [stderr]    Compiling darling_core v0.23.0
[INFO] [stderr]    Compiling tempfile v3.14.0
[INFO] [stderr]    Compiling serde_derive v1.0.228
[INFO] [stderr]    Compiling zerocopy-derive v0.8.48
[INFO] [stderr]    Compiling tracing-attributes v0.1.31
[INFO] [stderr]    Compiling tokio-macros v2.6.1
[INFO] [stderr]    Compiling ref-cast-impl v1.0.25
[INFO] [stderr]    Compiling zerofrom-derive v0.1.7
[INFO] [stderr]    Compiling yoke-derive v0.8.2
[INFO] [stderr]    Compiling thiserror-impl v1.0.69
[INFO] [stderr]    Compiling async-trait v0.1.89
[INFO] [stderr]    Compiling schemars_derive v1.2.1
[INFO] [stderr]    Compiling zerovec-derive v0.11.3
[INFO] [stderr]    Compiling tokio v1.50.0
[INFO] [stderr]    Compiling displaydoc v0.2.5
[INFO] [stderr]    Compiling regex v1.12.3
[INFO] [stderr]    Compiling zerofrom v0.1.7
[INFO] [stderr]    Compiling futures-macro v0.3.32
[INFO] [stderr]    Compiling yoke v0.8.2
[INFO] [stderr]    Compiling thiserror v1.0.69
[INFO] [stderr]    Compiling rustls-webpki v0.103.12
[INFO] [stderr]    Compiling tracing v0.1.44
[INFO] [stderr]    Compiling matchers v0.2.0
[INFO] [stderr]    Compiling thiserror-impl v2.0.18
[INFO] [stderr]    Compiling clap_derive v4.6.1
[INFO] [stderr]    Compiling zerotrie v0.2.4
[INFO] [stderr]    Compiling zerovec v0.11.6
[INFO] [stderr]    Compiling futures-util v0.3.32
[INFO] [stderr]    Compiling zstd v0.13.3
[INFO] [stderr]    Compiling thiserror v2.0.18
[INFO] [stderr]    Compiling tinystr v0.8.3
[INFO] [stderr]    Compiling potential_utf v0.1.5
[INFO] [stderr]    Compiling icu_locale_core v2.2.0
[INFO] [stderr]    Compiling icu_collections v2.2.0
[INFO] [stderr]    Compiling darling_macro v0.23.0
[INFO] [stderr]    Compiling serde v1.0.228
[INFO] [stderr]    Compiling darling v0.23.0
[INFO] [stderr]    Compiling rmcp-macros v1.3.0
[INFO] [stderr]    Compiling clap v4.6.1
[INFO] [stderr]    Compiling chrono v0.4.44
[INFO] [stderr]    Compiling uuid v1.11.0
[INFO] [stderr]    Compiling sage-core v0.15.0-beta.2 (https://github.com/lazear/sage.git?rev=cd712d4b88d6c4fe3b317d47ce39e2c83cae7642#cd712d4b)
[INFO] [stderr]    Compiling serde_yaml v0.9.34+deprecated
[INFO] [stderr]    Compiling serde_urlencoded v0.7.1
[INFO] [stderr]    Compiling tracing-serde v0.2.0
[INFO] [stderr]    Compiling bincode v1.3.3
[INFO] [stderr]    Compiling tracing-subscriber v0.3.23
[INFO] [stderr]    Compiling icu_provider v2.2.0
[INFO] [stderr]    Compiling icu_properties v2.2.0
[INFO] [stderr]    Compiling icu_normalizer v2.2.0
[INFO] [stderr]    Compiling schemars v1.2.1
[INFO] [stderr]    Compiling idna_adapter v1.2.1
[INFO] [stderr]    Compiling idna v1.1.0
[INFO] [stderr]    Compiling futures-executor v0.3.32
[INFO] [stderr]    Compiling futures v0.3.32
[INFO] [stderr]    Compiling url v2.5.8
[INFO] [stderr]    Compiling protein-copilot-core v0.1.0 (/opt/rustwide/workdir/crates/core)
[INFO] [stderr]    Compiling hyper v1.9.0
[INFO] [stderr]    Compiling tokio-util v0.7.18
[INFO] [stderr]    Compiling tower v0.5.3
[INFO] [stderr]    Compiling tokio-rustls v0.26.4
[INFO] [stderr]    Compiling tower-http v0.6.8
[INFO] [stderr]    Compiling half v2.7.1
[INFO] [stderr]    Compiling ppv-lite86 v0.2.21
[INFO] [stderr]    Compiling hyper-util v0.1.20
[INFO] [stderr]    Compiling arrow-buffer v54.3.1
[INFO] [stderr]    Compiling rand_chacha v0.3.1
[INFO] [stderr]    Compiling rand v0.8.5
[INFO] [stderr]    Compiling arrow-data v54.3.1
[INFO] [stderr]    Compiling protein-copilot-fdr v0.1.0 (/opt/rustwide/workdir/crates/fdr)
[INFO] [stderr]    Compiling protein-copilot-spectrum-io v0.1.0 (/opt/rustwide/workdir/crates/spectrum-io)
[INFO] [stderr]    Compiling protein-copilot-param-recommend v0.1.0 (/opt/rustwide/workdir/crates/param-recommend)
[INFO] [stderr]    Compiling protein-copilot-dia-extraction v0.1.0 (/opt/rustwide/workdir/crates/dia-extraction)
[INFO] [stderr]    Compiling protein-copilot-protein-inference v0.1.0 (/opt/rustwide/workdir/crates/protein-inference)
[INFO] [stderr]    Compiling hyper-rustls v0.27.9
[INFO] [stderr]    Compiling reqwest v0.12.28
[INFO] [stderr]    Compiling arrow-array v54.3.1
[INFO] [stderr]    Compiling protein-copilot-search-engine v0.1.0 (/opt/rustwide/workdir/crates/search-engine)
[INFO] [stderr]    Compiling protein-copilot-fasta-db v0.1.0 (/opt/rustwide/workdir/crates/fasta-db)
[INFO] [stderr]    Compiling protein-copilot-xic v0.1.0 (/opt/rustwide/workdir/crates/xic)
[INFO] [stderr]    Compiling arrow-select v54.3.1
[INFO] [stderr]    Compiling arrow-row v54.3.1
[INFO] [stderr]    Compiling arrow-ipc v54.3.1
[INFO] [stderr]    Compiling arrow-arith v54.3.1
[INFO] [stderr]    Compiling protein-copilot-report v0.1.0 (/opt/rustwide/workdir/crates/report)
[INFO] [stderr]    Compiling arrow-cast v54.3.1
[INFO] [stderr]    Compiling arrow-string v54.3.1
[INFO] [stderr]    Compiling arrow-ord v54.3.1
[INFO] [stderr]    Compiling arrow v54.3.1
[INFO] [stderr]    Compiling parquet v54.3.1
[INFO] [stderr]    Compiling protein-copilot-entrapment-analysis v0.1.0 (/opt/rustwide/workdir/crates/entrapment-analysis)
[INFO] [stderr]    Compiling protein-copilot-result-import v0.1.0 (/opt/rustwide/workdir/crates/result-import)
[INFO] [stderr]    Compiling protein-copilot-integration-tests v0.1.0 (/opt/rustwide/workdir/crates/integration-tests)
[INFO] [stderr]    Compiling protein-copilot-entrapment-cli v0.1.0 (/opt/rustwide/workdir/crates/entrapment-cli)
[INFO] [stderr]    Compiling protein-copilot-mcp-server v0.1.0 (/opt/rustwide/workdir/crates/mcp-server)
[INFO] [stderr]     Finished `dev` profile [unoptimized + debuginfo] target(s) in 2m 49s
[INFO] running `Command { std: "docker" "inspect" "52fe1a49312a009d6c7760cb3af6df4b425b1dfcec6c5c7bcffdb09eeaa2f245", kill_on_drop: false }`
[INFO] running `Command { std: "docker" "exec" "-e" "SOURCE_DIR=/opt/rustwide/workdir" "-e" "CARGO_HOME=/opt/rustwide/cargo-home" "-e" "RUSTUP_HOME=/opt/rustwide/rustup-home" "-e" "CARGO_TARGET_DIR=/opt/rustwide/target" "-e" "CARGO_INCREMENTAL=0" "-e" "RUST_BACKTRACE=full" "-e" "RUSTFLAGS=--cap-lints=warn" "-e" "RUSTDOCFLAGS=--cap-lints=warn" "-w" "/opt/rustwide/workdir" "--user" "0:0" "52fe1a49312a009d6c7760cb3af6df4b425b1dfcec6c5c7bcffdb09eeaa2f245" "/opt/rustwide/cargo-home/bin/cargo" "+1.97.0-beta.6" "test" "--frozen" "--no-run" "--message-format=json", kill_on_drop: false }`
[INFO] [stderr]    Compiling protein-copilot-protein-inference v0.1.0 (/opt/rustwide/workdir/crates/protein-inference)
[INFO] [stderr]    Compiling protein-copilot-integration-tests v0.1.0 (/opt/rustwide/workdir/crates/integration-tests)
[INFO] [stderr]    Compiling protein-copilot-entrapment-analysis v0.1.0 (/opt/rustwide/workdir/crates/entrapment-analysis)
[INFO] [stderr]    Compiling protein-copilot-entrapment-cli v0.1.0 (/opt/rustwide/workdir/crates/entrapment-cli)
[INFO] [stderr]    Compiling protein-copilot-search-engine v0.1.0 (/opt/rustwide/workdir/crates/search-engine)
[INFO] [stderr]    Compiling protein-copilot-result-import v0.1.0 (/opt/rustwide/workdir/crates/result-import)
[INFO] [stderr]    Compiling protein-copilot-fasta-db v0.1.0 (/opt/rustwide/workdir/crates/fasta-db)
[INFO] [stderr]    Compiling protein-copilot-mcp-server v0.1.0 (/opt/rustwide/workdir/crates/mcp-server)
[INFO] [stderr] error: could not compile `protein-copilot-result-import` (lib test)
[INFO] [stderr] 
[INFO] [stderr] Caused by:
[INFO] [stderr]   process didn't exit successfully: `/opt/rustwide/rustup-home/toolchains/1.97.0-beta.6-x86_64-unknown-linux-gnu/bin/rustc --crate-name protein_copilot_result_import --edition=2021 crates/result-import/src/lib.rs --error-format=json --json=diagnostic-rendered-ansi,artifacts,future-incompat --emit=dep-info,link -C embed-bitcode=no -C debuginfo=2 --test --check-cfg 'cfg(docsrs,test)' --check-cfg 'cfg(feature, values())' -C metadata=0e29149b2c7c059b -C extra-filename=-02eb56b2bc414c2b --out-dir /opt/rustwide/target/debug/deps -L dependency=/opt/rustwide/target/debug/deps --extern arrow=/opt/rustwide/target/debug/deps/libarrow-efcd0e8f98652b4c.rlib --extern chrono=/opt/rustwide/target/debug/deps/libchrono-661a6df81ca6cfda.rlib --extern csv=/opt/rustwide/target/debug/deps/libcsv-25bb5ce4a8847d12.rlib --extern parquet=/opt/rustwide/target/debug/deps/libparquet-4da05030c1b1e854.rlib --extern protein_copilot_core=/opt/rustwide/target/debug/deps/libprotein_copilot_core-9622f746231b8c20.rlib --extern protein_copilot_search_engine=/opt/rustwide/target/debug/deps/libprotein_copilot_search_engine-26ec4baf1d37fec1.rlib --extern protein_copilot_spectrum_io=/opt/rustwide/target/debug/deps/libprotein_copilot_spectrum_io-6ee55afbf79f1fc0.rlib --extern quick_xml=/opt/rustwide/target/debug/deps/libquick_xml-408fbae20fbc9674.rlib --extern regex=/opt/rustwide/target/debug/deps/libregex-1342197ac76a7579.rlib --extern schemars=/opt/rustwide/target/debug/deps/libschemars-90247277286d6a55.rlib --extern serde=/opt/rustwide/target/debug/deps/libserde-870ee391e4f6e8f9.rlib --extern serde_json=/opt/rustwide/target/debug/deps/libserde_json-43516fb7ec7801a5.rlib --extern tempfile=/opt/rustwide/target/debug/deps/libtempfile-4dc15ef1605ee88b.rlib --extern thiserror=/opt/rustwide/target/debug/deps/libthiserror-305297abc8a52265.rlib --extern tokio=/opt/rustwide/target/debug/deps/libtokio-7e26cd46fe28854b.rlib --extern tracing=/opt/rustwide/target/debug/deps/libtracing-9244677a201ade0f.rlib --extern uuid=/opt/rustwide/target/debug/deps/libuuid-b5bed743a444ab0e.rlib --cap-lints=warn -L native=/opt/rustwide/target/debug/build/zstd-sys-71806e8c0e29645e/out` (signal: 9, SIGKILL: kill)
[INFO] [stderr] warning: build failed, waiting for other jobs to finish...
[INFO] [stderr] error: could not compile `protein-copilot-search-engine` (test "sage_integration")
[INFO] [stderr] 
[INFO] [stderr] Caused by:
[INFO] [stderr]   process didn't exit successfully: `/opt/rustwide/rustup-home/toolchains/1.97.0-beta.6-x86_64-unknown-linux-gnu/bin/rustc --crate-name sage_integration --edition=2021 crates/search-engine/tests/sage_integration.rs --error-format=json --json=diagnostic-rendered-ansi,artifacts,future-incompat --emit=dep-info,link -C embed-bitcode=no -C debuginfo=2 --test --check-cfg 'cfg(docsrs,test)' --check-cfg 'cfg(feature, values())' -C metadata=bddc1d492add8dc8 -C extra-filename=-0706a362676bfa19 --out-dir /opt/rustwide/target/debug/deps -L dependency=/opt/rustwide/target/debug/deps --extern async_trait=/opt/rustwide/target/debug/deps/libasync_trait-3453bb6e76f3ba47.so --extern chrono=/opt/rustwide/target/debug/deps/libchrono-661a6df81ca6cfda.rlib --extern protein_copilot_core=/opt/rustwide/target/debug/deps/libprotein_copilot_core-9622f746231b8c20.rlib --extern protein_copilot_fdr=/opt/rustwide/target/debug/deps/libprotein_copilot_fdr-0effcd97ce43fede.rlib --extern protein_copilot_param_recommend=/opt/rustwide/target/debug/deps/libprotein_copilot_param_recommend-c0b6ce065de41ba5.rlib --extern protein_copilot_report=/opt/rustwide/target/debug/deps/libprotein_copilot_report-5dbdc83b79a2c9c2.rlib --extern protein_copilot_search_engine=/opt/rustwide/target/debug/deps/libprotein_copilot_search_engine-26ec4baf1d37fec1.rlib --extern protein_copilot_spectrum_io=/opt/rustwide/target/debug/deps/libprotein_copilot_spectrum_io-6ee55afbf79f1fc0.rlib --extern rayon=/opt/rustwide/target/debug/deps/librayon-debd678a60a7a7eb.rlib --extern sage_core=/opt/rustwide/target/debug/deps/libsage_core-2517e64a279bb674.rlib --extern schemars=/opt/rustwide/target/debug/deps/libschemars-90247277286d6a55.rlib --extern serde=/opt/rustwide/target/debug/deps/libserde-870ee391e4f6e8f9.rlib --extern serde_json=/opt/rustwide/target/debug/deps/libserde_json-43516fb7ec7801a5.rlib --extern tempfile=/opt/rustwide/target/debug/deps/libtempfile-4dc15ef1605ee88b.rlib --extern thiserror=/opt/rustwide/target/debug/deps/libthiserror-305297abc8a52265.rlib --extern tokio=/opt/rustwide/target/debug/deps/libtokio-7e26cd46fe28854b.rlib --extern tracing=/opt/rustwide/target/debug/deps/libtracing-9244677a201ade0f.rlib --extern uuid=/opt/rustwide/target/debug/deps/libuuid-b5bed743a444ab0e.rlib --cap-lints=warn` (signal: 9, SIGKILL: kill)
[INFO] [stderr] error: could not compile `protein-copilot-mcp-server` (bin "protein-copilot-mcp" test)
[INFO] [stderr] 
[INFO] [stderr] Caused by:
[INFO] [stderr]   process didn't exit successfully: `/opt/rustwide/rustup-home/toolchains/1.97.0-beta.6-x86_64-unknown-linux-gnu/bin/rustc --crate-name protein_copilot_mcp --edition=2021 crates/mcp-server/src/main.rs --error-format=json --json=diagnostic-rendered-ansi,artifacts,future-incompat --emit=dep-info,link -C embed-bitcode=no -C debuginfo=2 --test --check-cfg 'cfg(docsrs,test)' --check-cfg 'cfg(feature, values())' -C metadata=36a0cc4a06a97d09 -C extra-filename=-c62db96151c9e066 --out-dir /opt/rustwide/target/debug/deps -L dependency=/opt/rustwide/target/debug/deps --extern bincode=/opt/rustwide/target/debug/deps/libbincode-432372c08a25f10f.rlib --extern chrono=/opt/rustwide/target/debug/deps/libchrono-661a6df81ca6cfda.rlib --extern csv=/opt/rustwide/target/debug/deps/libcsv-25bb5ce4a8847d12.rlib --extern dirs=/opt/rustwide/target/debug/deps/libdirs-72b28658b329f3b2.rlib --extern lru=/opt/rustwide/target/debug/deps/liblru-3af40d5519ef5719.rlib --extern protein_copilot_core=/opt/rustwide/target/debug/deps/libprotein_copilot_core-9622f746231b8c20.rlib --extern protein_copilot_dia_extraction=/opt/rustwide/target/debug/deps/libprotein_copilot_dia_extraction-4d3d6ccb769969e0.rlib --extern protein_copilot_entrapment_analysis=/opt/rustwide/target/debug/deps/libprotein_copilot_entrapment_analysis-e13dccaa6edacba7.rlib --extern protein_copilot_fasta_db=/opt/rustwide/target/debug/deps/libprotein_copilot_fasta_db-f9780dc59c234019.rlib --extern protein_copilot_fdr=/opt/rustwide/target/debug/deps/libprotein_copilot_fdr-0effcd97ce43fede.rlib --extern protein_copilot_param_recommend=/opt/rustwide/target/debug/deps/libprotein_copilot_param_recommend-c0b6ce065de41ba5.rlib --extern protein_copilot_protein_inference=/opt/rustwide/target/debug/deps/libprotein_copilot_protein_inference-d3864fc9a45d1f4b.rlib --extern protein_copilot_report=/opt/rustwide/target/debug/deps/libprotein_copilot_report-5dbdc83b79a2c9c2.rlib --extern protein_copilot_result_import=/opt/rustwide/target/debug/deps/libprotein_copilot_result_import-724e1cba21b40d90.rlib --extern protein_copilot_search_engine=/opt/rustwide/target/debug/deps/libprotein_copilot_search_engine-26ec4baf1d37fec1.rlib --extern protein_copilot_spectrum_io=/opt/rustwide/target/debug/deps/libprotein_copilot_spectrum_io-6ee55afbf79f1fc0.rlib --extern protein_copilot_xic=/opt/rustwide/target/debug/deps/libprotein_copilot_xic-fa8c0a2845e5a5e6.rlib --extern rmcp=/opt/rustwide/target/debug/deps/librmcp-e437ecf7897c03f4.rlib --extern schemars=/opt/rustwide/target/debug/deps/libschemars-90247277286d6a55.rlib --extern serde=/opt/rustwide/target/debug/deps/libserde-870ee391e4f6e8f9.rlib --extern serde_json=/opt/rustwide/target/debug/deps/libserde_json-43516fb7ec7801a5.rlib --extern tempfile=/opt/rustwide/target/debug/deps/libtempfile-4dc15ef1605ee88b.rlib --extern tokio=/opt/rustwide/target/debug/deps/libtokio-7e26cd46fe28854b.rlib --extern tracing=/opt/rustwide/target/debug/deps/libtracing-9244677a201ade0f.rlib --extern tracing_subscriber=/opt/rustwide/target/debug/deps/libtracing_subscriber-33d0adc119ec8929.rlib --extern uuid=/opt/rustwide/target/debug/deps/libuuid-b5bed743a444ab0e.rlib --cap-lints=warn -L native=/opt/rustwide/target/debug/build/zstd-sys-71806e8c0e29645e/out -L native=/opt/rustwide/target/debug/build/ring-ed9f6680db824c3c/out` (signal: 9, SIGKILL: kill)
[INFO] [stdout] error: linking with `cc` failed: exit status: 1
[INFO] [stdout]   |
[INFO] [stdout]   = note:  "cc" "-m64" "/opt/rustwide/target/debug/deps/rustcFmgOub/symbols.o" "<2 object files omitted>" "-Wl,--as-needed" "-Wl,-Bstatic" "<sysroot>/lib/rustlib/x86_64-unknown-linux-gnu/lib/{libtest-*,libgetopts-*,librustc_std_workspace_std-*}.rlib" "/opt/rustwide/target/debug/deps/{libprotein_copilot_entrapment_analysis-e13dccaa6edacba7,libcsv-25bb5ce4a8847d12,libcsv_core-f03df036c4c840f2,libserde_yaml-c20db52a99416d07,libindexmap-0d7f2c48190e6f4d,libhashbrown-6b92ca17a46d4c7a,libunsafe_libyaml-d3127b66fe569cc5,libsha2-d6777488adf6403e,libcpufeatures-e04321643d03190d,libdigest-58e72b83ad3d3d94,libblock_buffer-ceb5bfb4b62e5dc4,libcrypto_common-56b940ef3ee0385e,libgeneric_array-3399f74876fb1fa9,libtypenum-973adb5204d6e560,libparquet-4da05030c1b1e854,libzstd-c8c108b04c495add,libzstd_safe-57c38d3cbf1dbd74,libzstd_sys-4582f04b6f095c8d,liblz4_flex-7cb478f8f93d7480,libtwox_hash-c9d9f93d232d2481,libsnap-7a9fb91fda548707,libarrow_ipc-31a36e333dd7dd87,libflatbuffers-27624e2e95ba8a39,libbitflags-dde12b0d7d495b50,libtwox_hash-dfec475d929d686e,libstatic_assertions-f0217ecdd817a834,libthrift-e15c508789804f68,libordered_float-df8db5cf804c2d19,libinteger_encoding-679603a00515518e,libbyteorder-8f59b6d1bfdaa844,libarrow-efcd0e8f98652b4c,libarrow_row-4d276864e9b971c0,libarrow_string-83fbbdf706181a4f,libarrow_cast-bd7ca52fa06a0752,libatoi-c67b27915a42295c,libryu-1f4f40e4352371e5,libcomfy_table-65f8f10aa398a210,libunicode_segmentation-63c0e35c356241ee,libunicode_width-c0be3735b741df1b,liblexical_core-f05491c3a50edaa0,liblexical_write_float-712757527daa16ab,liblexical_write_integer-2f3589da0b9f210c,liblexical_parse_float-3c29d03419db7c6a,liblexical_parse_integer-4fcfb19c13bfbc18,liblexical_util-801879279684047a,libarrow_arith-2826710f7dada0c4,libarrow_ord-4a0493a2572e096d,libarrow_select-0209025f3c2147a7,libarrow_array-d85fbf8c399e7ba8,libahash-83f206e578ef4d05,libgetrandom-bc1976b4e3b2a611,libhashbrown-621f4a290160b487,libfoldhash-07f233db1c671507,libequivalent-6a754676e6af62ae,liballocator_api2-8d9c1e895dea53bd,libarrow_data-9c18076b4abf899d,libarrow_schema-2800196d951f46ff,libarrow_buffer-92b20b68892d5c77,libhalf-19cd5be983775f22,libnum-59da63f9ce111d83,libnum_iter-506084b5aba2cbb5,libnum_rational-48aa6a23ca3c7490,libnum_complex-ed1658ea66897262,libnum_bigint-d687fda077b956cc,libnum_integer-085ed5d5af298655,libprotein_copilot_search_engine-26ec4baf1d37fec1,libprotein_copilot_fdr-0effcd97ce43fede,librand-80c47e77cfbee4d4,librand_chacha-701f188c25c83e51,libppv_lite86-bac2e28629ed1638,libzerocopy-3b1bd0d47c66d3d5,librand_core-71e6ad50d128a07a,libtokio-7e26cd46fe28854b,libsignal_hook_registry-0370c074c4bef323,liberrno-1d9457f3d77a0a23,libsocket2-050091baf38e5996,libbytes-2ed9460101f17bbf,libmio-ed53eae200549b32,libparking_lot-3ffc45ac74faea53,libprotein_copilot_spectrum_io-6ee55afbf79f1fc0,libflate2-b4b5735b2be75a87,libminiz_oxide-ca8849bbbe217a18,libadler2-1712579794513681,libcrc32fast-77160f4e25d6fc25,libbase64-32787b0325ea6df8,libquick_xml-408fbae20fbc9674,libsage_core-2517e64a279bb674,liblog-b262261d47bd2eba,libitertools-f8740b82a1cec4c3,libregex-1342197ac76a7579,libregex_automata-e4e8d49138828df4,libaho_corasick-fa94425a423a79cf,libregex_syntax-6d6ee545e2ffad72,libfnv-79e2cbfbe03dcd16,libdashmap-632a98783660a03b,liblock_api-16d46fed645f7bff,libscopeguard-7ec2214574194454,librayon-debd678a60a7a7eb,librayon_core-e986c1d1845fe6c3,libcrossbeam_deque-e71c6317821167fb,libcrossbeam_epoch-5fdcd5978a9f0010,libcrossbeam_utils-f696a08ab1e94e7a,libeither-e5ea87bd27ac73a9,libparking_lot_core-5da3b68e7b565456,libsmallvec-bc3128fdd57228fc,libhashbrown-d952ad0946629507,libprotein_copilot_core-9622f746231b8c20,libthiserror-305297abc8a52265,libschemars-90247277286d6a55,libdyn_clone-319e7691ef78165b,libref_cast-b706dde3ea1204b4,libuuid-b5bed743a444ab0e,libgetrandom-8f06a49e0abd6512,liblibc-585253b8e2aa2651,libcfg_if-83060ec5685761ae,libchrono-661a6df81ca6cfda,libiana_time_zone-bcd81aefedc374a6,libnum_traits-22d4c2c1070c368e,libserde_json-43516fb7ec7801a5,libmemchr-5cfa70d22cb32987,libitoa-5de11b3b23bfe572,libzmij-ef63f1da73704b4c,libtracing-9244677a201ade0f,libpin_project_lite-0a15d51c77964692,libtracing_core-d26029c784af5925,libonce_cell-b5bdc597ed9676b3,libserde-870ee391e4f6e8f9,libserde_core-46542aab222bf259}.rlib" "<sysroot>/lib/rustlib/x86_64-unknown-linux-gnu/lib/{libstd-*,libpanic_unwind-*,libobject-*,libmemchr-*,libaddr2line-*,libgimli-*,libcfg_if-*,librustc_demangle-*,libstd_detect-*,libhashbrown-*,librustc_std_workspace_alloc-*,libminiz_oxide-*,libadler2-*,libunwind-*,liblibc-*,librustc_std_workspace_core-*,liballoc-*,libcore-*,libcompiler_builtins-*}.rlib" "-Wl,-Bdynamic" "-lgcc_s" "-lutil" "-lrt" "-lpthread" "-lm" "-ldl" "-lc" "-L" "/opt/rustwide/target/debug/deps/rustcFmgOub/raw-dylibs" "-B<sysroot>/lib/rustlib/x86_64-unknown-linux-gnu/bin/gcc-ld" "-fuse-ld=lld" "-Wl,--eh-frame-hdr" "-Wl,-z,noexecstack" "-L" "/opt/rustwide/target/debug/build/zstd-sys-71806e8c0e29645e/out" "-L" "<sysroot>/lib/rustlib/x86_64-unknown-linux-gnu/lib" "-o" "/opt/rustwide/target/debug/deps/v4_multi_target-fd4b6f2f385ba3ab" "-Wl,--gc-sections" "-pie" "-Wl,-z,relro,-z,now" "-nodefaultlibs"
[INFO] [stdout]   = note: some arguments are omitted. use `--verbose` to show all linker arguments
[INFO] [stdout]   = note: collect2: fatal error: ld terminated with signal 9 [Killed]
[INFO] [stdout]           compilation terminated.
[INFO] [stdout]           
[INFO] [stdout] 
[INFO] [stdout] 
[INFO] [stderr] error: could not compile `protein-copilot-entrapment-analysis` (test "v4_multi_target") due to 1 previous error
[INFO] [stdout] error: linking with `cc` failed: exit status: 1
[INFO] [stdout]   |
[INFO] [stdout]   = note:  "cc" "-m64" "/opt/rustwide/target/debug/deps/rustcYInaJN/symbols.o" "<2 object files omitted>" "-Wl,--as-needed" "-Wl,-Bstatic" "/opt/rustwide/target/debug/deps/{libtempfile-4dc15ef1605ee88b,libfastrand-751bcde24b8aa073,librustix-b59a8af230af3bb8,libbitflags-19bd3a07fb167555,liblinux_raw_sys-e0d87a58652c2b0b}.rlib" "<sysroot>/lib/rustlib/x86_64-unknown-linux-gnu/lib/{libtest-*,libgetopts-*,librustc_std_workspace_std-*}.rlib" "/opt/rustwide/target/debug/deps/{libprotein_copilot_entrapment_analysis-e13dccaa6edacba7,libcsv-25bb5ce4a8847d12,libcsv_core-f03df036c4c840f2,libserde_yaml-c20db52a99416d07,libindexmap-0d7f2c48190e6f4d,libhashbrown-6b92ca17a46d4c7a,libunsafe_libyaml-d3127b66fe569cc5,libsha2-d6777488adf6403e,libcpufeatures-e04321643d03190d,libdigest-58e72b83ad3d3d94,libblock_buffer-ceb5bfb4b62e5dc4,libcrypto_common-56b940ef3ee0385e,libgeneric_array-3399f74876fb1fa9,libtypenum-973adb5204d6e560,libparquet-4da05030c1b1e854,libzstd-c8c108b04c495add,libzstd_safe-57c38d3cbf1dbd74,libzstd_sys-4582f04b6f095c8d,liblz4_flex-7cb478f8f93d7480,libtwox_hash-c9d9f93d232d2481,libsnap-7a9fb91fda548707,libarrow_ipc-31a36e333dd7dd87,libflatbuffers-27624e2e95ba8a39,libbitflags-dde12b0d7d495b50,libtwox_hash-dfec475d929d686e,libstatic_assertions-f0217ecdd817a834,libthrift-e15c508789804f68,libordered_float-df8db5cf804c2d19,libinteger_encoding-679603a00515518e,libbyteorder-8f59b6d1bfdaa844,libarrow-efcd0e8f98652b4c,libarrow_row-4d276864e9b971c0,libarrow_string-83fbbdf706181a4f,libarrow_cast-bd7ca52fa06a0752,libatoi-c67b27915a42295c,libryu-1f4f40e4352371e5,libcomfy_table-65f8f10aa398a210,libunicode_segmentation-63c0e35c356241ee,libunicode_width-c0be3735b741df1b,liblexical_core-f05491c3a50edaa0,liblexical_write_float-712757527daa16ab,liblexical_write_integer-2f3589da0b9f210c,liblexical_parse_float-3c29d03419db7c6a,liblexical_parse_integer-4fcfb19c13bfbc18,liblexical_util-801879279684047a,libarrow_arith-2826710f7dada0c4,libarrow_ord-4a0493a2572e096d,libarrow_select-0209025f3c2147a7,libarrow_array-d85fbf8c399e7ba8,libahash-83f206e578ef4d05,libgetrandom-bc1976b4e3b2a611,libhashbrown-621f4a290160b487,libfoldhash-07f233db1c671507,libequivalent-6a754676e6af62ae,liballocator_api2-8d9c1e895dea53bd,libarrow_data-9c18076b4abf899d,libarrow_schema-2800196d951f46ff,libarrow_buffer-92b20b68892d5c77,libhalf-19cd5be983775f22,libnum-59da63f9ce111d83,libnum_iter-506084b5aba2cbb5,libnum_rational-48aa6a23ca3c7490,libnum_complex-ed1658ea66897262,libnum_bigint-d687fda077b956cc,libnum_integer-085ed5d5af298655,libprotein_copilot_search_engine-26ec4baf1d37fec1,libprotein_copilot_fdr-0effcd97ce43fede,librand-80c47e77cfbee4d4,librand_chacha-701f188c25c83e51,libppv_lite86-bac2e28629ed1638,libzerocopy-3b1bd0d47c66d3d5,librand_core-71e6ad50d128a07a,libtokio-7e26cd46fe28854b,libsignal_hook_registry-0370c074c4bef323,liberrno-1d9457f3d77a0a23,libsocket2-050091baf38e5996,libbytes-2ed9460101f17bbf,libmio-ed53eae200549b32,libparking_lot-3ffc45ac74faea53,libprotein_copilot_spectrum_io-6ee55afbf79f1fc0,libflate2-b4b5735b2be75a87,libminiz_oxide-ca8849bbbe217a18,libadler2-1712579794513681,libcrc32fast-77160f4e25d6fc25,libbase64-32787b0325ea6df8,libquick_xml-408fbae20fbc9674,libsage_core-2517e64a279bb674,liblog-b262261d47bd2eba,libitertools-f8740b82a1cec4c3,libregex-1342197ac76a7579,libregex_automata-e4e8d49138828df4,libaho_corasick-fa94425a423a79cf,libregex_syntax-6d6ee545e2ffad72,libfnv-79e2cbfbe03dcd16,libdashmap-632a98783660a03b,liblock_api-16d46fed645f7bff,libscopeguard-7ec2214574194454,librayon-debd678a60a7a7eb,librayon_core-e986c1d1845fe6c3,libcrossbeam_deque-e71c6317821167fb,libcrossbeam_epoch-5fdcd5978a9f0010,libcrossbeam_utils-f696a08ab1e94e7a,libeither-e5ea87bd27ac73a9,libparking_lot_core-5da3b68e7b565456,libsmallvec-bc3128fdd57228fc,libhashbrown-d952ad0946629507,libprotein_copilot_core-9622f746231b8c20,libthiserror-305297abc8a52265,libschemars-90247277286d6a55,libdyn_clone-319e7691ef78165b,libref_cast-b706dde3ea1204b4,libuuid-b5bed743a444ab0e,libgetrandom-8f06a49e0abd6512,liblibc-585253b8e2aa2651,libcfg_if-83060ec5685761ae,libchrono-661a6df81ca6cfda,libiana_time_zone-bcd81aefedc374a6,libnum_traits-22d4c2c1070c368e,libserde_json-43516fb7ec7801a5,libmemchr-5cfa70d22cb32987,libitoa-5de11b3b23bfe572,libzmij-ef63f1da73704b4c,libtracing-9244677a201ade0f,libpin_project_lite-0a15d51c77964692,libtracing_core-d26029c784af5925,libonce_cell-b5bdc597ed9676b3,libserde-870ee391e4f6e8f9,libserde_core-46542aab222bf259}.rlib" "<sysroot>/lib/rustlib/x86_64-unknown-linux-gnu/lib/{libstd-*,libpanic_unwind-*,libobject-*,libmemchr-*,libaddr2line-*,libgimli-*,libcfg_if-*,librustc_demangle-*,libstd_detect-*,libhashbrown-*,librustc_std_workspace_alloc-*,libminiz_oxide-*,libadler2-*,libunwind-*,liblibc-*,librustc_std_workspace_core-*,liballoc-*,libcore-*,libcompiler_builtins-*}.rlib" "-Wl,-Bdynamic" "-lgcc_s" "-lutil" "-lrt" "-lpthread" "-lm" "-ldl" "-lc" "-L" "/opt/rustwide/target/debug/deps/rustcYInaJN/raw-dylibs" "-B<sysroot>/lib/rustlib/x86_64-unknown-linux-gnu/bin/gcc-ld" "-fuse-ld=lld" "-Wl,--eh-frame-hdr" "-Wl,-z,noexecstack" "-L" "/opt/rustwide/target/debug/build/zstd-sys-71806e8c0e29645e/out" "-L" "<sysroot>/lib/rustlib/x86_64-unknown-linux-gnu/lib" "-o" "/opt/rustwide/target/debug/deps/v2_edit_distance-371442cd73c34925" "-Wl,--gc-sections" "-pie" "-Wl,-z,relro,-z,now" "-nodefaultlibs"
[INFO] [stdout]   = note: some arguments are omitted. use `--verbose` to show all linker arguments
[INFO] [stdout]   = note: collect2: fatal error: ld terminated with signal 9 [Killed]
[INFO] [stdout]           compilation terminated.
[INFO] [stdout]           
[INFO] [stdout] 
[INFO] [stdout] 
[INFO] [stderr] error: could not compile `protein-copilot-entrapment-analysis` (test "v2_edit_distance") due to 1 previous error
[INFO] [stdout] error: linking with `cc` failed: exit status: 1
[INFO] [stdout]   |
[INFO] [stdout]   = note:  "cc" "-m64" "/opt/rustwide/target/debug/deps/rustcHDUvPg/symbols.o" "<2 object files omitted>" "-Wl,--as-needed" "-Wl,-Bstatic" "/opt/rustwide/target/debug/deps/{libtempfile-4dc15ef1605ee88b,libfastrand-751bcde24b8aa073,librustix-b59a8af230af3bb8,libbitflags-19bd3a07fb167555,liblinux_raw_sys-e0d87a58652c2b0b}.rlib" "<sysroot>/lib/rustlib/x86_64-unknown-linux-gnu/lib/{libtest-*,libgetopts-*,librustc_std_workspace_std-*}.rlib" "/opt/rustwide/target/debug/deps/{libprotein_copilot_result_import-724e1cba21b40d90,libcsv-25bb5ce4a8847d12,libcsv_core-f03df036c4c840f2,libparquet-4da05030c1b1e854,libzstd-c8c108b04c495add,libzstd_safe-57c38d3cbf1dbd74,libzstd_sys-4582f04b6f095c8d,liblz4_flex-7cb478f8f93d7480,libtwox_hash-c9d9f93d232d2481,libsnap-7a9fb91fda548707,libarrow_ipc-31a36e333dd7dd87,libflatbuffers-27624e2e95ba8a39,libbitflags-dde12b0d7d495b50,libtwox_hash-dfec475d929d686e,libstatic_assertions-f0217ecdd817a834,libthrift-e15c508789804f68,libordered_float-df8db5cf804c2d19,libinteger_encoding-679603a00515518e,libbyteorder-8f59b6d1bfdaa844,libarrow-efcd0e8f98652b4c,libarrow_row-4d276864e9b971c0,libarrow_string-83fbbdf706181a4f,libarrow_cast-bd7ca52fa06a0752,libatoi-c67b27915a42295c,libryu-1f4f40e4352371e5,libcomfy_table-65f8f10aa398a210,libunicode_segmentation-63c0e35c356241ee,libunicode_width-c0be3735b741df1b,liblexical_core-f05491c3a50edaa0,liblexical_write_float-712757527daa16ab,liblexical_write_integer-2f3589da0b9f210c,liblexical_parse_float-3c29d03419db7c6a,liblexical_parse_integer-4fcfb19c13bfbc18,liblexical_util-801879279684047a,libarrow_arith-2826710f7dada0c4,libarrow_ord-4a0493a2572e096d,libarrow_select-0209025f3c2147a7,libarrow_array-d85fbf8c399e7ba8,libahash-83f206e578ef4d05,libgetrandom-bc1976b4e3b2a611,libhashbrown-621f4a290160b487,libfoldhash-07f233db1c671507,libequivalent-6a754676e6af62ae,liballocator_api2-8d9c1e895dea53bd,libarrow_data-9c18076b4abf899d,libarrow_schema-2800196d951f46ff,libarrow_buffer-92b20b68892d5c77,libhalf-19cd5be983775f22,libnum-59da63f9ce111d83,libnum_iter-506084b5aba2cbb5,libnum_rational-48aa6a23ca3c7490,libnum_complex-ed1658ea66897262,libnum_bigint-d687fda077b956cc,libnum_integer-085ed5d5af298655,libprotein_copilot_search_engine-26ec4baf1d37fec1,libprotein_copilot_fdr-0effcd97ce43fede,librand-80c47e77cfbee4d4,librand_chacha-701f188c25c83e51,libppv_lite86-bac2e28629ed1638,libzerocopy-3b1bd0d47c66d3d5,librand_core-71e6ad50d128a07a,libtokio-7e26cd46fe28854b,libsignal_hook_registry-0370c074c4bef323,liberrno-1d9457f3d77a0a23,libsocket2-050091baf38e5996,libbytes-2ed9460101f17bbf,libmio-ed53eae200549b32,libparking_lot-3ffc45ac74faea53,libprotein_copilot_spectrum_io-6ee55afbf79f1fc0,libflate2-b4b5735b2be75a87,libminiz_oxide-ca8849bbbe217a18,libadler2-1712579794513681,libcrc32fast-77160f4e25d6fc25,libbase64-32787b0325ea6df8,libquick_xml-408fbae20fbc9674,libtracing-9244677a201ade0f,libpin_project_lite-0a15d51c77964692,libtracing_core-d26029c784af5925,libsage_core-2517e64a279bb674,liblog-b262261d47bd2eba,libitertools-f8740b82a1cec4c3,libregex-1342197ac76a7579,libregex_automata-e4e8d49138828df4,libaho_corasick-fa94425a423a79cf,libregex_syntax-6d6ee545e2ffad72,libfnv-79e2cbfbe03dcd16,libdashmap-632a98783660a03b,liblock_api-16d46fed645f7bff,libscopeguard-7ec2214574194454,libonce_cell-b5bdc597ed9676b3,librayon-debd678a60a7a7eb,librayon_core-e986c1d1845fe6c3,libcrossbeam_deque-e71c6317821167fb,libcrossbeam_epoch-5fdcd5978a9f0010,libcrossbeam_utils-f696a08ab1e94e7a,libeither-e5ea87bd27ac73a9,libparking_lot_core-5da3b68e7b565456,libsmallvec-bc3128fdd57228fc,libhashbrown-d952ad0946629507,libprotein_copilot_core-9622f746231b8c20,libthiserror-305297abc8a52265,libschemars-90247277286d6a55,libdyn_clone-319e7691ef78165b,libref_cast-b706dde3ea1204b4,libuuid-b5bed743a444ab0e,libgetrandom-8f06a49e0abd6512,liblibc-585253b8e2aa2651,libcfg_if-83060ec5685761ae,libchrono-661a6df81ca6cfda,libiana_time_zone-bcd81aefedc374a6,libnum_traits-22d4c2c1070c368e,libserde-870ee391e4f6e8f9,libserde_json-43516fb7ec7801a5,libmemchr-5cfa70d22cb32987,libitoa-5de11b3b23bfe572,libzmij-ef63f1da73704b4c,libserde_core-46542aab222bf259}.rlib" "<sysroot>/lib/rustlib/x86_64-unknown-linux-gnu/lib/{libstd-*,libpanic_unwind-*,libobject-*,libmemchr-*,libaddr2line-*,libgimli-*,libcfg_if-*,librustc_demangle-*,libstd_detect-*,libhashbrown-*,librustc_std_workspace_alloc-*,libminiz_oxide-*,libadler2-*,libunwind-*,liblibc-*,librustc_std_workspace_core-*,liballoc-*,libcore-*,libcompiler_builtins-*}.rlib" "-Wl,-Bdynamic" "-lgcc_s" "-lutil" "-lrt" "-lpthread" "-lm" "-ldl" "-lc" "-L" "/opt/rustwide/target/debug/deps/rustcHDUvPg/raw-dylibs" "-B<sysroot>/lib/rustlib/x86_64-unknown-linux-gnu/bin/gcc-ld" "-fuse-ld=lld" "-Wl,--eh-frame-hdr" "-Wl,-z,noexecstack" "-L" "/opt/rustwide/target/debug/build/zstd-sys-71806e8c0e29645e/out" "-L" "<sysroot>/lib/rustlib/x86_64-unknown-linux-gnu/lib" "-o" "/opt/rustwide/target/debug/deps/import_pipeline-58b434a61976437b" "-Wl,--gc-sections" "-pie" "-Wl,-z,relro,-z,now" "-nodefaultlibs"
[INFO] [stdout]   = note: some arguments are omitted. use `--verbose` to show all linker arguments
[INFO] [stdout]   = note: collect2: fatal error: ld terminated with signal 9 [Killed]
[INFO] [stdout]           compilation terminated.
[INFO] [stdout]           
[INFO] [stdout] 
[INFO] [stdout] 
[INFO] [stderr] error: could not compile `protein-copilot-integration-tests` (test "import_pipeline") due to 1 previous error
[INFO] running `Command { std: "docker" "inspect" "52fe1a49312a009d6c7760cb3af6df4b425b1dfcec6c5c7bcffdb09eeaa2f245", kill_on_drop: false }`
[INFO] running `Command { std: "docker" "rm" "-f" "52fe1a49312a009d6c7760cb3af6df4b425b1dfcec6c5c7bcffdb09eeaa2f245", kill_on_drop: false }`
[INFO] [stdout] 52fe1a49312a009d6c7760cb3af6df4b425b1dfcec6c5c7bcffdb09eeaa2f245
