[INFO] cloning repository https://github.com/timkpaine/atomic-counter
[INFO] running `Command { std: "git" "-c" "credential.helper=" "-c" "credential.helper=/workspace/cargo-home/bin/git-credential-null" "clone" "--bare" "https://github.com/timkpaine/atomic-counter" "/workspace/cache/git-repos/https%3A%2F%2Fgithub.com%2Ftimkpaine%2Fatomic-counter", kill_on_drop: false }`
[INFO] [stderr] Cloning into bare repository '/workspace/cache/git-repos/https%3A%2F%2Fgithub.com%2Ftimkpaine%2Fatomic-counter'...
[INFO] running `Command { std: "git" "rev-parse" "HEAD", kill_on_drop: false }`
[INFO] [stdout] cacb090198cec4bef0dec12a9843dc821c407832
[INFO] testing timkpaine/atomic-counter against 1.97.0-beta.6 for beta-1.98-2
[INFO] running `Command { std: "git" "clone" "/workspace/cache/git-repos/https%3A%2F%2Fgithub.com%2Ftimkpaine%2Fatomic-counter" "/workspace/builds/worker-5-tc1/source", kill_on_drop: false }`
[INFO] [stderr] Cloning into '/workspace/builds/worker-5-tc1/source'...
[INFO] [stderr] done.
[INFO] started tweaking git repo https://github.com/timkpaine/atomic-counter
[INFO] finished tweaking git repo https://github.com/timkpaine/atomic-counter
[INFO] tweaked toml for git repo https://github.com/timkpaine/atomic-counter written to /workspace/builds/worker-5-tc1/source/Cargo.toml
[INFO] validating manifest of git repo https://github.com/timkpaine/atomic-counter on toolchain 1.97.0-beta.6
[INFO] running `Command { std: CARGO_HOME="/workspace/cargo-home" RUSTUP_HOME="/workspace/rustup-home" "/workspace/cargo-home/bin/cargo" "+1.97.0-beta.6" "metadata" "--manifest-path" "Cargo.toml" "--no-deps", kill_on_drop: false }`
[INFO] crate git repo https://github.com/timkpaine/atomic-counter already has a lockfile, it will not be regenerated
[INFO] running `Command { std: CARGO_HOME="/workspace/cargo-home" RUSTUP_HOME="/workspace/rustup-home" "/workspace/cargo-home/bin/cargo" "+1.97.0-beta.6" "fetch" "--manifest-path" "Cargo.toml", kill_on_drop: false }`
[INFO] [stderr] warning: profiles for the non root package will be ignored, specify profiles at the workspace root:
[INFO] [stderr] package:   /workspace/builds/worker-5-tc1/source/rust/Cargo.toml
[INFO] [stderr] workspace: /workspace/builds/worker-5-tc1/source/Cargo.toml
[INFO] [stderr] warning: /workspace/builds/worker-5-tc1/source/rust/Cargo.toml: unused manifest key: profile.test.junit
[INFO] [stderr]     Updating crates.io index
[INFO] [stderr]  Downloading crates ...
[INFO] [stderr]   Downloaded pyo3-ffi v0.29.0
[INFO] [stderr]   Downloaded pyo3-macros v0.29.0
[INFO] [stderr]   Downloaded inventory v0.3.24
[INFO] [stderr]   Downloaded pyo3-macros-backend v0.29.0
[INFO] [stderr]   Downloaded pyo3-build-config v0.29.0
[INFO] [stderr]   Downloaded pyo3 v0.29.0
[INFO] running `Command { std: "docker" "create" "-v" "/var/lib/crater-agent-workspace/builds/worker-5-tc1/source:/opt/rustwide/workdir:ro,Z" "-v" "/var/lib/crater-agent-workspace/builds/worker-5-tc1/target:/opt/rustwide/target:rw,Z" "-v" "/var/lib/crater-agent-workspace/cargo-home:/opt/rustwide/cargo-home:ro,Z" "-v" "/var/lib/crater-agent-workspace/rustup-home:/opt/rustwide/rustup-home:ro,Z" "-m" "1610612736" "--network" "none" "ghcr.io/rust-lang/crates-build-env/linux@sha256:3d5ced03c013a94a2f102a4510f48a6e9184255caf5fd8244f58017bde7f5210" "sleep" "infinity", kill_on_drop: false }`
[INFO] [stdout] 22f1f1ecd123f24a0b72d8b5db52830c78032f4cdaf961f9980b886be72ceaeb
[INFO] running `Command { std: "docker" "start" "22f1f1ecd123f24a0b72d8b5db52830c78032f4cdaf961f9980b886be72ceaeb", kill_on_drop: false }`
[INFO] running `Command { std: "docker" "inspect" "22f1f1ecd123f24a0b72d8b5db52830c78032f4cdaf961f9980b886be72ceaeb", kill_on_drop: false }`
[INFO] running `Command { std: "docker" "exec" "-e" "SOURCE_DIR=/opt/rustwide/workdir" "-e" "CARGO_HOME=/opt/rustwide/cargo-home" "-e" "RUSTUP_HOME=/opt/rustwide/rustup-home" "-e" "CARGO_TARGET_DIR=/opt/rustwide/target" "-w" "/opt/rustwide/workdir" "--user" "0:0" "22f1f1ecd123f24a0b72d8b5db52830c78032f4cdaf961f9980b886be72ceaeb" "/opt/rustwide/cargo-home/bin/cargo" "+1.97.0-beta.6" "metadata" "--no-deps" "--format-version=1", kill_on_drop: false }`
[INFO] running `Command { std: "docker" "inspect" "22f1f1ecd123f24a0b72d8b5db52830c78032f4cdaf961f9980b886be72ceaeb", kill_on_drop: false }`
[INFO] running `Command { std: "docker" "exec" "-e" "SOURCE_DIR=/opt/rustwide/workdir" "-e" "CARGO_HOME=/opt/rustwide/cargo-home" "-e" "RUSTUP_HOME=/opt/rustwide/rustup-home" "-e" "CARGO_TARGET_DIR=/opt/rustwide/target" "-e" "CARGO_INCREMENTAL=0" "-e" "RUST_BACKTRACE=full" "-e" "RUSTFLAGS=--cap-lints=warn" "-e" "RUSTDOCFLAGS=--cap-lints=warn" "-w" "/opt/rustwide/workdir" "--user" "0:0" "22f1f1ecd123f24a0b72d8b5db52830c78032f4cdaf961f9980b886be72ceaeb" "/opt/rustwide/cargo-home/bin/cargo" "+1.97.0-beta.6" "build" "--frozen" "--message-format=json", kill_on_drop: false }`
[INFO] [stderr] warning: profiles for the non root package will be ignored, specify profiles at the workspace root:
[INFO] [stderr] package:   /opt/rustwide/workdir/rust/Cargo.toml
[INFO] [stderr] workspace: /opt/rustwide/workdir/Cargo.toml
[INFO] [stderr] warning: /opt/rustwide/workdir/rust/Cargo.toml: unused manifest key: profile.test.junit
[INFO] [stderr]    Compiling target-lexicon v0.13.5
[INFO] [stderr]    Compiling proc-macro2 v1.0.106
[INFO] [stderr]    Compiling quote v1.0.46
[INFO] [stderr]    Compiling unicode-ident v1.0.24
[INFO] [stderr]    Compiling autocfg v1.5.1
[INFO] [stderr]    Compiling libc v0.2.186
[INFO] [stderr]    Compiling heck v0.5.0
[INFO] [stderr]    Compiling iana-time-zone v0.1.65
[INFO] [stderr]    Compiling once_cell v1.21.4
[INFO] [stderr]    Compiling inventory v0.3.24
[INFO] [stderr]    Compiling num-traits v0.2.19
[INFO] [stderr]    Compiling pyo3-build-config v0.29.0
[INFO] [stderr]    Compiling syn v2.0.118
[INFO] [stderr]    Compiling chrono v0.4.45
[INFO] [stderr]    Compiling pyo3-ffi v0.29.0
[INFO] [stderr]    Compiling pyo3 v0.29.0
[INFO] [stderr]    Compiling atomic_counter v0.1.4 (/opt/rustwide/workdir/rust)
[INFO] [stderr]    Compiling pyo3-macros-backend v0.29.0
[INFO] [stderr]    Compiling pyo3-macros v0.29.0
[INFO] [stderr]    Compiling atomic_counter_py v0.1.4 (/opt/rustwide/workdir)
[INFO] [stderr]     Finished `dev` profile [unoptimized + debuginfo] target(s) in 18.01s
[INFO] running `Command { std: "docker" "inspect" "22f1f1ecd123f24a0b72d8b5db52830c78032f4cdaf961f9980b886be72ceaeb", kill_on_drop: false }`
[INFO] running `Command { std: "docker" "exec" "-e" "SOURCE_DIR=/opt/rustwide/workdir" "-e" "CARGO_HOME=/opt/rustwide/cargo-home" "-e" "RUSTUP_HOME=/opt/rustwide/rustup-home" "-e" "CARGO_TARGET_DIR=/opt/rustwide/target" "-e" "CARGO_INCREMENTAL=0" "-e" "RUST_BACKTRACE=full" "-e" "RUSTFLAGS=--cap-lints=warn" "-e" "RUSTDOCFLAGS=--cap-lints=warn" "-w" "/opt/rustwide/workdir" "--user" "0:0" "22f1f1ecd123f24a0b72d8b5db52830c78032f4cdaf961f9980b886be72ceaeb" "/opt/rustwide/cargo-home/bin/cargo" "+1.97.0-beta.6" "test" "--frozen" "--no-run" "--message-format=json", kill_on_drop: false }`
[INFO] [stderr] warning: profiles for the non root package will be ignored, specify profiles at the workspace root:
[INFO] [stderr] package:   /opt/rustwide/workdir/rust/Cargo.toml
[INFO] [stderr] workspace: /opt/rustwide/workdir/Cargo.toml
[INFO] [stderr] warning: /opt/rustwide/workdir/rust/Cargo.toml: unused manifest key: profile.test.junit
[INFO] [stderr]    Compiling atomic_counter_py v0.1.4 (/opt/rustwide/workdir)
[INFO] [stdout] error: linking with `cc` failed: exit status: 1
[INFO] [stdout]   |
[INFO] [stdout]   = note:  "cc" "-m64" "/opt/rustwide/target/debug/deps/rustcZBAdRT/symbols.o" "<2 object files omitted>" "-Wl,--as-needed" "-Wl,-Bstatic" "<sysroot>/lib/rustlib/x86_64-unknown-linux-gnu/lib/{libtest-*,libgetopts-*,librustc_std_workspace_std-*}.rlib" "/opt/rustwide/target/debug/deps/{libatomic_counter-d17b31f468e07996,libchrono-784120cdf6b0bcd0,libiana_time_zone-bcd81aefedc374a6,libnum_traits-040817c80e4d7434,libpyo3-5864d22fd34d7f72,libonce_cell-b5bdc597ed9676b3,libpyo3_ffi-71afb4deadaa375f,liblibc-612664c2206eec43,libinventory-4db84d261fa45ba5}.rlib" "<sysroot>/lib/rustlib/x86_64-unknown-linux-gnu/lib/{libstd-*,libpanic_unwind-*,libobject-*,libmemchr-*,libaddr2line-*,libgimli-*,libcfg_if-*,librustc_demangle-*,libstd_detect-*,libhashbrown-*,librustc_std_workspace_alloc-*,libminiz_oxide-*,libadler2-*,libunwind-*,liblibc-*,librustc_std_workspace_core-*,liballoc-*,libcore-*,libcompiler_builtins-*}.rlib" "-Wl,-Bdynamic" "-lgcc_s" "-lutil" "-lrt" "-lpthread" "-lm" "-ldl" "-lc" "-L" "/opt/rustwide/target/debug/deps/rustcZBAdRT/raw-dylibs" "-B<sysroot>/lib/rustlib/x86_64-unknown-linux-gnu/bin/gcc-ld" "-fuse-ld=lld" "-Wl,--eh-frame-hdr" "-Wl,-z,noexecstack" "-L" "<sysroot>/lib/rustlib/x86_64-unknown-linux-gnu/lib" "-o" "/opt/rustwide/target/debug/deps/atomic_counter-d51bfea6ce32c7a7" "-Wl,--gc-sections" "-pie" "-Wl,-z,relro,-z,now" "-nodefaultlibs"
[INFO] [stdout]   = note: some arguments are omitted. use `--verbose` to show all linker arguments
[INFO] [stdout]   = note: rust-lld: error: undefined symbol: _Py_NoneStruct
[INFO] [stdout]           >>> referenced by object.rs:667 (/opt/rustwide/cargo-home/registry/src/index.crates.io-1949cf8c6b5b557f/pyo3-ffi-0.29.0/src/object.rs:667)
[INFO] [stdout]           >>>               /opt/rustwide/target/debug/deps/atomic_counter-d51bfea6ce32c7a7.atomic_counter.4cd12f850fc6652b-cgu.0.rcgu.o:(pyo3_ffi::object::Py_None)
[INFO] [stdout]           >>> referenced by object.rs:667 (/opt/rustwide/cargo-home/registry/src/index.crates.io-1949cf8c6b5b557f/pyo3-ffi-0.29.0/src/object.rs:667)
[INFO] [stdout]           >>>               pyo3-5864d22fd34d7f72.pyo3.e1737fde78b6706e-cgu.07.rcgu.o:(pyo3_ffi::object::Py_None) in archive /opt/rustwide/target/debug/deps/libpyo3-5864d22fd34d7f72.rlib
[INFO] [stdout]           
[INFO] [stdout]           rust-lld: error: undefined symbol: PyDict_Next
[INFO] [stdout]           >>> referenced by dict.rs:845 (/opt/rustwide/cargo-home/registry/src/index.crates.io-1949cf8c6b5b557f/pyo3-0.29.0/src/types/dict.rs:845)
[INFO] [stdout]           >>>               /opt/rustwide/target/debug/deps/atomic_counter-d51bfea6ce32c7a7.atomic_counter.4cd12f850fc6652b-cgu.0.rcgu.o:(<pyo3::types::dict::borrowed_iter::BorrowedDictIter as core::iter::traits::iterator::Iterator>::next)
[INFO] [stdout]           
[INFO] [stdout]           rust-lld: error: undefined symbol: PyBytes_AsString
[INFO] [stdout]           >>> referenced by bytes.rs:213 (src/types/bytes.rs:213)
[INFO] [stdout]           >>>               pyo3-5864d22fd34d7f72.pyo3.e1737fde78b6706e-cgu.00.rcgu.o:(<pyo3::instance::Borrowed<pyo3::types::bytes::PyBytes>>::as_bytes) in archive /opt/rustwide/target/debug/deps/libpyo3-5864d22fd34d7f72.rlib
[INFO] [stdout]           
[INFO] [stdout]           rust-lld: error: undefined symbol: PyBytes_Size
[INFO] [stdout]           >>> referenced by bytes.rs:214 (src/types/bytes.rs:214)
[INFO] [stdout]           >>>               pyo3-5864d22fd34d7f72.pyo3.e1737fde78b6706e-cgu.00.rcgu.o:(<pyo3::instance::Borrowed<pyo3::types::bytes::PyBytes>>::as_bytes) in archive /opt/rustwide/target/debug/deps/libpyo3-5864d22fd34d7f72.rlib
[INFO] [stdout]           
[INFO] [stdout]           rust-lld: error: undefined symbol: PyTuple_GetItem
[INFO] [stdout]           >>> referenced by tuple.rs:360 (src/types/tuple.rs:360)
[INFO] [stdout]           >>>               pyo3-5864d22fd34d7f72.pyo3.e1737fde78b6706e-cgu.00.rcgu.o:(<pyo3::instance::Borrowed<pyo3::types::tuple::PyTuple>>::get_borrowed_item_unchecked) in archive /opt/rustwide/target/debug/deps/libpyo3-5864d22fd34d7f72.rlib
[INFO] [stdout]           
[INFO] [stdout]           rust-lld: error: undefined symbol: PyUnicode_AsEncodedString
[INFO] [stdout]           >>> referenced by string.rs:401 (src/types/string.rs:401)
[INFO] [stdout]           >>>               pyo3-5864d22fd34d7f72.pyo3.e1737fde78b6706e-cgu.00.rcgu.o:(<pyo3::instance::Borrowed<pyo3::types::string::PyString>>::to_string_lossy) in archive /opt/rustwide/target/debug/deps/libpyo3-5864d22fd34d7f72.rlib
[INFO] [stdout]           
[INFO] [stdout]           rust-lld: error: undefined symbol: PyUnicode_AsUTF8AndSize
[INFO] [stdout]           >>> referenced by string.rs:364 (src/types/string.rs:364)
[INFO] [stdout]           >>>               pyo3-5864d22fd34d7f72.pyo3.e1737fde78b6706e-cgu.00.rcgu.o:(<pyo3::instance::Borrowed<pyo3::types::string::PyString>>::to_str) in archive /opt/rustwide/target/debug/deps/libpyo3-5864d22fd34d7f72.rlib
[INFO] [stdout]           
[INFO] [stdout]           rust-lld: error: undefined symbol: _Py_IncRef
[INFO] [stdout]           >>> referenced by refcount.rs:192 (/opt/rustwide/cargo-home/registry/src/index.crates.io-1949cf8c6b5b557f/pyo3-ffi-0.29.0/src/refcount.rs:192)
[INFO] [stdout]           >>>               pyo3-5864d22fd34d7f72.pyo3.e1737fde78b6706e-cgu.00.rcgu.o:(<pyo3::instance::Py<pyo3::types::typeobject::PyType>>::clone_ref) in archive /opt/rustwide/target/debug/deps/libpyo3-5864d22fd34d7f72.rlib
[INFO] [stdout]           >>> referenced by refcount.rs:192 (/opt/rustwide/cargo-home/registry/src/index.crates.io-1949cf8c6b5b557f/pyo3-ffi-0.29.0/src/refcount.rs:192)
[INFO] [stdout]           >>>               pyo3-5864d22fd34d7f72.pyo3.e1737fde78b6706e-cgu.00.rcgu.o:(<pyo3::instance::Py<pyo3::types::any::PyAny>>::clone_ref) in archive /opt/rustwide/target/debug/deps/libpyo3-5864d22fd34d7f72.rlib
[INFO] [stdout]           >>> referenced by refcount.rs:192 (/opt/rustwide/cargo-home/registry/src/index.crates.io-1949cf8c6b5b557f/pyo3-ffi-0.29.0/src/refcount.rs:192)
[INFO] [stdout]           >>>               pyo3-5864d22fd34d7f72.pyo3.e1737fde78b6706e-cgu.00.rcgu.o:(<pyo3::instance::Py<pyo3::types::none::PyNone>>::clone_ref) in archive /opt/rustwide/target/debug/deps/libpyo3-5864d22fd34d7f72.rlib
[INFO] [stdout]           >>> referenced 2 more times
[INFO] [stdout]           
[INFO] [stdout]           rust-lld: error: undefined symbol: _Py_DecRef
[INFO] [stdout]           >>> referenced by refcount.rs:269 (/opt/rustwide/cargo-home/registry/src/index.crates.io-1949cf8c6b5b557f/pyo3-ffi-0.29.0/src/refcount.rs:269)
[INFO] [stdout]           >>>               pyo3-5864d22fd34d7f72.pyo3.e1737fde78b6706e-cgu.00.rcgu.o:(<pyo3::instance::Py<_> as core::ops::drop::Drop>::drop::inner) in archive /opt/rustwide/target/debug/deps/libpyo3-5864d22fd34d7f72.rlib
[INFO] [stdout]           >>> referenced by refcount.rs:269 (/opt/rustwide/cargo-home/registry/src/index.crates.io-1949cf8c6b5b557f/pyo3-ffi-0.29.0/src/refcount.rs:269)
[INFO] [stdout]           >>>               pyo3-5864d22fd34d7f72.pyo3.e1737fde78b6706e-cgu.00.rcgu.o:(<pyo3::instance::Bound<pyo3::exceptions::PyBaseException> as core::ops::drop::Drop>::drop) in archive /opt/rustwide/target/debug/deps/libpyo3-5864d22fd34d7f72.rlib
[INFO] [stdout]           >>> referenced by refcount.rs:269 (/opt/rustwide/cargo-home/registry/src/index.crates.io-1949cf8c6b5b557f/pyo3-ffi-0.29.0/src/refcount.rs:269)
[INFO] [stdout]           >>>               pyo3-5864d22fd34d7f72.pyo3.e1737fde78b6706e-cgu.00.rcgu.o:(<pyo3::instance::Bound<pyo3::types::typeobject::PyType> as core::ops::drop::Drop>::drop) in archive /opt/rustwide/target/debug/deps/libpyo3-5864d22fd34d7f72.rlib
[INFO] [stdout]           >>> referenced 8 more times
[INFO] [stdout]           
[INFO] [stdout]           rust-lld: error: undefined symbol: PyType_GetName
[INFO] [stdout]           >>> referenced by typeobject.rs:128 (src/types/typeobject.rs:128)
[INFO] [stdout]           >>>               pyo3-5864d22fd34d7f72.pyo3.e1737fde78b6706e-cgu.00.rcgu.o:(<pyo3::instance::Bound<pyo3::types::typeobject::PyType> as pyo3::types::typeobject::PyTypeMethods>::name) in archive /opt/rustwide/target/debug/deps/libpyo3-5864d22fd34d7f72.rlib
[INFO] [stdout]           
[INFO] [stdout]           rust-lld: error: undefined symbol: PyType_GetQualName
[INFO] [stdout]           >>> referenced by typeobject.rs:147 (src/types/typeobject.rs:147)
[INFO] [stdout]           >>>               pyo3-5864d22fd34d7f72.pyo3.e1737fde78b6706e-cgu.00.rcgu.o:(<pyo3::instance::Bound<pyo3::types::typeobject::PyType> as pyo3::types::typeobject::PyTypeMethods>::qualname) in archive /opt/rustwide/target/debug/deps/libpyo3-5864d22fd34d7f72.rlib
[INFO] [stdout]           
[INFO] [stdout]           rust-lld: error: undefined symbol: PyObject_Str
[INFO] [stdout]           >>> referenced by any.rs:1343 (src/types/any.rs:1343)
[INFO] [stdout]           >>>               pyo3-5864d22fd34d7f72.pyo3.e1737fde78b6706e-cgu.00.rcgu.o:(<pyo3::instance::Bound<pyo3::types::any::PyAny> as pyo3::types::any::PyAnyMethods>::str) in archive /opt/rustwide/target/debug/deps/libpyo3-5864d22fd34d7f72.rlib
[INFO] [stdout]           
[INFO] [stdout]           rust-lld: error: undefined symbol: PyObject_Repr
[INFO] [stdout]           >>> referenced by any.rs:1335 (src/types/any.rs:1335)
[INFO] [stdout]           >>>               pyo3-5864d22fd34d7f72.pyo3.e1737fde78b6706e-cgu.00.rcgu.o:(<pyo3::instance::Bound<pyo3::types::any::PyAny> as pyo3::types::any::PyAnyMethods>::repr) in archive /opt/rustwide/target/debug/deps/libpyo3-5864d22fd34d7f72.rlib
[INFO] [stdout]           
[INFO] [stdout]           rust-lld: error: undefined symbol: PyObject_CallNoArgs
[INFO] [stdout]           >>> referenced by any.rs:1179 (src/types/any.rs:1179)
[INFO] [stdout]           >>>               pyo3-5864d22fd34d7f72.pyo3.e1737fde78b6706e-cgu.00.rcgu.o:(<pyo3::instance::Bound<pyo3::types::any::PyAny> as pyo3::types::any::PyAnyMethods>::call0) in archive /opt/rustwide/target/debug/deps/libpyo3-5864d22fd34d7f72.rlib
[INFO] [stdout]           
[INFO] [stdout]           rust-lld: error: undefined symbol: PyTuple_Size
[INFO] [stdout]           >>> referenced by tuple.rs:259 (src/types/tuple.rs:259)
[INFO] [stdout]           >>>               pyo3-5864d22fd34d7f72.pyo3.e1737fde78b6706e-cgu.00.rcgu.o:(<pyo3::instance::Bound<pyo3::types::tuple::PyTuple> as pyo3::types::tuple::PyTupleMethods>::len) in archive /opt/rustwide/target/debug/deps/libpyo3-5864d22fd34d7f72.rlib
[INFO] [stdout]           
[INFO] [stdout]           rust-lld: error: undefined symbol: PyTraceBack_Print
[INFO] [stdout]           >>> referenced by traceback.rs:113 (src/types/traceback.rs:113)
[INFO] [stdout]           >>>               pyo3-5864d22fd34d7f72.pyo3.e1737fde78b6706e-cgu.00.rcgu.o:(<pyo3::instance::Bound<pyo3::types::traceback::PyTraceback> as pyo3::types::traceback::PyTracebackMethods>::format) in archive /opt/rustwide/target/debug/deps/libpyo3-5864d22fd34d7f72.rlib
[INFO] [stdout]           
[INFO] [stdout]           rust-lld: error: undefined symbol: PyObject_VectorcallMethod
[INFO] [stdout]           >>> referenced by tuple.rs:751 (src/types/tuple.rs:751)
[INFO] [stdout]           >>>               pyo3-5864d22fd34d7f72.pyo3.e1737fde78b6706e-cgu.00.rcgu.o:(<(pyo3::instance::Bound<pyo3::types::string::PyString>,) as pyo3::call::PyCallArgs>::call_method_positional) in archive /opt/rustwide/target/debug/deps/libpyo3-5864d22fd34d7f72.rlib
[INFO] [stdout]           
[INFO] [stdout]           rust-lld: error: undefined symbol: PyType_GetFlags
[INFO] [stdout]           >>> referenced by object.rs:721 (/opt/rustwide/cargo-home/registry/src/index.crates.io-1949cf8c6b5b557f/pyo3-ffi-0.29.0/src/object.rs:721)
[INFO] [stdout]           >>>               pyo3-5864d22fd34d7f72.pyo3.e1737fde78b6706e-cgu.07.rcgu.o:(pyo3_ffi::object::PyType_HasFeature) in archive /opt/rustwide/target/debug/deps/libpyo3-5864d22fd34d7f72.rlib
[INFO] [stdout]           
[INFO] [stdout]           rust-lld: error: undefined symbol: PyTuple_New
[INFO] [stdout]           >>> referenced by tuple.rs:950 (src/types/tuple.rs:950)
[INFO] [stdout]           >>>               pyo3-5864d22fd34d7f72.pyo3.e1737fde78b6706e-cgu.10.rcgu.o:(pyo3::types::tuple::array_into_tuple::<1>) in archive /opt/rustwide/target/debug/deps/libpyo3-5864d22fd34d7f72.rlib
[INFO] [stdout]           >>> referenced by tuple.rs:157 (src/types/tuple.rs:157)
[INFO] [stdout]           >>>               pyo3-5864d22fd34d7f72.pyo3.e1737fde78b6706e-cgu.10.rcgu.o:(<pyo3::types::tuple::PyTuple>::empty) in archive /opt/rustwide/target/debug/deps/libpyo3-5864d22fd34d7f72.rlib
[INFO] [stdout]           
[INFO] [stdout]           rust-lld: error: undefined symbol: PyTuple_SetItem
[INFO] [stdout]           >>> referenced by tuple.rs:956 (src/types/tuple.rs:956)
[INFO] [stdout]           >>>               pyo3-5864d22fd34d7f72.pyo3.e1737fde78b6706e-cgu.10.rcgu.o:(pyo3::types::tuple::array_into_tuple::<1>) in archive /opt/rustwide/target/debug/deps/libpyo3-5864d22fd34d7f72.rlib
[INFO] [stdout]           
[INFO] [stdout]           rust-lld: error: too many errors emitted, stopping now (use --error-limit=0 to see all errors)
[INFO] [stdout]           collect2: error: ld returned 1 exit status
[INFO] [stdout]           
[INFO] [stdout] 
[INFO] [stdout] 
[INFO] [stderr] error: could not compile `atomic_counter_py` (lib test) due to 1 previous error
[INFO] running `Command { std: "docker" "inspect" "22f1f1ecd123f24a0b72d8b5db52830c78032f4cdaf961f9980b886be72ceaeb", kill_on_drop: false }`
[INFO] running `Command { std: "docker" "rm" "-f" "22f1f1ecd123f24a0b72d8b5db52830c78032f4cdaf961f9980b886be72ceaeb", kill_on_drop: false }`
[INFO] [stdout] 22f1f1ecd123f24a0b72d8b5db52830c78032f4cdaf961f9980b886be72ceaeb
