[INFO] cloning repository https://github.com/theoxfaber/aether
[INFO] running `Command { std: "git" "-c" "credential.helper=" "-c" "credential.helper=/workspace/cargo-home/bin/git-credential-null" "clone" "--bare" "https://github.com/theoxfaber/aether" "/workspace/cache/git-repos/https%3A%2F%2Fgithub.com%2Ftheoxfaber%2Faether", kill_on_drop: false }`
[INFO] [stderr] Cloning into bare repository '/workspace/cache/git-repos/https%3A%2F%2Fgithub.com%2Ftheoxfaber%2Faether'...
[INFO] running `Command { std: "git" "rev-parse" "HEAD", kill_on_drop: false }`
[INFO] [stdout] cec8a1e6096a84ae2b2a31ea9ef6d57d4d0608bd
[INFO] testing theoxfaber/aether against 1.97.0-beta.6 for beta-1.98-2
[INFO] running `Command { std: "git" "clone" "/workspace/cache/git-repos/https%3A%2F%2Fgithub.com%2Ftheoxfaber%2Faether" "/workspace/builds/worker-2-tc1/source", kill_on_drop: false }`
[INFO] [stderr] Cloning into '/workspace/builds/worker-2-tc1/source'...
[INFO] [stderr] done.
[INFO] started tweaking git repo https://github.com/theoxfaber/aether
[INFO] finished tweaking git repo https://github.com/theoxfaber/aether
[INFO] tweaked toml for git repo https://github.com/theoxfaber/aether written to /workspace/builds/worker-2-tc1/source/Cargo.toml
[INFO] validating manifest of git repo https://github.com/theoxfaber/aether on toolchain 1.97.0-beta.6
[INFO] running `Command { std: CARGO_HOME="/workspace/cargo-home" RUSTUP_HOME="/workspace/rustup-home" "/workspace/cargo-home/bin/cargo" "+1.97.0-beta.6" "metadata" "--manifest-path" "Cargo.toml" "--no-deps", kill_on_drop: false }`
[INFO] crate git repo https://github.com/theoxfaber/aether already has a lockfile, it will not be regenerated
[INFO] running `Command { std: CARGO_HOME="/workspace/cargo-home" RUSTUP_HOME="/workspace/rustup-home" "/workspace/cargo-home/bin/cargo" "+1.97.0-beta.6" "fetch" "--manifest-path" "Cargo.toml", kill_on_drop: false }`
[INFO] [stderr]     Updating crates.io index
[INFO] [stderr]  Downloading crates ...
[INFO] [stderr]   Downloaded wasm-bindgen-shared v0.2.121
[INFO] [stderr]   Downloaded wgpu v0.20.1
[INFO] [stderr]   Downloaded profiling v1.0.18
[INFO] [stderr]   Downloaded gpu-alloc-types v0.3.0
[INFO] [stderr]   Downloaded gpu-descriptor-types v0.2.0
[INFO] [stderr]   Downloaded tokio-macros v2.7.0
[INFO] [stderr]   Downloaded glutin_wgl_sys v0.5.0
[INFO] [stderr]   Downloaded number_prefix v0.4.0
[INFO] [stderr]   Downloaded wasm-bindgen-futures v0.4.71
[INFO] [stderr]   Downloaded unindent v0.2.4
[INFO] [stderr]   Downloaded pyo3-macros v0.23.5
[INFO] [stderr]   Downloaded dirs v5.0.1
[INFO] [stderr]   Downloaded range-alloc v0.1.5
[INFO] [stderr]   Downloaded fixedbitset v0.4.2
[INFO] [stderr]   Downloaded gpu-descriptor v0.3.2
[INFO] [stderr]   Downloaded wasm-bindgen-macro v0.2.121
[INFO] [stderr]   Downloaded com_macros v0.6.0
[INFO] [stderr]   Downloaded libredox v0.1.16
[INFO] [stderr]   Downloaded plotters-svg v0.3.7
[INFO] [stderr]   Downloaded spirv v0.3.0+sdk-1.3.268.0
[INFO] [stderr]   Downloaded presser v0.3.1
[INFO] [stderr]   Downloaded gpu-alloc v0.6.0
[INFO] [stderr]   Downloaded plotters-backend v0.3.7
[INFO] [stderr]   Downloaded khronos-egl v6.0.0
[INFO] [stderr]   Downloaded com v0.6.0
[INFO] [stderr]   Downloaded com_macros_support v0.6.0
[INFO] [stderr]   Downloaded d3d12 v0.20.0
[INFO] [stderr]   Downloaded hassle-rs v0.11.0
[INFO] [stderr]   Downloaded pyo3-build-config v0.23.5
[INFO] [stderr]   Downloaded gl_generator v0.14.0
[INFO] [stderr]   Downloaded memmap2 v0.9.10
[INFO] [stderr]   Downloaded oorandom v11.1.5
[INFO] [stderr]   Downloaded gpu-allocator v0.25.0
[INFO] [stderr]   Downloaded bytemuck_derive v1.10.2
[INFO] [stderr]   Downloaded console v0.15.11
[INFO] [stderr]   Downloaded wgpu-types v0.20.0
[INFO] [stderr]   Downloaded wasm-bindgen v0.2.121
[INFO] [stderr]   Downloaded wasm-bindgen-macro-support v0.2.121
[INFO] [stderr]   Downloaded pyo3-macros-backend v0.23.5
[INFO] [stderr]   Downloaded indicatif v0.17.11
[INFO] [stderr]   Downloaded widestring v1.2.1
[INFO] [stderr]   Downloaded pyo3-ffi v0.23.5
[INFO] [stderr]   Downloaded js-sys v0.3.98
[INFO] [stderr]   Downloaded glow v0.13.1
[INFO] [stderr]   Downloaded plotters v0.3.7
[INFO] [stderr]   Downloaded rayon v1.12.0
[INFO] [stderr]   Downloaded portable-atomic v1.13.1
[INFO] [stderr]   Downloaded tracing-subscriber v0.3.23
[INFO] [stderr]   Downloaded wgpu-core v0.21.1
[INFO] [stderr]   Downloaded ndarray v0.15.6
[INFO] [stderr]   Downloaded wgpu-hal v0.21.1
[INFO] [stderr]   Downloaded khronos_api v3.1.0
[INFO] [stderr]   Downloaded naga v0.20.0
[INFO] [stderr]   Downloaded web-sys v0.3.98
[INFO] [stderr]   Downloaded petgraph v0.6.5
[INFO] [stderr]   Downloaded pyo3 v0.23.5
[INFO] [stderr]   Downloaded metal v0.28.0
[INFO] [stderr]   Downloaded axum-macros v0.4.2
[INFO] [stderr]   Downloaded hyper v1.9.0
[INFO] [stderr]   Downloaded windows v0.52.0
[INFO] running `Command { std: "docker" "create" "-v" "/var/lib/crater-agent-workspace/builds/worker-2-tc1/source:/opt/rustwide/workdir:ro,Z" "-v" "/var/lib/crater-agent-workspace/builds/worker-2-tc1/target:/opt/rustwide/target:rw,Z" "-v" "/var/lib/crater-agent-workspace/cargo-home:/opt/rustwide/cargo-home:ro,Z" "-v" "/var/lib/crater-agent-workspace/rustup-home:/opt/rustwide/rustup-home:ro,Z" "-m" "1610612736" "--network" "none" "ghcr.io/rust-lang/crates-build-env/linux@sha256:3d5ced03c013a94a2f102a4510f48a6e9184255caf5fd8244f58017bde7f5210" "sleep" "infinity", kill_on_drop: false }`
[INFO] [stdout] 937f4c1bb74166bcdc853c2353e73a413d8ab11c8bd70cd85d65594f9008d2f1
[INFO] running `Command { std: "docker" "start" "937f4c1bb74166bcdc853c2353e73a413d8ab11c8bd70cd85d65594f9008d2f1", kill_on_drop: false }`
[INFO] running `Command { std: "docker" "inspect" "937f4c1bb74166bcdc853c2353e73a413d8ab11c8bd70cd85d65594f9008d2f1", kill_on_drop: false }`
[INFO] running `Command { std: "docker" "exec" "-e" "SOURCE_DIR=/opt/rustwide/workdir" "-e" "CARGO_HOME=/opt/rustwide/cargo-home" "-e" "RUSTUP_HOME=/opt/rustwide/rustup-home" "-e" "CARGO_TARGET_DIR=/opt/rustwide/target" "-w" "/opt/rustwide/workdir" "--user" "0:0" "937f4c1bb74166bcdc853c2353e73a413d8ab11c8bd70cd85d65594f9008d2f1" "/opt/rustwide/cargo-home/bin/cargo" "+1.97.0-beta.6" "metadata" "--no-deps" "--format-version=1", kill_on_drop: false }`
[INFO] running `Command { std: "docker" "inspect" "937f4c1bb74166bcdc853c2353e73a413d8ab11c8bd70cd85d65594f9008d2f1", kill_on_drop: false }`
[INFO] running `Command { std: "docker" "exec" "-e" "SOURCE_DIR=/opt/rustwide/workdir" "-e" "CARGO_HOME=/opt/rustwide/cargo-home" "-e" "RUSTUP_HOME=/opt/rustwide/rustup-home" "-e" "CARGO_TARGET_DIR=/opt/rustwide/target" "-e" "CARGO_INCREMENTAL=0" "-e" "RUST_BACKTRACE=full" "-e" "RUSTFLAGS=--cap-lints=warn" "-e" "RUSTDOCFLAGS=--cap-lints=warn" "-w" "/opt/rustwide/workdir" "--user" "0:0" "937f4c1bb74166bcdc853c2353e73a413d8ab11c8bd70cd85d65594f9008d2f1" "/opt/rustwide/cargo-home/bin/cargo" "+1.97.0-beta.6" "build" "--frozen" "--message-format=json", kill_on_drop: false }`
[INFO] [stderr]    Compiling proc-macro2 v1.0.106
[INFO] [stderr]    Compiling quote v1.0.45
[INFO] [stderr]    Compiling unicode-ident v1.0.24
[INFO] [stderr]    Compiling libc v0.2.186
[INFO] [stderr]    Compiling cfg-if v1.0.4
[INFO] [stderr]    Compiling autocfg v1.5.0
[INFO] [stderr]    Compiling pin-project-lite v0.2.17
[INFO] [stderr]    Compiling once_cell v1.21.4
[INFO] [stderr]    Compiling smallvec v1.15.1
[INFO] [stderr]    Compiling parking_lot_core v0.9.12
[INFO] [stderr]    Compiling log v0.4.29
[INFO] [stderr]    Compiling futures-core v0.3.32
[INFO] [stderr]    Compiling itoa v1.0.18
[INFO] [stderr]    Compiling bitflags v2.11.1
[INFO] [stderr]    Compiling lock_api v0.4.14
[INFO] [stderr]    Compiling futures-sink v0.3.32
[INFO] [stderr]    Compiling bytes v1.11.1
[INFO] [stderr]    Compiling serde_core v1.0.228
[INFO] [stderr]    Compiling memchr v2.8.0
[INFO] [stderr]    Compiling equivalent v1.0.2
[INFO] [stderr]    Compiling slab v0.4.12
[INFO] [stderr]    Compiling futures-io v0.3.32
[INFO] [stderr]    Compiling hashbrown v0.17.1
[INFO] [stderr]    Compiling tracing-core v0.1.36
[INFO] [stderr]    Compiling crossbeam-utils v0.8.21
[INFO] [stderr]    Compiling thiserror v1.0.69
[INFO] [stderr]    Compiling futures-task v0.3.32
[INFO] [stderr]    Compiling futures-channel v0.3.32
[INFO] [stderr]    Compiling foldhash v0.1.5
[INFO] [stderr]    Compiling termcolor v1.4.1
[INFO] [stderr]    Compiling serde v1.0.228
[INFO] [stderr]    Compiling httparse v1.10.1
[INFO] [stderr]    Compiling unicode-width v0.1.14
[INFO] [stderr]    Compiling khronos-egl v6.0.0
[INFO] [stderr]    Compiling http v1.4.0
[INFO] [stderr]    Compiling num-traits v0.2.19
[INFO] [stderr]    Compiling typenum v1.20.0
[INFO] [stderr]    Compiling ash v0.37.3+1.3.251
[INFO] [stderr]    Compiling codespan-reporting v0.11.1
[INFO] [stderr]    Compiling bit-set v0.5.3
[INFO] [stderr]    Compiling hashbrown v0.15.5
[INFO] [stderr]    Compiling spirv v0.3.0+sdk-1.3.268.0
[INFO] [stderr]    Compiling gpu-descriptor-types v0.2.0
[INFO] [stderr]    Compiling gpu-alloc-types v0.3.0
[INFO] [stderr]    Compiling libloading v0.8.9
[INFO] [stderr]    Compiling indexmap v2.14.0
[INFO] [stderr]    Compiling libloading v0.7.4
[INFO] [stderr]    Compiling wgpu-hal v0.21.1
[INFO] [stderr]    Compiling rustversion v1.0.22
[INFO] [stderr]    Compiling arrayvec v0.7.6
[INFO] [stderr]    Compiling syn v2.0.117
[INFO] [stderr]    Compiling utf8parse v0.2.2
[INFO] [stderr]    Compiling generic-array v0.14.7
[INFO] [stderr]    Compiling zmij v1.0.21
[INFO] [stderr]    Compiling unicode-xid v0.2.6
[INFO] [stderr]    Compiling anstyle-parse v1.0.0
[INFO] [stderr]    Compiling crossbeam-epoch v0.9.18
[INFO] [stderr]    Compiling gpu-alloc v0.6.0
[INFO] [stderr]    Compiling matrixmultiply v0.3.10
[INFO] [stderr]    Compiling wgpu-types v0.20.0
[INFO] [stderr]    Compiling errno v0.3.14
[INFO] [stderr]    Compiling mio v1.2.0
[INFO] [stderr]    Compiling signal-hook-registry v1.4.8
[INFO] [stderr]    Compiling socket2 v0.6.3
[INFO] [stderr]    Compiling http-body v1.0.1
[INFO] [stderr]    Compiling gpu-descriptor v0.3.2
[INFO] [stderr]    Compiling parking_lot v0.12.5
[INFO] [stderr]    Compiling wgpu-core v0.21.1
[INFO] [stderr]    Compiling glow v0.13.1
[INFO] [stderr]    Compiling colorchoice v1.0.5
[INFO] [stderr]    Compiling rayon-core v1.13.0
[INFO] [stderr]    Compiling percent-encoding v2.3.2
[INFO] [stderr]    Compiling sync_wrapper v1.0.2
[INFO] [stderr]    Compiling tower-layer v0.3.3
[INFO] [stderr]    Compiling serde_json v1.0.149
[INFO] [stderr]    Compiling renderdoc-sys v1.1.0
[INFO] [stderr]    Compiling portable-atomic v1.13.1
[INFO] [stderr]    Compiling profiling v1.0.18
[INFO] [stderr]    Compiling raw-window-handle v0.6.2
[INFO] [stderr]    Compiling is_terminal_polyfill v1.70.2
[INFO] [stderr]    Compiling litrs v1.0.0
[INFO] [stderr]    Compiling anstyle-query v1.1.5
[INFO] [stderr]    Compiling regex-syntax v0.8.10
[INFO] [stderr]    Compiling atomic-waker v1.1.2
[INFO] [stderr]    Compiling anstyle v1.0.14
[INFO] [stderr]    Compiling zerocopy v0.8.48
[INFO] [stderr]    Compiling anstream v1.0.0
[INFO] [stderr]    Compiling form_urlencoded v1.2.2
[INFO] [stderr]    Compiling crypto-common v0.1.7
[INFO] [stderr]    Compiling block-buffer v0.10.4
[INFO] [stderr]    Compiling http-body-util v0.1.3
[INFO] [stderr]    Compiling crossbeam-deque v0.8.6
[INFO] [stderr]    Compiling wgpu v0.20.1
[INFO] [stderr]    Compiling strsim v0.11.1
[INFO] [stderr]    Compiling lazy_static v1.5.0
[INFO] [stderr]    Compiling heck v0.5.0
[INFO] [stderr]    Compiling ryu v1.0.23
[INFO] [stderr]    Compiling clap_lex v1.1.0
[INFO] [stderr]    Compiling rawpointer v0.2.1
[INFO] [stderr]    Compiling option-ext v0.2.0
[INFO] [stderr]    Compiling unicode-width v0.2.2
[INFO] [stderr]    Compiling document-features v0.2.12
[INFO] [stderr]    Compiling dirs-sys v0.4.1
[INFO] [stderr]    Compiling sharded-slab v0.1.7
[INFO] [stderr]    Compiling digest v0.10.7
[INFO] [stderr]    Compiling num-integer v0.1.46
[INFO] [stderr]    Compiling console v0.15.11
[INFO] [stderr]    Compiling clap_builder v4.6.0
[INFO] [stderr]    Compiling serde_path_to_error v0.1.20
[INFO] [stderr]    Compiling num-complex v0.4.6
[INFO] [stderr]    Compiling tracing-log v0.2.0
[INFO] [stderr]    Compiling thread_local v1.1.9
[INFO] [stderr]    Compiling nu-ansi-term v0.50.3
[INFO] [stderr]    Compiling number_prefix v0.4.0
[INFO] [stderr]    Compiling matchit v0.7.3
[INFO] [stderr]    Compiling cpufeatures v0.2.17
[INFO] [stderr]    Compiling fixedbitset v0.4.2
[INFO] [stderr]    Compiling either v1.15.0
[INFO] [stderr]    Compiling aether v0.2.0 (/opt/rustwide/workdir)
[INFO] [stderr]    Compiling rayon v1.12.0
[INFO] [stderr]    Compiling petgraph v0.6.5
[INFO] [stderr]    Compiling indicatif v0.17.11
[INFO] [stderr]    Compiling sha2 v0.10.9
[INFO] [stderr]    Compiling dirs v5.0.1
[INFO] [stderr]    Compiling memmap2 v0.9.10
[INFO] [stderr]    Compiling pollster v0.3.0
[INFO] [stderr]    Compiling ndarray v0.15.6
[INFO] [stderr]    Compiling regex-automata v0.4.14
[INFO] [stderr]    Compiling futures-macro v0.3.32
[INFO] [stderr]    Compiling tokio-macros v2.7.0
[INFO] [stderr]    Compiling thiserror-impl v1.0.69
[INFO] [stderr]    Compiling tracing-attributes v0.1.31
[INFO] [stderr]    Compiling serde_derive v1.0.228
[INFO] [stderr]    Compiling async-trait v0.1.89
[INFO] [stderr]    Compiling zerocopy-derive v0.8.48
[INFO] [stderr]    Compiling bytemuck_derive v1.10.2
[INFO] [stderr]    Compiling clap_derive v4.6.1
[INFO] [stderr]    Compiling axum-macros v0.4.2
[INFO] [stderr]    Compiling matchers v0.2.0
[INFO] [stderr]    Compiling tokio v1.52.3
[INFO] [stderr]    Compiling futures-util v0.3.32
[INFO] [stderr]    Compiling bytemuck v1.25.0
[INFO] [stderr]    Compiling tracing v0.1.44
[INFO] [stderr]    Compiling naga v0.20.0
[INFO] [stderr]    Compiling tracing-subscriber v0.3.23
[INFO] [stderr]    Compiling clap v4.6.1
[INFO] [stderr]    Compiling serde_urlencoded v0.7.1
[INFO] [stderr]    Compiling futures-executor v0.3.32
[INFO] [stderr]    Compiling axum-core v0.4.5
[INFO] [stderr]    Compiling futures v0.3.32
[INFO] [stderr]    Compiling half v2.7.1
[INFO] [stderr]    Compiling hyper v1.9.0
[INFO] [stderr]    Compiling tower v0.5.3
[INFO] [stderr]    Compiling hyper-util v0.1.20
[INFO] [stderr]    Compiling axum v0.7.9
[INFO] [stderr] error: could not compile `aether` (bin "stress-test")
[INFO] [stderr] 
[INFO] [stderr] Caused by:
[INFO] [stderr]   process didn't exit successfully: `/opt/rustwide/rustup-home/toolchains/1.97.0-beta.6-x86_64-unknown-linux-gnu/bin/rustc --crate-name stress_test --edition=2021 src/bin/stress_test.rs --error-format=json --json=diagnostic-rendered-ansi,artifacts,future-incompat --crate-type bin --emit=dep-info,link -C embed-bitcode=no -C debuginfo=2 --cfg 'feature="accelerate"' --cfg 'feature="default"' --check-cfg 'cfg(docsrs,test)' --check-cfg 'cfg(feature, values("accelerate", "cuda", "default", "gpu-tests", "pyo3", "python"))' -C metadata=1761ddbd01d0c0a8 -C extra-filename=-a18ce59c3e04bcc8 --out-dir /opt/rustwide/target/debug/deps -L dependency=/opt/rustwide/target/debug/deps --extern aether=/opt/rustwide/target/debug/deps/libaether.rlib --extern axum=/opt/rustwide/target/debug/deps/libaxum-f80de7169ffdce67.rlib --extern bytemuck=/opt/rustwide/target/debug/deps/libbytemuck-3996edf0d15603d4.rlib --extern clap=/opt/rustwide/target/debug/deps/libclap-9e81a882fd267c6a.rlib --extern dirs=/opt/rustwide/target/debug/deps/libdirs-ced9ecdfe96c4de3.rlib --extern futures=/opt/rustwide/target/debug/deps/libfutures-394f208028a973f5.rlib --extern futures_util=/opt/rustwide/target/debug/deps/libfutures_util-afda23c25756a9cf.rlib --extern half=/opt/rustwide/target/debug/deps/libhalf-ed2270c43d3192a6.rlib --extern indicatif=/opt/rustwide/target/debug/deps/libindicatif-dfc2e7ec7d17311d.rlib --extern memmap2=/opt/rustwide/target/debug/deps/libmemmap2-ec7a23143146e94d.rlib --extern ndarray=/opt/rustwide/target/debug/deps/libndarray-735a90ce31ac27b3.rlib --extern petgraph=/opt/rustwide/target/debug/deps/libpetgraph-2b3789779bce9687.rlib --extern pollster=/opt/rustwide/target/debug/deps/libpollster-c41e781f0b7d5992.rlib --extern rayon=/opt/rustwide/target/debug/deps/librayon-2f12772fee37c590.rlib --extern serde=/opt/rustwide/target/debug/deps/libserde-42946d0e3a887852.rlib --extern serde_json=/opt/rustwide/target/debug/deps/libserde_json-cea559ad06bfb4f4.rlib --extern sha2=/opt/rustwide/target/debug/deps/libsha2-4c5cdd8aca8af356.rlib --extern thiserror=/opt/rustwide/target/debug/deps/libthiserror-780fad957a3b08cc.rlib --extern tokio=/opt/rustwide/target/debug/deps/libtokio-dad3f206f92dc0aa.rlib --extern tracing=/opt/rustwide/target/debug/deps/libtracing-aea6c921caded2ce.rlib --extern tracing_subscriber=/opt/rustwide/target/debug/deps/libtracing_subscriber-373c41e35383e480.rlib --extern wgpu=/opt/rustwide/target/debug/deps/libwgpu-89d409a34267cc85.rlib --cap-lints=warn` (signal: 9, SIGKILL: kill)
[INFO] [stderr] warning: build failed, waiting for other jobs to finish...
[INFO] [stdout] error: linking with `cc` failed: exit status: 1
[INFO] [stdout]   |
[INFO] [stdout]   = note:  "cc" "-m64" "/opt/rustwide/target/debug/deps/rustcDYU0zT/symbols.o" "<2 object files omitted>" "-Wl,--as-needed" "-Wl,-Bstatic" "/opt/rustwide/target/debug/deps/{libaether,libserde_json-cea559ad06bfb4f4,libitoa-5de11b3b23bfe572,libzmij-ef63f1da73704b4c,libmemmap2-ec7a23143146e94d,libtokio-dad3f206f92dc0aa,libsignal_hook_registry-97fb91977beb15cc,liberrno-40a43d7c8a9b8122,libsocket2-2367bcf2eb96355a,libbytes-2ed9460101f17bbf,libmio-3f5f6fa89ecad527,libpollster-c41e781f0b7d5992,libfutures-394f208028a973f5,libfutures_executor-6b1bf66a627a95e5,libfutures_util-afda23c25756a9cf,libmemchr-5cfa70d22cb32987,libfutures_io-a8805bd12b2ab705,libslab-ed301aba3460fb05,libfutures_channel-4322a53679536a9a,libfutures_sink-2422b5cc970bfebd,libfutures_task-36f327cfab86eddc,libfutures_core-1121ff913ed87f93,libhalf-ed2270c43d3192a6,libzerocopy-37fccb2b358ae540,libbytemuck-3996edf0d15603d4,libserde-42946d0e3a887852,libserde_core-21f22ac7b803fb0e,librayon-2f12772fee37c590,librayon_core-e986c1d1845fe6c3,libcrossbeam_deque-e71c6317821167fb,libcrossbeam_epoch-5fdcd5978a9f0010,libcrossbeam_utils-f696a08ab1e94e7a,libeither-40b894c145b6eae5,libpetgraph-2b3789779bce9687,libfixedbitset-9fb76a17080ec2ce,libsha2-4c5cdd8aca8af356,libcpufeatures-e04321643d03190d,libdigest-cff83e5108af0d01,libblock_buffer-bba24321e7b40706,libcrypto_common-25561c32e2e433f4,libgeneric_array-c2fdd0cc081e51ad,libtypenum-ec75592541d0a339,libtracing-aea6c921caded2ce,libpin_project_lite-0a15d51c77964692,libtracing_core-d26029c784af5925,libwgpu-89d409a34267cc85,libstatic_assertions-f0217ecdd817a834,libwgpu_core-8c9125d6a3dcf3d0,libwgpu_hal-07c9afb942b587a5,librenderdoc_sys-4abf0efdfe195ac8,libgpu_descriptor-647c0432a11ae2e0,libhashbrown-efdb59ea1897c465,libfoldhash-07f233db1c671507,libgpu_descriptor_types-be0f9178d38b9643,libkhronos_egl-fe8f43f5bd5aa686,liblibloading-167bed3899b07f7e,libprofiling-206b881d0c294832,libgpu_alloc-5281cb0b2791f6b2,libgpu_alloc_types-8c7fb29fd4614bd7,libash-25250789caf85255,liblibloading-4edb508281db1fef,libnaga-0b2a6162ebbdf5f4,librustc_hash-d7c4a66f98a2548f,libhexf_parse-72d4824186d79465,libunicode_xid-242ae0cc2b4557ca,libindexmap-b92bb9c25241b995,libequivalent-6a754676e6af62ae,libhashbrown-d7214d631586fd51,liblog-b262261d47bd2eba,libcodespan_reporting-06186270221c6d14,libunicode_width-b1bc0d6c10c00ecc,libtermcolor-cbafc8825e041b3d,libspirv-a63411b9d6c690bf,libbit_set-143219562867a8de,libbit_vec-1484b09fcc589a29,libwgpu_types-06da9043862cd187,libbitflags-6f28739f8eecf78f,libraw_window_handle-633e2839334924d0,libonce_cell-b5bdc597ed9676b3,libglow-ce00a4449091e940,libparking_lot-49be037a81951d64,libparking_lot_core-068cd43edeeec6f6,liblibc-612664c2206eec43,libcfg_if-83060ec5685761ae,libsmallvec-6c6c590a496f6ac5,liblock_api-16d46fed645f7bff,libscopeguard-7ec2214574194454,libarrayvec-09741c597eeba17a,libndarray-735a90ce31ac27b3,libmatrixmultiply-634c52aab0249860,libnum_complex-e190614515bf4a9b,libnum_integer-48b587ef580e1d91,libnum_traits-61451ab850bd490d,librawpointer-10d892ea69c462d6,libthiserror-780fad957a3b08cc}.rlib" "<sysroot>/lib/rustlib/x86_64-unknown-linux-gnu/lib/{libstd-*,libpanic_unwind-*,libobject-*,libmemchr-*,libaddr2line-*,libgimli-*,libcfg_if-*,librustc_demangle-*,libstd_detect-*,libhashbrown-*,librustc_std_workspace_alloc-*,libminiz_oxide-*,libadler2-*,libunwind-*,liblibc-*,librustc_std_workspace_core-*,liballoc-*,libcore-*,libcompiler_builtins-*}.rlib" "-Wl,-Bdynamic" "-ldl" "-ldl" "-lgcc_s" "-lutil" "-lrt" "-lpthread" "-lm" "-ldl" "-lc" "-L" "/opt/rustwide/target/debug/deps/rustcDYU0zT/raw-dylibs" "-B<sysroot>/lib/rustlib/x86_64-unknown-linux-gnu/bin/gcc-ld" "-fuse-ld=lld" "-Wl,--eh-frame-hdr" "-Wl,-z,noexecstack" "-L" "<sysroot>/lib/rustlib/x86_64-unknown-linux-gnu/lib" "-o" "/opt/rustwide/target/debug/deps/bench_wgpu-535a56f4b2ead670" "-Wl,--gc-sections" "-pie" "-Wl,-z,relro,-z,now" "-nodefaultlibs"
[INFO] [stdout]   = note: some arguments are omitted. use `--verbose` to show all linker arguments
[INFO] [stdout]   = note: collect2: fatal error: ld terminated with signal 9 [Killed]
[INFO] [stdout]           compilation terminated.
[INFO] [stdout]           
[INFO] [stdout] 
[INFO] [stdout] 
[INFO] [stderr] error: could not compile `aether` (bin "bench_wgpu") due to 1 previous error
[INFO] [stdout] error: linking with `cc` failed: exit status: 1
[INFO] [stdout]   |
[INFO] [stdout]   = note:  "cc" "-m64" "/opt/rustwide/target/debug/deps/rustcVYtaBz/symbols.o" "<2 object files omitted>" "-Wl,--as-needed" "-Wl,-Bstatic" "/opt/rustwide/target/debug/deps/{libaether,libserde_json-cea559ad06bfb4f4,libitoa-5de11b3b23bfe572,libzmij-ef63f1da73704b4c,libmemmap2-ec7a23143146e94d,libtokio-dad3f206f92dc0aa,libsignal_hook_registry-97fb91977beb15cc,liberrno-40a43d7c8a9b8122,libsocket2-2367bcf2eb96355a,libbytes-2ed9460101f17bbf,libmio-3f5f6fa89ecad527,libpollster-c41e781f0b7d5992,libfutures-394f208028a973f5,libfutures_executor-6b1bf66a627a95e5,libfutures_util-afda23c25756a9cf,libmemchr-5cfa70d22cb32987,libfutures_io-a8805bd12b2ab705,libslab-ed301aba3460fb05,libfutures_channel-4322a53679536a9a,libfutures_sink-2422b5cc970bfebd,libfutures_task-36f327cfab86eddc,libfutures_core-1121ff913ed87f93,libhalf-ed2270c43d3192a6,libzerocopy-37fccb2b358ae540,libbytemuck-3996edf0d15603d4,libserde-42946d0e3a887852,libserde_core-21f22ac7b803fb0e,librayon-2f12772fee37c590,librayon_core-e986c1d1845fe6c3,libcrossbeam_deque-e71c6317821167fb,libcrossbeam_epoch-5fdcd5978a9f0010,libcrossbeam_utils-f696a08ab1e94e7a,libeither-40b894c145b6eae5,libpetgraph-2b3789779bce9687,libfixedbitset-9fb76a17080ec2ce,libsha2-4c5cdd8aca8af356,libcpufeatures-e04321643d03190d,libdigest-cff83e5108af0d01,libblock_buffer-bba24321e7b40706,libcrypto_common-25561c32e2e433f4,libgeneric_array-c2fdd0cc081e51ad,libtypenum-ec75592541d0a339,libtracing-aea6c921caded2ce,libpin_project_lite-0a15d51c77964692,libtracing_core-d26029c784af5925,libwgpu-89d409a34267cc85,libstatic_assertions-f0217ecdd817a834,libwgpu_core-8c9125d6a3dcf3d0,libwgpu_hal-07c9afb942b587a5,librenderdoc_sys-4abf0efdfe195ac8,libgpu_descriptor-647c0432a11ae2e0,libhashbrown-efdb59ea1897c465,libfoldhash-07f233db1c671507,libgpu_descriptor_types-be0f9178d38b9643,libkhronos_egl-fe8f43f5bd5aa686,liblibloading-167bed3899b07f7e,libprofiling-206b881d0c294832,libgpu_alloc-5281cb0b2791f6b2,libgpu_alloc_types-8c7fb29fd4614bd7,libash-25250789caf85255,liblibloading-4edb508281db1fef,libnaga-0b2a6162ebbdf5f4,librustc_hash-d7c4a66f98a2548f,libhexf_parse-72d4824186d79465,libunicode_xid-242ae0cc2b4557ca,libindexmap-b92bb9c25241b995,libequivalent-6a754676e6af62ae,libhashbrown-d7214d631586fd51,liblog-b262261d47bd2eba,libcodespan_reporting-06186270221c6d14,libunicode_width-b1bc0d6c10c00ecc,libtermcolor-cbafc8825e041b3d,libspirv-a63411b9d6c690bf,libbit_set-143219562867a8de,libbit_vec-1484b09fcc589a29,libwgpu_types-06da9043862cd187,libbitflags-6f28739f8eecf78f,libraw_window_handle-633e2839334924d0,libonce_cell-b5bdc597ed9676b3,libglow-ce00a4449091e940,libparking_lot-49be037a81951d64,libparking_lot_core-068cd43edeeec6f6,liblibc-612664c2206eec43,libcfg_if-83060ec5685761ae,libsmallvec-6c6c590a496f6ac5,liblock_api-16d46fed645f7bff,libscopeguard-7ec2214574194454,libarrayvec-09741c597eeba17a,libndarray-735a90ce31ac27b3,libmatrixmultiply-634c52aab0249860,libnum_complex-e190614515bf4a9b,libnum_integer-48b587ef580e1d91,libnum_traits-61451ab850bd490d,librawpointer-10d892ea69c462d6,libthiserror-780fad957a3b08cc}.rlib" "<sysroot>/lib/rustlib/x86_64-unknown-linux-gnu/lib/{libstd-*,libpanic_unwind-*,libobject-*,libmemchr-*,libaddr2line-*,libgimli-*,libcfg_if-*,librustc_demangle-*,libstd_detect-*,libhashbrown-*,librustc_std_workspace_alloc-*,libminiz_oxide-*,libadler2-*,libunwind-*,liblibc-*,librustc_std_workspace_core-*,liballoc-*,libcore-*,libcompiler_builtins-*}.rlib" "-Wl,-Bdynamic" "-ldl" "-ldl" "-lgcc_s" "-lutil" "-lrt" "-lpthread" "-lm" "-ldl" "-lc" "-L" "/opt/rustwide/target/debug/deps/rustcVYtaBz/raw-dylibs" "-B<sysroot>/lib/rustlib/x86_64-unknown-linux-gnu/bin/gcc-ld" "-fuse-ld=lld" "-Wl,--eh-frame-hdr" "-Wl,-z,noexecstack" "-L" "<sysroot>/lib/rustlib/x86_64-unknown-linux-gnu/lib" "-o" "/opt/rustwide/target/debug/deps/check_shapes-bc3fcb484b053a26" "-Wl,--gc-sections" "-pie" "-Wl,-z,relro,-z,now" "-nodefaultlibs"
[INFO] [stdout]   = note: some arguments are omitted. use `--verbose` to show all linker arguments
[INFO] [stdout]   = note: collect2: fatal error: ld terminated with signal 9 [Killed]
[INFO] [stdout]           compilation terminated.
[INFO] [stdout]           
[INFO] [stdout] 
[INFO] [stdout] 
[INFO] [stderr] error: could not compile `aether` (bin "check_shapes") due to 1 previous error
[INFO] [stdout] error: linking with `cc` failed: exit status: 1
[INFO] [stdout]   |
[INFO] [stdout]   = note:  "cc" "-m64" "/opt/rustwide/target/debug/deps/rustc0Hcbx8/symbols.o" "<2 object files omitted>" "-Wl,--as-needed" "-Wl,-Bstatic" "/opt/rustwide/target/debug/deps/{libaether,libserde_json-cea559ad06bfb4f4,libitoa-5de11b3b23bfe572,libzmij-ef63f1da73704b4c,libmemmap2-ec7a23143146e94d,libtokio-dad3f206f92dc0aa,libsignal_hook_registry-97fb91977beb15cc,liberrno-40a43d7c8a9b8122,libsocket2-2367bcf2eb96355a,libbytes-2ed9460101f17bbf,libmio-3f5f6fa89ecad527,libpollster-c41e781f0b7d5992,libfutures-394f208028a973f5,libfutures_executor-6b1bf66a627a95e5,libfutures_util-afda23c25756a9cf,libmemchr-5cfa70d22cb32987,libfutures_io-a8805bd12b2ab705,libslab-ed301aba3460fb05,libfutures_channel-4322a53679536a9a,libfutures_sink-2422b5cc970bfebd,libfutures_task-36f327cfab86eddc,libfutures_core-1121ff913ed87f93,libhalf-ed2270c43d3192a6,libzerocopy-37fccb2b358ae540,libbytemuck-3996edf0d15603d4,libserde-42946d0e3a887852,libserde_core-21f22ac7b803fb0e,librayon-2f12772fee37c590,librayon_core-e986c1d1845fe6c3,libcrossbeam_deque-e71c6317821167fb,libcrossbeam_epoch-5fdcd5978a9f0010,libcrossbeam_utils-f696a08ab1e94e7a,libeither-40b894c145b6eae5,libpetgraph-2b3789779bce9687,libfixedbitset-9fb76a17080ec2ce,libsha2-4c5cdd8aca8af356,libcpufeatures-e04321643d03190d,libdigest-cff83e5108af0d01,libblock_buffer-bba24321e7b40706,libcrypto_common-25561c32e2e433f4,libgeneric_array-c2fdd0cc081e51ad,libtypenum-ec75592541d0a339,libtracing-aea6c921caded2ce,libpin_project_lite-0a15d51c77964692,libtracing_core-d26029c784af5925,libwgpu-89d409a34267cc85,libstatic_assertions-f0217ecdd817a834,libwgpu_core-8c9125d6a3dcf3d0,libwgpu_hal-07c9afb942b587a5,librenderdoc_sys-4abf0efdfe195ac8,libgpu_descriptor-647c0432a11ae2e0,libhashbrown-efdb59ea1897c465,libfoldhash-07f233db1c671507,libgpu_descriptor_types-be0f9178d38b9643,libkhronos_egl-fe8f43f5bd5aa686,liblibloading-167bed3899b07f7e,libprofiling-206b881d0c294832,libgpu_alloc-5281cb0b2791f6b2,libgpu_alloc_types-8c7fb29fd4614bd7,libash-25250789caf85255,liblibloading-4edb508281db1fef,libnaga-0b2a6162ebbdf5f4,librustc_hash-d7c4a66f98a2548f,libhexf_parse-72d4824186d79465,libunicode_xid-242ae0cc2b4557ca,libindexmap-b92bb9c25241b995,libequivalent-6a754676e6af62ae,libhashbrown-d7214d631586fd51,liblog-b262261d47bd2eba,libcodespan_reporting-06186270221c6d14,libunicode_width-b1bc0d6c10c00ecc,libtermcolor-cbafc8825e041b3d,libspirv-a63411b9d6c690bf,libbit_set-143219562867a8de,libbit_vec-1484b09fcc589a29,libwgpu_types-06da9043862cd187,libbitflags-6f28739f8eecf78f,libraw_window_handle-633e2839334924d0,libonce_cell-b5bdc597ed9676b3,libglow-ce00a4449091e940,libparking_lot-49be037a81951d64,libparking_lot_core-068cd43edeeec6f6,liblibc-612664c2206eec43,libcfg_if-83060ec5685761ae,libsmallvec-6c6c590a496f6ac5,liblock_api-16d46fed645f7bff,libscopeguard-7ec2214574194454,libarrayvec-09741c597eeba17a,libndarray-735a90ce31ac27b3,libmatrixmultiply-634c52aab0249860,libnum_complex-e190614515bf4a9b,libnum_integer-48b587ef580e1d91,libnum_traits-61451ab850bd490d,librawpointer-10d892ea69c462d6,libthiserror-780fad957a3b08cc}.rlib" "<sysroot>/lib/rustlib/x86_64-unknown-linux-gnu/lib/{libstd-*,libpanic_unwind-*,libobject-*,libmemchr-*,libaddr2line-*,libgimli-*,libcfg_if-*,librustc_demangle-*,libstd_detect-*,libhashbrown-*,librustc_std_workspace_alloc-*,libminiz_oxide-*,libadler2-*,libunwind-*,liblibc-*,librustc_std_workspace_core-*,liballoc-*,libcore-*,libcompiler_builtins-*}.rlib" "-Wl,-Bdynamic" "-ldl" "-ldl" "-lgcc_s" "-lutil" "-lrt" "-lpthread" "-lm" "-ldl" "-lc" "-L" "/opt/rustwide/target/debug/deps/rustc0Hcbx8/raw-dylibs" "-B<sysroot>/lib/rustlib/x86_64-unknown-linux-gnu/bin/gcc-ld" "-fuse-ld=lld" "-Wl,--eh-frame-hdr" "-Wl,-z,noexecstack" "-L" "<sysroot>/lib/rustlib/x86_64-unknown-linux-gnu/lib" "-o" "/opt/rustwide/target/debug/deps/debug_embed-b48d5ee1cd4d8969" "-Wl,--gc-sections" "-pie" "-Wl,-z,relro,-z,now" "-nodefaultlibs"
[INFO] [stdout]   = note: some arguments are omitted. use `--verbose` to show all linker arguments
[INFO] [stdout]   = note: collect2: fatal error: ld terminated with signal 9 [Killed]
[INFO] [stdout]           compilation terminated.
[INFO] [stdout]           
[INFO] [stdout] 
[INFO] [stdout] 
[INFO] [stderr] error: could not compile `aether` (bin "debug_embed") due to 1 previous error
[INFO] [stdout] error: linking with `cc` failed: exit status: 1
[INFO] [stdout]   |
[INFO] [stdout]   = note:  "cc" "-m64" "/opt/rustwide/target/debug/deps/rustcH3j2sp/symbols.o" "<2 object files omitted>" "-Wl,--as-needed" "-Wl,-Bstatic" "/opt/rustwide/target/debug/deps/{libaether,libserde_json-cea559ad06bfb4f4,libitoa-5de11b3b23bfe572,libzmij-ef63f1da73704b4c,libmemmap2-ec7a23143146e94d,libtokio-dad3f206f92dc0aa,libsignal_hook_registry-97fb91977beb15cc,liberrno-40a43d7c8a9b8122,libsocket2-2367bcf2eb96355a,libbytes-2ed9460101f17bbf,libmio-3f5f6fa89ecad527,libpollster-c41e781f0b7d5992,libfutures-394f208028a973f5,libfutures_executor-6b1bf66a627a95e5,libfutures_util-afda23c25756a9cf,libmemchr-5cfa70d22cb32987,libfutures_io-a8805bd12b2ab705,libslab-ed301aba3460fb05,libfutures_channel-4322a53679536a9a,libfutures_sink-2422b5cc970bfebd,libfutures_task-36f327cfab86eddc,libfutures_core-1121ff913ed87f93,libhalf-ed2270c43d3192a6,libzerocopy-37fccb2b358ae540,libbytemuck-3996edf0d15603d4,libserde-42946d0e3a887852,libserde_core-21f22ac7b803fb0e,librayon-2f12772fee37c590,librayon_core-e986c1d1845fe6c3,libcrossbeam_deque-e71c6317821167fb,libcrossbeam_epoch-5fdcd5978a9f0010,libcrossbeam_utils-f696a08ab1e94e7a,libeither-40b894c145b6eae5,libpetgraph-2b3789779bce9687,libfixedbitset-9fb76a17080ec2ce,libsha2-4c5cdd8aca8af356,libcpufeatures-e04321643d03190d,libdigest-cff83e5108af0d01,libblock_buffer-bba24321e7b40706,libcrypto_common-25561c32e2e433f4,libgeneric_array-c2fdd0cc081e51ad,libtypenum-ec75592541d0a339,libtracing-aea6c921caded2ce,libpin_project_lite-0a15d51c77964692,libtracing_core-d26029c784af5925,libwgpu-89d409a34267cc85,libstatic_assertions-f0217ecdd817a834,libwgpu_core-8c9125d6a3dcf3d0,libwgpu_hal-07c9afb942b587a5,librenderdoc_sys-4abf0efdfe195ac8,libgpu_descriptor-647c0432a11ae2e0,libhashbrown-efdb59ea1897c465,libfoldhash-07f233db1c671507,libgpu_descriptor_types-be0f9178d38b9643,libkhronos_egl-fe8f43f5bd5aa686,liblibloading-167bed3899b07f7e,libprofiling-206b881d0c294832,libgpu_alloc-5281cb0b2791f6b2,libgpu_alloc_types-8c7fb29fd4614bd7,libash-25250789caf85255,liblibloading-4edb508281db1fef,libnaga-0b2a6162ebbdf5f4,librustc_hash-d7c4a66f98a2548f,libhexf_parse-72d4824186d79465,libunicode_xid-242ae0cc2b4557ca,libindexmap-b92bb9c25241b995,libequivalent-6a754676e6af62ae,libhashbrown-d7214d631586fd51,liblog-b262261d47bd2eba,libcodespan_reporting-06186270221c6d14,libunicode_width-b1bc0d6c10c00ecc,libtermcolor-cbafc8825e041b3d,libspirv-a63411b9d6c690bf,libbit_set-143219562867a8de,libbit_vec-1484b09fcc589a29,libwgpu_types-06da9043862cd187,libbitflags-6f28739f8eecf78f,libraw_window_handle-633e2839334924d0,libonce_cell-b5bdc597ed9676b3,libglow-ce00a4449091e940,libparking_lot-49be037a81951d64,libparking_lot_core-068cd43edeeec6f6,liblibc-612664c2206eec43,libcfg_if-83060ec5685761ae,libsmallvec-6c6c590a496f6ac5,liblock_api-16d46fed645f7bff,libscopeguard-7ec2214574194454,libarrayvec-09741c597eeba17a,libndarray-735a90ce31ac27b3,libmatrixmultiply-634c52aab0249860,libnum_complex-e190614515bf4a9b,libnum_integer-48b587ef580e1d91,libnum_traits-61451ab850bd490d,librawpointer-10d892ea69c462d6,libthiserror-780fad957a3b08cc}.rlib" "<sysroot>/lib/rustlib/x86_64-unknown-linux-gnu/lib/{libstd-*,libpanic_unwind-*,libobject-*,libmemchr-*,libaddr2line-*,libgimli-*,libcfg_if-*,librustc_demangle-*,libstd_detect-*,libhashbrown-*,librustc_std_workspace_alloc-*,libminiz_oxide-*,libadler2-*,libunwind-*,liblibc-*,librustc_std_workspace_core-*,liballoc-*,libcore-*,libcompiler_builtins-*}.rlib" "-Wl,-Bdynamic" "-ldl" "-ldl" "-lgcc_s" "-lutil" "-lrt" "-lpthread" "-lm" "-ldl" "-lc" "-L" "/opt/rustwide/target/debug/deps/rustcH3j2sp/raw-dylibs" "-B<sysroot>/lib/rustlib/x86_64-unknown-linux-gnu/bin/gcc-ld" "-fuse-ld=lld" "-Wl,--eh-frame-hdr" "-Wl,-z,noexecstack" "-L" "<sysroot>/lib/rustlib/x86_64-unknown-linux-gnu/lib" "-o" "/opt/rustwide/target/debug/deps/time_mistral-fa7b9d6f1ffdf5d1" "-Wl,--gc-sections" "-pie" "-Wl,-z,relro,-z,now" "-nodefaultlibs"
[INFO] [stdout]   = note: some arguments are omitted. use `--verbose` to show all linker arguments
[INFO] [stdout]   = note: collect2: fatal error: ld terminated with signal 9 [Killed]
[INFO] [stdout]           compilation terminated.
[INFO] [stdout]           
[INFO] [stdout] 
[INFO] [stdout] 
[INFO] [stderr] error: could not compile `aether` (bin "time_mistral") due to 1 previous error
[INFO] [stdout] error: linking with `cc` failed: exit status: 1
[INFO] [stdout]   |
[INFO] [stdout]   = note:  "cc" "-m64" "/opt/rustwide/target/debug/deps/rustcOqAf0j/symbols.o" "<2 object files omitted>" "-Wl,--as-needed" "-Wl,-Bstatic" "/opt/rustwide/target/debug/deps/{libaether,libserde_json-cea559ad06bfb4f4,libitoa-5de11b3b23bfe572,libzmij-ef63f1da73704b4c,libmemmap2-ec7a23143146e94d,libtokio-dad3f206f92dc0aa,libsignal_hook_registry-97fb91977beb15cc,liberrno-40a43d7c8a9b8122,libsocket2-2367bcf2eb96355a,libbytes-2ed9460101f17bbf,libmio-3f5f6fa89ecad527,libpollster-c41e781f0b7d5992,libfutures-394f208028a973f5,libfutures_executor-6b1bf66a627a95e5,libfutures_util-afda23c25756a9cf,libmemchr-5cfa70d22cb32987,libfutures_io-a8805bd12b2ab705,libslab-ed301aba3460fb05,libfutures_channel-4322a53679536a9a,libfutures_sink-2422b5cc970bfebd,libfutures_task-36f327cfab86eddc,libfutures_core-1121ff913ed87f93,libhalf-ed2270c43d3192a6,libzerocopy-37fccb2b358ae540,libbytemuck-3996edf0d15603d4,libserde-42946d0e3a887852,libserde_core-21f22ac7b803fb0e,librayon-2f12772fee37c590,librayon_core-e986c1d1845fe6c3,libcrossbeam_deque-e71c6317821167fb,libcrossbeam_epoch-5fdcd5978a9f0010,libcrossbeam_utils-f696a08ab1e94e7a,libeither-40b894c145b6eae5,libpetgraph-2b3789779bce9687,libfixedbitset-9fb76a17080ec2ce,libsha2-4c5cdd8aca8af356,libcpufeatures-e04321643d03190d,libdigest-cff83e5108af0d01,libblock_buffer-bba24321e7b40706,libcrypto_common-25561c32e2e433f4,libgeneric_array-c2fdd0cc081e51ad,libtypenum-ec75592541d0a339,libtracing-aea6c921caded2ce,libpin_project_lite-0a15d51c77964692,libtracing_core-d26029c784af5925,libwgpu-89d409a34267cc85,libstatic_assertions-f0217ecdd817a834,libwgpu_core-8c9125d6a3dcf3d0,libwgpu_hal-07c9afb942b587a5,librenderdoc_sys-4abf0efdfe195ac8,libgpu_descriptor-647c0432a11ae2e0,libhashbrown-efdb59ea1897c465,libfoldhash-07f233db1c671507,libgpu_descriptor_types-be0f9178d38b9643,libkhronos_egl-fe8f43f5bd5aa686,liblibloading-167bed3899b07f7e,libprofiling-206b881d0c294832,libgpu_alloc-5281cb0b2791f6b2,libgpu_alloc_types-8c7fb29fd4614bd7,libash-25250789caf85255,liblibloading-4edb508281db1fef,libnaga-0b2a6162ebbdf5f4,librustc_hash-d7c4a66f98a2548f,libhexf_parse-72d4824186d79465,libunicode_xid-242ae0cc2b4557ca,libindexmap-b92bb9c25241b995,libequivalent-6a754676e6af62ae,libhashbrown-d7214d631586fd51,liblog-b262261d47bd2eba,libcodespan_reporting-06186270221c6d14,libunicode_width-b1bc0d6c10c00ecc,libtermcolor-cbafc8825e041b3d,libspirv-a63411b9d6c690bf,libbit_set-143219562867a8de,libbit_vec-1484b09fcc589a29,libwgpu_types-06da9043862cd187,libbitflags-6f28739f8eecf78f,libraw_window_handle-633e2839334924d0,libonce_cell-b5bdc597ed9676b3,libglow-ce00a4449091e940,libparking_lot-49be037a81951d64,libparking_lot_core-068cd43edeeec6f6,liblibc-612664c2206eec43,libcfg_if-83060ec5685761ae,libsmallvec-6c6c590a496f6ac5,liblock_api-16d46fed645f7bff,libscopeguard-7ec2214574194454,libarrayvec-09741c597eeba17a,libndarray-735a90ce31ac27b3,libmatrixmultiply-634c52aab0249860,libnum_complex-e190614515bf4a9b,libnum_integer-48b587ef580e1d91,libnum_traits-61451ab850bd490d,librawpointer-10d892ea69c462d6,libthiserror-780fad957a3b08cc}.rlib" "<sysroot>/lib/rustlib/x86_64-unknown-linux-gnu/lib/{libstd-*,libpanic_unwind-*,libobject-*,libmemchr-*,libaddr2line-*,libgimli-*,libcfg_if-*,librustc_demangle-*,libstd_detect-*,libhashbrown-*,librustc_std_workspace_alloc-*,libminiz_oxide-*,libadler2-*,libunwind-*,liblibc-*,librustc_std_workspace_core-*,liballoc-*,libcore-*,libcompiler_builtins-*}.rlib" "-Wl,-Bdynamic" "-ldl" "-ldl" "-lgcc_s" "-lutil" "-lrt" "-lpthread" "-lm" "-ldl" "-lc" "-L" "/opt/rustwide/target/debug/deps/rustcOqAf0j/raw-dylibs" "-B<sysroot>/lib/rustlib/x86_64-unknown-linux-gnu/bin/gcc-ld" "-fuse-ld=lld" "-Wl,--eh-frame-hdr" "-Wl,-z,noexecstack" "-L" "<sysroot>/lib/rustlib/x86_64-unknown-linux-gnu/lib" "-o" "/opt/rustwide/target/debug/deps/debug_lmhead-ad6ca587745277bb" "-Wl,--gc-sections" "-pie" "-Wl,-z,relro,-z,now" "-nodefaultlibs"
[INFO] [stdout]   = note: some arguments are omitted. use `--verbose` to show all linker arguments
[INFO] [stdout]   = note: collect2: fatal error: ld terminated with signal 9 [Killed]
[INFO] [stdout]           compilation terminated.
[INFO] [stdout]           
[INFO] [stdout] 
[INFO] [stdout] 
[INFO] [stderr] error: could not compile `aether` (bin "debug_lmhead") due to 1 previous error
[INFO] [stdout] error: linking with `cc` failed: exit status: 1
[INFO] [stdout]   |
[INFO] [stdout]   = note:  "cc" "-m64" "/opt/rustwide/target/debug/deps/rustc1A3L2c/symbols.o" "<2 object files omitted>" "-Wl,--as-needed" "-Wl,-Bstatic" "/opt/rustwide/target/debug/deps/{libaether,libserde_json-cea559ad06bfb4f4,libitoa-5de11b3b23bfe572,libzmij-ef63f1da73704b4c,libmemmap2-ec7a23143146e94d,libtokio-dad3f206f92dc0aa,libsignal_hook_registry-97fb91977beb15cc,liberrno-40a43d7c8a9b8122,libsocket2-2367bcf2eb96355a,libbytes-2ed9460101f17bbf,libmio-3f5f6fa89ecad527,libpollster-c41e781f0b7d5992,libfutures-394f208028a973f5,libfutures_executor-6b1bf66a627a95e5,libfutures_util-afda23c25756a9cf,libmemchr-5cfa70d22cb32987,libfutures_io-a8805bd12b2ab705,libslab-ed301aba3460fb05,libfutures_channel-4322a53679536a9a,libfutures_sink-2422b5cc970bfebd,libfutures_task-36f327cfab86eddc,libfutures_core-1121ff913ed87f93,libhalf-ed2270c43d3192a6,libzerocopy-37fccb2b358ae540,libbytemuck-3996edf0d15603d4,libserde-42946d0e3a887852,libserde_core-21f22ac7b803fb0e,librayon-2f12772fee37c590,librayon_core-e986c1d1845fe6c3,libcrossbeam_deque-e71c6317821167fb,libcrossbeam_epoch-5fdcd5978a9f0010,libcrossbeam_utils-f696a08ab1e94e7a,libeither-40b894c145b6eae5,libpetgraph-2b3789779bce9687,libfixedbitset-9fb76a17080ec2ce,libsha2-4c5cdd8aca8af356,libcpufeatures-e04321643d03190d,libdigest-cff83e5108af0d01,libblock_buffer-bba24321e7b40706,libcrypto_common-25561c32e2e433f4,libgeneric_array-c2fdd0cc081e51ad,libtypenum-ec75592541d0a339,libtracing-aea6c921caded2ce,libpin_project_lite-0a15d51c77964692,libtracing_core-d26029c784af5925,libwgpu-89d409a34267cc85,libstatic_assertions-f0217ecdd817a834,libwgpu_core-8c9125d6a3dcf3d0,libwgpu_hal-07c9afb942b587a5,librenderdoc_sys-4abf0efdfe195ac8,libgpu_descriptor-647c0432a11ae2e0,libhashbrown-efdb59ea1897c465,libfoldhash-07f233db1c671507,libgpu_descriptor_types-be0f9178d38b9643,libkhronos_egl-fe8f43f5bd5aa686,liblibloading-167bed3899b07f7e,libprofiling-206b881d0c294832,libgpu_alloc-5281cb0b2791f6b2,libgpu_alloc_types-8c7fb29fd4614bd7,libash-25250789caf85255,liblibloading-4edb508281db1fef,libnaga-0b2a6162ebbdf5f4,librustc_hash-d7c4a66f98a2548f,libhexf_parse-72d4824186d79465,libunicode_xid-242ae0cc2b4557ca,libindexmap-b92bb9c25241b995,libequivalent-6a754676e6af62ae,libhashbrown-d7214d631586fd51,liblog-b262261d47bd2eba,libcodespan_reporting-06186270221c6d14,libunicode_width-b1bc0d6c10c00ecc,libtermcolor-cbafc8825e041b3d,libspirv-a63411b9d6c690bf,libbit_set-143219562867a8de,libbit_vec-1484b09fcc589a29,libwgpu_types-06da9043862cd187,libbitflags-6f28739f8eecf78f,libraw_window_handle-633e2839334924d0,libonce_cell-b5bdc597ed9676b3,libglow-ce00a4449091e940,libparking_lot-49be037a81951d64,libparking_lot_core-068cd43edeeec6f6,liblibc-612664c2206eec43,libcfg_if-83060ec5685761ae,libsmallvec-6c6c590a496f6ac5,liblock_api-16d46fed645f7bff,libscopeguard-7ec2214574194454,libarrayvec-09741c597eeba17a,libndarray-735a90ce31ac27b3,libmatrixmultiply-634c52aab0249860,libnum_complex-e190614515bf4a9b,libnum_integer-48b587ef580e1d91,libnum_traits-61451ab850bd490d,librawpointer-10d892ea69c462d6,libthiserror-780fad957a3b08cc}.rlib" "<sysroot>/lib/rustlib/x86_64-unknown-linux-gnu/lib/{libstd-*,libpanic_unwind-*,libobject-*,libmemchr-*,libaddr2line-*,libgimli-*,libcfg_if-*,librustc_demangle-*,libstd_detect-*,libhashbrown-*,librustc_std_workspace_alloc-*,libminiz_oxide-*,libadler2-*,libunwind-*,liblibc-*,librustc_std_workspace_core-*,liballoc-*,libcore-*,libcompiler_builtins-*}.rlib" "-Wl,-Bdynamic" "-ldl" "-ldl" "-lgcc_s" "-lutil" "-lrt" "-lpthread" "-lm" "-ldl" "-lc" "-L" "/opt/rustwide/target/debug/deps/rustc1A3L2c/raw-dylibs" "-B<sysroot>/lib/rustlib/x86_64-unknown-linux-gnu/bin/gcc-ld" "-fuse-ld=lld" "-Wl,--eh-frame-hdr" "-Wl,-z,noexecstack" "-L" "<sysroot>/lib/rustlib/x86_64-unknown-linux-gnu/lib" "-o" "/opt/rustwide/target/debug/deps/aether_bench-9f90e47cb9b6e4ea" "-Wl,--gc-sections" "-pie" "-Wl,-z,relro,-z,now" "-nodefaultlibs"
[INFO] [stdout]   = note: some arguments are omitted. use `--verbose` to show all linker arguments
[INFO] [stdout]   = note: collect2: fatal error: ld terminated with signal 9 [Killed]
[INFO] [stdout]           compilation terminated.
[INFO] [stdout]           
[INFO] [stdout] 
[INFO] [stdout] 
[INFO] [stderr] error: could not compile `aether` (bin "aether-bench") due to 1 previous error
[INFO] running `Command { std: "docker" "inspect" "937f4c1bb74166bcdc853c2353e73a413d8ab11c8bd70cd85d65594f9008d2f1", kill_on_drop: false }`
[INFO] running `Command { std: "docker" "rm" "-f" "937f4c1bb74166bcdc853c2353e73a413d8ab11c8bd70cd85d65594f9008d2f1", kill_on_drop: false }`
[INFO] [stdout] 937f4c1bb74166bcdc853c2353e73a413d8ab11c8bd70cd85d65594f9008d2f1
