[INFO] cloning repository https://github.com/ryanprassodemo/xmtp
[INFO] running `Command { std: "git" "-c" "credential.helper=" "-c" "credential.helper=/workspace/cargo-home/bin/git-credential-null" "clone" "--bare" "https://github.com/ryanprassodemo/xmtp" "/workspace/cache/git-repos/https%3A%2F%2Fgithub.com%2Fryanprassodemo%2Fxmtp", kill_on_drop: false }`
[INFO] [stderr] Cloning into bare repository '/workspace/cache/git-repos/https%3A%2F%2Fgithub.com%2Fryanprassodemo%2Fxmtp'...
[INFO] running `Command { std: "git" "rev-parse" "HEAD", kill_on_drop: false }`
[INFO] [stdout] 771fe550cafb954b0aec084187b615eaff30fc36
[INFO] testing ryanprassodemo/xmtp against 1.98.0-beta.1 for beta-1.98-2
[INFO] running `Command { std: "git" "clone" "/workspace/cache/git-repos/https%3A%2F%2Fgithub.com%2Fryanprassodemo%2Fxmtp" "/workspace/builds/worker-5-tc2/source", kill_on_drop: false }`
[INFO] [stderr] Cloning into '/workspace/builds/worker-5-tc2/source'...
[INFO] [stderr] done.
[INFO] removed /workspace/builds/worker-5-tc2/source/.cargo/config.toml
[INFO] removed /workspace/builds/worker-5-tc2/source/rust-toolchain.toml
[INFO] started tweaking git repo https://github.com/ryanprassodemo/xmtp
[INFO] finished tweaking git repo https://github.com/ryanprassodemo/xmtp
[INFO] tweaked toml for git repo https://github.com/ryanprassodemo/xmtp written to /workspace/builds/worker-5-tc2/source/Cargo.toml
[INFO] validating manifest of git repo https://github.com/ryanprassodemo/xmtp on toolchain 1.98.0-beta.1
[INFO] running `Command { std: CARGO_HOME="/workspace/cargo-home" RUSTUP_HOME="/workspace/rustup-home" "/workspace/cargo-home/bin/cargo" "+1.98.0-beta.1" "metadata" "--manifest-path" "Cargo.toml" "--no-deps", kill_on_drop: false }`
[INFO] crate git repo https://github.com/ryanprassodemo/xmtp already has a lockfile, it will not be regenerated
[INFO] running `Command { std: CARGO_HOME="/workspace/cargo-home" RUSTUP_HOME="/workspace/rustup-home" "/workspace/cargo-home/bin/cargo" "+1.98.0-beta.1" "fetch" "--manifest-path" "Cargo.toml", kill_on_drop: false }`
[INFO] running `Command { std: "docker" "create" "-v" "/var/lib/crater-agent-workspace/builds/worker-5-tc2/source:/opt/rustwide/workdir:ro,Z" "-v" "/var/lib/crater-agent-workspace/builds/worker-5-tc2/target:/opt/rustwide/target:rw,Z" "-v" "/var/lib/crater-agent-workspace/cargo-home:/opt/rustwide/cargo-home:ro,Z" "-v" "/var/lib/crater-agent-workspace/rustup-home:/opt/rustwide/rustup-home:ro,Z" "-m" "1610612736" "--network" "none" "ghcr.io/rust-lang/crates-build-env/linux@sha256:3d5ced03c013a94a2f102a4510f48a6e9184255caf5fd8244f58017bde7f5210" "sleep" "infinity", kill_on_drop: false }`
[INFO] [stdout] 6fd6c51bb822c696bd0ad6e820752a540d0c2d1f55af25a428029ba93828e579
[INFO] running `Command { std: "docker" "start" "6fd6c51bb822c696bd0ad6e820752a540d0c2d1f55af25a428029ba93828e579", kill_on_drop: false }`
[INFO] running `Command { std: "docker" "inspect" "6fd6c51bb822c696bd0ad6e820752a540d0c2d1f55af25a428029ba93828e579", kill_on_drop: false }`
[INFO] running `Command { std: "docker" "exec" "-e" "SOURCE_DIR=/opt/rustwide/workdir" "-e" "CARGO_HOME=/opt/rustwide/cargo-home" "-e" "RUSTUP_HOME=/opt/rustwide/rustup-home" "-e" "CARGO_TARGET_DIR=/opt/rustwide/target" "-w" "/opt/rustwide/workdir" "--user" "0:0" "6fd6c51bb822c696bd0ad6e820752a540d0c2d1f55af25a428029ba93828e579" "/opt/rustwide/cargo-home/bin/cargo" "+1.98.0-beta.1" "metadata" "--no-deps" "--format-version=1", kill_on_drop: false }`
[INFO] running `Command { std: "docker" "inspect" "6fd6c51bb822c696bd0ad6e820752a540d0c2d1f55af25a428029ba93828e579", kill_on_drop: false }`
[INFO] running `Command { std: "docker" "exec" "-e" "SOURCE_DIR=/opt/rustwide/workdir" "-e" "CARGO_HOME=/opt/rustwide/cargo-home" "-e" "RUSTUP_HOME=/opt/rustwide/rustup-home" "-e" "CARGO_TARGET_DIR=/opt/rustwide/target" "-e" "CARGO_INCREMENTAL=0" "-e" "RUST_BACKTRACE=full" "-e" "RUSTFLAGS=--cap-lints=warn" "-e" "RUSTDOCFLAGS=--cap-lints=warn" "-w" "/opt/rustwide/workdir" "--user" "0:0" "6fd6c51bb822c696bd0ad6e820752a540d0c2d1f55af25a428029ba93828e579" "/opt/rustwide/cargo-home/bin/cargo" "+1.98.0-beta.1" "build" "--frozen" "--message-format=json", kill_on_drop: false }`
[INFO] [stderr]    Compiling proc-macro2 v1.0.94
[INFO] [stderr]    Compiling unicode-ident v1.0.18
[INFO] [stderr]    Compiling libc v0.2.171
[INFO] [stderr]    Compiling serde v1.0.219
[INFO] [stderr]    Compiling cfg-if v1.0.0
[INFO] [stderr]    Compiling version_check v0.9.5
[INFO] [stderr]    Compiling typenum v1.18.0
[INFO] [stderr]    Compiling autocfg v1.4.0
[INFO] [stderr]    Compiling shlex v1.3.0
[INFO] [stderr]    Compiling once_cell v1.21.3
[INFO] [stderr]    Compiling subtle v2.6.1
[INFO] [stderr]    Compiling rustversion v1.0.20
[INFO] [stderr]    Compiling itoa v1.0.15
[INFO] [stderr]    Compiling memchr v2.7.4
[INFO] [stderr]    Compiling pin-project-lite v0.2.16
[INFO] [stderr]    Compiling zerocopy v0.8.24
[INFO] [stderr]    Compiling quote v1.0.40
[INFO] [stderr]    Compiling generic-array v0.14.7
[INFO] [stderr]    Compiling syn v2.0.100
[INFO] [stderr]    Compiling getrandom v0.2.15
[INFO] [stderr]    Compiling jobserver v0.1.33
[INFO] [stderr]    Compiling rand_core v0.6.4
[INFO] [stderr]    Compiling const-oid v0.9.6
[INFO] [stderr]    Compiling cc v1.2.17
[INFO] [stderr]    Compiling log v0.4.27
[INFO] [stderr]    Compiling hashbrown v0.15.2
[INFO] [stderr]    Compiling equivalent v1.0.2
[INFO] [stderr]    Compiling futures-core v0.3.31
[INFO] [stderr]    Compiling cpufeatures v0.2.17
[INFO] [stderr]    Compiling thiserror v1.0.69
[INFO] [stderr]    Compiling indexmap v2.8.0
[INFO] [stderr]    Compiling smallvec v1.14.0
[INFO] [stderr]    Compiling futures-io v0.3.31
[INFO] [stderr]    Compiling futures-sink v0.3.31
[INFO] [stderr]    Compiling socket2 v0.5.9
[INFO] [stderr]    Compiling mio v1.0.3
[INFO] [stderr]    Compiling signal-hook-registry v1.4.2
[INFO] [stderr]    Compiling semver v1.0.26
[INFO] [stderr]    Compiling anyhow v1.0.97
[INFO] [stderr]    Compiling winnow v0.7.4
[INFO] [stderr]    Compiling heck v0.5.0
[INFO] [stderr]    Compiling tracing-core v0.1.33
[INFO] [stderr]    Compiling fnv v1.0.7
[INFO] [stderr]    Compiling ppv-lite86 v0.2.21
[INFO] [stderr]    Compiling pkg-config v0.3.32
[INFO] [stderr]    Compiling futures-channel v0.3.31
[INFO] [stderr]    Compiling rand_chacha v0.3.1
[INFO] [stderr]    Compiling slab v0.4.9
[INFO] [stderr]    Compiling ryu v1.0.20
[INFO] [stderr]    Compiling icu_locid_transform_data v1.5.1
[INFO] [stderr]    Compiling rand v0.8.5
[INFO] [stderr]    Compiling serde_json v1.0.140
[INFO] [stderr]    Compiling icu_properties_data v1.5.1
[INFO] [stderr]    Compiling futures-task v0.3.31
[INFO] [stderr]    Compiling pin-utils v0.1.0
[INFO] [stderr]    Compiling num-traits v0.2.19
[INFO] [stderr]    Compiling allocator-api2 v0.2.21
[INFO] [stderr]    Compiling num-conv v0.1.0
[INFO] [stderr]    Compiling base64ct v1.7.3
[INFO] [stderr]    Compiling foldhash v0.1.5
[INFO] [stderr]    Compiling time-core v0.1.4
[INFO] [stderr]    Compiling icu_normalizer_data v1.5.1
[INFO] [stderr]    Compiling pem-rfc7468 v0.7.0
[INFO] [stderr]    Compiling unicode-xid v0.2.6
[INFO] [stderr]    Compiling syn v1.0.109
[INFO] [stderr]    Compiling const_format_proc_macros v0.2.34
[INFO] [stderr]    Compiling synstructure v0.13.1
[INFO] [stderr]    Compiling parity-scale-codec v3.7.4
[INFO] [stderr]    Compiling vcpkg v0.2.15
[INFO] [stderr]    Compiling crunchy v0.2.3
[INFO] [stderr]    Compiling ff v0.13.1
[INFO] [stderr]    Compiling base16ct v0.2.0
[INFO] [stderr]    Compiling rustix v1.0.5
[INFO] [stderr]    Compiling httparse v1.10.1
[INFO] [stderr]    Compiling group v0.13.0
[INFO] [stderr]    Compiling aho-corasick v1.1.3
[INFO] [stderr]    Compiling regex-syntax v0.8.5
[INFO] [stderr]    Compiling bitflags v2.9.0
[INFO] [stderr]    Compiling hex v0.4.3
[INFO] [stderr]    Compiling ident_case v1.0.1
[INFO] [stderr]    Compiling regex-automata v0.4.9
[INFO] [stderr]    Compiling iana-time-zone v0.1.63
[INFO] [stderr]    Compiling strsim v0.11.1
[INFO] [stderr]    Compiling chrono v0.4.40
[INFO] [stderr]    Compiling ring v0.17.14
[INFO] [stderr]    Compiling darling_core v0.20.11
[INFO] [stderr]    Compiling camino v1.1.9
[INFO] [stderr]    Compiling stable_deref_trait v1.2.0
[INFO] [stderr]    Compiling tower-service v0.3.3
[INFO] [stderr]    Compiling untrusted v0.9.0
[INFO] [stderr]    Compiling base64 v0.21.7
[INFO] [stderr]    Compiling zeroize v1.8.1
[INFO] [stderr]    Compiling regex v1.11.1
[INFO] [stderr]    Compiling powerfmt v0.2.0
[INFO] [stderr]    Compiling either v1.15.0
[INFO] [stderr]    Compiling tiny-keccak v2.0.2
[INFO] [stderr]    Compiling percent-encoding v2.3.1
[INFO] [stderr]    Compiling deranged v0.4.1
[INFO] [stderr]    Compiling time-macros v0.2.22
[INFO] [stderr]    Compiling byteorder v1.5.0
[INFO] [stderr]    Compiling rlp-derive v0.1.0
[INFO] [stderr]    Compiling try-lock v0.2.5
[INFO] [stderr]    Compiling httpdate v1.0.3
[INFO] [stderr]    Compiling time v0.3.41
[INFO] [stderr]    Compiling want v0.3.1
[INFO] [stderr]    Compiling prettyplease v0.2.31
[INFO] [stderr]    Compiling lazy_static v1.5.0
[INFO] [stderr]    Compiling writeable v0.5.5
[INFO] [stderr]    Compiling getrandom v0.3.2
[INFO] [stderr]    Compiling mime v0.3.17
[INFO] [stderr]    Compiling litemap v0.7.5
[INFO] [stderr]    Compiling linux-raw-sys v0.9.3
[INFO] [stderr]    Compiling fastrand v2.3.0
[INFO] [stderr]    Compiling itertools v0.14.0
[INFO] [stderr]    Compiling static_assertions v1.1.0
[INFO] [stderr]    Compiling rustc-hex v2.1.0
[INFO] [stderr]    Compiling crossbeam-utils v0.8.21
[INFO] [stderr]    Compiling block-buffer v0.10.4
[INFO] [stderr]    Compiling crypto-common v0.1.6
[INFO] [stderr]    Compiling const_format v0.2.34
[INFO] [stderr]    Compiling lock_api v0.4.12
[INFO] [stderr]    Compiling arrayvec v0.7.6
[INFO] [stderr]    Compiling utf16_iter v1.0.5
[INFO] [stderr]    Compiling regex-syntax v0.6.29
[INFO] [stderr]    Compiling utf8_iter v1.0.4
[INFO] [stderr]    Compiling write16 v1.0.0
[INFO] [stderr]    Compiling thiserror v2.0.12
[INFO] [stderr]    Compiling byte-slice-cast v1.2.3
[INFO] [stderr]    Compiling tempfile v3.19.1
[INFO] [stderr]    Compiling regex-automata v0.1.10
[INFO] [stderr]    Compiling digest v0.10.7
[INFO] [stderr]    Compiling openssl-src v300.4.2+3.4.1
[INFO] [stderr]    Compiling parking_lot_core v0.9.10
[INFO] [stderr]    Compiling scopeguard v1.2.0
[INFO] [stderr]    Compiling keccak v0.1.5
[INFO] [stderr]    Compiling wasm-bindgen-shared v0.2.100
[INFO] [stderr]    Compiling overload v0.1.1
[INFO] [stderr]    Compiling nu-ansi-term v0.46.0
[INFO] [stderr]    Compiling matchers v0.1.0
[INFO] [stderr]    Compiling sharded-slab v0.1.7
[INFO] [stderr]    Compiling form_urlencoded v1.2.1
[INFO] [stderr]    Compiling tracing-log v0.2.0
[INFO] [stderr]    Compiling thread_local v1.1.8
[INFO] [stderr]    Compiling openssl-sys v0.9.106
[INFO] [stderr]    Compiling rustls-pki-types v1.11.0
[INFO] [stderr]    Compiling fixed-hash v0.8.0
[INFO] [stderr]    Compiling atomic-waker v1.1.2
[INFO] [stderr]    Compiling bumpalo v3.17.0
[INFO] [stderr]    Compiling opaque-debug v0.3.1
[INFO] [stderr]    Compiling wasm-bindgen-backend v0.2.100
[INFO] [stderr]    Compiling parking_lot v0.12.3
[INFO] [stderr]    Compiling uint v0.9.5
[INFO] [stderr]    Compiling anstyle v1.0.10
[INFO] [stderr]    Compiling openssl-probe v0.1.6
[INFO] [stderr]    Compiling tower-layer v0.3.3
[INFO] [stderr]    Compiling der v0.7.9
[INFO] [stderr]    Compiling sync_wrapper v1.0.2
[INFO] [stderr]    Compiling wasm-bindgen-macro-support v0.2.100
[INFO] [stderr]    Compiling rustls v0.21.12
[INFO] [stderr]    Compiling eyre v0.6.12
[INFO] [stderr]    Compiling wasm-bindgen v0.2.100
[INFO] [stderr]    Compiling fixedbitset v0.5.7
[INFO] [stderr]    Compiling petgraph v0.7.1
[INFO] [stderr]    Compiling crossbeam-epoch v0.9.18
[INFO] [stderr]    Compiling sct v0.7.1
[INFO] [stderr]    Compiling rustls-webpki v0.101.7
[INFO] [stderr]    Compiling itertools v0.13.0
[INFO] [stderr]    Compiling indexmap v1.9.3
[INFO] [stderr]    Compiling rayon-core v1.12.1
[INFO] [stderr]    Compiling rustls v0.23.25
[INFO] [stderr]    Compiling multimap v0.10.0
[INFO] [stderr]    Compiling sec1 v0.7.3
[INFO] [stderr]    Compiling serde_derive v1.0.219
[INFO] [stderr]    Compiling zeroize_derive v1.4.2
[INFO] [stderr]    Compiling zerofrom-derive v0.1.6
[INFO] [stderr]    Compiling thiserror-impl v1.0.69
[INFO] [stderr]    Compiling yoke-derive v0.7.5
[INFO] [stderr]    Compiling zerovec-derive v0.10.3
[INFO] [stderr]    Compiling displaydoc v0.2.5
[INFO] [stderr]    Compiling tokio-macros v2.5.0
[INFO] [stderr]    Compiling tracing-attributes v0.1.28
[INFO] [stderr]    Compiling icu_provider_macros v1.5.0
[INFO] [stderr]    Compiling futures-macro v0.3.31
[INFO] [stderr]    Compiling hmac v0.12.1
[INFO] [stderr]    Compiling spki v0.7.3
[INFO] [stderr]    Compiling pkcs8 v0.10.2
[INFO] [stderr]    Compiling sha2 v0.10.8
[INFO] [stderr]    Compiling impl-trait-for-tuples v0.2.3
[INFO] [stderr]    Compiling hkdf v0.12.4
[INFO] [stderr]    Compiling crypto-bigint v0.5.5
[INFO] [stderr]    Compiling signature v2.2.0
[INFO] [stderr]    Compiling derive_more-impl v1.0.0
[INFO] [stderr]    Compiling elliptic-curve v0.13.8
[INFO] [stderr]    Compiling zerofrom v0.1.6
[INFO] [stderr]    Compiling rfc6979 v0.4.0
[INFO] [stderr]    Compiling darling_macro v0.20.11
[INFO] [stderr]    Compiling ecdsa v0.16.9
[INFO] [stderr]    Compiling yoke v0.7.5
[INFO] [stderr]    Compiling zerovec v0.10.4
[INFO] [stderr]    Compiling darling v0.20.11
[INFO] [stderr]    Compiling inout v0.1.4
[INFO] [stderr]    Compiling cipher v0.4.4
[INFO] [stderr]    Compiling tinystr v0.7.6
[INFO] [stderr]    Compiling icu_locid v1.5.0
[INFO] [stderr]    Compiling futures-util v0.3.31
[INFO] [stderr]    Compiling bytes v1.10.1
[INFO] [stderr]    Compiling tokio v1.44.2
[INFO] [stderr]    Compiling toml_datetime v0.6.8
[INFO] [stderr]    Compiling serde_spanned v0.6.8
[INFO] [stderr]    Compiling toml_edit v0.22.24
[INFO] [stderr]    Compiling tracing v0.1.41
[INFO] [stderr]    Compiling http v1.3.1
[INFO] [stderr]    Compiling icu_provider v1.5.0
[INFO] [stderr]    Compiling derive_builder_core v0.20.2
[INFO] [stderr]    Compiling icu_locid_transform v1.5.0
[INFO] [stderr]    Compiling icu_collections v1.5.0
[INFO] [stderr]    Compiling proc-macro-crate v3.3.0
[INFO] [stderr]    Compiling icu_properties v1.5.1
[INFO] [stderr]    Compiling tokio-util v0.7.14
[INFO] [stderr]    Compiling pin-project-internal v1.1.10
[INFO] [stderr]    Compiling prost-derive v0.13.5
[INFO] [stderr]    Compiling async-trait v0.1.88
[INFO] [stderr]    Compiling icu_normalizer v1.5.0
[INFO] [stderr]    Compiling http-body v1.0.1
[INFO] [stderr]    Compiling rustc_version v0.4.1
[INFO] [stderr]    Compiling rlp v0.5.2
[INFO] [stderr]    Compiling http v0.2.12
[INFO] [stderr]    Compiling thiserror-impl v2.0.12
[INFO] [stderr]    Compiling parity-scale-codec-derive v3.7.4
[INFO] [stderr]    Compiling scale-info-derive v2.11.6
[INFO] [stderr]    Compiling derive_builder_macro v0.20.2
[INFO] [stderr]    Compiling curve25519-dalek v4.1.3
[INFO] [stderr]    Compiling idna_adapter v1.2.0
[INFO] [stderr]    Compiling derive_more v1.0.0
[INFO] [stderr]    Compiling tracing-serde v0.2.0
[INFO] [stderr]    Compiling aes v0.8.4
[INFO] [stderr]    Compiling pin-project v1.1.10
[INFO] [stderr]    Compiling ctr v0.9.2
[INFO] [stderr]    Compiling sha3 v0.10.8
[INFO] [stderr]    Compiling tls_codec_derive v0.4.2
[INFO] [stderr]    Compiling tracing-subscriber v0.3.19
[INFO] [stderr]    Compiling idna v1.0.3
[INFO] [stderr]    Compiling num_enum_derive v0.7.3
[INFO] [stderr]    Compiling impl-rlp v0.3.0
[INFO] [stderr]    Compiling open-fastrlp-derive v0.1.1
[INFO] [stderr]    Compiling impl-serde v0.4.0
[INFO] [stderr]    Compiling universal-hash v0.5.1
[INFO] [stderr]    Compiling strum_macros v0.26.4
[INFO] [stderr]    Compiling curve25519-dalek-derive v0.1.1
[INFO] [stderr]    Compiling auto_impl v1.2.1
[INFO] [stderr]    Compiling tls_codec v0.4.2
[INFO] [stderr]    Compiling url v2.5.4
[INFO] [stderr]    Compiling prost v0.13.5
[INFO] [stderr]    Compiling h2 v0.4.8
[INFO] [stderr]    Compiling primeorder v0.13.6
[INFO] [stderr]    Compiling prost-types v0.13.5
[INFO] [stderr]    Compiling openmls_traits v0.3.0 (https://github.com/xmtp/openmls?rev=082cab5f17a54796e87bc1762a64496c86cb9bf8#082cab5f)
[INFO] [stderr]    Compiling http-body-util v0.1.3
[INFO] [stderr]    Compiling cargo-platform v0.1.9
[INFO] [stderr]    Compiling hyper v1.6.0
[INFO] [stderr]    Compiling k256 v0.13.4
[INFO] [stderr]    Compiling p256 v0.13.2
[INFO] [stderr]    Compiling scale-info v2.11.6
[INFO] [stderr]    Compiling impl-codec v0.6.0
[INFO] [stderr]    Compiling hyper-util v0.1.11
[INFO] [stderr]    Compiling polyval v0.6.2
[INFO] [stderr]    Compiling ed25519 v2.2.3
[INFO] [stderr]    Compiling wasm-bindgen-macro v0.2.100
[INFO] [stderr]    Compiling ethbloom v0.13.0
[INFO] [stderr]    Compiling primitive-types v0.12.2
[INFO] [stderr]    Compiling sha1 v0.10.6
[INFO] [stderr]    Compiling aead v0.5.2
[INFO] [stderr]    Compiling ed25519-dalek v2.1.1
[INFO] [stderr]    Compiling ethereum-types v0.14.1
[INFO] [stderr]    Compiling ghash v0.5.1
[INFO] [stderr]    Compiling pbjson-build v0.7.0
[INFO] [stderr]    Compiling prost-build v0.13.5
[INFO] [stderr]    Compiling poly1305 v0.8.0
[INFO] [stderr]    Compiling tower v0.5.2
[INFO] [stderr]    Compiling toml v0.8.20
[INFO] [stderr]    Compiling chacha20 v0.9.1
[INFO] [stderr]    Compiling crossbeam-deque v0.8.6
[INFO] [stderr]    Compiling rustls-webpki v0.103.1
[INFO] [stderr]    Compiling hpke-rs-crypto v0.2.0
[INFO] [stderr]    Compiling encoding_rs v0.8.35
[INFO] [stderr]    Compiling utf-8 v0.7.6
[INFO] [stderr]    Compiling hashbrown v0.12.3
[INFO] [stderr]    Compiling mockall_derive v0.13.1
[INFO] [stderr]    Compiling predicates-core v1.0.9
[INFO] [stderr]    Compiling data-encoding v2.8.0
[INFO] [stderr]    Compiling strum v0.26.3
[INFO] [stderr]    Compiling chacha20poly1305 v0.10.1
[INFO] [stderr]    Compiling cargo_metadata v0.18.1
[INFO] [stderr]    Compiling aes-gcm v0.10.3
[INFO] [stderr]    Compiling ethabi v18.0.0
[INFO] [stderr]    Compiling open-fastrlp v0.1.4
[INFO] [stderr]    Compiling js-sys v0.3.77
[INFO] [stderr]    Compiling axum-core v0.4.5
[INFO] [stderr]    Compiling p384 v0.13.1
[INFO] [stderr]    Compiling num_enum v0.7.3
[INFO] [stderr]    Compiling x25519-dalek v2.0.1
[INFO] [stderr]    Compiling http-body v0.4.6
[INFO] [stderr]    Compiling h2 v0.3.26
[INFO] [stderr]    Compiling tokio-stream v0.1.17
[INFO] [stderr]    Compiling serde_urlencoded v0.7.1
[INFO] [stderr]    Compiling pbjson-types v0.7.0
[INFO] [stderr]    Compiling async-stream-impl v0.3.6
[INFO] [stderr]    Compiling rustls-pemfile v2.2.0
[INFO] [stderr]    Compiling const-hex v1.14.0
[INFO] [stderr]    Compiling termtree v0.5.1
[INFO] [stderr]    Compiling base64 v0.22.1
[INFO] [stderr]    Compiling matchit v0.7.3
[INFO] [stderr]    Compiling web-time v1.1.0
[INFO] [stderr]    Compiling axum v0.7.9
[INFO] [stderr]    Compiling ethers-core v2.0.14
[INFO] [stderr]    Compiling predicates-tree v1.0.12
[INFO] [stderr]    Compiling gloo-timers v0.2.6
[INFO] [stderr]    Compiling hpke-rs-rust-crypto v0.2.0
[INFO] [stderr]    Compiling tokio-rustls v0.26.2
[INFO] [stderr]    Compiling hyper v0.14.32
[INFO] [stderr]    Compiling rayon v1.10.0
[INFO] [stderr]    Compiling tower v0.4.13
[INFO] [stderr]    Compiling async-stream v0.3.6
[INFO] [stderr]    Compiling predicates v3.1.3
[INFO] [stderr]    Compiling tokio-rustls v0.24.1
[INFO] [stderr]    Compiling hpke-rs v0.2.0
[INFO] [stderr]    Compiling hyper-timeout v0.5.2
[INFO] [stderr]    Compiling openmls_memory_storage v0.3.0 (https://github.com/xmtp/openmls?rev=082cab5f17a54796e87bc1762a64496c86cb9bf8#082cab5f)
[INFO] [stderr]    Compiling tracing-forest v0.1.6
[INFO] [stderr]    Compiling futures v0.3.31
[INFO] [stderr]    Compiling pbjson v0.7.0
[INFO] [stderr]    Compiling xmtp_macro v1.3.0-dev (/opt/rustwide/workdir/xmtp_macro)
[INFO] [stderr]    Compiling rustls-native-certs v0.8.1
[INFO] [stderr]    Compiling webpki-roots v0.26.8
[INFO] [stderr]    Compiling ring v0.16.20
[INFO] [stderr]    Compiling libz-sys v1.1.22
[INFO] [stderr]    Compiling num-integer v0.1.46
[INFO] [stderr]    Compiling fragile v2.0.1
[INFO] [stderr]    Compiling radium v0.7.0
[INFO] [stderr]    Compiling ipnet v2.11.0
[INFO] [stderr]    Compiling unicase v2.8.1
[INFO] [stderr]    Compiling downcast v0.11.0
[INFO] [stderr]    Compiling send_wrapper v0.4.0
[INFO] [stderr]    Compiling mime_guess v2.0.5
[INFO] [stderr]    Compiling futures-timer v3.0.3
[INFO] [stderr]    Compiling num-bigint v0.4.6
[INFO] [stderr]    Compiling tonic v0.12.3
[INFO] [stderr]    Compiling openmls_rust_crypto v0.3.0 (https://github.com/xmtp/openmls?rev=082cab5f17a54796e87bc1762a64496c86cb9bf8#082cab5f)
[INFO] [stderr]    Compiling openmls v0.6.0 (https://github.com/xmtp/openmls?rev=082cab5f17a54796e87bc1762a64496c86cb9bf8#082cab5f)
[INFO] [stderr]    Compiling xmtp_common v1.3.0-dev (/opt/rustwide/workdir/common)
[INFO] [stderr]    Compiling derive_builder v0.20.2
[INFO] [stderr]    Compiling bs58 v0.5.1
[INFO] [stderr]    Compiling ripemd v0.1.3
[INFO] [stderr]    Compiling spin v0.5.2
[INFO] [stderr]    Compiling webpki-roots v0.25.4
[INFO] [stderr]    Compiling indenter v0.3.3
[INFO] [stderr]    Compiling tap v1.0.1
[INFO] [stderr]    Compiling bech32 v0.9.1
[INFO] [stderr]    Compiling same-file v1.0.6
[INFO] [stderr]    Compiling base64 v0.13.1
[INFO] [stderr]    Compiling untrusted v0.7.1
[INFO] [stderr]    Compiling pem v1.1.1
[INFO] [stderr]    Compiling coins-core v0.8.7
[INFO] [stderr]    Compiling Inflector v0.11.4
[INFO] [stderr]    Compiling walkdir v2.5.0
[INFO] [stderr]    Compiling wyz v0.5.1
[INFO] [stderr]    Compiling simple_asn1 v0.6.3
[INFO] [stderr]    Compiling hyper-rustls v0.24.2
[INFO] [stderr]    Compiling tungstenite v0.20.1
[INFO] [stderr]    Compiling salsa20 v0.10.2
[INFO] [stderr]    Compiling pbkdf2 v0.11.0
[INFO] [stderr]    Compiling fxhash v0.2.1
[INFO] [stderr]    Compiling rustls-pemfile v1.0.4
[INFO] [stderr]    Compiling libgit2-sys v0.18.1+1.9.0
[INFO] [stderr]    Compiling vergen-lib v0.1.6
[INFO] [stderr]    Compiling sync_wrapper v0.1.2
[INFO] [stderr]    Compiling dunce v1.0.5
[INFO] [stderr]    Compiling funty v2.0.0
[INFO] [stderr]    Compiling openssl v0.10.71
[INFO] [stderr]    Compiling foreign-types-shared v0.1.1
[INFO] [stderr]    Compiling foreign-types v0.3.2
[INFO] [stderr]    Compiling bitvec v1.0.1
[INFO] [stderr]    Compiling tokio-tungstenite v0.20.1
[INFO] [stderr]    Compiling reqwest v0.11.27
[INFO] [stderr]    Compiling hashers v1.0.1
[INFO] [stderr]    Compiling scrypt v0.10.0
[INFO] [stderr]    Compiling jsonwebtoken v8.3.0
[INFO] [stderr]    Compiling coins-bip32 v0.8.7
[INFO] [stderr]    Compiling enr v0.10.0
[INFO] [stderr]    Compiling ethers-contract-abigen v2.0.14
[INFO] [stderr]    Compiling tracing-futures v0.2.5
[INFO] [stderr]    Compiling uuid v0.8.2
[INFO] [stderr]    Compiling pbkdf2 v0.12.2
[INFO] [stderr]    Compiling openssl-macros v0.1.1
[INFO] [stderr]    Compiling zstd-sys v2.0.15+zstd.1.5.7
[INFO] [stderr]    Compiling libsqlite3-sys v0.32.0
[INFO] [stderr]    Compiling vergen v9.0.4
[INFO] [stderr]    Compiling instant v0.1.13
[INFO] [stderr]    Compiling num_threads v0.1.7
[INFO] [stderr]    Compiling minimal-lexical v0.2.1
[INFO] [stderr]    Compiling native-tls v0.2.14
[INFO] [stderr]    Compiling nom v7.1.3
[INFO] [stderr]    Compiling ethers-providers v2.0.14
[INFO] [stderr]    Compiling coins-bip39 v0.8.7
[INFO] [stderr]    Compiling eth-keystore v0.5.0
[INFO] [stderr]    Compiling mockall v0.13.1
[INFO] [stderr]    Compiling xmtp_proto v1.3.0-dev (/opt/rustwide/workdir/xmtp_proto)
[INFO] [stderr]    Compiling dsl_auto_type v0.1.0 (https://github.com/diesel-rs/diesel?branch=master#1712c604)
[INFO] [stdout] warning: unnecessary parentheses around type
[INFO] [stdout]    --> xmtp_proto/src/traits.rs:266:27
[INFO] [stdout]     |
[INFO] [stdout] 266 |     type Repeat = Box<dyn (FnMut() -> prost::bytes::Bytes)>;
[INFO] [stdout]     |                           ^                              ^
[INFO] [stdout]     |
[INFO] [stdout]     = note: `#[warn(unused_parens)]` (part of `#[warn(unused)]`) on by default
[INFO] [stdout] help: remove these parentheses
[INFO] [stdout]     |
[INFO] [stdout] 266 -     type Repeat = Box<dyn (FnMut() -> prost::bytes::Bytes)>;
[INFO] [stdout] 266 +     type Repeat = Box<dyn FnMut() -> prost::bytes::Bytes>;
[INFO] [stdout]     |
[INFO] [stdout] 
[INFO] [stdout] 
[INFO] [stderr]    Compiling scheduled-thread-pool v0.2.7
[INFO] [stderr]    Compiling diesel_table_macro_syntax v0.2.0 (https://github.com/diesel-rs/diesel?branch=master#1712c604)
[INFO] [stderr]    Compiling vergen-git2 v1.0.5
[INFO] [stderr]    Compiling r2d2 v0.8.10
[INFO] [stderr]    Compiling ethers-signers v2.0.14
[INFO] [stderr]    Compiling migrations_internals v2.2.0 (https://github.com/diesel-rs/diesel?branch=master#1712c604)
[INFO] [stderr]    Compiling uniffi_internal_macros v0.29.1
[INFO] [stderr]    Compiling futures-locks v0.7.1
[INFO] [stderr]    Compiling fs-err v2.11.0
[INFO] [stderr]    Compiling siphasher v0.3.11
[INFO] [stderr]    Compiling downcast-rs v2.0.1
[INFO] [stderr]    Compiling zstd-safe v7.2.4
[INFO] [stderr]    Compiling migrations_macros v2.2.0 (https://github.com/diesel-rs/diesel?branch=master#1712c604)
[INFO] [stderr]    Compiling ethers-addressbook v2.0.14
[INFO] [stderr]    Compiling openmls_basic_credential v0.3.0 (https://github.com/xmtp/openmls?rev=082cab5f17a54796e87bc1762a64496c86cb9bf8#082cab5f)
[INFO] [stderr]    Compiling xmtp_api_grpc v1.3.0-dev (/opt/rustwide/workdir/xmtp_api_grpc)
[INFO] [stderr]    Compiling xmtp_content_types v1.3.0-dev (/opt/rustwide/workdir/xmtp_content_types)
[INFO] [stderr]    Compiling uniffi_meta v0.29.1
[INFO] [stderr]    Compiling rinja_parser v0.3.5
[INFO] [stderr]    Compiling basic-toml v0.1.10
[INFO] [stderr]    Compiling toml v0.5.11
[INFO] [stderr]    Compiling ethers-contract-derive v2.0.14
[INFO] [stderr]    Compiling bincode v1.3.3
[INFO] [stderr]    Compiling scroll_derive v0.12.0
[INFO] [stderr]    Compiling rustc-hash v2.1.1
[INFO] [stderr]    Compiling paste v1.0.15
[INFO] [stderr]    Compiling utf8parse v0.2.2
[INFO] [stderr]    Compiling dyn-clone v1.0.19
[INFO] [stderr]    Compiling smawk v0.3.2
[INFO] [stderr]    Compiling textwrap v0.16.2
[INFO] [stderr]    Compiling diesel_derives v2.2.0 (https://github.com/diesel-rs/diesel?branch=master#1712c604)
[INFO] [stderr]    Compiling anstyle-parse v0.2.6
[INFO] [stderr]    Compiling xmtp_api v1.3.0-dev (/opt/rustwide/workdir/xmtp_api)
[INFO] [stderr]    Compiling zstd v0.13.3
[INFO] [stderr]    Compiling weedle2 v5.0.0
[INFO] [stderr]    Compiling colorchoice v1.0.3
[INFO] [stderr]    Compiling is_terminal_polyfill v1.70.1
[INFO] [stderr]    Compiling anstyle-query v1.1.2
[INFO] [stderr]    Compiling plain v0.2.3
[INFO] [stderr]    Compiling anstream v0.6.18
[INFO] [stderr]    Compiling async-compression v0.4.22
[INFO] [stderr]    Compiling scroll v0.12.0
[INFO] [stderr]    Compiling goblin v0.8.2
[INFO] [stderr]    Compiling uniffi_udl v0.29.1
[INFO] [stderr]    Compiling rinja_derive v0.3.5
[INFO] [stderr]    Compiling trait-variant v0.1.2
[INFO] [stderr]    Compiling clap_lex v0.7.4
[INFO] [stderr]    Compiling glob v0.3.2
[INFO] [stderr]    Compiling portable-atomic v1.11.0
[INFO] [stderr]    Compiling clap_builder v4.5.35
[INFO] [stderr]    Compiling uniffi_macros v0.29.1
[INFO] [stderr]    Compiling ethers-contract v2.0.14
[INFO] [stderr]    Compiling ctor v0.2.9
[INFO] [stderr]    Compiling clap_derive v4.5.32
[INFO] [stderr]    Compiling backtrace v0.3.71
[INFO] [stderr]    Compiling gimli v0.28.1
[INFO] [stderr]    Compiling adler v1.0.2
[INFO] [stderr]    Compiling siphasher v1.0.1
[INFO] [stderr]    Compiling phf_shared v0.11.3
[INFO] [stderr]    Compiling miniz_oxide v0.7.4
[INFO] [stderr]    Compiling addr2line v0.21.0
[INFO] [stderr]    Compiling rinja v0.3.5
[INFO] [stderr]    Compiling cargo_metadata v0.15.4
[INFO] [stderr]    Compiling uniffi_bindgen v0.29.1
[INFO] [stderr]    Compiling tracing-error v0.2.1
[INFO] [stderr]    Compiling uniffi_core v0.29.1
[INFO] [stderr]    Compiling rand_core v0.9.3
[INFO] [stderr]    Compiling memoffset v0.9.1
[INFO] [stderr]    Compiling multer v2.1.0
[INFO] [stderr]    Compiling object v0.32.2
[INFO] [stderr]    Compiling valuable v0.1.1
[INFO] [stderr]    Compiling rustc-demangle v0.1.24
[INFO] [stderr]    Compiling unicode-segmentation v1.12.0
[INFO] [stderr]    Compiling clap v4.5.35
[INFO] [stderr]    Compiling owo-colors v3.5.0
[INFO] [stderr]    Compiling owo-colors v4.2.0
[INFO] [stderr]    Compiling color-spantrace v0.2.1
[INFO] [stderr]    Compiling convert_case v0.6.0
[INFO] [stderr]    Compiling rand_chacha v0.9.0
[INFO] [stderr]    Compiling phf v0.11.3
[INFO] [stderr]    Compiling tungstenite v0.21.0
[INFO] [stderr]    Compiling headers-core v0.2.0
[INFO] [stderr]    Compiling async-compat v0.2.4
[INFO] [stderr]    Compiling valuable-derive v0.1.1
[INFO] [stderr]    Compiling crossbeam-channel v0.5.15
[INFO] [stderr]    Compiling raw-cpuid v11.5.0
[INFO] [stderr]    Compiling option-ext v0.2.0
[INFO] [stderr]    Compiling redb v2.4.0
[INFO] [stderr]    Compiling spin v0.9.8
[INFO] [stderr]    Compiling napi-build v2.1.6
[INFO] [stderr]    Compiling unicode-width v0.2.0
[INFO] [stderr]    Compiling console v0.15.11
[INFO] [stderr]    Compiling quanta v0.12.5
[INFO] [stderr]    Compiling bindings_node v1.3.0-dev (/opt/rustwide/workdir/bindings_node)
[INFO] [stderr]    Compiling dirs-sys v0.5.0
[INFO] [stderr]    Compiling tracing-appender v0.2.3
[INFO] [stderr]    Compiling xmtp_api_d14n v1.3.0-dev (/opt/rustwide/workdir/xmtp_api_d14n)
[INFO] [stderr]    Compiling headers v0.3.9
[INFO] [stderr]    Compiling tokio-tungstenite v0.21.0
[INFO] [stderr]    Compiling color-eyre v0.6.3
[INFO] [stderr]    Compiling isolang v2.4.0
[INFO] [stderr]    Compiling ethers-middleware v2.0.14
[INFO] [stderr]    Compiling rand v0.9.0
[INFO] [stderr]    Compiling napi-derive-backend v1.0.75
[INFO] [stderr]    Compiling mini-internal v0.1.42
[INFO] [stderr]    Compiling speedy-derive v0.8.7
[INFO] [stderr]    Compiling spinning_top v0.3.0
[INFO] [stderr]    Compiling nonzero_ext v0.3.0
[INFO] [stderr]    Compiling number_prefix v0.4.0
[INFO] [stderr]    Compiling scoped-tls v1.0.1
[INFO] [stderr]    Compiling napi-sys v2.4.0
[INFO] [stderr]    Compiling napi v2.16.17
[INFO] [stderr]    Compiling uniffi_build v0.29.1
[INFO] [stderr]    Compiling uniffi v0.29.1
[INFO] [stderr]    Compiling warp v0.3.7
[INFO] [stderr]    Compiling miniserde v0.1.42
[INFO] [stderr]    Compiling indicatif v0.17.11
[INFO] [stderr]    Compiling napi-derive v2.16.13
[INFO] [stderr]    Compiling governor v0.10.0
[INFO] [stderr]    Compiling timeago v0.4.2
[INFO] [stderr]    Compiling directories v6.0.0
[INFO] [stderr]    Compiling clap-verbosity-flag v3.0.2
[INFO] [stderr]    Compiling tracing-logfmt v0.3.5
[INFO] [stderr]    Compiling fdlimit v0.3.0
[INFO] [stderr]    Compiling lru v0.13.0
[INFO] [stderr]    Compiling lipsum v0.9.1
[INFO] [stderr]    Compiling speedy v0.8.7
[INFO] [stderr]    Compiling xxhash-rust v0.8.15
[INFO] [stderr]    Compiling fs_extra v1.3.0
[INFO] [stderr]    Compiling git2 v0.20.1
[INFO] [stderr]    Compiling ethers v2.0.14
[INFO] [stderr]    Compiling xmtp_cryptography v1.3.0-dev (/opt/rustwide/workdir/xmtp_cryptography)
[INFO] [stderr]    Compiling xmtpv3 v1.3.0-dev (/opt/rustwide/workdir/bindings_ffi)
[INFO] [stderr]    Compiling mls_validation_service v0.1.4 (/opt/rustwide/workdir/mls_validation_service)
[INFO] [stderr]    Compiling xdbg v0.1.0 (/opt/rustwide/workdir/xmtp_debug)
[INFO] [stderr]    Compiling tokio-native-tls v0.3.1
[INFO] [stderr]    Compiling hyper-tls v0.6.0
[INFO] [stderr]    Compiling reqwest v0.12.15
[INFO] [stderr]    Compiling xmtp_api_http v1.3.0-dev (/opt/rustwide/workdir/xmtp_api_http)
[INFO] [stderr]    Compiling diesel v2.2.4 (https://github.com/diesel-rs/diesel?branch=master#1712c604)
[INFO] [stderr]    Compiling diesel_migrations v2.2.0 (https://github.com/diesel-rs/diesel?branch=master#1712c604)
[INFO] [stderr]    Compiling xmtp_db v1.3.0-dev (/opt/rustwide/workdir/xmtp_db)
[INFO] [stdout] warning: `max` is ambiguous
[INFO] [stdout]    --> xmtp_db/src/encrypted_store/identity_update.rs:9:19
[INFO] [stdout]     |
[INFO] [stdout]   9 | use diesel::{dsl::max, prelude::*};
[INFO] [stdout]     |                   ^^^ ambiguous name
[INFO] [stdout]     |
[INFO] [stdout]     = note: ambiguous because of multiple glob imports of a name in the same module
[INFO] [stdout] note: `max` could refer to the type alias defined here
[INFO] [stdout]    --> /opt/rustwide/cargo-home/git/checkouts/diesel-a2d4519740bc8905/1712c60/diesel/src/lib.rs:340:13
[INFO] [stdout]     |
[INFO] [stdout] 340 |     pub use crate::helper_types::*;
[INFO] [stdout]     |             ^^^^^^^^^^^^^^^^^^^
[INFO] [stdout]     = help: consider updating this dependency to resolve this error
[INFO] [stdout]     = help: if updating the dependency does not resolve the problem report the problem to the author of the relevant crate
[INFO] [stdout] note: `max` could also refer to the type alias defined here
[INFO] [stdout]    --> /opt/rustwide/cargo-home/git/checkouts/diesel-a2d4519740bc8905/1712c60/diesel/src/lib.rs:343:13
[INFO] [stdout]     |
[INFO] [stdout] 343 |     pub use crate::expression::dsl::*;
[INFO] [stdout]     |             ^^^^^^^^^^^^^^^^^^^^^^
[INFO] [stdout]     = warning: this was previously accepted by the compiler but is being phased out; it will become a hard error in a future release!
[INFO] [stdout]     = note: for more information, see issue #114095 <https://github.com/rust-lang/rust/issues/114095>
[INFO] [stdout]     = note: `#[warn(ambiguous_glob_imports)]` (part of `#[warn(future_incompatible)]`) on by default
[INFO] [stdout] 
[INFO] [stdout] 
[INFO] [stderr]    Compiling xmtp_id v1.3.0-dev (/opt/rustwide/workdir/xmtp_id)
[INFO] [stderr]    Compiling xmtp_mls v1.3.0-dev (/opt/rustwide/workdir/xmtp_mls)
[INFO] [stderr]    Compiling xmtp_cli v1.3.0-dev (/opt/rustwide/workdir/examples/cli)
[INFO] [stdout] error: couldn't read `bindings_ffi/src/../libxmtp-version.txt`: No such file or directory (os error 2)
[INFO] [stdout]    --> bindings_ffi/src/lib.rs:115:5
[INFO] [stdout]     |
[INFO] [stdout] 115 |     include_str!("../libxmtp-version.txt").to_string()
[INFO] [stdout]     |     ^^^^^^^^^^^^^^^^^^^^^^^^^^^^^^^^^^^^^^
[INFO] [stdout] 
[INFO] [stdout] 
[INFO] [stdout] error[E0277]: the trait bound `valuable::Value<'_>: tracing::Value` is not satisfied
[INFO] [stdout]   --> xmtp_debug/src/app/inspect.rs:49:17
[INFO] [stdout]    |
[INFO] [stdout] 49 | /                 info!(
[INFO] [stdout] 50 | |                     inbox_id = state.inbox_id(),
[INFO] [stdout] 51 | |                     account_addresses = idents.as_value(),
[INFO] [stdout] 52 | |                     installations = state
[INFO] [stdout] ...  |
[INFO] [stdout] 59 | |                     "latest association state"
[INFO] [stdout] 60 | |                 );
[INFO] [stdout]    | |_________________^ the trait `tracing::Value` is not implemented for `valuable::Value<'_>`
[INFO] [stdout]    |
[INFO] [stdout]    = help: the following other types implement trait `tracing::Value`:
[INFO] [stdout]              &'a T
[INFO] [stdout]              &'a mut T
[INFO] [stdout]              (dyn std::error::Error + 'static)
[INFO] [stdout]              (dyn std::error::Error + std::marker::Send + 'static)
[INFO] [stdout]              (dyn std::error::Error + std::marker::Send + std::marker::Sync + 'static)
[INFO] [stdout]              (dyn std::error::Error + std::marker::Sync + 'static)
[INFO] [stdout]              Arguments<'a>
[INFO] [stdout]              Box<T>
[INFO] [stdout]            and 35 others
[INFO] [stdout]    = note: required for the cast from `&valuable::Value<'_>` to `&dyn tracing::Value`
[INFO] [stdout]    = note: this error originates in the macro `$crate::valueset` which comes from the expansion of the macro `info` (in Nightly builds, run with -Z macro-backtrace for more info)
[INFO] [stdout] 
[INFO] [stdout] 
[INFO] [stdout] error[E0277]: the trait bound `valuable::Value<'_>: tracing::Value` is not satisfied
[INFO] [stdout]    --> examples/cli/cli-client.rs:310:13
[INFO] [stdout]     |
[INFO] [stdout] 310 | /             info!(
[INFO] [stdout] 311 | |                 command_output = true,
[INFO] [stdout] 312 | |                 inbox_id = client.inbox_id(),
[INFO] [stdout] 313 | |                 recovery_address = format!("{recovery:?}"),
[INFO] [stdout] ...   |
[INFO] [stdout] 316 | |                 "identity info",
[INFO] [stdout] 317 | |             );
[INFO] [stdout]     | |_____________^ the trait `tracing::Value` is not implemented for `valuable::Value<'_>`
[INFO] [stdout]     |
[INFO] [stdout]     = help: the following other types implement trait `tracing::Value`:
[INFO] [stdout]               &'a T
[INFO] [stdout]               &'a mut T
[INFO] [stdout]               (dyn StdError + 'static)
[INFO] [stdout]               (dyn StdError + std::marker::Send + 'static)
[INFO] [stdout]               (dyn StdError + std::marker::Send + std::marker::Sync + 'static)
[INFO] [stdout]               (dyn StdError + std::marker::Sync + 'static)
[INFO] [stdout]               Arguments<'a>
[INFO] [stdout]               Box<T>
[INFO] [stdout]             and 35 others
[INFO] [stdout]     = note: required for `&valuable::Value<'_>` to implement `tracing::Value`
[INFO] [stdout]     = note: required for the cast from `&&valuable::Value<'_>` to `&dyn tracing::Value`
[INFO] [stdout]     = note: this error originates in the macro `$crate::valueset` which comes from the expansion of the macro `info` (in Nightly builds, run with -Z macro-backtrace for more info)
[INFO] [stdout] 
[INFO] [stdout] 
[INFO] [stdout] error[E0277]: the trait bound `valuable::Value<'_>: tracing::Value` is not satisfied
[INFO] [stdout]   --> xmtp_debug/src/app/inspect.rs:49:17
[INFO] [stdout]    |
[INFO] [stdout] 49 | /                 info!(
[INFO] [stdout] 50 | |                     inbox_id = state.inbox_id(),
[INFO] [stdout] 51 | |                     account_addresses = idents.as_value(),
[INFO] [stdout] 52 | |                     installations = state
[INFO] [stdout] ...  |
[INFO] [stdout] 59 | |                     "latest association state"
[INFO] [stdout] 60 | |                 );
[INFO] [stdout]    | |_________________^ the trait `tracing::Value` is not implemented for `valuable::Value<'_>`
[INFO] [stdout]    |
[INFO] [stdout]    = help: the following other types implement trait `tracing::Value`:
[INFO] [stdout]              &'a T
[INFO] [stdout]              &'a mut T
[INFO] [stdout]              (dyn std::error::Error + 'static)
[INFO] [stdout]              (dyn std::error::Error + std::marker::Send + 'static)
[INFO] [stdout]              (dyn std::error::Error + std::marker::Send + std::marker::Sync + 'static)
[INFO] [stdout]              (dyn std::error::Error + std::marker::Sync + 'static)
[INFO] [stdout]              Arguments<'a>
[INFO] [stdout]              Box<T>
[INFO] [stdout]            and 35 others
[INFO] [stdout]    = note: required for the cast from `&valuable::Value<'_>` to `&dyn tracing::Value`
[INFO] [stdout]    = note: this error originates in the macro `$crate::valueset` which comes from the expansion of the macro `info` (in Nightly builds, run with -Z macro-backtrace for more info)
[INFO] [stdout] 
[INFO] [stdout] 
[INFO] [stdout] error[E0277]: the trait bound `valuable::Value<'_>: tracing::Value` is not satisfied
[INFO] [stdout]    --> examples/cli/cli-client.rs:310:13
[INFO] [stdout]     |
[INFO] [stdout] 310 | /             info!(
[INFO] [stdout] 311 | |                 command_output = true,
[INFO] [stdout] 312 | |                 inbox_id = client.inbox_id(),
[INFO] [stdout] 313 | |                 recovery_address = format!("{recovery:?}"),
[INFO] [stdout] ...   |
[INFO] [stdout] 316 | |                 "identity info",
[INFO] [stdout] 317 | |             );
[INFO] [stdout]     | |_____________^ the trait `tracing::Value` is not implemented for `valuable::Value<'_>`
[INFO] [stdout]     |
[INFO] [stdout]     = help: the following other types implement trait `tracing::Value`:
[INFO] [stdout]               &'a T
[INFO] [stdout]               &'a mut T
[INFO] [stdout]               (dyn StdError + 'static)
[INFO] [stdout]               (dyn StdError + std::marker::Send + 'static)
[INFO] [stdout]               (dyn StdError + std::marker::Send + std::marker::Sync + 'static)
[INFO] [stdout]               (dyn StdError + std::marker::Sync + 'static)
[INFO] [stdout]               Arguments<'a>
[INFO] [stdout]               Box<T>
[INFO] [stdout]             and 35 others
[INFO] [stdout]     = note: required for `&valuable::Value<'_>` to implement `tracing::Value`
[INFO] [stdout]     = note: required for the cast from `&&valuable::Value<'_>` to `&dyn tracing::Value`
[INFO] [stdout]     = note: this error originates in the macro `$crate::valueset` which comes from the expansion of the macro `info` (in Nightly builds, run with -Z macro-backtrace for more info)
[INFO] [stdout] 
[INFO] [stdout] 
[INFO] [stdout] error[E0277]: the trait bound `valuable::Value<'_>: tracing::Value` is not satisfied
[INFO] [stdout]   --> xmtp_debug/src/app/inspect.rs:49:17
[INFO] [stdout]    |
[INFO] [stdout] 49 | /                 info!(
[INFO] [stdout] 50 | |                     inbox_id = state.inbox_id(),
[INFO] [stdout] 51 | |                     account_addresses = idents.as_value(),
[INFO] [stdout] 52 | |                     installations = state
[INFO] [stdout] ...  |
[INFO] [stdout] 59 | |                     "latest association state"
[INFO] [stdout] 60 | |                 );
[INFO] [stdout]    | |_________________^ the trait `tracing::Value` is not implemented for `valuable::Value<'_>`
[INFO] [stdout]    |
[INFO] [stdout]    = help: the following other types implement trait `tracing::Value`:
[INFO] [stdout]              &'a T
[INFO] [stdout]              &'a mut T
[INFO] [stdout]              (dyn std::error::Error + 'static)
[INFO] [stdout]              (dyn std::error::Error + std::marker::Send + 'static)
[INFO] [stdout]              (dyn std::error::Error + std::marker::Send + std::marker::Sync + 'static)
[INFO] [stdout]              (dyn std::error::Error + std::marker::Sync + 'static)
[INFO] [stdout]              Arguments<'a>
[INFO] [stdout]              Box<T>
[INFO] [stdout]            and 35 others
[INFO] [stdout]    = note: required for the cast from `&valuable::Value<'_>` to `&dyn tracing::Value`
[INFO] [stdout]    = note: this error originates in the macro `$crate::valueset` which comes from the expansion of the macro `info` (in Nightly builds, run with -Z macro-backtrace for more info)
[INFO] [stdout] 
[INFO] [stdout] 
[INFO] [stdout] error[E0277]: the trait bound `valuable::Value<'_>: tracing::Value` is not satisfied
[INFO] [stdout]    --> examples/cli/cli-client.rs:310:13
[INFO] [stdout]     |
[INFO] [stdout] 310 | /             info!(
[INFO] [stdout] 311 | |                 command_output = true,
[INFO] [stdout] 312 | |                 inbox_id = client.inbox_id(),
[INFO] [stdout] 313 | |                 recovery_address = format!("{recovery:?}"),
[INFO] [stdout] ...   |
[INFO] [stdout] 316 | |                 "identity info",
[INFO] [stdout] 317 | |             );
[INFO] [stdout]     | |_____________^ the trait `tracing::Value` is not implemented for `valuable::Value<'_>`
[INFO] [stdout]     |
[INFO] [stdout]     = help: the following other types implement trait `tracing::Value`:
[INFO] [stdout]               &'a T
[INFO] [stdout]               &'a mut T
[INFO] [stdout]               (dyn StdError + 'static)
[INFO] [stdout]               (dyn StdError + std::marker::Send + 'static)
[INFO] [stdout]               (dyn StdError + std::marker::Send + std::marker::Sync + 'static)
[INFO] [stdout]               (dyn StdError + std::marker::Sync + 'static)
[INFO] [stdout]               Arguments<'a>
[INFO] [stdout]               Box<T>
[INFO] [stdout]             and 35 others
[INFO] [stdout]     = note: required for `&valuable::Value<'_>` to implement `tracing::Value`
[INFO] [stdout]     = note: required for the cast from `&&valuable::Value<'_>` to `&dyn tracing::Value`
[INFO] [stdout]     = note: this error originates in the macro `$crate::valueset` which comes from the expansion of the macro `info` (in Nightly builds, run with -Z macro-backtrace for more info)
[INFO] [stdout] 
[INFO] [stdout] 
[INFO] [stdout] error[E0277]: the trait bound `valuable::Value<'_>: tracing::Value` is not satisfied
[INFO] [stdout]   --> xmtp_debug/src/app/inspect.rs:49:17
[INFO] [stdout]    |
[INFO] [stdout] 49 | /                 info!(
[INFO] [stdout] 50 | |                     inbox_id = state.inbox_id(),
[INFO] [stdout] 51 | |                     account_addresses = idents.as_value(),
[INFO] [stdout] 52 | |                     installations = state
[INFO] [stdout] ...  |
[INFO] [stdout] 59 | |                     "latest association state"
[INFO] [stdout] 60 | |                 );
[INFO] [stdout]    | |_________________^ the trait `tracing::Value` is not implemented for `valuable::Value<'_>`
[INFO] [stdout]    |
[INFO] [stdout]    = help: the following other types implement trait `tracing::Value`:
[INFO] [stdout]              &'a T
[INFO] [stdout]              &'a mut T
[INFO] [stdout]              (dyn std::error::Error + 'static)
[INFO] [stdout]              (dyn std::error::Error + std::marker::Send + 'static)
[INFO] [stdout]              (dyn std::error::Error + std::marker::Send + std::marker::Sync + 'static)
[INFO] [stdout]              (dyn std::error::Error + std::marker::Sync + 'static)
[INFO] [stdout]              Arguments<'a>
[INFO] [stdout]              Box<T>
[INFO] [stdout]            and 35 others
[INFO] [stdout]    = note: required for the cast from `&valuable::Value<'_>` to `&dyn tracing::Value`
[INFO] [stdout]    = note: this error originates in the macro `$crate::valueset` which comes from the expansion of the macro `info` (in Nightly builds, run with -Z macro-backtrace for more info)
[INFO] [stdout] 
[INFO] [stdout] 
[INFO] [stdout] error[E0277]: the trait bound `valuable::Value<'_>: tracing::Value` is not satisfied
[INFO] [stdout]    --> examples/cli/cli-client.rs:310:13
[INFO] [stdout]     |
[INFO] [stdout] 310 | /             info!(
[INFO] [stdout] 311 | |                 command_output = true,
[INFO] [stdout] 312 | |                 inbox_id = client.inbox_id(),
[INFO] [stdout] 313 | |                 recovery_address = format!("{recovery:?}"),
[INFO] [stdout] ...   |
[INFO] [stdout] 316 | |                 "identity info",
[INFO] [stdout] 317 | |             );
[INFO] [stdout]     | |_____________^ the trait `tracing::Value` is not implemented for `valuable::Value<'_>`
[INFO] [stdout]     |
[INFO] [stdout]     = help: the following other types implement trait `tracing::Value`:
[INFO] [stdout]               &'a T
[INFO] [stdout]               &'a mut T
[INFO] [stdout]               (dyn StdError + 'static)
[INFO] [stdout]               (dyn StdError + std::marker::Send + 'static)
[INFO] [stdout]               (dyn StdError + std::marker::Send + std::marker::Sync + 'static)
[INFO] [stdout]               (dyn StdError + std::marker::Sync + 'static)
[INFO] [stdout]               Arguments<'a>
[INFO] [stdout]               Box<T>
[INFO] [stdout]             and 35 others
[INFO] [stdout]     = note: required for `&valuable::Value<'_>` to implement `tracing::Value`
[INFO] [stdout]     = note: required for the cast from `&&valuable::Value<'_>` to `&dyn tracing::Value`
[INFO] [stdout]     = note: this error originates in the macro `$crate::valueset` which comes from the expansion of the macro `info` (in Nightly builds, run with -Z macro-backtrace for more info)
[INFO] [stdout] 
[INFO] [stdout] 
[INFO] [stdout] error[E0277]: the trait bound `valuable::Value<'_>: tracing::Value` is not satisfied
[INFO] [stdout]    --> examples/cli/cli-client.rs:341:13
[INFO] [stdout]     |
[INFO] [stdout] 341 | /             info!(
[INFO] [stdout] 342 | |                 command_output = true,
[INFO] [stdout] 343 | |                 groups = &serializable_group_list.as_value(),
[INFO] [stdout] 344 | |                 "group members",
[INFO] [stdout] 345 | |             );
[INFO] [stdout]     | |_____________^ the trait `tracing::Value` is not implemented for `valuable::Value<'_>`
[INFO] [stdout]     |
[INFO] [stdout]     = help: the following other types implement trait `tracing::Value`:
[INFO] [stdout]               &'a T
[INFO] [stdout]               &'a mut T
[INFO] [stdout]               (dyn StdError + 'static)
[INFO] [stdout]               (dyn StdError + std::marker::Send + 'static)
[INFO] [stdout]               (dyn StdError + std::marker::Send + std::marker::Sync + 'static)
[INFO] [stdout]               (dyn StdError + std::marker::Sync + 'static)
[INFO] [stdout]               Arguments<'a>
[INFO] [stdout]               Box<T>
[INFO] [stdout]             and 35 others
[INFO] [stdout]     = note: required for `&valuable::Value<'_>` to implement `tracing::Value`
[INFO] [stdout]     = note: required for the cast from `&&valuable::Value<'_>` to `&dyn tracing::Value`
[INFO] [stdout]     = note: this error originates in the macro `$crate::valueset` which comes from the expansion of the macro `info` (in Nightly builds, run with -Z macro-backtrace for more info)
[INFO] [stdout] 
[INFO] [stdout] 
[INFO] [stdout] error[E0277]: the trait bound `valuable::Value<'_>: tracing::Value` is not satisfied
[INFO] [stdout]    --> examples/cli/cli-client.rs:341:13
[INFO] [stdout]     |
[INFO] [stdout] 341 | /             info!(
[INFO] [stdout] 342 | |                 command_output = true,
[INFO] [stdout] 343 | |                 groups = &serializable_group_list.as_value(),
[INFO] [stdout] 344 | |                 "group members",
[INFO] [stdout] 345 | |             );
[INFO] [stdout]     | |_____________^ the trait `tracing::Value` is not implemented for `valuable::Value<'_>`
[INFO] [stdout]     |
[INFO] [stdout]     = help: the following other types implement trait `tracing::Value`:
[INFO] [stdout]               &'a T
[INFO] [stdout]               &'a mut T
[INFO] [stdout]               (dyn StdError + 'static)
[INFO] [stdout]               (dyn StdError + std::marker::Send + 'static)
[INFO] [stdout]               (dyn StdError + std::marker::Send + std::marker::Sync + 'static)
[INFO] [stdout]               (dyn StdError + std::marker::Sync + 'static)
[INFO] [stdout]               Arguments<'a>
[INFO] [stdout]               Box<T>
[INFO] [stdout]             and 35 others
[INFO] [stdout]     = note: required for `&valuable::Value<'_>` to implement `tracing::Value`
[INFO] [stdout]     = note: required for the cast from `&&valuable::Value<'_>` to `&dyn tracing::Value`
[INFO] [stdout]     = note: this error originates in the macro `$crate::valueset` which comes from the expansion of the macro `info` (in Nightly builds, run with -Z macro-backtrace for more info)
[INFO] [stdout] 
[INFO] [stdout] 
[INFO] [stdout] error[E0277]: the trait bound `valuable::Value<'_>: tracing::Value` is not satisfied
[INFO] [stdout]    --> examples/cli/cli-client.rs:378:17
[INFO] [stdout]     |
[INFO] [stdout] 378 | /                 info!(
[INFO] [stdout] 379 | |                     command_output = true,
[INFO] [stdout] 380 | |                     messages = &json_serializable_messages.as_value(),
[INFO] [stdout] 381 | |                     group_id = group_id,
[INFO] [stdout] 382 | |                     "messages",
[INFO] [stdout] 383 | |                 );
[INFO] [stdout]     | |_________________^ the trait `tracing::Value` is not implemented for `valuable::Value<'_>`
[INFO] [stdout]     |
[INFO] [stdout]     = help: the following other types implement trait `tracing::Value`:
[INFO] [stdout]               &'a T
[INFO] [stdout]               &'a mut T
[INFO] [stdout]               (dyn StdError + 'static)
[INFO] [stdout]               (dyn StdError + std::marker::Send + 'static)
[INFO] [stdout]               (dyn StdError + std::marker::Send + std::marker::Sync + 'static)
[INFO] [stdout]               (dyn StdError + std::marker::Sync + 'static)
[INFO] [stdout]               Arguments<'a>
[INFO] [stdout]               Box<T>
[INFO] [stdout]             and 35 others
[INFO] [stdout]     = note: required for `&valuable::Value<'_>` to implement `tracing::Value`
[INFO] [stdout]     = note: required for the cast from `&&valuable::Value<'_>` to `&dyn tracing::Value`
[INFO] [stdout]     = note: this error originates in the macro `$crate::valueset` which comes from the expansion of the macro `info` (in Nightly builds, run with -Z macro-backtrace for more info)
[INFO] [stdout] 
[INFO] [stdout] 
[INFO] [stdout] error[E0277]: the trait bound `valuable::Value<'_>: tracing::Value` is not satisfied
[INFO] [stdout]    --> examples/cli/cli-client.rs:378:17
[INFO] [stdout]     |
[INFO] [stdout] 378 | /                 info!(
[INFO] [stdout] 379 | |                     command_output = true,
[INFO] [stdout] 380 | |                     messages = &json_serializable_messages.as_value(),
[INFO] [stdout] 381 | |                     group_id = group_id,
[INFO] [stdout] 382 | |                     "messages",
[INFO] [stdout] 383 | |                 );
[INFO] [stdout]     | |_________________^ the trait `tracing::Value` is not implemented for `valuable::Value<'_>`
[INFO] [stdout]     |
[INFO] [stdout]     = help: the following other types implement trait `tracing::Value`:
[INFO] [stdout]               &'a T
[INFO] [stdout]               &'a mut T
[INFO] [stdout]               (dyn StdError + 'static)
[INFO] [stdout]               (dyn StdError + std::marker::Send + 'static)
[INFO] [stdout]               (dyn StdError + std::marker::Send + std::marker::Sync + 'static)
[INFO] [stdout]               (dyn StdError + std::marker::Sync + 'static)
[INFO] [stdout]               Arguments<'a>
[INFO] [stdout]               Box<T>
[INFO] [stdout]             and 35 others
[INFO] [stdout]     = note: required for `&valuable::Value<'_>` to implement `tracing::Value`
[INFO] [stdout]     = note: required for the cast from `&&valuable::Value<'_>` to `&dyn tracing::Value`
[INFO] [stdout]     = note: this error originates in the macro `$crate::valueset` which comes from the expansion of the macro `info` (in Nightly builds, run with -Z macro-backtrace for more info)
[INFO] [stdout] 
[INFO] [stdout] 
[INFO] [stdout] error[E0277]: the trait bound `valuable::Value<'_>: tracing::Value` is not satisfied
[INFO] [stdout]    --> examples/cli/cli-client.rs:462:13
[INFO] [stdout]     |
[INFO] [stdout] 462 | /             info!(
[INFO] [stdout] 463 | |                 command_output = true,
[INFO] [stdout] 464 | |                 group_id = group_id,
[INFO] [stdout] 465 | |                 group_info = &serializable.as_value(),
[INFO] [stdout] 466 | |                 "Group {}",
[INFO] [stdout] 467 | |                 group_id
[INFO] [stdout] 468 | |             );
[INFO] [stdout]     | |_____________^ the trait `tracing::Value` is not implemented for `valuable::Value<'_>`
[INFO] [stdout]     |
[INFO] [stdout]     = help: the following other types implement trait `tracing::Value`:
[INFO] [stdout]               &'a T
[INFO] [stdout]               &'a mut T
[INFO] [stdout]               (dyn StdError + 'static)
[INFO] [stdout]               (dyn StdError + std::marker::Send + 'static)
[INFO] [stdout]               (dyn StdError + std::marker::Send + std::marker::Sync + 'static)
[INFO] [stdout]               (dyn StdError + std::marker::Sync + 'static)
[INFO] [stdout]               Arguments<'a>
[INFO] [stdout]               Box<T>
[INFO] [stdout]             and 35 others
[INFO] [stdout]     = note: required for `&valuable::Value<'_>` to implement `tracing::Value`
[INFO] [stdout]     = note: required for the cast from `&&valuable::Value<'_>` to `&dyn tracing::Value`
[INFO] [stdout]     = note: this error originates in the macro `$crate::valueset` which comes from the expansion of the macro `info` (in Nightly builds, run with -Z macro-backtrace for more info)
[INFO] [stdout] 
[INFO] [stdout] 
[INFO] [stdout] error[E0277]: the trait bound `valuable::Value<'_>: tracing::Value` is not satisfied
[INFO] [stdout]    --> examples/cli/cli-client.rs:462:13
[INFO] [stdout]     |
[INFO] [stdout] 462 | /             info!(
[INFO] [stdout] 463 | |                 command_output = true,
[INFO] [stdout] 464 | |                 group_id = group_id,
[INFO] [stdout] 465 | |                 group_info = &serializable.as_value(),
[INFO] [stdout] 466 | |                 "Group {}",
[INFO] [stdout] 467 | |                 group_id
[INFO] [stdout] 468 | |             );
[INFO] [stdout]     | |_____________^ the trait `tracing::Value` is not implemented for `valuable::Value<'_>`
[INFO] [stdout]     |
[INFO] [stdout]     = help: the following other types implement trait `tracing::Value`:
[INFO] [stdout]               &'a T
[INFO] [stdout]               &'a mut T
[INFO] [stdout]               (dyn StdError + 'static)
[INFO] [stdout]               (dyn StdError + std::marker::Send + 'static)
[INFO] [stdout]               (dyn StdError + std::marker::Send + std::marker::Sync + 'static)
[INFO] [stdout]               (dyn StdError + std::marker::Sync + 'static)
[INFO] [stdout]               Arguments<'a>
[INFO] [stdout]               Box<T>
[INFO] [stdout]             and 35 others
[INFO] [stdout]     = note: required for `&valuable::Value<'_>` to implement `tracing::Value`
[INFO] [stdout]     = note: required for the cast from `&&valuable::Value<'_>` to `&dyn tracing::Value`
[INFO] [stdout]     = note: this error originates in the macro `$crate::valueset` which comes from the expansion of the macro `info` (in Nightly builds, run with -Z macro-backtrace for more info)
[INFO] [stdout] 
[INFO] [stdout] 
[INFO] [stdout] error[E0277]: the trait bound `valuable::Value<'_>: tracing::Value` is not satisfied
[INFO] [stdout]   --> xmtp_debug/src/app/info.rs:50:9
[INFO] [stdout]    |
[INFO] [stdout] 50 | /         info!(
[INFO] [stdout] 51 | |             metadata.identities,
[INFO] [stdout] 52 | |             metadata.groups,
[INFO] [stdout] 53 | |             metadata.messages,
[INFO] [stdout] ...  |
[INFO] [stdout] 58 | |             "App Information"
[INFO] [stdout] 59 | |         );
[INFO] [stdout]    | |_________^ the trait `tracing::Value` is not implemented for `valuable::Value<'_>`
[INFO] [stdout]    |
[INFO] [stdout]    = help: the following other types implement trait `tracing::Value`:
[INFO] [stdout]              &'a T
[INFO] [stdout]              &'a mut T
[INFO] [stdout]              (dyn std::error::Error + 'static)
[INFO] [stdout]              (dyn std::error::Error + std::marker::Send + 'static)
[INFO] [stdout]              (dyn std::error::Error + std::marker::Send + std::marker::Sync + 'static)
[INFO] [stdout]              (dyn std::error::Error + std::marker::Sync + 'static)
[INFO] [stdout]              Arguments<'a>
[INFO] [stdout]              Box<T>
[INFO] [stdout]            and 35 others
[INFO] [stdout]    = note: required for the cast from `&valuable::Value<'_>` to `&dyn tracing::Value`
[INFO] [stdout]    = note: this error originates in the macro `$crate::valueset` which comes from the expansion of the macro `info` (in Nightly builds, run with -Z macro-backtrace for more info)
[INFO] [stdout] 
[INFO] [stdout] 
[INFO] [stdout] error[E0277]: the trait bound `valuable::Value<'_>: tracing::Value` is not satisfied
[INFO] [stdout]   --> xmtp_debug/src/app/info.rs:50:9
[INFO] [stdout]    |
[INFO] [stdout] 50 | /         info!(
[INFO] [stdout] 51 | |             metadata.identities,
[INFO] [stdout] 52 | |             metadata.groups,
[INFO] [stdout] 53 | |             metadata.messages,
[INFO] [stdout] ...  |
[INFO] [stdout] 58 | |             "App Information"
[INFO] [stdout] 59 | |         );
[INFO] [stdout]    | |_________^ the trait `tracing::Value` is not implemented for `valuable::Value<'_>`
[INFO] [stdout]    |
[INFO] [stdout]    = help: the following other types implement trait `tracing::Value`:
[INFO] [stdout]              &'a T
[INFO] [stdout]              &'a mut T
[INFO] [stdout]              (dyn std::error::Error + 'static)
[INFO] [stdout]              (dyn std::error::Error + std::marker::Send + 'static)
[INFO] [stdout]              (dyn std::error::Error + std::marker::Send + std::marker::Sync + 'static)
[INFO] [stdout]              (dyn std::error::Error + std::marker::Sync + 'static)
[INFO] [stdout]              Arguments<'a>
[INFO] [stdout]              Box<T>
[INFO] [stdout]            and 35 others
[INFO] [stdout]    = note: required for the cast from `&valuable::Value<'_>` to `&dyn tracing::Value`
[INFO] [stdout]    = note: this error originates in the macro `$crate::valueset` which comes from the expansion of the macro `info` (in Nightly builds, run with -Z macro-backtrace for more info)
[INFO] [stdout] 
[INFO] [stdout] 
[INFO] [stdout] error[E0277]: the trait bound `valuable::Value<'_>: tracing::Value` is not satisfied
[INFO] [stdout]   --> xmtp_debug/src/app/info.rs:50:9
[INFO] [stdout]    |
[INFO] [stdout] 50 | /         info!(
[INFO] [stdout] 51 | |             metadata.identities,
[INFO] [stdout] 52 | |             metadata.groups,
[INFO] [stdout] 53 | |             metadata.messages,
[INFO] [stdout] ...  |
[INFO] [stdout] 58 | |             "App Information"
[INFO] [stdout] 59 | |         );
[INFO] [stdout]    | |_________^ the trait `tracing::Value` is not implemented for `valuable::Value<'_>`
[INFO] [stdout]    |
[INFO] [stdout]    = help: the following other types implement trait `tracing::Value`:
[INFO] [stdout]              &'a T
[INFO] [stdout]              &'a mut T
[INFO] [stdout]              (dyn std::error::Error + 'static)
[INFO] [stdout]              (dyn std::error::Error + std::marker::Send + 'static)
[INFO] [stdout]              (dyn std::error::Error + std::marker::Send + std::marker::Sync + 'static)
[INFO] [stdout]              (dyn std::error::Error + std::marker::Sync + 'static)
[INFO] [stdout]              Arguments<'a>
[INFO] [stdout]              Box<T>
[INFO] [stdout]            and 35 others
[INFO] [stdout]    = note: required for the cast from `&valuable::Value<'_>` to `&dyn tracing::Value`
[INFO] [stdout]    = note: this error originates in the macro `$crate::valueset` which comes from the expansion of the macro `info` (in Nightly builds, run with -Z macro-backtrace for more info)
[INFO] [stdout] 
[INFO] [stdout] 
[INFO] [stdout] error[E0277]: the trait bound `valuable::Value<'_>: tracing::Value` is not satisfied
[INFO] [stdout]   --> xmtp_debug/src/app/info.rs:50:9
[INFO] [stdout]    |
[INFO] [stdout] 50 | /         info!(
[INFO] [stdout] 51 | |             metadata.identities,
[INFO] [stdout] 52 | |             metadata.groups,
[INFO] [stdout] 53 | |             metadata.messages,
[INFO] [stdout] ...  |
[INFO] [stdout] 58 | |             "App Information"
[INFO] [stdout] 59 | |         );
[INFO] [stdout]    | |_________^ the trait `tracing::Value` is not implemented for `valuable::Value<'_>`
[INFO] [stdout]    |
[INFO] [stdout]    = help: the following other types implement trait `tracing::Value`:
[INFO] [stdout]              &'a T
[INFO] [stdout]              &'a mut T
[INFO] [stdout]              (dyn std::error::Error + 'static)
[INFO] [stdout]              (dyn std::error::Error + std::marker::Send + 'static)
[INFO] [stdout]              (dyn std::error::Error + std::marker::Send + std::marker::Sync + 'static)
[INFO] [stdout]              (dyn std::error::Error + std::marker::Sync + 'static)
[INFO] [stdout]              Arguments<'a>
[INFO] [stdout]              Box<T>
[INFO] [stdout]            and 35 others
[INFO] [stdout]    = note: required for the cast from `&valuable::Value<'_>` to `&dyn tracing::Value`
[INFO] [stdout]    = note: this error originates in the macro `$crate::valueset` which comes from the expansion of the macro `info` (in Nightly builds, run with -Z macro-backtrace for more info)
[INFO] [stdout] 
[INFO] [stdout] 
[INFO] [stdout] error[E0277]: the trait bound `valuable::Value<'_>: tracing::Value` is not satisfied
[INFO] [stdout]   --> xmtp_debug/src/app/info.rs:50:9
[INFO] [stdout]    |
[INFO] [stdout] 50 | /         info!(
[INFO] [stdout] 51 | |             metadata.identities,
[INFO] [stdout] 52 | |             metadata.groups,
[INFO] [stdout] 53 | |             metadata.messages,
[INFO] [stdout] ...  |
[INFO] [stdout] 58 | |             "App Information"
[INFO] [stdout] 59 | |         );
[INFO] [stdout]    | |_________^ the trait `tracing::Value` is not implemented for `valuable::Value<'_>`
[INFO] [stdout]    |
[INFO] [stdout]    = help: the following other types implement trait `tracing::Value`:
[INFO] [stdout]              &'a T
[INFO] [stdout]              &'a mut T
[INFO] [stdout]              (dyn std::error::Error + 'static)
[INFO] [stdout]              (dyn std::error::Error + std::marker::Send + 'static)
[INFO] [stdout]              (dyn std::error::Error + std::marker::Send + std::marker::Sync + 'static)
[INFO] [stdout]              (dyn std::error::Error + std::marker::Sync + 'static)
[INFO] [stdout]              Arguments<'a>
[INFO] [stdout]              Box<T>
[INFO] [stdout]            and 35 others
[INFO] [stdout]    = note: required for the cast from `&valuable::Value<'_>` to `&dyn tracing::Value`
[INFO] [stdout]    = note: this error originates in the macro `$crate::valueset` which comes from the expansion of the macro `info` (in Nightly builds, run with -Z macro-backtrace for more info)
[INFO] [stdout] 
[INFO] [stdout] 
[INFO] [stdout] error[E0277]: the trait bound `valuable::Value<'_>: tracing::Value` is not satisfied
[INFO] [stdout]   --> xmtp_debug/src/app/info.rs:50:9
[INFO] [stdout]    |
[INFO] [stdout] 50 | /         info!(
[INFO] [stdout] 51 | |             metadata.identities,
[INFO] [stdout] 52 | |             metadata.groups,
[INFO] [stdout] 53 | |             metadata.messages,
[INFO] [stdout] ...  |
[INFO] [stdout] 58 | |             "App Information"
[INFO] [stdout] 59 | |         );
[INFO] [stdout]    | |_________^ the trait `tracing::Value` is not implemented for `valuable::Value<'_>`
[INFO] [stdout]    |
[INFO] [stdout]    = help: the following other types implement trait `tracing::Value`:
[INFO] [stdout]              &'a T
[INFO] [stdout]              &'a mut T
[INFO] [stdout]              (dyn std::error::Error + 'static)
[INFO] [stdout]              (dyn std::error::Error + std::marker::Send + 'static)
[INFO] [stdout]              (dyn std::error::Error + std::marker::Send + std::marker::Sync + 'static)
[INFO] [stdout]              (dyn std::error::Error + std::marker::Sync + 'static)
[INFO] [stdout]              Arguments<'a>
[INFO] [stdout]              Box<T>
[INFO] [stdout]            and 35 others
[INFO] [stdout]    = note: required for the cast from `&valuable::Value<'_>` to `&dyn tracing::Value`
[INFO] [stdout]    = note: this error originates in the macro `$crate::valueset` which comes from the expansion of the macro `info` (in Nightly builds, run with -Z macro-backtrace for more info)
[INFO] [stdout] 
[INFO] [stdout] 
[INFO] [stdout] For more information about this error, try `rustc --explain E0277`.
[INFO] [stdout] 
[INFO] [stderr] error: could not compile `xmtp_cli` (bin "xmtp_cli") due to 10 previous errors
[INFO] [stderr] warning: build failed, waiting for other jobs to finish...
[INFO] [stdout] error: queries overflow the depth limit!
[INFO] [stdout]   |
[INFO] [stdout]   = help: consider increasing the recursion limit by adding a `#![recursion_limit = "256"]` attribute to your crate (`xdbg`)
[INFO] [stdout]   = note: query depth increased by 130 when computing layout of `{async block@xmtp_debug/src/app/generate/groups.rs:53:36: 53:46}`
[INFO] [stdout] 
[INFO] [stdout] 
[INFO] [stdout] For more information about this error, try `rustc --explain E0277`.
[INFO] [stdout] 
[INFO] [stderr] error: could not compile `xdbg` (bin "xdbg") due to 11 previous errors
[INFO] [stderr] error: could not compile `xmtpv3` (lib) due to 1 previous error
[INFO] running `Command { std: "docker" "inspect" "6fd6c51bb822c696bd0ad6e820752a540d0c2d1f55af25a428029ba93828e579", kill_on_drop: false }`
[INFO] running `Command { std: "docker" "rm" "-f" "6fd6c51bb822c696bd0ad6e820752a540d0c2d1f55af25a428029ba93828e579", kill_on_drop: false }`
[INFO] [stdout] 6fd6c51bb822c696bd0ad6e820752a540d0c2d1f55af25a428029ba93828e579
