[INFO] cloning repository https://github.com/richardchien-archive/anna-client-tokio
[INFO] running `Command { std: "git" "-c" "credential.helper=" "-c" "credential.helper=/workspace/cargo-home/bin/git-credential-null" "clone" "--bare" "https://github.com/richardchien-archive/anna-client-tokio" "/workspace/cache/git-repos/https%3A%2F%2Fgithub.com%2Frichardchien-archive%2Fanna-client-tokio", kill_on_drop: false }`
[INFO] [stderr] Cloning into bare repository '/workspace/cache/git-repos/https%3A%2F%2Fgithub.com%2Frichardchien-archive%2Fanna-client-tokio'...
[INFO] running `Command { std: "git" "rev-parse" "HEAD", kill_on_drop: false }`
[INFO] [stdout] 0def6f970a031666780e63057bd4f49397197bad
[INFO] testing richardchien-archive/anna-client-tokio against 1.98.0-beta.1 for beta-1.98-2
[INFO] running `Command { std: "git" "clone" "/workspace/cache/git-repos/https%3A%2F%2Fgithub.com%2Frichardchien-archive%2Fanna-client-tokio" "/workspace/builds/worker-3-tc2/source", kill_on_drop: false }`
[INFO] [stderr] Cloning into '/workspace/builds/worker-3-tc2/source'...
[INFO] [stderr] done.
[INFO] started tweaking git repo https://github.com/richardchien-archive/anna-client-tokio
[INFO] finished tweaking git repo https://github.com/richardchien-archive/anna-client-tokio
[INFO] tweaked toml for git repo https://github.com/richardchien-archive/anna-client-tokio written to /workspace/builds/worker-3-tc2/source/Cargo.toml
[INFO] validating manifest of git repo https://github.com/richardchien-archive/anna-client-tokio on toolchain 1.98.0-beta.1
[INFO] running `Command { std: CARGO_HOME="/workspace/cargo-home" RUSTUP_HOME="/workspace/rustup-home" "/workspace/cargo-home/bin/cargo" "+1.98.0-beta.1" "metadata" "--manifest-path" "Cargo.toml" "--no-deps", kill_on_drop: false }`
[INFO] crate git repo https://github.com/richardchien-archive/anna-client-tokio already has a lockfile, it will not be regenerated
[INFO] running `Command { std: CARGO_HOME="/workspace/cargo-home" RUSTUP_HOME="/workspace/rustup-home" "/workspace/cargo-home/bin/cargo" "+1.98.0-beta.1" "fetch" "--manifest-path" "Cargo.toml", kill_on_drop: false }`
[INFO] running `Command { std: "docker" "create" "-v" "/var/lib/crater-agent-workspace/builds/worker-3-tc2/source:/opt/rustwide/workdir:ro,Z" "-v" "/var/lib/crater-agent-workspace/builds/worker-3-tc2/target:/opt/rustwide/target:rw,Z" "-v" "/var/lib/crater-agent-workspace/cargo-home:/opt/rustwide/cargo-home:ro,Z" "-v" "/var/lib/crater-agent-workspace/rustup-home:/opt/rustwide/rustup-home:ro,Z" "-m" "1610612736" "--network" "none" "ghcr.io/rust-lang/crates-build-env/linux@sha256:3d5ced03c013a94a2f102a4510f48a6e9184255caf5fd8244f58017bde7f5210" "sleep" "infinity", kill_on_drop: false }`
[INFO] [stdout] f728427984a91436dab2a793be350a921f27311fd419899c148c95e5e7a453b5
[INFO] running `Command { std: "docker" "start" "f728427984a91436dab2a793be350a921f27311fd419899c148c95e5e7a453b5", kill_on_drop: false }`
[INFO] running `Command { std: "docker" "inspect" "f728427984a91436dab2a793be350a921f27311fd419899c148c95e5e7a453b5", kill_on_drop: false }`
[INFO] running `Command { std: "docker" "exec" "-e" "SOURCE_DIR=/opt/rustwide/workdir" "-e" "CARGO_HOME=/opt/rustwide/cargo-home" "-e" "RUSTUP_HOME=/opt/rustwide/rustup-home" "-e" "CARGO_TARGET_DIR=/opt/rustwide/target" "-w" "/opt/rustwide/workdir" "--user" "0:0" "f728427984a91436dab2a793be350a921f27311fd419899c148c95e5e7a453b5" "/opt/rustwide/cargo-home/bin/cargo" "+1.98.0-beta.1" "metadata" "--no-deps" "--format-version=1", kill_on_drop: false }`
[INFO] running `Command { std: "docker" "inspect" "f728427984a91436dab2a793be350a921f27311fd419899c148c95e5e7a453b5", kill_on_drop: false }`
[INFO] running `Command { std: "docker" "exec" "-e" "SOURCE_DIR=/opt/rustwide/workdir" "-e" "CARGO_HOME=/opt/rustwide/cargo-home" "-e" "RUSTUP_HOME=/opt/rustwide/rustup-home" "-e" "CARGO_TARGET_DIR=/opt/rustwide/target" "-e" "CARGO_INCREMENTAL=0" "-e" "RUST_BACKTRACE=full" "-e" "RUSTFLAGS=--cap-lints=warn" "-e" "RUSTDOCFLAGS=--cap-lints=warn" "-w" "/opt/rustwide/workdir" "--user" "0:0" "f728427984a91436dab2a793be350a921f27311fd419899c148c95e5e7a453b5" "/opt/rustwide/cargo-home/bin/cargo" "+1.98.0-beta.1" "build" "--frozen" "--message-format=json", kill_on_drop: false }`
[INFO] [stderr]    Compiling proc-macro2 v1.0.37
[INFO] [stderr]    Compiling unicode-xid v0.2.2
[INFO] [stderr]    Compiling syn v1.0.91
[INFO] [stderr]    Compiling libc v0.2.124
[INFO] [stderr]    Compiling cfg-if v1.0.0
[INFO] [stderr]    Compiling autocfg v1.1.0
[INFO] [stderr]    Compiling futures-core v0.3.21
[INFO] [stderr]    Compiling memchr v2.4.1
[INFO] [stderr]    Compiling serde_derive v1.0.136
[INFO] [stderr]    Compiling futures-channel v0.3.21
[INFO] [stderr]    Compiling serde v1.0.136
[INFO] [stderr]    Compiling futures-task v0.3.21
[INFO] [stderr]    Compiling log v0.4.16
[INFO] [stderr]    Compiling pin-project-lite v0.2.8
[INFO] [stderr]    Compiling futures-util v0.3.21
[INFO] [stderr]    Compiling futures-sink v0.3.21
[INFO] [stderr]    Compiling pin-utils v0.1.0
[INFO] [stderr]    Compiling futures-io v0.3.21
[INFO] [stderr]    Compiling slab v0.4.6
[INFO] [stderr]    Compiling serde_json v1.0.79
[INFO] [stderr]    Compiling once_cell v1.10.0
[INFO] [stderr]    Compiling eyre v0.6.8
[INFO] [stderr]    Compiling unicode-segmentation v1.9.0
[INFO] [stderr]    Compiling ppv-lite86 v0.2.16
[INFO] [stderr]    Compiling indenter v0.3.3
[INFO] [stderr]    Compiling ryu v1.0.9
[INFO] [stderr]    Compiling argh_shared v0.1.7
[INFO] [stderr]    Compiling itoa v1.0.1
[INFO] [stderr]    Compiling bytes v1.1.0
[INFO] [stderr]    Compiling fern v0.6.1
[INFO] [stderr]    Compiling futures-timer v3.0.2
[INFO] [stderr]    Compiling num-traits v0.2.14
[INFO] [stderr]    Compiling num-integer v0.1.44
[INFO] [stderr]    Compiling heck v0.3.3
[INFO] [stderr]    Compiling getrandom v0.2.6
[INFO] [stderr]    Compiling time v0.1.44
[INFO] [stderr]    Compiling mio v0.8.3 (https://github.com/WasmEdge/mio.git?branch=wasmedge#193f99c7)
[INFO] [stderr]    Compiling quote v1.0.18
[INFO] [stderr]    Compiling rand_core v0.6.3
[INFO] [stderr]    Compiling uuid v1.0.0
[INFO] [stdout] error[E0433]: cannot find module or crate `wasmedge_wasi_socket` in this scope
[INFO] [stdout]   --> /opt/rustwide/cargo-home/git/checkouts/mio-fcf2ed8acf9b2d3c/193f99c/src/net/tcp/listener.rs:91:21
[INFO] [stdout]    |
[INFO] [stdout] 91 |         let inner = wasmedge_wasi_socket::TcpListener::bind(addr, true)?;
[INFO] [stdout]    |                     ^^^^^^^^^^^^^^^^^^^^ use of unresolved module or unlinked crate `wasmedge_wasi_socket`
[INFO] [stdout]    |
[INFO] [stdout]    = help: if you wanted to use a crate named `wasmedge_wasi_socket`, use `cargo add wasmedge_wasi_socket` to add it to your `Cargo.toml`
[INFO] [stdout] help: consider importing one of these structs
[INFO] [stdout]    |
[INFO] [stdout]  1 + use crate::net::TcpListener;
[INFO] [stdout]    |
[INFO] [stdout]  1 + use std::net::TcpListener;
[INFO] [stdout]    |
[INFO] [stdout] help: if you import `TcpListener`, refer to it directly
[INFO] [stdout]    |
[INFO] [stdout] 91 -         let inner = wasmedge_wasi_socket::TcpListener::bind(addr, true)?;
[INFO] [stdout] 91 +         let inner = TcpListener::bind(addr, true)?;
[INFO] [stdout]    |
[INFO] [stdout] 
[INFO] [stdout] 
[INFO] [stderr]    Compiling rand_chacha v0.3.1
[INFO] [stdout] error[E0433]: cannot find module or crate `wasmedge_wasi_socket` in this scope
[INFO] [stdout]   --> /opt/rustwide/cargo-home/git/checkouts/mio-fcf2ed8acf9b2d3c/193f99c/src/net/tcp/listener.rs:51:21
[INFO] [stdout]    |
[INFO] [stdout] 51 |     inner: IoSource<wasmedge_wasi_socket::TcpListener>,
[INFO] [stdout]    |                     ^^^^^^^^^^^^^^^^^^^^ use of unresolved module or unlinked crate `wasmedge_wasi_socket`
[INFO] [stdout]    |
[INFO] [stdout]    = help: if you wanted to use a crate named `wasmedge_wasi_socket`, use `cargo add wasmedge_wasi_socket` to add it to your `Cargo.toml`
[INFO] [stdout] 
[INFO] [stdout] 
[INFO] [stdout] error[E0433]: cannot find module or crate `wasmedge_wasi_socket` in this scope
[INFO] [stdout]    --> /opt/rustwide/cargo-home/git/checkouts/mio-fcf2ed8acf9b2d3c/193f99c/src/net/tcp/listener.rs:112:31
[INFO] [stdout]     |
[INFO] [stdout] 112 |     pub fn from_std(listener: wasmedge_wasi_socket::TcpListener) -> TcpListener {
[INFO] [stdout]     |                               ^^^^^^^^^^^^^^^^^^^^ use of unresolved module or unlinked crate `wasmedge_wasi_socket`
[INFO] [stdout]     |
[INFO] [stdout]     = help: if you wanted to use a crate named `wasmedge_wasi_socket`, use `cargo add wasmedge_wasi_socket` to add it to your `Cargo.toml`
[INFO] [stdout] 
[INFO] [stdout] 
[INFO] [stdout] error[E0433]: cannot find module or crate `wasmedge_wasi_socket` in this scope
[INFO] [stdout]   --> /opt/rustwide/cargo-home/git/checkouts/mio-fcf2ed8acf9b2d3c/193f99c/src/net/tcp/stream.rs:54:21
[INFO] [stdout]    |
[INFO] [stdout] 54 |     inner: IoSource<wasmedge_wasi_socket::TcpStream>,
[INFO] [stdout]    |                     ^^^^^^^^^^^^^^^^^^^^ use of unresolved module or unlinked crate `wasmedge_wasi_socket`
[INFO] [stdout]    |
[INFO] [stdout]    = help: if you wanted to use a crate named `wasmedge_wasi_socket`, use `cargo add wasmedge_wasi_socket` to add it to your `Cargo.toml`
[INFO] [stdout] 
[INFO] [stdout] 
[INFO] [stdout] error[E0433]: cannot find module or crate `wasmedge_wasi_socket` in this scope
[INFO] [stdout]    --> /opt/rustwide/cargo-home/git/checkouts/mio-fcf2ed8acf9b2d3c/193f99c/src/net/tcp/stream.rs:129:29
[INFO] [stdout]     |
[INFO] [stdout] 129 |     pub fn from_std(stream: wasmedge_wasi_socket::TcpStream) -> TcpStream {
[INFO] [stdout]     |                             ^^^^^^^^^^^^^^^^^^^^ use of unresolved module or unlinked crate `wasmedge_wasi_socket`
[INFO] [stdout]     |
[INFO] [stdout]     = help: if you wanted to use a crate named `wasmedge_wasi_socket`, use `cargo add wasmedge_wasi_socket` to add it to your `Cargo.toml`
[INFO] [stdout] 
[INFO] [stdout] 
[INFO] [stdout] For more information about this error, try `rustc --explain E0433`.
[INFO] [stdout] 
[INFO] [stderr] error: could not compile `mio` (lib) due to 5 previous errors
[INFO] [stderr] warning: build failed, waiting for other jobs to finish...
[INFO] running `Command { std: "docker" "inspect" "f728427984a91436dab2a793be350a921f27311fd419899c148c95e5e7a453b5", kill_on_drop: false }`
[INFO] running `Command { std: "docker" "rm" "-f" "f728427984a91436dab2a793be350a921f27311fd419899c148c95e5e7a453b5", kill_on_drop: false }`
[INFO] [stdout] f728427984a91436dab2a793be350a921f27311fd419899c148c95e5e7a453b5
