[INFO] cloning repository https://github.com/praveen-influx/alp-test
[INFO] running `Command { std: "git" "-c" "credential.helper=" "-c" "credential.helper=/workspace/cargo-home/bin/git-credential-null" "clone" "--bare" "https://github.com/praveen-influx/alp-test" "/workspace/cache/git-repos/https%3A%2F%2Fgithub.com%2Fpraveen-influx%2Falp-test", kill_on_drop: false }`
[INFO] [stderr] Cloning into bare repository '/workspace/cache/git-repos/https%3A%2F%2Fgithub.com%2Fpraveen-influx%2Falp-test'...
[INFO] running `Command { std: "git" "rev-parse" "HEAD", kill_on_drop: false }`
[INFO] [stdout] 567fd34aa55964f1f8e6ad5956ff369459cd2f8b
[INFO] testing praveen-influx/alp-test against 1.98.0-beta.1 for beta-1.98-2
[INFO] running `Command { std: "git" "clone" "/workspace/cache/git-repos/https%3A%2F%2Fgithub.com%2Fpraveen-influx%2Falp-test" "/workspace/builds/worker-0-tc2/source", kill_on_drop: false }`
[INFO] [stderr] Cloning into '/workspace/builds/worker-0-tc2/source'...
[INFO] [stderr] done.
[INFO] started tweaking git repo https://github.com/praveen-influx/alp-test
[INFO] finished tweaking git repo https://github.com/praveen-influx/alp-test
[INFO] tweaked toml for git repo https://github.com/praveen-influx/alp-test written to /workspace/builds/worker-0-tc2/source/Cargo.toml
[INFO] validating manifest of git repo https://github.com/praveen-influx/alp-test on toolchain 1.98.0-beta.1
[INFO] running `Command { std: CARGO_HOME="/workspace/cargo-home" RUSTUP_HOME="/workspace/rustup-home" "/workspace/cargo-home/bin/cargo" "+1.98.0-beta.1" "metadata" "--manifest-path" "Cargo.toml" "--no-deps", kill_on_drop: false }`
[INFO] crate git repo https://github.com/praveen-influx/alp-test already has a lockfile, it will not be regenerated
[INFO] running `Command { std: CARGO_HOME="/workspace/cargo-home" RUSTUP_HOME="/workspace/rustup-home" "/workspace/cargo-home/bin/cargo" "+1.98.0-beta.1" "fetch" "--manifest-path" "Cargo.toml", kill_on_drop: false }`
[INFO] [stderr]     Blocking waiting for file lock on package cache
[INFO] [stderr]     Blocking waiting for file lock on package cache
[ERROR] error running command: no output for 300 seconds
[INFO] testing praveen-influx/alp-test against 1.98.0-beta.1 for beta-1.98-2
[INFO] running `Command { std: "git" "clone" "/workspace/cache/git-repos/https%3A%2F%2Fgithub.com%2Fpraveen-influx%2Falp-test" "/workspace/builds/worker-0-tc2/source", kill_on_drop: false }`
[INFO] [stderr] Cloning into '/workspace/builds/worker-0-tc2/source'...
[INFO] [stderr] done.
[INFO] started tweaking git repo https://github.com/praveen-influx/alp-test
[INFO] finished tweaking git repo https://github.com/praveen-influx/alp-test
[INFO] tweaked toml for git repo https://github.com/praveen-influx/alp-test written to /workspace/builds/worker-0-tc2/source/Cargo.toml
[INFO] validating manifest of git repo https://github.com/praveen-influx/alp-test on toolchain 1.98.0-beta.1
[INFO] running `Command { std: CARGO_HOME="/workspace/cargo-home" RUSTUP_HOME="/workspace/rustup-home" "/workspace/cargo-home/bin/cargo" "+1.98.0-beta.1" "metadata" "--manifest-path" "Cargo.toml" "--no-deps", kill_on_drop: false }`
[INFO] crate git repo https://github.com/praveen-influx/alp-test already has a lockfile, it will not be regenerated
[INFO] running `Command { std: CARGO_HOME="/workspace/cargo-home" RUSTUP_HOME="/workspace/rustup-home" "/workspace/cargo-home/bin/cargo" "+1.98.0-beta.1" "fetch" "--manifest-path" "Cargo.toml", kill_on_drop: false }`
[INFO] [stderr]     Blocking waiting for file lock on package cache
[INFO] [stderr]     Blocking waiting for file lock on package cache
[ERROR] error running command: no output for 300 seconds
[INFO] testing praveen-influx/alp-test against 1.98.0-beta.1 for beta-1.98-2
[INFO] running `Command { std: "git" "clone" "/workspace/cache/git-repos/https%3A%2F%2Fgithub.com%2Fpraveen-influx%2Falp-test" "/workspace/builds/worker-0-tc2/source", kill_on_drop: false }`
[INFO] [stderr] Cloning into '/workspace/builds/worker-0-tc2/source'...
[INFO] [stderr] done.
[INFO] started tweaking git repo https://github.com/praveen-influx/alp-test
[INFO] finished tweaking git repo https://github.com/praveen-influx/alp-test
[INFO] tweaked toml for git repo https://github.com/praveen-influx/alp-test written to /workspace/builds/worker-0-tc2/source/Cargo.toml
[INFO] validating manifest of git repo https://github.com/praveen-influx/alp-test on toolchain 1.98.0-beta.1
[INFO] running `Command { std: CARGO_HOME="/workspace/cargo-home" RUSTUP_HOME="/workspace/rustup-home" "/workspace/cargo-home/bin/cargo" "+1.98.0-beta.1" "metadata" "--manifest-path" "Cargo.toml" "--no-deps", kill_on_drop: false }`
[INFO] crate git repo https://github.com/praveen-influx/alp-test already has a lockfile, it will not be regenerated
[INFO] running `Command { std: CARGO_HOME="/workspace/cargo-home" RUSTUP_HOME="/workspace/rustup-home" "/workspace/cargo-home/bin/cargo" "+1.98.0-beta.1" "fetch" "--manifest-path" "Cargo.toml", kill_on_drop: false }`
[INFO] [stderr]     Blocking waiting for file lock on package cache
[INFO] [stderr]     Blocking waiting for file lock on package cache
[ERROR] error running command: no output for 300 seconds
[INFO] testing praveen-influx/alp-test against 1.98.0-beta.1 for beta-1.98-2
[INFO] running `Command { std: "git" "clone" "/workspace/cache/git-repos/https%3A%2F%2Fgithub.com%2Fpraveen-influx%2Falp-test" "/workspace/builds/worker-0-tc2/source", kill_on_drop: false }`
[INFO] [stderr] Cloning into '/workspace/builds/worker-0-tc2/source'...
[INFO] [stderr] done.
[INFO] started tweaking git repo https://github.com/praveen-influx/alp-test
[INFO] finished tweaking git repo https://github.com/praveen-influx/alp-test
[INFO] tweaked toml for git repo https://github.com/praveen-influx/alp-test written to /workspace/builds/worker-0-tc2/source/Cargo.toml
[INFO] validating manifest of git repo https://github.com/praveen-influx/alp-test on toolchain 1.98.0-beta.1
[INFO] running `Command { std: CARGO_HOME="/workspace/cargo-home" RUSTUP_HOME="/workspace/rustup-home" "/workspace/cargo-home/bin/cargo" "+1.98.0-beta.1" "metadata" "--manifest-path" "Cargo.toml" "--no-deps", kill_on_drop: false }`
[INFO] crate git repo https://github.com/praveen-influx/alp-test already has a lockfile, it will not be regenerated
[INFO] running `Command { std: CARGO_HOME="/workspace/cargo-home" RUSTUP_HOME="/workspace/rustup-home" "/workspace/cargo-home/bin/cargo" "+1.98.0-beta.1" "fetch" "--manifest-path" "Cargo.toml", kill_on_drop: false }`
[INFO] [stderr]     Blocking waiting for file lock on package cache
[INFO] [stderr]     Blocking waiting for file lock on package cache
[INFO] [stderr]  Downloading crates ...
[INFO] [stderr]   Downloaded getrandom v0.2.16
[INFO] [stderr]   Downloaded zerocopy-derive v0.8.27
[INFO] [stderr]   Downloaded cfg-if v1.0.3
[INFO] [stderr]   Downloaded windows-link v0.2.0
[INFO] [stderr]   Downloaded arrayref v0.3.9
[INFO] [stderr]   Downloaded itoa v1.0.15
[INFO] [stderr]   Downloaded wasm-bindgen-macro-support v0.2.104
[INFO] [stderr]   Downloaded windows-interface v0.59.2
[INFO] [stderr]   Downloaded tinytemplate v1.2.1
[INFO] [stderr]   Downloaded seq-macro v0.3.6
[INFO] [stderr]   Downloaded const_for v0.1.5
[INFO] [stderr]   Downloaded wasm-bindgen-macro v0.2.104
[INFO] [stderr]   Downloaded plotters-svg v0.3.7
[INFO] [stderr]   Downloaded is-terminal v0.4.16
[INFO] [stderr]   Downloaded fastlanes v0.2.2
[INFO] [stderr]   Downloaded plotters-backend v0.3.7
[INFO] [stderr]   Downloaded windows-result v0.4.0
[INFO] [stderr]   Downloaded cast v0.3.0
[INFO] [stderr]   Downloaded clap_lex v0.7.5
[INFO] [stderr]   Downloaded windows-strings v0.5.0
[INFO] [stderr]   Downloaded const-random v0.1.18
[INFO] [stderr]   Downloaded const-random-macro v0.1.16
[INFO] [stderr]   Downloaded ciborium-io v0.2.2
[INFO] [stderr]   Downloaded windows-implement v0.60.1
[INFO] [stderr]   Downloaded proc-macro2 v1.0.101
[INFO] [stderr]   Downloaded wasm-bindgen-shared v0.2.104
[INFO] [stderr]   Downloaded ryu v1.0.20
[INFO] [stderr]   Downloaded tiny-keccak v2.0.2
[INFO] [stderr]   Downloaded quote v1.0.41
[INFO] [stderr]   Downloaded ciborium-ll v0.2.2
[INFO] [stderr]   Downloaded flatbuffers v24.12.23
[INFO] [stderr]   Downloaded wasm-bindgen-backend v0.2.104
[INFO] [stderr]   Downloaded find-msvc-tools v0.1.3
[INFO] [stderr]   Downloaded arrow-row v53.4.1
[INFO] [stderr]   Downloaded csv-core v0.1.12
[INFO] [stderr]   Downloaded wasm-bindgen v0.2.104
[INFO] [stderr]   Downloaded oorandom v11.1.5
[INFO] [stderr]   Downloaded criterion-plot v0.5.0
[INFO] [stderr]   Downloaded wasi v0.14.7+wasi-0.2.4
[INFO] [stderr]   Downloaded lexical-core v1.0.6
[INFO] [stderr]   Downloaded arrow-arith v53.4.1
[INFO] [stderr]   Downloaded ciborium v0.2.2
[INFO] [stderr]   Downloaded anes v0.1.6
[INFO] [stderr]   Downloaded arrow-string v53.4.1
[INFO] [stderr]   Downloaded arrow-schema v53.4.1
[INFO] [stderr]   Downloaded iana-time-zone v0.1.64
[INFO] [stderr]   Downloaded windows-core v0.62.1
[INFO] [stderr]   Downloaded arrow-ord v53.4.1
[INFO] [stderr]   Downloaded half v2.6.0
[INFO] [stderr]   Downloaded getrandom v0.3.3
[INFO] [stderr]   Downloaded lexical-parse-integer v1.0.6
[INFO] [stderr]   Downloaded arrow-csv v53.4.1
[INFO] [stderr]   Downloaded unicode-ident v1.0.19
[INFO] [stderr]   Downloaded log v0.4.28
[INFO] [stderr]   Downloaded arrow-data v53.4.1
[INFO] [stderr]   Downloaded arrow-json v53.4.1
[INFO] [stderr]   Downloaded lexical-write-integer v1.0.6
[INFO] [stderr]   Downloaded js-sys v0.3.81
[INFO] [stderr]   Downloaded bytes v1.10.1
[INFO] [stderr]   Downloaded arrow-select v53.4.1
[INFO] [stderr]   Downloaded arrow v53.4.1
[INFO] [stderr]   Downloaded memchr v2.7.6
[INFO] [stderr]   Downloaded clap v4.5.48
[INFO] [stderr]   Downloaded arrow-buffer v53.4.1
[INFO] [stderr]   Downloaded cc v1.2.40
[INFO] [stderr]   Downloaded arrow-ipc v53.4.1
[INFO] [stderr]   Downloaded criterion v0.5.1
[INFO] [stderr]   Downloaded bumpalo v3.19.0
[INFO] [stderr]   Downloaded lexical-util v1.0.7
[INFO] [stderr]   Downloaded arrow-cast v53.4.1
[INFO] [stderr]   Downloaded lexical-write-float v1.0.6
[INFO] [stderr]   Downloaded indexmap v2.11.4
[INFO] [stderr]   Downloaded serde_json v1.0.145
[INFO] [stderr]   Downloaded plotters v0.3.7
[INFO] [stderr]   Downloaded itertools v0.14.0
[INFO] [stderr]   Downloaded zerocopy v0.8.27
[INFO] [stderr]   Downloaded regex v1.11.3
[INFO] [stderr]   Downloaded clap_builder v4.5.48
[INFO] [stderr]   Downloaded lexical-parse-float v1.0.6
[INFO] [stderr]   Downloaded chrono v0.4.39
[INFO] [stderr]   Downloaded arrow-array v53.4.1
[INFO] [stderr]   Downloaded syn v2.0.106
[INFO] [stderr]   Downloaded regex-syntax v0.8.6
[INFO] [stderr]   Downloaded web-sys v0.3.81
[INFO] [stderr]   Downloaded regex-automata v0.4.11
[INFO] [stderr]   Downloaded libc v0.2.176
[INFO] [stderr]   Downloaded csv v1.3.1
[INFO] [stderr]   Downloaded windows-sys v0.61.1
[INFO] running `Command { std: "docker" "create" "-v" "/var/lib/crater-agent-workspace/builds/worker-0-tc2/source:/opt/rustwide/workdir:ro,Z" "-v" "/var/lib/crater-agent-workspace/builds/worker-0-tc2/target:/opt/rustwide/target:rw,Z" "-v" "/var/lib/crater-agent-workspace/cargo-home:/opt/rustwide/cargo-home:ro,Z" "-v" "/var/lib/crater-agent-workspace/rustup-home:/opt/rustwide/rustup-home:ro,Z" "-m" "1610612736" "--network" "none" "ghcr.io/rust-lang/crates-build-env/linux@sha256:3d5ced03c013a94a2f102a4510f48a6e9184255caf5fd8244f58017bde7f5210" "sleep" "infinity", kill_on_drop: false }`
[INFO] [stdout] cc92027f9519864d6464004ca17836de5830c7967579596ef1aede5a187e8168
[INFO] running `Command { std: "docker" "start" "cc92027f9519864d6464004ca17836de5830c7967579596ef1aede5a187e8168", kill_on_drop: false }`
[INFO] running `Command { std: "docker" "inspect" "cc92027f9519864d6464004ca17836de5830c7967579596ef1aede5a187e8168", kill_on_drop: false }`
[INFO] running `Command { std: "docker" "exec" "-e" "SOURCE_DIR=/opt/rustwide/workdir" "-e" "CARGO_HOME=/opt/rustwide/cargo-home" "-e" "RUSTUP_HOME=/opt/rustwide/rustup-home" "-e" "CARGO_TARGET_DIR=/opt/rustwide/target" "-w" "/opt/rustwide/workdir" "--user" "0:0" "cc92027f9519864d6464004ca17836de5830c7967579596ef1aede5a187e8168" "/opt/rustwide/cargo-home/bin/cargo" "+1.98.0-beta.1" "metadata" "--no-deps" "--format-version=1", kill_on_drop: false }`
[INFO] running `Command { std: "docker" "inspect" "cc92027f9519864d6464004ca17836de5830c7967579596ef1aede5a187e8168", kill_on_drop: false }`
[INFO] running `Command { std: "docker" "exec" "-e" "SOURCE_DIR=/opt/rustwide/workdir" "-e" "CARGO_HOME=/opt/rustwide/cargo-home" "-e" "RUSTUP_HOME=/opt/rustwide/rustup-home" "-e" "CARGO_TARGET_DIR=/opt/rustwide/target" "-e" "CARGO_INCREMENTAL=0" "-e" "RUST_BACKTRACE=full" "-e" "RUSTFLAGS=--cap-lints=warn" "-e" "RUSTDOCFLAGS=--cap-lints=warn" "-w" "/opt/rustwide/workdir" "--user" "0:0" "cc92027f9519864d6464004ca17836de5830c7967579596ef1aede5a187e8168" "/opt/rustwide/cargo-home/bin/cargo" "+1.98.0-beta.1" "build" "--frozen" "--message-format=json", kill_on_drop: false }`
[INFO] [stderr]    Compiling libm v0.2.15
[INFO] [stderr]    Compiling num-traits v0.2.19
[INFO] [stderr]    Compiling cfg-if v1.0.3
[INFO] [stderr]    Compiling libc v0.2.176
[INFO] [stderr]    Compiling zerocopy v0.8.27
[INFO] [stderr]    Compiling getrandom v0.3.3
[INFO] [stderr]    Compiling bytes v1.10.1
[INFO] [stderr]    Compiling once_cell v1.21.3
[INFO] [stderr]    Compiling iana-time-zone v0.1.64
[INFO] [stderr]    Compiling arrow-schema v53.4.1
[INFO] [stderr]    Compiling hashbrown v0.15.5
[INFO] [stderr]    Compiling memchr v2.7.6
[INFO] [stderr]    Compiling lexical-util v1.0.7
[INFO] [stderr]    Compiling serde_core v1.0.228
[INFO] [stderr]    Compiling ryu v1.0.20
[INFO] [stderr]    Compiling ahash v0.8.12
[INFO] [stderr]    Compiling serde v1.0.228
[INFO] [stderr]    Compiling semver v1.0.27
[INFO] [stderr]    Compiling itoa v1.0.15
[INFO] [stderr]    Compiling lexical-parse-integer v1.0.6
[INFO] [stderr]    Compiling lexical-write-integer v1.0.6
[INFO] [stderr]    Compiling rustc_version v0.4.1
[INFO] [stderr]    Compiling regex-syntax v0.8.6
[INFO] [stderr]    Compiling paste v1.0.15
[INFO] [stderr]    Compiling serde_json v1.0.145
[INFO] [stderr]    Compiling hashbrown v0.16.0
[INFO] [stderr]    Compiling bitflags v1.3.2
[INFO] [stderr]    Compiling seq-macro v0.3.6
[INFO] [stderr]    Compiling lexical-parse-float v1.0.6
[INFO] [stderr]    Compiling lexical-write-float v1.0.6
[INFO] [stderr]    Compiling arrayref v0.3.9
[INFO] [stderr]    Compiling const_for v0.1.5
[INFO] [stderr]    Compiling flatbuffers v24.12.23
[INFO] [stderr]    Compiling either v1.15.0
[INFO] [stderr]    Compiling itertools v0.14.0
[INFO] [stderr]    Compiling aho-corasick v1.1.3
[INFO] [stderr]    Compiling csv-core v0.1.12
[INFO] [stderr]    Compiling lexical-core v1.0.6
[INFO] [stderr]    Compiling indexmap v2.11.4
[INFO] [stderr]    Compiling getrandom v0.2.16
[INFO] [stderr]    Compiling rand_core v0.6.4
[INFO] [stderr]    Compiling num-integer v0.1.46
[INFO] [stderr]    Compiling num-complex v0.4.6
[INFO] [stderr]    Compiling half v2.6.0
[INFO] [stderr]    Compiling chrono v0.4.39
[INFO] [stderr]    Compiling atoi v2.0.0
[INFO] [stderr]    Compiling fastlanes v0.2.2
[INFO] [stderr]    Compiling num-bigint v0.4.6
[INFO] [stderr]    Compiling num-iter v0.1.45
[INFO] [stderr]    Compiling regex-automata v0.4.11
[INFO] [stderr]    Compiling ppv-lite86 v0.2.21
[INFO] [stderr]    Compiling rand_chacha v0.3.1
[INFO] [stderr]    Compiling rand v0.8.5
[INFO] [stderr]    Compiling num-rational v0.4.2
[INFO] [stderr]    Compiling csv v1.3.1
[INFO] [stderr]    Compiling num v0.4.3
[INFO] [stderr]    Compiling arrow-buffer v53.4.1
[INFO] [stderr]    Compiling arrow-data v53.4.1
[INFO] [stderr]    Compiling regex v1.11.3
[INFO] [stderr]    Compiling arrow-array v53.4.1
[INFO] [stderr]    Compiling alp v0.0.1 (https://github.com/spiraldb/alp#f056b09a)
[INFO] [stderr]    Compiling arrow-select v53.4.1
[INFO] [stderr]    Compiling arrow-arith v53.4.1
[INFO] [stderr]    Compiling arrow-row v53.4.1
[INFO] [stderr]    Compiling arrow-cast v53.4.1
[INFO] [stderr]    Compiling arrow-ord v53.4.1
[INFO] [stderr]    Compiling arrow-string v53.4.1
[INFO] [stderr]    Compiling arrow-csv v53.4.1
[INFO] [stderr]    Compiling arrow-json v53.4.1
[INFO] [stderr]    Compiling arrow-ipc v53.4.1
[INFO] [stderr] error: could not compile `fastlanes` (lib)
[INFO] [stderr] 
[INFO] [stderr] Caused by:
[INFO] [stderr]   process didn't exit successfully: `/opt/rustwide/rustup-home/toolchains/1.98.0-beta.1-x86_64-unknown-linux-gnu/bin/rustc --crate-name fastlanes --edition=2021 /opt/rustwide/cargo-home/registry/src/index.crates.io-1949cf8c6b5b557f/fastlanes-0.2.2/src/lib.rs --error-format=json --json=diagnostic-rendered-ansi,artifacts,future-incompat --crate-type lib --emit=dep-info,metadata,link -C embed-bitcode=no -C debuginfo=2 '--deny=clippy::pedantic' '--deny=clippy::all' --deny=warnings '--deny=clippy::use_debug' '--deny=clippy::unwrap_used' --deny=unsafe_op_in_unsafe_fn '--deny=clippy::tests_outside_test_module' '--deny=clippy::self_named_module_files' '--deny=clippy::same_name_method' '--deny=clippy::panic' '--deny=clippy::or_fun_call' '--allow=clippy::needless_range_loop' '--deny=clippy::multiple_inherent_impl' '--deny=clippy::mem_forget' '--deny=clippy::if_then_some_else_none' '--allow=clippy::cast_possible_truncation' --check-cfg 'cfg(docsrs,test)' --check-cfg 'cfg(feature, values())' -C metadata=c8eec877682a3349 -C extra-filename=-f411fa6a82de865a --out-dir /opt/rustwide/target/debug/deps -L dependency=/opt/rustwide/target/debug/deps --extern arrayref=/opt/rustwide/target/debug/deps/libarrayref-81fde35c69841043.rmeta --extern const_for=/opt/rustwide/target/debug/deps/libconst_for-c0f04d7b1a284451.rmeta --extern num_traits=/opt/rustwide/target/debug/deps/libnum_traits-fb98a85ad81fd4ec.rmeta --extern paste=/opt/rustwide/target/debug/deps/libpaste-93bf70849a6c6f92.so --extern seq_macro=/opt/rustwide/target/debug/deps/libseq_macro-debb7ff152a3c6b5.so --cap-lints allow --cap-lints=warn` (signal: 9, SIGKILL: kill)
[INFO] [stderr] warning: build failed, waiting for other jobs to finish...
[INFO] running `Command { std: "docker" "inspect" "cc92027f9519864d6464004ca17836de5830c7967579596ef1aede5a187e8168", kill_on_drop: false }`
[INFO] running `Command { std: "docker" "rm" "-f" "cc92027f9519864d6464004ca17836de5830c7967579596ef1aede5a187e8168", kill_on_drop: false }`
[INFO] [stdout] cc92027f9519864d6464004ca17836de5830c7967579596ef1aede5a187e8168
