[INFO] cloning repository https://github.com/pbudzik/usagedb
[INFO] running `Command { std: "git" "-c" "credential.helper=" "-c" "credential.helper=/workspace/cargo-home/bin/git-credential-null" "clone" "--bare" "https://github.com/pbudzik/usagedb" "/workspace/cache/git-repos/https%3A%2F%2Fgithub.com%2Fpbudzik%2Fusagedb", kill_on_drop: false }`
[INFO] [stderr] Cloning into bare repository '/workspace/cache/git-repos/https%3A%2F%2Fgithub.com%2Fpbudzik%2Fusagedb'...
[INFO] running `Command { std: "git" "rev-parse" "HEAD", kill_on_drop: false }`
[INFO] [stdout] 2599dd35f11fccd3badc8b6abb58354e59c323e3
[INFO] testing pbudzik/usagedb against 1.97.0-beta.6 for beta-1.98-2
[INFO] running `Command { std: "git" "clone" "/workspace/cache/git-repos/https%3A%2F%2Fgithub.com%2Fpbudzik%2Fusagedb" "/workspace/builds/worker-4-tc1/source", kill_on_drop: false }`
[INFO] [stderr] Cloning into '/workspace/builds/worker-4-tc1/source'...
[INFO] [stderr] done.
[INFO] started tweaking git repo https://github.com/pbudzik/usagedb
[INFO] finished tweaking git repo https://github.com/pbudzik/usagedb
[INFO] tweaked toml for git repo https://github.com/pbudzik/usagedb written to /workspace/builds/worker-4-tc1/source/Cargo.toml
[INFO] validating manifest of git repo https://github.com/pbudzik/usagedb on toolchain 1.97.0-beta.6
[INFO] running `Command { std: CARGO_HOME="/workspace/cargo-home" RUSTUP_HOME="/workspace/rustup-home" "/workspace/cargo-home/bin/cargo" "+1.97.0-beta.6" "metadata" "--manifest-path" "Cargo.toml" "--no-deps", kill_on_drop: false }`
[INFO] crate git repo https://github.com/pbudzik/usagedb already has a lockfile, it will not be regenerated
[INFO] running `Command { std: CARGO_HOME="/workspace/cargo-home" RUSTUP_HOME="/workspace/rustup-home" "/workspace/cargo-home/bin/cargo" "+1.97.0-beta.6" "fetch" "--manifest-path" "Cargo.toml", kill_on_drop: false }`
[INFO] [stderr]     Updating crates.io index
[INFO] [stderr]  Downloading crates ...
[INFO] [stderr]   Downloaded unarray v0.1.4
[INFO] [stderr]   Downloaded recursive v0.1.1
[INFO] [stderr]   Downloaded recursive-proc-macro-impl v0.1.1
[INFO] [stderr]   Downloaded integer-encoding v3.0.4
[INFO] [stderr]   Downloaded bit-set v0.8.0
[INFO] [stderr]   Downloaded const-random v0.1.18
[INFO] [stderr]   Downloaded const-random-macro v0.1.16
[INFO] [stderr]   Downloaded seq-macro v0.3.6
[INFO] [stderr]   Downloaded rand_xorshift v0.4.0
[INFO] [stderr]   Downloaded num v0.4.3
[INFO] [stderr]   Downloaded wait-timeout v0.2.1
[INFO] [stderr]   Downloaded rusty-fork v0.3.1
[INFO] [stderr]   Downloaded ordered-float v2.10.1
[INFO] [stderr]   Downloaded arrow-data v55.2.0
[INFO] [stderr]   Downloaded tiny-keccak v2.0.2
[INFO] [stderr]   Downloaded lexical-core v1.0.6
[INFO] [stderr]   Downloaded arrow-string v55.2.0
[INFO] [stderr]   Downloaded arrow-row v55.2.0
[INFO] [stderr]   Downloaded quick-error v1.2.3
[INFO] [stderr]   Downloaded bit-vec v0.8.0
[INFO] [stderr]   Downloaded num-complex v0.4.6
[INFO] [stderr]   Downloaded flatbuffers v25.12.19
[INFO] [stderr]   Downloaded fs4 v0.13.1
[INFO] [stderr]   Downloaded arrow-arith v55.2.0
[INFO] [stderr]   Downloaded twox-hash v2.1.2
[INFO] [stderr]   Downloaded thrift v0.17.0
[INFO] [stderr]   Downloaded proptest v1.11.0
[INFO] [stderr]   Downloaded lexical-parse-integer v1.0.6
[INFO] [stderr]   Downloaded arrow-ord v55.2.0
[INFO] [stderr]   Downloaded lexical-write-integer v1.0.6
[INFO] [stderr]   Downloaded memmap2 v0.9.10
[INFO] [stderr]   Downloaded lz4_flex v0.13.1
[INFO] [stderr]   Downloaded arrow-buffer v55.2.0
[INFO] [stderr]   Downloaded arrow-select v55.2.0
[INFO] [stderr]   Downloaded arrow v55.2.0
[INFO] [stderr]   Downloaded arrow-schema v55.2.0
[INFO] [stderr]   Downloaded lexical-util v1.0.7
[INFO] [stderr]   Downloaded arrow-ipc v55.2.0
[INFO] [stderr]   Downloaded arrow-cast v55.2.0
[INFO] [stderr]   Downloaded lexical-write-float v1.0.6
[INFO] [stderr]   Downloaded lexical-parse-float v1.0.6
[INFO] [stderr]   Downloaded blake3 v1.8.5
[INFO] [stderr]   Downloaded arrow-array v55.2.0
[INFO] [stderr]   Downloaded sqlparser v0.62.0
[INFO] [stderr]   Downloaded parquet v55.2.0
[INFO] running `Command { std: "docker" "create" "-v" "/var/lib/crater-agent-workspace/builds/worker-4-tc1/source:/opt/rustwide/workdir:ro,Z" "-v" "/var/lib/crater-agent-workspace/builds/worker-4-tc1/target:/opt/rustwide/target:rw,Z" "-v" "/var/lib/crater-agent-workspace/cargo-home:/opt/rustwide/cargo-home:ro,Z" "-v" "/var/lib/crater-agent-workspace/rustup-home:/opt/rustwide/rustup-home:ro,Z" "-m" "1610612736" "--network" "none" "ghcr.io/rust-lang/crates-build-env/linux@sha256:3d5ced03c013a94a2f102a4510f48a6e9184255caf5fd8244f58017bde7f5210" "sleep" "infinity", kill_on_drop: false }`
[INFO] [stdout] f2a92609288de14650f5afa671b76bf242f1a71424b78bf1cf31f89ff3c11a66
[INFO] running `Command { std: "docker" "start" "f2a92609288de14650f5afa671b76bf242f1a71424b78bf1cf31f89ff3c11a66", kill_on_drop: false }`
[INFO] running `Command { std: "docker" "inspect" "f2a92609288de14650f5afa671b76bf242f1a71424b78bf1cf31f89ff3c11a66", kill_on_drop: false }`
[INFO] running `Command { std: "docker" "exec" "-e" "SOURCE_DIR=/opt/rustwide/workdir" "-e" "CARGO_HOME=/opt/rustwide/cargo-home" "-e" "RUSTUP_HOME=/opt/rustwide/rustup-home" "-e" "CARGO_TARGET_DIR=/opt/rustwide/target" "-w" "/opt/rustwide/workdir" "--user" "0:0" "f2a92609288de14650f5afa671b76bf242f1a71424b78bf1cf31f89ff3c11a66" "/opt/rustwide/cargo-home/bin/cargo" "+1.97.0-beta.6" "metadata" "--no-deps" "--format-version=1", kill_on_drop: false }`
[INFO] running `Command { std: "docker" "inspect" "f2a92609288de14650f5afa671b76bf242f1a71424b78bf1cf31f89ff3c11a66", kill_on_drop: false }`
[INFO] running `Command { std: "docker" "exec" "-e" "SOURCE_DIR=/opt/rustwide/workdir" "-e" "CARGO_HOME=/opt/rustwide/cargo-home" "-e" "RUSTUP_HOME=/opt/rustwide/rustup-home" "-e" "CARGO_TARGET_DIR=/opt/rustwide/target" "-e" "CARGO_INCREMENTAL=0" "-e" "RUST_BACKTRACE=full" "-e" "RUSTFLAGS=--cap-lints=warn" "-e" "RUSTDOCFLAGS=--cap-lints=warn" "-w" "/opt/rustwide/workdir" "--user" "0:0" "f2a92609288de14650f5afa671b76bf242f1a71424b78bf1cf31f89ff3c11a66" "/opt/rustwide/cargo-home/bin/cargo" "+1.97.0-beta.6" "build" "--frozen" "--message-format=json", kill_on_drop: false }`
[INFO] [stderr]    Compiling once_cell v1.21.4
[INFO] [stderr]    Compiling getrandom v0.3.4
[INFO] [stderr]    Compiling num-traits v0.2.19
[INFO] [stderr]    Compiling cc v1.2.62
[INFO] [stderr]    Compiling ahash v0.8.12
[INFO] [stderr]    Compiling arrow-schema v55.2.0
[INFO] [stderr]    Compiling hashbrown v0.15.5
[INFO] [stderr]    Compiling object v0.37.3
[INFO] [stderr]    Compiling memchr v2.8.0
[INFO] [stderr]    Compiling lexical-util v1.0.7
[INFO] [stderr]    Compiling syn v2.0.117
[INFO] [stderr]    Compiling pkg-config v0.3.33
[INFO] [stderr]    Compiling errno v0.3.14
[INFO] [stderr]    Compiling bitflags v2.11.1
[INFO] [stderr]    Compiling flatbuffers v25.12.19
[INFO] [stderr]    Compiling ryu v1.0.23
[INFO] [stderr]    Compiling signal-hook-registry v1.4.8
[INFO] [stderr]    Compiling aho-corasick v1.1.4
[INFO] [stderr]    Compiling regex-syntax v0.8.10
[INFO] [stderr]    Compiling tracing-core v0.1.36
[INFO] [stderr]    Compiling utf8parse v0.2.2
[INFO] [stderr]    Compiling zstd-safe v7.2.4
[INFO] [stderr]    Compiling anstyle-parse v1.0.0
[INFO] [stderr]    Compiling futures-channel v0.3.32
[INFO] [stderr]    Compiling colorchoice v1.0.5
[INFO] [stderr]    Compiling serde_json v1.0.149
[INFO] [stderr]    Compiling slab v0.4.12
[INFO] [stderr]    Compiling rustix v1.1.4
[INFO] [stderr]    Compiling futures-task v0.3.32
[INFO] [stderr]    Compiling anstyle v1.0.14
[INFO] [stderr]    Compiling lexical-write-integer v1.0.6
[INFO] [stderr]    Compiling lexical-parse-integer v1.0.6
[INFO] [stderr]    Compiling is_terminal_polyfill v1.70.2
[INFO] [stderr]    Compiling getrandom v0.4.2
[INFO] [stderr]    Compiling anstyle-query v1.1.5
[INFO] [stderr]    Compiling futures-util v0.3.32
[INFO] [stderr]    Compiling anstream v1.0.0
[INFO] [stderr]    Compiling clap_lex v1.1.0
[INFO] [stderr]    Compiling lexical-parse-float v1.0.6
[INFO] [stderr]    Compiling strsim v0.11.1
[INFO] [stderr]    Compiling linux-raw-sys v0.12.1
[INFO] [stderr]    Compiling lazy_static v1.5.0
[INFO] [stderr]    Compiling lexical-write-float v1.0.6
[INFO] [stderr]    Compiling byteorder v1.5.0
[INFO] [stderr]    Compiling num-integer v0.1.46
[INFO] [stderr]    Compiling num-complex v0.4.6
[INFO] [stderr]    Compiling atoi v2.0.0
[INFO] [stderr]    Compiling lexical-core v1.0.6
[INFO] [stderr]    Compiling ordered-float v2.10.1
[INFO] [stderr]    Compiling integer-encoding v3.0.4
[INFO] [stderr]    Compiling num-bigint v0.4.6
[INFO] [stderr]    Compiling num-iter v0.1.45
[INFO] [stderr]    Compiling twox-hash v2.1.2
[INFO] [stderr]    Compiling clap_builder v4.6.0
[INFO] [stderr]    Compiling sharded-slab v0.1.7
[INFO] [stderr]    Compiling tracing-log v0.2.0
[INFO] [stderr]    Compiling arrayref v0.3.9
[INFO] [stderr]    Compiling arrayvec v0.7.6
[INFO] [stderr]    Compiling seq-macro v0.3.6
[INFO] [stderr]    Compiling thrift v0.17.0
[INFO] [stderr]    Compiling constant_time_eq v0.4.2
[INFO] [stderr]    Compiling uuid v1.23.1
[INFO] [stderr]    Compiling lz4_flex v0.13.1
[INFO] [stderr]    Compiling memmap2 v0.9.10
[INFO] [stderr]    Compiling zstd-sys v2.0.16+zstd.1.5.7
[INFO] [stderr]    Compiling stacker v0.1.24
[INFO] [stderr]    Compiling blake3 v1.8.5
[INFO] [stderr]    Compiling tracing-subscriber v0.3.23
[INFO] [stderr]    Compiling num-rational v0.4.2
[INFO] [stderr]    Compiling regex-automata v0.4.14
[INFO] [stderr]    Compiling num v0.4.3
[INFO] [stderr]    Compiling fs4 v0.13.1
[INFO] [stderr]    Compiling serde_derive v1.0.228
[INFO] [stderr]    Compiling zerocopy-derive v0.8.48
[INFO] [stderr]    Compiling tokio-macros v2.7.0
[INFO] [stderr]    Compiling tracing-attributes v0.1.31
[INFO] [stderr]    Compiling recursive-proc-macro-impl v0.1.1
[INFO] [stderr]    Compiling clap_derive v4.6.1
[INFO] [stderr]    Compiling thiserror-impl v2.0.18
[INFO] [stderr]    Compiling regex v1.12.3
[INFO] [stderr]    Compiling tokio v1.52.3
[INFO] [stderr]    Compiling thiserror v2.0.18
[INFO] [stderr]    Compiling tracing v0.1.44
[INFO] [stderr]    Compiling axum-core v0.5.6
[INFO] [stderr]    Compiling ar_archive_writer v0.5.1
[INFO] [stderr]    Compiling zerocopy v0.8.48
[INFO] [stderr]    Compiling clap v4.6.1
[INFO] [stderr]    Compiling psm v0.1.31
[INFO] [stderr]    Compiling recursive v0.1.1
[INFO] [stderr]    Compiling sqlparser v0.62.0
[INFO] [stderr]    Compiling serde v1.0.228
[INFO] [stderr]    Compiling chrono v0.4.44
[INFO] [stderr]    Compiling serde_urlencoded v0.7.1
[INFO] [stderr]    Compiling bincode v1.3.3
[INFO] [stderr]    Compiling zstd v0.13.3
[INFO] [stderr]    Compiling hyper v1.9.0
[INFO] [stderr]    Compiling tower v0.5.3
[INFO] [stderr]    Compiling half v2.7.1
[INFO] [stderr]    Compiling arrow-buffer v55.2.0
[INFO] [stderr]    Compiling hyper-util v0.1.20
[INFO] [stderr]    Compiling arrow-data v55.2.0
[INFO] [stderr]    Compiling axum v0.8.9
[INFO] [stderr]    Compiling arrow-array v55.2.0
[INFO] [stderr]    Compiling arrow-select v55.2.0
[INFO] [stderr]    Compiling arrow-ipc v55.2.0
[INFO] [stderr]    Compiling arrow-arith v55.2.0
[INFO] [stderr]    Compiling arrow-row v55.2.0
[INFO] [stderr]    Compiling arrow-cast v55.2.0
[INFO] [stderr]    Compiling arrow-ord v55.2.0
[INFO] [stderr]    Compiling arrow-string v55.2.0
[INFO] [stderr]    Compiling parquet v55.2.0
[INFO] [stderr]    Compiling arrow v55.2.0
[INFO] [stderr]    Compiling usagedb v0.4.0 (/opt/rustwide/workdir)
[INFO] [stderr]     Finished `dev` profile [unoptimized + debuginfo] target(s) in 1m 41s
[INFO] running `Command { std: "docker" "inspect" "f2a92609288de14650f5afa671b76bf242f1a71424b78bf1cf31f89ff3c11a66", kill_on_drop: false }`
[INFO] running `Command { std: "docker" "exec" "-e" "SOURCE_DIR=/opt/rustwide/workdir" "-e" "CARGO_HOME=/opt/rustwide/cargo-home" "-e" "RUSTUP_HOME=/opt/rustwide/rustup-home" "-e" "CARGO_TARGET_DIR=/opt/rustwide/target" "-e" "CARGO_INCREMENTAL=0" "-e" "RUST_BACKTRACE=full" "-e" "RUSTFLAGS=--cap-lints=warn" "-e" "RUSTDOCFLAGS=--cap-lints=warn" "-w" "/opt/rustwide/workdir" "--user" "0:0" "f2a92609288de14650f5afa671b76bf242f1a71424b78bf1cf31f89ff3c11a66" "/opt/rustwide/cargo-home/bin/cargo" "+1.97.0-beta.6" "test" "--frozen" "--no-run" "--message-format=json", kill_on_drop: false }`
[INFO] [stderr]    Compiling getrandom v0.3.4
[INFO] [stderr]    Compiling regex-syntax v0.8.10
[INFO] [stderr]    Compiling fastrand v2.4.1
[INFO] [stderr]    Compiling ppv-lite86 v0.2.21
[INFO] [stderr]    Compiling wait-timeout v0.2.1
[INFO] [stderr]    Compiling quick-error v1.2.3
[INFO] [stderr]    Compiling bit-vec v0.8.0
[INFO] [stderr]    Compiling unarray v0.1.4
[INFO] [stderr]    Compiling tempfile v3.27.0
[INFO] [stderr]    Compiling bit-set v0.8.0
[INFO] [stderr]    Compiling rusty-fork v0.3.1
[INFO] [stderr]    Compiling ahash v0.8.12
[INFO] [stderr]    Compiling rand_core v0.9.5
[INFO] [stderr]    Compiling arrow-array v55.2.0
[INFO] [stderr]    Compiling rand v0.9.4
[INFO] [stderr]    Compiling rand_chacha v0.9.0
[INFO] [stderr]    Compiling rand_xorshift v0.4.0
[INFO] [stderr]    Compiling regex-automata v0.4.14
[INFO] [stderr]    Compiling proptest v1.11.0
[INFO] [stderr]    Compiling regex v1.12.3
[INFO] [stderr]    Compiling arrow-select v55.2.0
[INFO] [stderr]    Compiling arrow-ipc v55.2.0
[INFO] [stderr]    Compiling arrow-arith v55.2.0
[INFO] [stderr]    Compiling arrow-row v55.2.0
[INFO] [stderr]    Compiling arrow-cast v55.2.0
[INFO] [stderr]    Compiling arrow-ord v55.2.0
[INFO] [stderr]    Compiling arrow-string v55.2.0
[INFO] [stderr]    Compiling parquet v55.2.0
[INFO] [stderr]    Compiling arrow v55.2.0
[INFO] [stderr]    Compiling usagedb v0.4.0 (/opt/rustwide/workdir)
[INFO] [stderr] error: could not compile `usagedb` (lib test)
[INFO] [stderr] 
[INFO] [stderr] Caused by:
[INFO] [stderr]   process didn't exit successfully: `/opt/rustwide/rustup-home/toolchains/1.97.0-beta.6-x86_64-unknown-linux-gnu/bin/rustc --crate-name usagedb --edition=2024 src/lib.rs --error-format=json --json=diagnostic-rendered-ansi,artifacts,future-incompat --emit=dep-info,link -C embed-bitcode=no -C debuginfo=2 --test --check-cfg 'cfg(docsrs,test)' --check-cfg 'cfg(feature, values())' -C metadata=0c03ae7eaa0fe0fd -C extra-filename=-49fde3592b885acb --out-dir /opt/rustwide/target/debug/deps -L dependency=/opt/rustwide/target/debug/deps --extern anyhow=/opt/rustwide/target/debug/deps/libanyhow-9e4c44ac98d8e4ea.rlib --extern arrow=/opt/rustwide/target/debug/deps/libarrow-b1cceb2f8c0c3197.rlib --extern axum=/opt/rustwide/target/debug/deps/libaxum-5faa0fa43c15f1db.rlib --extern bincode=/opt/rustwide/target/debug/deps/libbincode-244722b84d7cc2d6.rlib --extern blake3=/opt/rustwide/target/debug/deps/libblake3-4539d8cceda770ec.rlib --extern byteorder=/opt/rustwide/target/debug/deps/libbyteorder-8f59b6d1bfdaa844.rlib --extern bytes=/opt/rustwide/target/debug/deps/libbytes-2ed9460101f17bbf.rlib --extern chrono=/opt/rustwide/target/debug/deps/libchrono-2935c3c77e9a89ed.rlib --extern clap=/opt/rustwide/target/debug/deps/libclap-8f80a1f3a4b6d549.rlib --extern fs4=/opt/rustwide/target/debug/deps/libfs4-e6b56902e1f2c6b9.rlib --extern http_body_util=/opt/rustwide/target/debug/deps/libhttp_body_util-ed5fbd1db1f6d6fc.rlib --extern hyper=/opt/rustwide/target/debug/deps/libhyper-1e974b3242842b72.rlib --extern lz4_flex=/opt/rustwide/target/debug/deps/liblz4_flex-bf6add8f78ff6e83.rlib --extern memmap2=/opt/rustwide/target/debug/deps/libmemmap2-ec7a23143146e94d.rlib --extern parquet=/opt/rustwide/target/debug/deps/libparquet-8b0b0cdf9c32b89e.rlib --extern proptest=/opt/rustwide/target/debug/deps/libproptest-cefc9ee33e986200.rlib --extern serde=/opt/rustwide/target/debug/deps/libserde-07710745bb7016f6.rlib --extern serde_json=/opt/rustwide/target/debug/deps/libserde_json-15bd8aae49a9158b.rlib --extern sqlparser=/opt/rustwide/target/debug/deps/libsqlparser-95f8b590eb7003a9.rlib --extern tempfile=/opt/rustwide/target/debug/deps/libtempfile-50ad8fd3a6f486c7.rlib --extern thiserror=/opt/rustwide/target/debug/deps/libthiserror-02986025785daeb4.rlib --extern tokio=/opt/rustwide/target/debug/deps/libtokio-015ed4f2e00ca096.rlib --extern tower=/opt/rustwide/target/debug/deps/libtower-e849792148969f2e.rlib --extern tracing=/opt/rustwide/target/debug/deps/libtracing-aea6c921caded2ce.rlib --extern tracing_subscriber=/opt/rustwide/target/debug/deps/libtracing_subscriber-a51bed6185d7ff72.rlib --extern uuid=/opt/rustwide/target/debug/deps/libuuid-18a59e9829231b53.rlib --extern zstd=/opt/rustwide/target/debug/deps/libzstd-52cfbe5861638b94.rlib --cap-lints=warn -L native=/opt/rustwide/target/debug/build/blake3-b043b798c98dc1b3/out -L native=/opt/rustwide/target/debug/build/blake3-b043b798c98dc1b3/out -L native=/opt/rustwide/target/debug/build/zstd-sys-959db909fdf49e9a/out -L native=/opt/rustwide/target/debug/build/psm-fff30dcdbe9ced1e/out` (signal: 9, SIGKILL: kill)
[INFO] [stderr] warning: build failed, waiting for other jobs to finish...
[INFO] [stderr] error: could not compile `usagedb` (test "dst")
[INFO] [stderr] 
[INFO] [stderr] Caused by:
[INFO] [stderr]   process didn't exit successfully: `/opt/rustwide/rustup-home/toolchains/1.97.0-beta.6-x86_64-unknown-linux-gnu/bin/rustc --crate-name dst --edition=2024 tests/dst.rs --error-format=json --json=diagnostic-rendered-ansi,artifacts,future-incompat --emit=dep-info,link -C embed-bitcode=no -C debuginfo=2 --test --check-cfg 'cfg(docsrs,test)' --check-cfg 'cfg(feature, values())' -C metadata=18f0de250a00c692 -C extra-filename=-8932cfd9a6714887 --out-dir /opt/rustwide/target/debug/deps -L dependency=/opt/rustwide/target/debug/deps --extern anyhow=/opt/rustwide/target/debug/deps/libanyhow-9e4c44ac98d8e4ea.rlib --extern arrow=/opt/rustwide/target/debug/deps/libarrow-b1cceb2f8c0c3197.rlib --extern axum=/opt/rustwide/target/debug/deps/libaxum-5faa0fa43c15f1db.rlib --extern bincode=/opt/rustwide/target/debug/deps/libbincode-244722b84d7cc2d6.rlib --extern blake3=/opt/rustwide/target/debug/deps/libblake3-4539d8cceda770ec.rlib --extern byteorder=/opt/rustwide/target/debug/deps/libbyteorder-8f59b6d1bfdaa844.rlib --extern bytes=/opt/rustwide/target/debug/deps/libbytes-2ed9460101f17bbf.rlib --extern chrono=/opt/rustwide/target/debug/deps/libchrono-2935c3c77e9a89ed.rlib --extern clap=/opt/rustwide/target/debug/deps/libclap-8f80a1f3a4b6d549.rlib --extern fs4=/opt/rustwide/target/debug/deps/libfs4-e6b56902e1f2c6b9.rlib --extern http_body_util=/opt/rustwide/target/debug/deps/libhttp_body_util-ed5fbd1db1f6d6fc.rlib --extern hyper=/opt/rustwide/target/debug/deps/libhyper-1e974b3242842b72.rlib --extern lz4_flex=/opt/rustwide/target/debug/deps/liblz4_flex-bf6add8f78ff6e83.rlib --extern memmap2=/opt/rustwide/target/debug/deps/libmemmap2-ec7a23143146e94d.rlib --extern parquet=/opt/rustwide/target/debug/deps/libparquet-8b0b0cdf9c32b89e.rlib --extern proptest=/opt/rustwide/target/debug/deps/libproptest-cefc9ee33e986200.rlib --extern serde=/opt/rustwide/target/debug/deps/libserde-07710745bb7016f6.rlib --extern serde_json=/opt/rustwide/target/debug/deps/libserde_json-15bd8aae49a9158b.rlib --extern sqlparser=/opt/rustwide/target/debug/deps/libsqlparser-95f8b590eb7003a9.rlib --extern tempfile=/opt/rustwide/target/debug/deps/libtempfile-50ad8fd3a6f486c7.rlib --extern thiserror=/opt/rustwide/target/debug/deps/libthiserror-02986025785daeb4.rlib --extern tokio=/opt/rustwide/target/debug/deps/libtokio-015ed4f2e00ca096.rlib --extern tower=/opt/rustwide/target/debug/deps/libtower-e849792148969f2e.rlib --extern tracing=/opt/rustwide/target/debug/deps/libtracing-aea6c921caded2ce.rlib --extern tracing_subscriber=/opt/rustwide/target/debug/deps/libtracing_subscriber-a51bed6185d7ff72.rlib --extern usagedb=/opt/rustwide/target/debug/deps/libusagedb-754878ad087d3316.rlib --extern uuid=/opt/rustwide/target/debug/deps/libuuid-18a59e9829231b53.rlib --extern zstd=/opt/rustwide/target/debug/deps/libzstd-52cfbe5861638b94.rlib --cap-lints=warn -L native=/opt/rustwide/target/debug/build/blake3-b043b798c98dc1b3/out -L native=/opt/rustwide/target/debug/build/blake3-b043b798c98dc1b3/out -L native=/opt/rustwide/target/debug/build/zstd-sys-959db909fdf49e9a/out -L native=/opt/rustwide/target/debug/build/psm-fff30dcdbe9ced1e/out` (signal: 9, SIGKILL: kill)
[INFO] [stderr] error: could not compile `usagedb` (bin "usagedb")
[INFO] [stderr] 
[INFO] [stderr] Caused by:
[INFO] [stderr]   process didn't exit successfully: `/opt/rustwide/rustup-home/toolchains/1.97.0-beta.6-x86_64-unknown-linux-gnu/bin/rustc --crate-name usagedb --edition=2024 src/main.rs --error-format=json --json=diagnostic-rendered-ansi,artifacts,future-incompat --crate-type bin --emit=dep-info,link -C embed-bitcode=no -C debuginfo=2 --check-cfg 'cfg(docsrs,test)' --check-cfg 'cfg(feature, values())' -C metadata=f762dde4d78b51e4 -C extra-filename=-050bc4110b2958b0 --out-dir /opt/rustwide/target/debug/deps -L dependency=/opt/rustwide/target/debug/deps --extern anyhow=/opt/rustwide/target/debug/deps/libanyhow-9e4c44ac98d8e4ea.rlib --extern arrow=/opt/rustwide/target/debug/deps/libarrow-b1cceb2f8c0c3197.rlib --extern axum=/opt/rustwide/target/debug/deps/libaxum-5faa0fa43c15f1db.rlib --extern bincode=/opt/rustwide/target/debug/deps/libbincode-244722b84d7cc2d6.rlib --extern blake3=/opt/rustwide/target/debug/deps/libblake3-4539d8cceda770ec.rlib --extern byteorder=/opt/rustwide/target/debug/deps/libbyteorder-8f59b6d1bfdaa844.rlib --extern bytes=/opt/rustwide/target/debug/deps/libbytes-2ed9460101f17bbf.rlib --extern chrono=/opt/rustwide/target/debug/deps/libchrono-2935c3c77e9a89ed.rlib --extern clap=/opt/rustwide/target/debug/deps/libclap-8f80a1f3a4b6d549.rlib --extern fs4=/opt/rustwide/target/debug/deps/libfs4-e6b56902e1f2c6b9.rlib --extern hyper=/opt/rustwide/target/debug/deps/libhyper-1e974b3242842b72.rlib --extern lz4_flex=/opt/rustwide/target/debug/deps/liblz4_flex-bf6add8f78ff6e83.rlib --extern memmap2=/opt/rustwide/target/debug/deps/libmemmap2-ec7a23143146e94d.rlib --extern parquet=/opt/rustwide/target/debug/deps/libparquet-8b0b0cdf9c32b89e.rlib --extern serde=/opt/rustwide/target/debug/deps/libserde-07710745bb7016f6.rlib --extern serde_json=/opt/rustwide/target/debug/deps/libserde_json-15bd8aae49a9158b.rlib --extern sqlparser=/opt/rustwide/target/debug/deps/libsqlparser-95f8b590eb7003a9.rlib --extern thiserror=/opt/rustwide/target/debug/deps/libthiserror-02986025785daeb4.rlib --extern tokio=/opt/rustwide/target/debug/deps/libtokio-015ed4f2e00ca096.rlib --extern tower=/opt/rustwide/target/debug/deps/libtower-e849792148969f2e.rlib --extern tracing=/opt/rustwide/target/debug/deps/libtracing-aea6c921caded2ce.rlib --extern tracing_subscriber=/opt/rustwide/target/debug/deps/libtracing_subscriber-a51bed6185d7ff72.rlib --extern usagedb=/opt/rustwide/target/debug/deps/libusagedb-754878ad087d3316.rlib --extern uuid=/opt/rustwide/target/debug/deps/libuuid-18a59e9829231b53.rlib --extern zstd=/opt/rustwide/target/debug/deps/libzstd-52cfbe5861638b94.rlib --cap-lints=warn -L native=/opt/rustwide/target/debug/build/blake3-b043b798c98dc1b3/out -L native=/opt/rustwide/target/debug/build/blake3-b043b798c98dc1b3/out -L native=/opt/rustwide/target/debug/build/zstd-sys-959db909fdf49e9a/out -L native=/opt/rustwide/target/debug/build/psm-fff30dcdbe9ced1e/out` (signal: 9, SIGKILL: kill)
[INFO] [stdout] error: linking with `cc` failed: exit status: 1
[INFO] [stdout]   |
[INFO] [stdout]   = note:  "cc" "-m64" "/opt/rustwide/target/debug/deps/rustcU6v7ai/symbols.o" "<2 object files omitted>" "-Wl,--as-needed" "-Wl,-Bstatic" "/opt/rustwide/target/debug/deps/{libtempfile-50ad8fd3a6f486c7,libfastrand-8c711c36072d5b5b}.rlib" "<sysroot>/lib/rustlib/x86_64-unknown-linux-gnu/lib/{libtest-*,libgetopts-*,librustc_std_workspace_std-*}.rlib" "/opt/rustwide/target/debug/deps/{libusagedb-754878ad087d3316,libbincode-244722b84d7cc2d6,libblake3-4539d8cceda770ec,libconstant_time_eq-1a60f1c89abc6683,libcpufeatures-6c1f78f4142e3013,libarrayvec-c7dde542da3995d2,libarrayref-81fde35c69841043,libuuid-18a59e9829231b53,libgetrandom-fb4c32fda73a41c0,libanyhow-9e4c44ac98d8e4ea,liblz4_flex-bf6add8f78ff6e83,libfs4-e6b56902e1f2c6b9,librustix-66eac2e94111ec6f,liblinux_raw_sys-0b6cde911e9a3109,libsqlparser-95f8b590eb7003a9,librecursive-86e9017db94a7eca,libstacker-c8b45a4ad3b8b433,libpsm-3c950376ecff26ed,libthiserror-02986025785daeb4,libparquet-8b0b0cdf9c32b89e,libzstd-52cfbe5861638b94,libzstd_safe-8db0c19779c87f58,libzstd_sys-2aa65b7075b9b10f,libtwox_hash-99f5160527336f1f,libthrift-e15c508789804f68,libordered_float-df8db5cf804c2d19,libinteger_encoding-679603a00515518e,libbyteorder-8f59b6d1bfdaa844,libarrow-b1cceb2f8c0c3197,libarrow_row-b2ff05cfdad0e09d,libarrow_ipc-e1e12f2fe1e54ff8,libflatbuffers-1afb2caca9b0b6ab,libbitflags-db7b9c0337a7ee76,libarrow_string-e07f8aa4b2404f10,libregex-83b45a2153ed6b7e,libregex_automata-bf751438404198b1,libaho_corasick-fa94425a423a79cf,libregex_syntax-6d6ee545e2ffad72,libarrow_cast-7a633c0db311feb6,libatoi-c67b27915a42295c,libbase64-32787b0325ea6df8,liblexical_core-f05491c3a50edaa0,liblexical_write_float-712757527daa16ab,liblexical_write_integer-2f3589da0b9f210c,liblexical_parse_float-3c29d03419db7c6a,liblexical_parse_integer-4fcfb19c13bfbc18,liblexical_util-801879279684047a,libarrow_arith-48020d543376afe6,libarrow_ord-3e733eeaa7e62195,libarrow_select-78eb6fe488008fdd,libarrow_array-5803b00255d58974,libahash-6a23411b0f36137c,libgetrandom-a73f2f085e83d825,libhashbrown-646cb50410e39eac,libarrow_data-e01aa45473d1e00f,libarrow_schema-73b4f800c31cf4e7,libarrow_buffer-51359e03aa72defa,libhalf-7233b73bfc780223,libzerocopy-37fccb2b358ae540,libnum-59da63f9ce111d83,libnum_iter-506084b5aba2cbb5,libnum_rational-48aa6a23ca3c7490,libnum_complex-ed1658ea66897262,libnum_bigint-d687fda077b956cc,libnum_integer-085ed5d5af298655,libaxum-5faa0fa43c15f1db,libserde_json-15bd8aae49a9158b,libmemchr-5cfa70d22cb32987,libzmij-ef63f1da73704b4c,libserde_path_to_error-c825e559883fa087,libserde_urlencoded-e8e97f8b8c436b37,libryu-1f4f40e4352371e5,libform_urlencoded-58b0f0edb59b40d2,libpercent_encoding-fa055ecaa1e57cfa,libhyper_util-6372697ec187db07,libhyper-1e974b3242842b72,libhttparse-8c9b827b8f345444,libatomic_waker-06950c8c08d2b8fa,libhttpdate-331798cefc82cc7e,libfutures_channel-94289a78f74303ed,libmatchit-9aa922efa503b546,libaxum_core-4c572f750efa8526,libmime-0188e0814ca7ddbf,libhttp_body_util-ed5fbd1db1f6d6fc,libhttp_body-8d8f9f8398f09fa7,libhttp-563f2cb150350555,libitoa-5de11b3b23bfe572,libtracing-aea6c921caded2ce,liblog-b262261d47bd2eba,libtracing_core-d26029c784af5925,libonce_cell-b5bdc597ed9676b3,libtower-e849792148969f2e,libsync_wrapper-b4537d9de714f6d1,libtower_layer-d908dd771b239ecd,libfutures_util-155a98708b78fd0a,libfutures_task-5326a9841e0a3cd0,libfutures_core-1121ff913ed87f93,libtower_service-3fb88d28c2218805,libtokio-015ed4f2e00ca096,libsignal_hook_registry-97fb91977beb15cc,liberrno-40a43d7c8a9b8122,libsocket2-2367bcf2eb96355a,libbytes-2ed9460101f17bbf,libmio-3f5f6fa89ecad527,libparking_lot-080783593a730975,libparking_lot_core-bccd0786fb787739,liblibc-612664c2206eec43,libcfg_if-83060ec5685761ae,libsmallvec-bc3128fdd57228fc,liblock_api-16d46fed645f7bff,libscopeguard-7ec2214574194454,libpin_project_lite-0a15d51c77964692,libchrono-2935c3c77e9a89ed,libiana_time_zone-bcd81aefedc374a6,libnum_traits-22d4c2c1070c368e,libserde-07710745bb7016f6,libserde_core-9c6a4a1faf3c1a34}.rlib" "<sysroot>/lib/rustlib/x86_64-unknown-linux-gnu/lib/{libstd-*,libpanic_unwind-*,libobject-*,libmemchr-*,libaddr2line-*,libgimli-*,libcfg_if-*,librustc_demangle-*,libstd_detect-*,libhashbrown-*,librustc_std_workspace_alloc-*,libminiz_oxide-*,libadler2-*,libunwind-*,liblibc-*,librustc_std_workspace_core-*,liballoc-*,libcore-*,libcompiler_builtins-*}.rlib" "-Wl,-Bdynamic" "-lgcc_s" "-lutil" "-lrt" "-lpthread" "-lm" "-ldl" "-lc" "-L" "/opt/rustwide/target/debug/deps/rustcU6v7ai/raw-dylibs" "-B<sysroot>/lib/rustlib/x86_64-unknown-linux-gnu/bin/gcc-ld" "-fuse-ld=lld" "-Wl,--eh-frame-hdr" "-Wl,-z,noexecstack" "-L" "/opt/rustwide/target/debug/build/blake3-b043b798c98dc1b3/out" "-L" "/opt/rustwide/target/debug/build/zstd-sys-959db909fdf49e9a/out" "-L" "/opt/rustwide/target/debug/build/psm-fff30dcdbe9ced1e/out" "-L" "<sysroot>/lib/rustlib/x86_64-unknown-linux-gnu/lib" "-o" "/opt/rustwide/target/debug/deps/durability-a50e0c69e051ba61" "-Wl,--gc-sections" "-pie" "-Wl,-z,relro,-z,now" "-nodefaultlibs"
[INFO] [stdout]   = note: some arguments are omitted. use `--verbose` to show all linker arguments
[INFO] [stdout]   = note: collect2: fatal error: ld terminated with signal 9 [Killed]
[INFO] [stdout]           compilation terminated.
[INFO] [stdout]           
[INFO] [stdout] 
[INFO] [stdout] 
[INFO] [stderr] error: could not compile `usagedb` (test "durability") due to 1 previous error
[INFO] [stdout] error: linking with `cc` failed: exit status: 1
[INFO] [stdout]   |
[INFO] [stdout]   = note:  "cc" "-m64" "/opt/rustwide/target/debug/deps/rustcZ5BaMG/symbols.o" "<2 object files omitted>" "-Wl,--as-needed" "-Wl,-Bstatic" "/opt/rustwide/target/debug/deps/{libtempfile-50ad8fd3a6f486c7,libfastrand-8c711c36072d5b5b}.rlib" "<sysroot>/lib/rustlib/x86_64-unknown-linux-gnu/lib/{libtest-*,libgetopts-*,librustc_std_workspace_std-*}.rlib" "/opt/rustwide/target/debug/deps/{libusagedb-754878ad087d3316,libbincode-244722b84d7cc2d6,libblake3-4539d8cceda770ec,libconstant_time_eq-1a60f1c89abc6683,libcpufeatures-6c1f78f4142e3013,libarrayvec-c7dde542da3995d2,libarrayref-81fde35c69841043,libuuid-18a59e9829231b53,libgetrandom-fb4c32fda73a41c0,libanyhow-9e4c44ac98d8e4ea,liblz4_flex-bf6add8f78ff6e83,libfs4-e6b56902e1f2c6b9,librustix-66eac2e94111ec6f,liblinux_raw_sys-0b6cde911e9a3109,libsqlparser-95f8b590eb7003a9,librecursive-86e9017db94a7eca,libstacker-c8b45a4ad3b8b433,libpsm-3c950376ecff26ed,libthiserror-02986025785daeb4,libparquet-8b0b0cdf9c32b89e,libzstd-52cfbe5861638b94,libzstd_safe-8db0c19779c87f58,libzstd_sys-2aa65b7075b9b10f,libtwox_hash-99f5160527336f1f,libthrift-e15c508789804f68,libordered_float-df8db5cf804c2d19,libinteger_encoding-679603a00515518e,libbyteorder-8f59b6d1bfdaa844,libarrow-b1cceb2f8c0c3197,libarrow_row-b2ff05cfdad0e09d,libarrow_ipc-e1e12f2fe1e54ff8,libflatbuffers-1afb2caca9b0b6ab,libbitflags-db7b9c0337a7ee76,libarrow_string-e07f8aa4b2404f10,libregex-83b45a2153ed6b7e,libregex_automata-bf751438404198b1,libaho_corasick-fa94425a423a79cf,libregex_syntax-6d6ee545e2ffad72,libarrow_cast-7a633c0db311feb6,libatoi-c67b27915a42295c,libbase64-32787b0325ea6df8,liblexical_core-f05491c3a50edaa0,liblexical_write_float-712757527daa16ab,liblexical_write_integer-2f3589da0b9f210c,liblexical_parse_float-3c29d03419db7c6a,liblexical_parse_integer-4fcfb19c13bfbc18,liblexical_util-801879279684047a,libarrow_arith-48020d543376afe6,libarrow_ord-3e733eeaa7e62195,libarrow_select-78eb6fe488008fdd,libarrow_array-5803b00255d58974,libahash-6a23411b0f36137c,libgetrandom-a73f2f085e83d825,libhashbrown-646cb50410e39eac,libarrow_data-e01aa45473d1e00f,libarrow_schema-73b4f800c31cf4e7,libarrow_buffer-51359e03aa72defa,libhalf-7233b73bfc780223,libzerocopy-37fccb2b358ae540,libnum-59da63f9ce111d83,libnum_iter-506084b5aba2cbb5,libnum_rational-48aa6a23ca3c7490,libnum_complex-ed1658ea66897262,libnum_bigint-d687fda077b956cc,libnum_integer-085ed5d5af298655,libaxum-5faa0fa43c15f1db,libserde_json-15bd8aae49a9158b,libmemchr-5cfa70d22cb32987,libzmij-ef63f1da73704b4c,libserde_path_to_error-c825e559883fa087,libserde_urlencoded-e8e97f8b8c436b37,libryu-1f4f40e4352371e5,libform_urlencoded-58b0f0edb59b40d2,libpercent_encoding-fa055ecaa1e57cfa,libhyper_util-6372697ec187db07,libhyper-1e974b3242842b72,libhttparse-8c9b827b8f345444,libatomic_waker-06950c8c08d2b8fa,libhttpdate-331798cefc82cc7e,libfutures_channel-94289a78f74303ed,libmatchit-9aa922efa503b546,libaxum_core-4c572f750efa8526,libmime-0188e0814ca7ddbf,libhttp_body_util-ed5fbd1db1f6d6fc,libhttp_body-8d8f9f8398f09fa7,libhttp-563f2cb150350555,libitoa-5de11b3b23bfe572,libtracing-aea6c921caded2ce,liblog-b262261d47bd2eba,libtracing_core-d26029c784af5925,libonce_cell-b5bdc597ed9676b3,libtower-e849792148969f2e,libsync_wrapper-b4537d9de714f6d1,libtower_layer-d908dd771b239ecd,libfutures_util-155a98708b78fd0a,libfutures_task-5326a9841e0a3cd0,libfutures_core-1121ff913ed87f93,libtower_service-3fb88d28c2218805,libtokio-015ed4f2e00ca096,libsignal_hook_registry-97fb91977beb15cc,liberrno-40a43d7c8a9b8122,libsocket2-2367bcf2eb96355a,libbytes-2ed9460101f17bbf,libmio-3f5f6fa89ecad527,libparking_lot-080783593a730975,libparking_lot_core-bccd0786fb787739,liblibc-612664c2206eec43,libcfg_if-83060ec5685761ae,libsmallvec-bc3128fdd57228fc,liblock_api-16d46fed645f7bff,libscopeguard-7ec2214574194454,libpin_project_lite-0a15d51c77964692,libchrono-2935c3c77e9a89ed,libiana_time_zone-bcd81aefedc374a6,libnum_traits-22d4c2c1070c368e,libserde-07710745bb7016f6,libserde_core-9c6a4a1faf3c1a34}.rlib" "<sysroot>/lib/rustlib/x86_64-unknown-linux-gnu/lib/{libstd-*,libpanic_unwind-*,libobject-*,libmemchr-*,libaddr2line-*,libgimli-*,libcfg_if-*,librustc_demangle-*,libstd_detect-*,libhashbrown-*,librustc_std_workspace_alloc-*,libminiz_oxide-*,libadler2-*,libunwind-*,liblibc-*,librustc_std_workspace_core-*,liballoc-*,libcore-*,libcompiler_builtins-*}.rlib" "-Wl,-Bdynamic" "-lgcc_s" "-lutil" "-lrt" "-lpthread" "-lm" "-ldl" "-lc" "-L" "/opt/rustwide/target/debug/deps/rustcZ5BaMG/raw-dylibs" "-B<sysroot>/lib/rustlib/x86_64-unknown-linux-gnu/bin/gcc-ld" "-fuse-ld=lld" "-Wl,--eh-frame-hdr" "-Wl,-z,noexecstack" "-L" "/opt/rustwide/target/debug/build/blake3-b043b798c98dc1b3/out" "-L" "/opt/rustwide/target/debug/build/zstd-sys-959db909fdf49e9a/out" "-L" "/opt/rustwide/target/debug/build/psm-fff30dcdbe9ced1e/out" "-L" "<sysroot>/lib/rustlib/x86_64-unknown-linux-gnu/lib" "-o" "/opt/rustwide/target/debug/deps/segment_format-5e7456f363178c59" "-Wl,--gc-sections" "-pie" "-Wl,-z,relro,-z,now" "-nodefaultlibs"
[INFO] [stdout]   = note: some arguments are omitted. use `--verbose` to show all linker arguments
[INFO] [stdout]   = note: collect2: fatal error: ld terminated with signal 9 [Killed]
[INFO] [stdout]           compilation terminated.
[INFO] [stdout]           
[INFO] [stdout] 
[INFO] [stdout] 
[INFO] [stderr] error: could not compile `usagedb` (test "segment_format") due to 1 previous error
[INFO] [stdout] error: linking with `cc` failed: exit status: 1
[INFO] [stdout]   |
[INFO] [stdout]   = note:  "cc" "-m64" "/opt/rustwide/target/debug/deps/rustcum5ZPC/symbols.o" "<2 object files omitted>" "-Wl,--as-needed" "-Wl,-Bstatic" "<sysroot>/lib/rustlib/x86_64-unknown-linux-gnu/lib/{libtest-*,libgetopts-*,librustc_std_workspace_std-*}.rlib" "/opt/rustwide/target/debug/deps/{libusagedb-754878ad087d3316,libbincode-244722b84d7cc2d6,libblake3-4539d8cceda770ec,libconstant_time_eq-1a60f1c89abc6683,libcpufeatures-6c1f78f4142e3013,libarrayvec-c7dde542da3995d2,libarrayref-81fde35c69841043,libuuid-18a59e9829231b53,libgetrandom-fb4c32fda73a41c0,libanyhow-9e4c44ac98d8e4ea,liblz4_flex-bf6add8f78ff6e83,libfs4-e6b56902e1f2c6b9,librustix-66eac2e94111ec6f,liblinux_raw_sys-0b6cde911e9a3109,libsqlparser-95f8b590eb7003a9,librecursive-86e9017db94a7eca,libstacker-c8b45a4ad3b8b433,libpsm-3c950376ecff26ed,libthiserror-02986025785daeb4,libparquet-8b0b0cdf9c32b89e,libzstd-52cfbe5861638b94,libzstd_safe-8db0c19779c87f58,libzstd_sys-2aa65b7075b9b10f,libtwox_hash-99f5160527336f1f,libthrift-e15c508789804f68,libordered_float-df8db5cf804c2d19,libinteger_encoding-679603a00515518e,libbyteorder-8f59b6d1bfdaa844,libarrow-b1cceb2f8c0c3197,libarrow_row-b2ff05cfdad0e09d,libarrow_ipc-e1e12f2fe1e54ff8,libflatbuffers-1afb2caca9b0b6ab,libbitflags-db7b9c0337a7ee76,libarrow_string-e07f8aa4b2404f10,libregex-83b45a2153ed6b7e,libregex_automata-bf751438404198b1,libaho_corasick-fa94425a423a79cf,libregex_syntax-6d6ee545e2ffad72,libarrow_cast-7a633c0db311feb6,libatoi-c67b27915a42295c,libbase64-32787b0325ea6df8,liblexical_core-f05491c3a50edaa0,liblexical_write_float-712757527daa16ab,liblexical_write_integer-2f3589da0b9f210c,liblexical_parse_float-3c29d03419db7c6a,liblexical_parse_integer-4fcfb19c13bfbc18,liblexical_util-801879279684047a,libarrow_arith-48020d543376afe6,libarrow_ord-3e733eeaa7e62195,libarrow_select-78eb6fe488008fdd,libarrow_array-5803b00255d58974,libahash-6a23411b0f36137c,libgetrandom-a73f2f085e83d825,libhashbrown-646cb50410e39eac,libarrow_data-e01aa45473d1e00f,libarrow_schema-73b4f800c31cf4e7,libarrow_buffer-51359e03aa72defa,libhalf-7233b73bfc780223,libzerocopy-37fccb2b358ae540,libnum-59da63f9ce111d83,libnum_iter-506084b5aba2cbb5,libnum_rational-48aa6a23ca3c7490,libnum_complex-ed1658ea66897262,libnum_bigint-d687fda077b956cc,libnum_integer-085ed5d5af298655,libaxum-5faa0fa43c15f1db,libserde_json-15bd8aae49a9158b,libmemchr-5cfa70d22cb32987,libzmij-ef63f1da73704b4c,libserde_path_to_error-c825e559883fa087,libserde_urlencoded-e8e97f8b8c436b37,libryu-1f4f40e4352371e5,libform_urlencoded-58b0f0edb59b40d2,libpercent_encoding-fa055ecaa1e57cfa,libhyper_util-6372697ec187db07,libhyper-1e974b3242842b72,libhttparse-8c9b827b8f345444,libatomic_waker-06950c8c08d2b8fa,libhttpdate-331798cefc82cc7e,libfutures_channel-94289a78f74303ed,libmatchit-9aa922efa503b546,libaxum_core-4c572f750efa8526,libmime-0188e0814ca7ddbf,libhttp_body_util-ed5fbd1db1f6d6fc,libhttp_body-8d8f9f8398f09fa7,libhttp-563f2cb150350555,libitoa-5de11b3b23bfe572,libtracing-aea6c921caded2ce,liblog-b262261d47bd2eba,libtracing_core-d26029c784af5925,libonce_cell-b5bdc597ed9676b3,libtower-e849792148969f2e,libsync_wrapper-b4537d9de714f6d1,libtower_layer-d908dd771b239ecd,libfutures_util-155a98708b78fd0a,libfutures_task-5326a9841e0a3cd0,libfutures_core-1121ff913ed87f93,libtower_service-3fb88d28c2218805,libtokio-015ed4f2e00ca096,libsignal_hook_registry-97fb91977beb15cc,liberrno-40a43d7c8a9b8122,libsocket2-2367bcf2eb96355a,libbytes-2ed9460101f17bbf,libmio-3f5f6fa89ecad527,libparking_lot-080783593a730975,libparking_lot_core-bccd0786fb787739,liblibc-612664c2206eec43,libcfg_if-83060ec5685761ae,libsmallvec-bc3128fdd57228fc,liblock_api-16d46fed645f7bff,libscopeguard-7ec2214574194454,libpin_project_lite-0a15d51c77964692,libchrono-2935c3c77e9a89ed,libiana_time_zone-bcd81aefedc374a6,libnum_traits-22d4c2c1070c368e,libserde-07710745bb7016f6,libserde_core-9c6a4a1faf3c1a34}.rlib" "<sysroot>/lib/rustlib/x86_64-unknown-linux-gnu/lib/{libstd-*,libpanic_unwind-*,libobject-*,libmemchr-*,libaddr2line-*,libgimli-*,libcfg_if-*,librustc_demangle-*,libstd_detect-*,libhashbrown-*,librustc_std_workspace_alloc-*,libminiz_oxide-*,libadler2-*,libunwind-*,liblibc-*,librustc_std_workspace_core-*,liballoc-*,libcore-*,libcompiler_builtins-*}.rlib" "-Wl,-Bdynamic" "-lgcc_s" "-lutil" "-lrt" "-lpthread" "-lm" "-ldl" "-lc" "-L" "/opt/rustwide/target/debug/deps/rustcum5ZPC/raw-dylibs" "-B<sysroot>/lib/rustlib/x86_64-unknown-linux-gnu/bin/gcc-ld" "-fuse-ld=lld" "-Wl,--eh-frame-hdr" "-Wl,-z,noexecstack" "-L" "/opt/rustwide/target/debug/build/blake3-b043b798c98dc1b3/out" "-L" "/opt/rustwide/target/debug/build/zstd-sys-959db909fdf49e9a/out" "-L" "/opt/rustwide/target/debug/build/psm-fff30dcdbe9ced1e/out" "-L" "<sysroot>/lib/rustlib/x86_64-unknown-linux-gnu/lib" "-o" "/opt/rustwide/target/debug/deps/bucketing-440bead21f35cb0a" "-Wl,--gc-sections" "-pie" "-Wl,-z,relro,-z,now" "-nodefaultlibs"
[INFO] [stdout]   = note: some arguments are omitted. use `--verbose` to show all linker arguments
[INFO] [stdout]   = note: collect2: fatal error: ld terminated with signal 9 [Killed]
[INFO] [stdout]           compilation terminated.
[INFO] [stdout]           
[INFO] [stdout] 
[INFO] [stdout] 
[INFO] [stderr] error: could not compile `usagedb` (test "bucketing") due to 1 previous error
[INFO] [stdout] error: linking with `cc` failed: exit status: 1
[INFO] [stdout]   |
[INFO] [stdout]   = note:  "cc" "-m64" "/opt/rustwide/target/debug/deps/rustcD88iZM/symbols.o" "<7 object files omitted>" "-Wl,--as-needed" "-Wl,-Bstatic" "/opt/rustwide/target/debug/deps/{libtempfile-50ad8fd3a6f486c7,libfastrand-8c711c36072d5b5b}.rlib" "<sysroot>/lib/rustlib/x86_64-unknown-linux-gnu/lib/{libtest-*,libgetopts-*,librustc_std_workspace_std-*}.rlib" "/opt/rustwide/target/debug/deps/{libusagedb-754878ad087d3316,libbincode-244722b84d7cc2d6,libblake3-4539d8cceda770ec,libconstant_time_eq-1a60f1c89abc6683,libcpufeatures-6c1f78f4142e3013,libarrayvec-c7dde542da3995d2,libarrayref-81fde35c69841043,libuuid-18a59e9829231b53,libgetrandom-fb4c32fda73a41c0,libanyhow-9e4c44ac98d8e4ea,liblz4_flex-bf6add8f78ff6e83,libfs4-e6b56902e1f2c6b9,librustix-66eac2e94111ec6f,liblinux_raw_sys-0b6cde911e9a3109,libsqlparser-95f8b590eb7003a9,librecursive-86e9017db94a7eca,libstacker-c8b45a4ad3b8b433,libpsm-3c950376ecff26ed,libthiserror-02986025785daeb4,libparquet-8b0b0cdf9c32b89e,libzstd-52cfbe5861638b94,libzstd_safe-8db0c19779c87f58,libzstd_sys-2aa65b7075b9b10f,libtwox_hash-99f5160527336f1f,libthrift-e15c508789804f68,libordered_float-df8db5cf804c2d19,libinteger_encoding-679603a00515518e,libbyteorder-8f59b6d1bfdaa844,libarrow-b1cceb2f8c0c3197,libarrow_row-b2ff05cfdad0e09d,libarrow_ipc-e1e12f2fe1e54ff8,libflatbuffers-1afb2caca9b0b6ab,libbitflags-db7b9c0337a7ee76,libarrow_string-e07f8aa4b2404f10,libregex-83b45a2153ed6b7e,libregex_automata-bf751438404198b1,libaho_corasick-fa94425a423a79cf,libregex_syntax-6d6ee545e2ffad72,libarrow_cast-7a633c0db311feb6,libatoi-c67b27915a42295c,libbase64-32787b0325ea6df8,liblexical_core-f05491c3a50edaa0,liblexical_write_float-712757527daa16ab,liblexical_write_integer-2f3589da0b9f210c,liblexical_parse_float-3c29d03419db7c6a,liblexical_parse_integer-4fcfb19c13bfbc18,liblexical_util-801879279684047a,libarrow_arith-48020d543376afe6,libarrow_ord-3e733eeaa7e62195,libarrow_select-78eb6fe488008fdd,libarrow_array-5803b00255d58974,libahash-6a23411b0f36137c,libgetrandom-a73f2f085e83d825,libhashbrown-646cb50410e39eac,libarrow_data-e01aa45473d1e00f,libarrow_schema-73b4f800c31cf4e7,libarrow_buffer-51359e03aa72defa,libhalf-7233b73bfc780223,libzerocopy-37fccb2b358ae540,libnum-59da63f9ce111d83,libnum_iter-506084b5aba2cbb5,libnum_rational-48aa6a23ca3c7490,libnum_complex-ed1658ea66897262,libnum_bigint-d687fda077b956cc,libnum_integer-085ed5d5af298655,libaxum-5faa0fa43c15f1db,libserde_json-15bd8aae49a9158b,libmemchr-5cfa70d22cb32987,libzmij-ef63f1da73704b4c,libserde_path_to_error-c825e559883fa087,libserde_urlencoded-e8e97f8b8c436b37,libryu-1f4f40e4352371e5,libform_urlencoded-58b0f0edb59b40d2,libpercent_encoding-fa055ecaa1e57cfa,libhyper_util-6372697ec187db07,libhyper-1e974b3242842b72,libhttparse-8c9b827b8f345444,libatomic_waker-06950c8c08d2b8fa,libhttpdate-331798cefc82cc7e,libfutures_channel-94289a78f74303ed,libmatchit-9aa922efa503b546,libaxum_core-4c572f750efa8526,libmime-0188e0814ca7ddbf,libhttp_body_util-ed5fbd1db1f6d6fc,libhttp_body-8d8f9f8398f09fa7,libhttp-563f2cb150350555,libitoa-5de11b3b23bfe572,libtracing-aea6c921caded2ce,liblog-b262261d47bd2eba,libtracing_core-d26029c784af5925,libonce_cell-b5bdc597ed9676b3,libtower-e849792148969f2e,libsync_wrapper-b4537d9de714f6d1,libtower_layer-d908dd771b239ecd,libfutures_util-155a98708b78fd0a,libfutures_task-5326a9841e0a3cd0,libfutures_core-1121ff913ed87f93,libtower_service-3fb88d28c2218805,libchrono-2935c3c77e9a89ed,libiana_time_zone-bcd81aefedc374a6,libnum_traits-22d4c2c1070c368e,libserde-07710745bb7016f6,libserde_core-9c6a4a1faf3c1a34,libtokio-015ed4f2e00ca096,libsignal_hook_registry-97fb91977beb15cc,liberrno-40a43d7c8a9b8122,libsocket2-2367bcf2eb96355a,libbytes-2ed9460101f17bbf,libmio-3f5f6fa89ecad527,libparking_lot-080783593a730975,libparking_lot_core-bccd0786fb787739,liblibc-612664c2206eec43,libcfg_if-83060ec5685761ae,libsmallvec-bc3128fdd57228fc,liblock_api-16d46fed645f7bff,libscopeguard-7ec2214574194454,libpin_project_lite-0a15d51c77964692}.rlib" "<sysroot>/lib/rustlib/x86_64-unknown-linux-gnu/lib/{libstd-*,libpanic_unwind-*,libobject-*,libmemchr-*,libaddr2line-*,libgimli-*,libcfg_if-*,librustc_demangle-*,libstd_detect-*,libhashbrown-*,librustc_std_workspace_alloc-*,libminiz_oxide-*,libadler2-*,libunwind-*,liblibc-*,librustc_std_workspace_core-*,liballoc-*,libcore-*,libcompiler_builtins-*}.rlib" "-Wl,-Bdynamic" "-lgcc_s" "-lutil" "-lrt" "-lpthread" "-lm" "-ldl" "-lc" "-L" "/opt/rustwide/target/debug/deps/rustcD88iZM/raw-dylibs" "-B<sysroot>/lib/rustlib/x86_64-unknown-linux-gnu/bin/gcc-ld" "-fuse-ld=lld" "-Wl,--eh-frame-hdr" "-Wl,-z,noexecstack" "-L" "/opt/rustwide/target/debug/build/blake3-b043b798c98dc1b3/out" "-L" "/opt/rustwide/target/debug/build/zstd-sys-959db909fdf49e9a/out" "-L" "/opt/rustwide/target/debug/build/psm-fff30dcdbe9ced1e/out" "-L" "<sysroot>/lib/rustlib/x86_64-unknown-linux-gnu/lib" "-o" "/opt/rustwide/target/debug/deps/billing_safety-0dbd8bf7bcd95b4a" "-Wl,--gc-sections" "-pie" "-Wl,-z,relro,-z,now" "-nodefaultlibs"
[INFO] [stdout]   = note: some arguments are omitted. use `--verbose` to show all linker arguments
[INFO] [stdout]   = note: collect2: fatal error: ld terminated with signal 9 [Killed]
[INFO] [stdout]           compilation terminated.
[INFO] [stdout]           
[INFO] [stdout] 
[INFO] [stdout] 
[INFO] [stderr] error: could not compile `usagedb` (test "billing_safety") due to 1 previous error
[INFO] [stdout] error: linking with `cc` failed: exit status: 1
[INFO] [stdout]   |
[INFO] [stdout]   = note:  "cc" "-m64" "/opt/rustwide/target/debug/deps/rustc0KGKtX/symbols.o" "<3 object files omitted>" "-Wl,--as-needed" "-Wl,-Bstatic" "/opt/rustwide/target/debug/deps/{libtempfile-50ad8fd3a6f486c7,libfastrand-8c711c36072d5b5b}.rlib" "<sysroot>/lib/rustlib/x86_64-unknown-linux-gnu/lib/{libtest-*,libgetopts-*,librustc_std_workspace_std-*}.rlib" "/opt/rustwide/target/debug/deps/{libusagedb-754878ad087d3316,libbincode-244722b84d7cc2d6,libblake3-4539d8cceda770ec,libconstant_time_eq-1a60f1c89abc6683,libcpufeatures-6c1f78f4142e3013,libarrayvec-c7dde542da3995d2,libarrayref-81fde35c69841043,libuuid-18a59e9829231b53,libgetrandom-fb4c32fda73a41c0,libanyhow-9e4c44ac98d8e4ea,liblz4_flex-bf6add8f78ff6e83,libfs4-e6b56902e1f2c6b9,librustix-66eac2e94111ec6f,liblinux_raw_sys-0b6cde911e9a3109,libsqlparser-95f8b590eb7003a9,librecursive-86e9017db94a7eca,libstacker-c8b45a4ad3b8b433,libpsm-3c950376ecff26ed,libthiserror-02986025785daeb4,libparquet-8b0b0cdf9c32b89e,libzstd-52cfbe5861638b94,libzstd_safe-8db0c19779c87f58,libzstd_sys-2aa65b7075b9b10f,libtwox_hash-99f5160527336f1f,libthrift-e15c508789804f68,libordered_float-df8db5cf804c2d19,libinteger_encoding-679603a00515518e,libbyteorder-8f59b6d1bfdaa844,libarrow-b1cceb2f8c0c3197,libarrow_row-b2ff05cfdad0e09d,libarrow_ipc-e1e12f2fe1e54ff8,libflatbuffers-1afb2caca9b0b6ab,libbitflags-db7b9c0337a7ee76,libarrow_string-e07f8aa4b2404f10,libregex-83b45a2153ed6b7e,libregex_automata-bf751438404198b1,libaho_corasick-fa94425a423a79cf,libregex_syntax-6d6ee545e2ffad72,libarrow_cast-7a633c0db311feb6,libatoi-c67b27915a42295c,libbase64-32787b0325ea6df8,liblexical_core-f05491c3a50edaa0,liblexical_write_float-712757527daa16ab,liblexical_write_integer-2f3589da0b9f210c,liblexical_parse_float-3c29d03419db7c6a,liblexical_parse_integer-4fcfb19c13bfbc18,liblexical_util-801879279684047a,libarrow_arith-48020d543376afe6,libarrow_ord-3e733eeaa7e62195,libarrow_select-78eb6fe488008fdd,libarrow_array-5803b00255d58974,libahash-6a23411b0f36137c,libgetrandom-a73f2f085e83d825,libhashbrown-646cb50410e39eac,libarrow_data-e01aa45473d1e00f,libarrow_schema-73b4f800c31cf4e7,libarrow_buffer-51359e03aa72defa,libhalf-7233b73bfc780223,libzerocopy-37fccb2b358ae540,libnum-59da63f9ce111d83,libnum_iter-506084b5aba2cbb5,libnum_rational-48aa6a23ca3c7490,libnum_complex-ed1658ea66897262,libnum_bigint-d687fda077b956cc,libnum_integer-085ed5d5af298655,libaxum-5faa0fa43c15f1db,libserde_json-15bd8aae49a9158b,libmemchr-5cfa70d22cb32987,libzmij-ef63f1da73704b4c,libserde_path_to_error-c825e559883fa087,libserde_urlencoded-e8e97f8b8c436b37,libryu-1f4f40e4352371e5,libform_urlencoded-58b0f0edb59b40d2,libpercent_encoding-fa055ecaa1e57cfa,libhyper_util-6372697ec187db07,libhyper-1e974b3242842b72,libhttparse-8c9b827b8f345444,libatomic_waker-06950c8c08d2b8fa,libhttpdate-331798cefc82cc7e,libfutures_channel-94289a78f74303ed,libmatchit-9aa922efa503b546,libaxum_core-4c572f750efa8526,libmime-0188e0814ca7ddbf,libhttp_body_util-ed5fbd1db1f6d6fc,libhttp_body-8d8f9f8398f09fa7,libhttp-563f2cb150350555,libitoa-5de11b3b23bfe572,libtracing-aea6c921caded2ce,liblog-b262261d47bd2eba,libtracing_core-d26029c784af5925,libonce_cell-b5bdc597ed9676b3,libtower-e849792148969f2e,libsync_wrapper-b4537d9de714f6d1,libtower_layer-d908dd771b239ecd,libfutures_util-155a98708b78fd0a,libfutures_task-5326a9841e0a3cd0,libfutures_core-1121ff913ed87f93,libtower_service-3fb88d28c2218805,libchrono-2935c3c77e9a89ed,libiana_time_zone-bcd81aefedc374a6,libnum_traits-22d4c2c1070c368e,libserde-07710745bb7016f6,libserde_core-9c6a4a1faf3c1a34,libtokio-015ed4f2e00ca096,libsignal_hook_registry-97fb91977beb15cc,liberrno-40a43d7c8a9b8122,libsocket2-2367bcf2eb96355a,libbytes-2ed9460101f17bbf,libmio-3f5f6fa89ecad527,libparking_lot-080783593a730975,libparking_lot_core-bccd0786fb787739,liblibc-612664c2206eec43,libcfg_if-83060ec5685761ae,libsmallvec-bc3128fdd57228fc,liblock_api-16d46fed645f7bff,libscopeguard-7ec2214574194454,libpin_project_lite-0a15d51c77964692}.rlib" "<sysroot>/lib/rustlib/x86_64-unknown-linux-gnu/lib/{libstd-*,libpanic_unwind-*,libobject-*,libmemchr-*,libaddr2line-*,libgimli-*,libcfg_if-*,librustc_demangle-*,libstd_detect-*,libhashbrown-*,librustc_std_workspace_alloc-*,libminiz_oxide-*,libadler2-*,libunwind-*,liblibc-*,librustc_std_workspace_core-*,liballoc-*,libcore-*,libcompiler_builtins-*}.rlib" "-Wl,-Bdynamic" "-lgcc_s" "-lutil" "-lrt" "-lpthread" "-lm" "-ldl" "-lc" "-L" "/opt/rustwide/target/debug/deps/rustc0KGKtX/raw-dylibs" "-B<sysroot>/lib/rustlib/x86_64-unknown-linux-gnu/bin/gcc-ld" "-fuse-ld=lld" "-Wl,--eh-frame-hdr" "-Wl,-z,noexecstack" "-L" "/opt/rustwide/target/debug/build/blake3-b043b798c98dc1b3/out" "-L" "/opt/rustwide/target/debug/build/zstd-sys-959db909fdf49e9a/out" "-L" "/opt/rustwide/target/debug/build/psm-fff30dcdbe9ced1e/out" "-L" "<sysroot>/lib/rustlib/x86_64-unknown-linux-gnu/lib" "-o" "/opt/rustwide/target/debug/deps/p1_fixes-787107cfbf7c065f" "-Wl,--gc-sections" "-pie" "-Wl,-z,relro,-z,now" "-nodefaultlibs"
[INFO] [stdout]   = note: some arguments are omitted. use `--verbose` to show all linker arguments
[INFO] [stdout]   = note: collect2: fatal error: ld terminated with signal 9 [Killed]
[INFO] [stdout]           compilation terminated.
[INFO] [stdout]           
[INFO] [stdout] 
[INFO] [stdout] 
[INFO] [stderr] error: could not compile `usagedb` (test "p1_fixes") due to 1 previous error
[INFO] [stdout] error: linking with `cc` failed: exit status: 1
[INFO] [stdout]   |
[INFO] [stdout]   = note:  "cc" "-m64" "/opt/rustwide/target/debug/deps/rustcD5thzf/symbols.o" "<6 object files omitted>" "-Wl,--as-needed" "-Wl,-Bstatic" "/opt/rustwide/target/debug/deps/{libtempfile-50ad8fd3a6f486c7,libfastrand-8c711c36072d5b5b}.rlib" "<sysroot>/lib/rustlib/x86_64-unknown-linux-gnu/lib/{libtest-*,libgetopts-*,librustc_std_workspace_std-*}.rlib" "/opt/rustwide/target/debug/deps/{libusagedb-754878ad087d3316,libbincode-244722b84d7cc2d6,libblake3-4539d8cceda770ec,libconstant_time_eq-1a60f1c89abc6683,libcpufeatures-6c1f78f4142e3013,libarrayvec-c7dde542da3995d2,libarrayref-81fde35c69841043,libuuid-18a59e9829231b53,libgetrandom-fb4c32fda73a41c0,libanyhow-9e4c44ac98d8e4ea,liblz4_flex-bf6add8f78ff6e83,libfs4-e6b56902e1f2c6b9,librustix-66eac2e94111ec6f,liblinux_raw_sys-0b6cde911e9a3109,libsqlparser-95f8b590eb7003a9,librecursive-86e9017db94a7eca,libstacker-c8b45a4ad3b8b433,libpsm-3c950376ecff26ed,libthiserror-02986025785daeb4,libparquet-8b0b0cdf9c32b89e,libzstd-52cfbe5861638b94,libzstd_safe-8db0c19779c87f58,libzstd_sys-2aa65b7075b9b10f,libtwox_hash-99f5160527336f1f,libthrift-e15c508789804f68,libordered_float-df8db5cf804c2d19,libinteger_encoding-679603a00515518e,libbyteorder-8f59b6d1bfdaa844,libarrow-b1cceb2f8c0c3197,libarrow_row-b2ff05cfdad0e09d,libarrow_ipc-e1e12f2fe1e54ff8,libflatbuffers-1afb2caca9b0b6ab,libbitflags-db7b9c0337a7ee76,libarrow_string-e07f8aa4b2404f10,libregex-83b45a2153ed6b7e,libregex_automata-bf751438404198b1,libaho_corasick-fa94425a423a79cf,libregex_syntax-6d6ee545e2ffad72,libarrow_cast-7a633c0db311feb6,libatoi-c67b27915a42295c,libbase64-32787b0325ea6df8,liblexical_core-f05491c3a50edaa0,liblexical_write_float-712757527daa16ab,liblexical_write_integer-2f3589da0b9f210c,liblexical_parse_float-3c29d03419db7c6a,liblexical_parse_integer-4fcfb19c13bfbc18,liblexical_util-801879279684047a,libarrow_arith-48020d543376afe6,libarrow_ord-3e733eeaa7e62195,libarrow_select-78eb6fe488008fdd,libarrow_array-5803b00255d58974,libahash-6a23411b0f36137c,libgetrandom-a73f2f085e83d825,libhashbrown-646cb50410e39eac,libarrow_data-e01aa45473d1e00f,libarrow_schema-73b4f800c31cf4e7,libarrow_buffer-51359e03aa72defa,libhalf-7233b73bfc780223,libzerocopy-37fccb2b358ae540,libnum-59da63f9ce111d83,libnum_iter-506084b5aba2cbb5,libnum_rational-48aa6a23ca3c7490,libnum_complex-ed1658ea66897262,libnum_bigint-d687fda077b956cc,libnum_integer-085ed5d5af298655,libaxum-5faa0fa43c15f1db,libserde_json-15bd8aae49a9158b,libmemchr-5cfa70d22cb32987,libzmij-ef63f1da73704b4c,libserde_path_to_error-c825e559883fa087,libserde_urlencoded-e8e97f8b8c436b37,libryu-1f4f40e4352371e5,libform_urlencoded-58b0f0edb59b40d2,libpercent_encoding-fa055ecaa1e57cfa,libhyper_util-6372697ec187db07,libhyper-1e974b3242842b72,libhttparse-8c9b827b8f345444,libatomic_waker-06950c8c08d2b8fa,libhttpdate-331798cefc82cc7e,libfutures_channel-94289a78f74303ed,libmatchit-9aa922efa503b546,libaxum_core-4c572f750efa8526,libmime-0188e0814ca7ddbf,libhttp_body_util-ed5fbd1db1f6d6fc,libhttp_body-8d8f9f8398f09fa7,libhttp-563f2cb150350555,libitoa-5de11b3b23bfe572,libtracing-aea6c921caded2ce,liblog-b262261d47bd2eba,libtracing_core-d26029c784af5925,libonce_cell-b5bdc597ed9676b3,libtower-e849792148969f2e,libsync_wrapper-b4537d9de714f6d1,libtower_layer-d908dd771b239ecd,libfutures_util-155a98708b78fd0a,libfutures_task-5326a9841e0a3cd0,libfutures_core-1121ff913ed87f93,libtower_service-3fb88d28c2218805,libchrono-2935c3c77e9a89ed,libiana_time_zone-bcd81aefedc374a6,libnum_traits-22d4c2c1070c368e,libserde-07710745bb7016f6,libserde_core-9c6a4a1faf3c1a34,libtokio-015ed4f2e00ca096,libsignal_hook_registry-97fb91977beb15cc,liberrno-40a43d7c8a9b8122,libsocket2-2367bcf2eb96355a,libbytes-2ed9460101f17bbf,libmio-3f5f6fa89ecad527,libparking_lot-080783593a730975,libparking_lot_core-bccd0786fb787739,liblibc-612664c2206eec43,libcfg_if-83060ec5685761ae,libsmallvec-bc3128fdd57228fc,liblock_api-16d46fed645f7bff,libscopeguard-7ec2214574194454,libpin_project_lite-0a15d51c77964692}.rlib" "<sysroot>/lib/rustlib/x86_64-unknown-linux-gnu/lib/{libstd-*,libpanic_unwind-*,libobject-*,libmemchr-*,libaddr2line-*,libgimli-*,libcfg_if-*,librustc_demangle-*,libstd_detect-*,libhashbrown-*,librustc_std_workspace_alloc-*,libminiz_oxide-*,libadler2-*,libunwind-*,liblibc-*,librustc_std_workspace_core-*,liballoc-*,libcore-*,libcompiler_builtins-*}.rlib" "-Wl,-Bdynamic" "-lgcc_s" "-lutil" "-lrt" "-lpthread" "-lm" "-ldl" "-lc" "-L" "/opt/rustwide/target/debug/deps/rustcD5thzf/raw-dylibs" "-B<sysroot>/lib/rustlib/x86_64-unknown-linux-gnu/bin/gcc-ld" "-fuse-ld=lld" "-Wl,--eh-frame-hdr" "-Wl,-z,noexecstack" "-L" "/opt/rustwide/target/debug/build/blake3-b043b798c98dc1b3/out" "-L" "/opt/rustwide/target/debug/build/zstd-sys-959db909fdf49e9a/out" "-L" "/opt/rustwide/target/debug/build/psm-fff30dcdbe9ced1e/out" "-L" "<sysroot>/lib/rustlib/x86_64-unknown-linux-gnu/lib" "-o" "/opt/rustwide/target/debug/deps/rollups-be511e07d31d56fb" "-Wl,--gc-sections" "-pie" "-Wl,-z,relro,-z,now" "-nodefaultlibs"
[INFO] [stdout]   = note: some arguments are omitted. use `--verbose` to show all linker arguments
[INFO] [stdout]   = note: collect2: fatal error: ld terminated with signal 9 [Killed]
[INFO] [stdout]           compilation terminated.
[INFO] [stdout]           
[INFO] [stdout] 
[INFO] [stdout] 
[INFO] [stderr] error: could not compile `usagedb` (test "rollups") due to 1 previous error
[INFO] [stdout] error: linking with `cc` failed: exit status: 1
[INFO] [stdout]   |
[INFO] [stdout]   = note:  "cc" "-m64" "/opt/rustwide/target/debug/deps/rustcbFi6ko/symbols.o" "<6 object files omitted>" "-Wl,--as-needed" "-Wl,-Bstatic" "/opt/rustwide/target/debug/deps/{libtempfile-50ad8fd3a6f486c7,libfastrand-8c711c36072d5b5b}.rlib" "<sysroot>/lib/rustlib/x86_64-unknown-linux-gnu/lib/{libtest-*,libgetopts-*,librustc_std_workspace_std-*}.rlib" "/opt/rustwide/target/debug/deps/{libusagedb-754878ad087d3316,libbincode-244722b84d7cc2d6,libblake3-4539d8cceda770ec,libconstant_time_eq-1a60f1c89abc6683,libcpufeatures-6c1f78f4142e3013,libarrayvec-c7dde542da3995d2,libarrayref-81fde35c69841043,libuuid-18a59e9829231b53,libgetrandom-fb4c32fda73a41c0,libanyhow-9e4c44ac98d8e4ea,liblz4_flex-bf6add8f78ff6e83,libfs4-e6b56902e1f2c6b9,librustix-66eac2e94111ec6f,liblinux_raw_sys-0b6cde911e9a3109,libsqlparser-95f8b590eb7003a9,librecursive-86e9017db94a7eca,libstacker-c8b45a4ad3b8b433,libpsm-3c950376ecff26ed,libthiserror-02986025785daeb4,libparquet-8b0b0cdf9c32b89e,libzstd-52cfbe5861638b94,libzstd_safe-8db0c19779c87f58,libzstd_sys-2aa65b7075b9b10f,libtwox_hash-99f5160527336f1f,libthrift-e15c508789804f68,libordered_float-df8db5cf804c2d19,libinteger_encoding-679603a00515518e,libbyteorder-8f59b6d1bfdaa844,libarrow-b1cceb2f8c0c3197,libarrow_row-b2ff05cfdad0e09d,libarrow_ipc-e1e12f2fe1e54ff8,libflatbuffers-1afb2caca9b0b6ab,libbitflags-db7b9c0337a7ee76,libarrow_string-e07f8aa4b2404f10,libregex-83b45a2153ed6b7e,libregex_automata-bf751438404198b1,libaho_corasick-fa94425a423a79cf,libregex_syntax-6d6ee545e2ffad72,libarrow_cast-7a633c0db311feb6,libatoi-c67b27915a42295c,libbase64-32787b0325ea6df8,liblexical_core-f05491c3a50edaa0,liblexical_write_float-712757527daa16ab,liblexical_write_integer-2f3589da0b9f210c,liblexical_parse_float-3c29d03419db7c6a,liblexical_parse_integer-4fcfb19c13bfbc18,liblexical_util-801879279684047a,libarrow_arith-48020d543376afe6,libarrow_ord-3e733eeaa7e62195,libarrow_select-78eb6fe488008fdd,libarrow_array-5803b00255d58974,libahash-6a23411b0f36137c,libgetrandom-a73f2f085e83d825,libhashbrown-646cb50410e39eac,libarrow_data-e01aa45473d1e00f,libarrow_schema-73b4f800c31cf4e7,libarrow_buffer-51359e03aa72defa,libhalf-7233b73bfc780223,libzerocopy-37fccb2b358ae540,libnum-59da63f9ce111d83,libnum_iter-506084b5aba2cbb5,libnum_rational-48aa6a23ca3c7490,libnum_complex-ed1658ea66897262,libnum_bigint-d687fda077b956cc,libnum_integer-085ed5d5af298655,libchrono-2935c3c77e9a89ed,libiana_time_zone-bcd81aefedc374a6,libnum_traits-22d4c2c1070c368e,libaxum-5faa0fa43c15f1db,libserde_json-15bd8aae49a9158b,libmemchr-5cfa70d22cb32987,libzmij-ef63f1da73704b4c,libserde_path_to_error-c825e559883fa087,libserde_urlencoded-e8e97f8b8c436b37,libryu-1f4f40e4352371e5,libserde-07710745bb7016f6,libform_urlencoded-58b0f0edb59b40d2,libpercent_encoding-fa055ecaa1e57cfa,libhyper_util-6372697ec187db07,libhyper-1e974b3242842b72,libhttparse-8c9b827b8f345444,libatomic_waker-06950c8c08d2b8fa,libhttpdate-331798cefc82cc7e,libfutures_channel-94289a78f74303ed,libmatchit-9aa922efa503b546,libserde_core-9c6a4a1faf3c1a34,libaxum_core-4c572f750efa8526,libmime-0188e0814ca7ddbf,libhttp_body_util-ed5fbd1db1f6d6fc,libhttp_body-8d8f9f8398f09fa7,libhttp-563f2cb150350555,libitoa-5de11b3b23bfe572,libtracing-aea6c921caded2ce,liblog-b262261d47bd2eba,libtracing_core-d26029c784af5925,libonce_cell-b5bdc597ed9676b3,libtower-e849792148969f2e,libsync_wrapper-b4537d9de714f6d1,libtower_layer-d908dd771b239ecd,libfutures_util-155a98708b78fd0a,libfutures_task-5326a9841e0a3cd0,libfutures_core-1121ff913ed87f93,libtower_service-3fb88d28c2218805,libtokio-015ed4f2e00ca096,libsignal_hook_registry-97fb91977beb15cc,liberrno-40a43d7c8a9b8122,libsocket2-2367bcf2eb96355a,libbytes-2ed9460101f17bbf,libmio-3f5f6fa89ecad527,libparking_lot-080783593a730975,libparking_lot_core-bccd0786fb787739,liblibc-612664c2206eec43,libcfg_if-83060ec5685761ae,libsmallvec-bc3128fdd57228fc,liblock_api-16d46fed645f7bff,libscopeguard-7ec2214574194454,libpin_project_lite-0a15d51c77964692}.rlib" "<sysroot>/lib/rustlib/x86_64-unknown-linux-gnu/lib/{libstd-*,libpanic_unwind-*,libobject-*,libmemchr-*,libaddr2line-*,libgimli-*,libcfg_if-*,librustc_demangle-*,libstd_detect-*,libhashbrown-*,librustc_std_workspace_alloc-*,libminiz_oxide-*,libadler2-*,libunwind-*,liblibc-*,librustc_std_workspace_core-*,liballoc-*,libcore-*,libcompiler_builtins-*}.rlib" "-Wl,-Bdynamic" "-lgcc_s" "-lutil" "-lrt" "-lpthread" "-lm" "-ldl" "-lc" "-L" "/opt/rustwide/target/debug/deps/rustcbFi6ko/raw-dylibs" "-B<sysroot>/lib/rustlib/x86_64-unknown-linux-gnu/bin/gcc-ld" "-fuse-ld=lld" "-Wl,--eh-frame-hdr" "-Wl,-z,noexecstack" "-L" "/opt/rustwide/target/debug/build/blake3-b043b798c98dc1b3/out" "-L" "/opt/rustwide/target/debug/build/zstd-sys-959db909fdf49e9a/out" "-L" "/opt/rustwide/target/debug/build/psm-fff30dcdbe9ced1e/out" "-L" "<sysroot>/lib/rustlib/x86_64-unknown-linux-gnu/lib" "-o" "/opt/rustwide/target/debug/deps/rollup_provenance-10c396aa6b4ae1ba" "-Wl,--gc-sections" "-pie" "-Wl,-z,relro,-z,now" "-nodefaultlibs"
[INFO] [stdout]   = note: some arguments are omitted. use `--verbose` to show all linker arguments
[INFO] [stdout]   = note: collect2: fatal error: ld terminated with signal 9 [Killed]
[INFO] [stdout]           compilation terminated.
[INFO] [stdout]           
[INFO] [stdout] 
[INFO] [stdout] 
[INFO] [stderr] error: could not compile `usagedb` (test "rollup_provenance") due to 1 previous error
[INFO] running `Command { std: "docker" "inspect" "f2a92609288de14650f5afa671b76bf242f1a71424b78bf1cf31f89ff3c11a66", kill_on_drop: false }`
[INFO] running `Command { std: "docker" "rm" "-f" "f2a92609288de14650f5afa671b76bf242f1a71424b78bf1cf31f89ff3c11a66", kill_on_drop: false }`
[INFO] [stdout] f2a92609288de14650f5afa671b76bf242f1a71424b78bf1cf31f89ff3c11a66
