[INFO] cloning repository https://github.com/mailgourav/nft-lend-borrow
[INFO] running `Command { std: "git" "-c" "credential.helper=" "-c" "credential.helper=/workspace/cargo-home/bin/git-credential-null" "clone" "--bare" "https://github.com/mailgourav/nft-lend-borrow" "/workspace/cache/git-repos/https%3A%2F%2Fgithub.com%2Fmailgourav%2Fnft-lend-borrow", kill_on_drop: false }`
[INFO] [stderr] Cloning into bare repository '/workspace/cache/git-repos/https%3A%2F%2Fgithub.com%2Fmailgourav%2Fnft-lend-borrow'...
[INFO] running `Command { std: "git" "rev-parse" "HEAD", kill_on_drop: false }`
[INFO] [stdout] 23e8c17b76d1d37f2564c93e7337e61c9657ddf7
[INFO] testing mailgourav/nft-lend-borrow against 1.97.0-beta.6 for beta-1.98-2
[INFO] running `Command { std: "git" "clone" "/workspace/cache/git-repos/https%3A%2F%2Fgithub.com%2Fmailgourav%2Fnft-lend-borrow" "/workspace/builds/worker-4-tc1/source", kill_on_drop: false }`
[INFO] [stderr] Cloning into '/workspace/builds/worker-4-tc1/source'...
[INFO] [stderr] done.
[INFO] started tweaking git repo https://github.com/mailgourav/nft-lend-borrow
[INFO] finished tweaking git repo https://github.com/mailgourav/nft-lend-borrow
[INFO] tweaked toml for git repo https://github.com/mailgourav/nft-lend-borrow written to /workspace/builds/worker-4-tc1/source/Cargo.toml
[INFO] validating manifest of git repo https://github.com/mailgourav/nft-lend-borrow on toolchain 1.97.0-beta.6
[INFO] running `Command { std: CARGO_HOME="/workspace/cargo-home" RUSTUP_HOME="/workspace/rustup-home" "/workspace/cargo-home/bin/cargo" "+1.97.0-beta.6" "metadata" "--manifest-path" "Cargo.toml" "--no-deps", kill_on_drop: false }`
[INFO] crate git repo https://github.com/mailgourav/nft-lend-borrow already has a lockfile, it will not be regenerated
[INFO] running `Command { std: CARGO_HOME="/workspace/cargo-home" RUSTUP_HOME="/workspace/rustup-home" "/workspace/cargo-home/bin/cargo" "+1.97.0-beta.6" "fetch" "--manifest-path" "Cargo.toml", kill_on_drop: false }`
[INFO] [stderr] warning: virtual workspace defaulting to `resolver = "1"` despite one or more workspace members being on edition 2021 which implies `resolver = "2"`
[INFO] [stderr]   |
[INFO] [stderr]   = note: to keep the current resolver, specify `workspace.resolver = "1"` in the workspace root's manifest
[INFO] [stderr]   = note: to use the edition 2021 resolver, specify `workspace.resolver = "2"` in the workspace root's manifest
[INFO] [stderr]   = note: for more details see https://doc.rust-lang.org/cargo/reference/resolver.html#resolver-versions
[INFO] [stderr]     Updating crates.io index
[INFO] [stderr]  Downloading crates ...
[INFO] [stderr]   Downloaded anchor-spl v0.29.0
[INFO] [stderr]   Downloaded spl-token-2022 v0.9.0
[INFO] [stderr]   Downloaded thiserror-impl v1.0.50
[INFO] [stderr]   Downloaded block-padding v0.2.1
[INFO] [stderr]   Downloaded solana-frozen-abi-macro v1.17.6
[INFO] [stderr]   Downloaded itoa v1.0.9
[INFO] [stderr]   Downloaded borsh-derive-internal v0.9.3
[INFO] [stderr]   Downloaded zeroize_derive v1.4.2
[INFO] [stderr]   Downloaded borsh v0.9.3
[INFO] [stderr]   Downloaded version_check v0.9.4
[INFO] [stderr]   Downloaded wasm-bindgen-shared v0.2.88
[INFO] [stderr]   Downloaded num-derive v0.4.1
[INFO] [stderr]   Downloaded zeroize v1.3.0
[INFO] [stderr]   Downloaded wasm-bindgen-macro v0.2.88
[INFO] [stderr]   Downloaded rustc_version v0.4.0
[INFO] [stderr]   Downloaded autocfg v1.1.0
[INFO] [stderr]   Downloaded crunchy v0.2.2
[INFO] [stderr]   Downloaded bitflags v2.4.1
[INFO] [stderr]   Downloaded base64 v0.21.5
[INFO] [stderr]   Downloaded hermit-abi v0.1.19
[INFO] [stderr]   Downloaded opaque-debug v0.3.0
[INFO] [stderr]   Downloaded hmac v0.8.1
[INFO] [stderr]   Downloaded arrayref v0.3.7
[INFO] [stderr]   Downloaded num-derive v0.3.3
[INFO] [stderr]   Downloaded borsh-derive-internal v0.10.3
[INFO] [stderr]   Downloaded pbkdf2 v0.4.0
[INFO] [stderr]   Downloaded subtle v2.4.1
[INFO] [stderr]   Downloaded crypto-common v0.1.6
[INFO] [stderr]   Downloaded cpufeatures v0.2.11
[INFO] [stderr]   Downloaded solana-sdk-macro v1.17.6
[INFO] [stderr]   Downloaded borsh-schema-derive-internal v0.10.3
[INFO] [stderr]   Downloaded darling_macro v0.20.3
[INFO] [stderr]   Downloaded percent-encoding v2.3.0
[INFO] [stderr]   Downloaded spl-program-error v0.3.0
[INFO] [stderr]   Downloaded borsh-derive v0.10.3
[INFO] [stderr]   Downloaded memoffset v0.9.0
[INFO] [stderr]   Downloaded keccak v0.1.4
[INFO] [stderr]   Downloaded crypto-mac v0.8.0
[INFO] [stderr]   Downloaded spl-type-length-value v0.3.0
[INFO] [stderr]   Downloaded constant_time_eq v0.3.0
[INFO] [stderr]   Downloaded solana-logger v1.17.6
[INFO] [stderr]   Downloaded atty v0.2.14
[INFO] [stderr]   Downloaded spl-token-metadata-interface v0.2.0
[INFO] [stderr]   Downloaded spl-program-error-derive v0.3.1
[INFO] [stderr]   Downloaded strsim v0.10.0
[INFO] [stderr]   Downloaded cipher v0.3.0
[INFO] [stderr]   Downloaded thiserror v1.0.50
[INFO] [stderr]   Downloaded wasm-bindgen-macro-support v0.2.88
[INFO] [stderr]   Downloaded ppv-lite86 v0.2.17
[INFO] [stderr]   Downloaded serde_bytes v0.11.12
[INFO] [stderr]   Downloaded qualifier_attr v0.2.2
[INFO] [stderr]   Downloaded spl-memo v4.0.0
[INFO] [stderr]   Downloaded semver v1.0.20
[INFO] [stderr]   Downloaded ed25519-dalek-bip32 v0.2.0
[INFO] [stderr]   Downloaded universal-hash v0.4.1
[INFO] [stderr]   Downloaded spl-discriminator-syn v0.1.1
[INFO] [stderr]   Downloaded wasm-bindgen-backend v0.2.88
[INFO] [stderr]   Downloaded memmap2 v0.5.10
[INFO] [stderr]   Downloaded rand_xoshiro v0.6.0
[INFO] [stderr]   Downloaded aead v0.4.3
[INFO] [stderr]   Downloaded spl-discriminator v0.1.0
[INFO] [stderr]   Downloaded spl-transfer-hook-interface v0.3.0
[INFO] [stderr]   Downloaded rustversion v1.0.14
[INFO] [stderr]   Downloaded borsh-schema-derive-internal v0.9.3
[INFO] [stderr]   Downloaded crossbeam-deque v0.8.3
[INFO] [stderr]   Downloaded parking_lot_core v0.9.9
[INFO] [stderr]   Downloaded hmac-drbg v0.3.0
[INFO] [stderr]   Downloaded arrayvec v0.7.4
[INFO] [stderr]   Downloaded borsh-derive v0.9.3
[INFO] [stderr]   Downloaded spl-discriminator-derive v0.1.1
[INFO] [stderr]   Downloaded anchor-derive-serde v0.29.0
[INFO] [stderr]   Downloaded anchor-attribute-event v0.29.0
[INFO] [stderr]   Downloaded anchor-attribute-access-control v0.29.0
[INFO] [stderr]   Downloaded either v1.9.0
[INFO] [stderr]   Downloaded jobserver v0.1.27
[INFO] [stderr]   Downloaded redox_syscall v0.4.1
[INFO] [stderr]   Downloaded paste v1.0.14
[INFO] [stderr]   Downloaded bytemuck_derive v1.5.0
[INFO] [stderr]   Downloaded num_enum_derive v0.6.1
[INFO] [stderr]   Downloaded quote v1.0.33
[INFO] [stderr]   Downloaded bitmaps v2.1.0
[INFO] [stderr]   Downloaded lock_api v0.4.11
[INFO] [stderr]   Downloaded spl-pod v0.1.0
[INFO] [stderr]   Downloaded log v0.4.20
[INFO] [stderr]   Downloaded proc-macro-crate v1.3.1
[INFO] [stderr]   Downloaded toml_datetime v0.6.5
[INFO] [stderr]   Downloaded equivalent v1.0.1
[INFO] [stderr]   Downloaded signature v1.6.4
[INFO] [stderr]   Downloaded assert_matches v1.5.0
[INFO] [stderr]   Downloaded anyhow v1.0.75
[INFO] [stderr]   Downloaded once_cell v1.18.0
[INFO] [stderr]   Downloaded bs58 v0.4.0
[INFO] [stderr]   Downloaded ryu v1.0.15
[INFO] [stderr]   Downloaded wasi v0.11.0+wasi-snapshot-preview1
[INFO] [stderr]   Downloaded ahash v0.8.6
[INFO] [stderr]   Downloaded parking_lot v0.12.1
[INFO] [stderr]   Downloaded smallvec v1.11.2
[INFO] [stderr]   Downloaded unicode-ident v1.0.12
[INFO] [stderr]   Downloaded sha2 v0.10.8
[INFO] [stderr]   Downloaded sized-chunks v0.6.5
[INFO] [stderr]   Downloaded crossbeam-utils v0.8.16
[INFO] [stderr]   Downloaded getrandom v0.2.11
[INFO] [stderr]   Downloaded num-integer v0.1.45
[INFO] [stderr]   Downloaded bytemuck v1.14.0
[INFO] [stderr]   Downloaded borsh v0.10.3
[INFO] [stderr]   Downloaded crossbeam-epoch v0.9.15
[INFO] [stderr]   Downloaded solana-frozen-abi v1.17.6
[INFO] [stderr]   Downloaded proc-macro2 v1.0.69
[INFO] [stderr]   Downloaded serde_derive v1.0.193
[INFO] [stderr]   Downloaded winapi-util v0.1.6
[INFO] [stderr]   Downloaded anchor-derive-accounts v0.29.0
[INFO] [stderr]   Downloaded anchor-attribute-error v0.29.0
[INFO] [stderr]   Downloaded humantime v2.1.0
[INFO] [stderr]   Downloaded proc-macro-crate v2.0.0
[INFO] [stderr]   Downloaded spl-associated-token-account v2.2.0
[INFO] [stderr]   Downloaded anchor-derive-space v0.29.0
[INFO] [stderr]   Downloaded anchor-attribute-program v0.29.0
[INFO] [stderr]   Downloaded anchor-attribute-constant v0.29.0
[INFO] [stderr]   Downloaded anchor-attribute-account v0.29.0
[INFO] [stderr]   Downloaded serde_with_macros v2.3.3
[INFO] [stderr]   Downloaded darling v0.20.3
[INFO] [stderr]   Downloaded num_enum v0.6.1
[INFO] [stderr]   Downloaded polyval v0.5.3
[INFO] [stderr]   Downloaded ctr v0.8.0
[INFO] [stderr]   Downloaded num_enum v0.7.1
[INFO] [stderr]   Downloaded anchor-lang v0.29.0
[INFO] [stderr]   Downloaded num-traits v0.2.17
[INFO] [stderr]   Downloaded spl-tlv-account-resolution v0.4.0
[INFO] [stderr]   Downloaded typenum v1.17.0
[INFO] [stderr]   Downloaded serde v1.0.193
[INFO] [stderr]   Downloaded tinyvec v1.6.0
[INFO] [stderr]   Downloaded js-sys v0.3.65
[INFO] [stderr]   Downloaded rayon-core v1.12.0
[INFO] [stderr]   Downloaded cc v1.0.83
[INFO] [stderr]   Downloaded termcolor v1.4.0
[INFO] [stderr]   Downloaded aes-gcm-siv v0.10.3
[INFO] [stderr]   Downloaded num_enum_derive v0.7.1
[INFO] [stderr]   Downloaded bs58 v0.5.0
[INFO] [stderr]   Downloaded bumpalo v3.14.0
[INFO] [stderr]   Downloaded tiny-bip39 v0.8.2
[INFO] [stderr]   Downloaded ahash v0.7.7
[INFO] [stderr]   Downloaded ed25519 v1.5.3
[INFO] [stderr]   Downloaded num-bigint v0.4.4
[INFO] [stderr]   Downloaded hashbrown v0.11.2
[INFO] [stderr]   Downloaded im v15.1.0
[INFO] [stderr]   Downloaded ed25519-dalek v1.0.1
[INFO] [stderr]   Downloaded spl-token v4.0.0
[INFO] [stderr]   Downloaded anchor-syn v0.29.0
[INFO] [stderr]   Downloaded serde_json v1.0.108
[INFO] [stderr]   Downloaded zerocopy v0.7.26
[INFO] [stderr]   Downloaded env_logger v0.9.3
[INFO] [stderr]   Downloaded unicode-normalization v0.1.22
[INFO] [stderr]   Downloaded darling_core v0.20.3
[INFO] [stderr]   Downloaded blake3 v1.5.0
[INFO] [stderr]   Downloaded wasm-bindgen v0.2.88
[INFO] [stderr]   Downloaded rayon v1.8.0
[INFO] [stderr]   Downloaded indexmap v2.1.0
[INFO] [stderr]   Downloaded syn v2.0.39
[INFO] [stderr]   Downloaded solana-program v1.17.6
[INFO] [stderr]   Downloaded base64 v0.13.1
[INFO] [stderr]   Downloaded toml_edit v0.19.15
[INFO] [stderr]   Downloaded unicode-segmentation v1.10.1
[INFO] [stderr]   Downloaded memchr v2.6.4
[INFO] [stderr]   Downloaded toml_edit v0.20.7
[INFO] [stderr]   Downloaded aho-corasick v1.1.2
[INFO] [stderr]   Downloaded serde_with v2.3.3
[INFO] [stderr]   Downloaded light-poseidon v0.1.2
[INFO] [stderr]   Downloaded aes v0.7.5
[INFO] [stderr]   Downloaded solana-sdk v1.17.6
[INFO] [stderr]   Downloaded hashbrown v0.14.2
[INFO] [stderr]   Downloaded winnow v0.5.19
[INFO] [stderr]   Downloaded zerocopy-derive v0.7.26
[INFO] [stderr]   Downloaded curve25519-dalek v3.2.1
[INFO] [stderr]   Downloaded regex-syntax v0.8.2
[INFO] [stderr]   Downloaded chrono v0.4.31
[INFO] [stderr]   Downloaded regex v1.10.2
[INFO] [stderr]   Downloaded web-sys v0.3.65
[INFO] [stderr]   Downloaded libc v0.2.150
[INFO] [stderr]   Downloaded sha3 v0.10.8
[INFO] [stderr]   Downloaded sha3 v0.9.1
[INFO] [stderr]   Downloaded regex-automata v0.4.3
[INFO] [stderr]   Downloaded solana-zk-token-sdk v1.17.6
[INFO] running `Command { std: "docker" "create" "-v" "/var/lib/crater-agent-workspace/builds/worker-4-tc1/source:/opt/rustwide/workdir:ro,Z" "-v" "/var/lib/crater-agent-workspace/builds/worker-4-tc1/target:/opt/rustwide/target:rw,Z" "-v" "/var/lib/crater-agent-workspace/cargo-home:/opt/rustwide/cargo-home:ro,Z" "-v" "/var/lib/crater-agent-workspace/rustup-home:/opt/rustwide/rustup-home:ro,Z" "-m" "1610612736" "--network" "none" "ghcr.io/rust-lang/crates-build-env/linux@sha256:3d5ced03c013a94a2f102a4510f48a6e9184255caf5fd8244f58017bde7f5210" "sleep" "infinity", kill_on_drop: false }`
[INFO] [stdout] 99404b05db05de4d2b0d65ea95c3476b29639dd9df583235b6dfe04f411df5d5
[INFO] running `Command { std: "docker" "start" "99404b05db05de4d2b0d65ea95c3476b29639dd9df583235b6dfe04f411df5d5", kill_on_drop: false }`
[INFO] running `Command { std: "docker" "inspect" "99404b05db05de4d2b0d65ea95c3476b29639dd9df583235b6dfe04f411df5d5", kill_on_drop: false }`
[INFO] running `Command { std: "docker" "exec" "-e" "SOURCE_DIR=/opt/rustwide/workdir" "-e" "CARGO_HOME=/opt/rustwide/cargo-home" "-e" "RUSTUP_HOME=/opt/rustwide/rustup-home" "-e" "CARGO_TARGET_DIR=/opt/rustwide/target" "-w" "/opt/rustwide/workdir" "--user" "0:0" "99404b05db05de4d2b0d65ea95c3476b29639dd9df583235b6dfe04f411df5d5" "/opt/rustwide/cargo-home/bin/cargo" "+1.97.0-beta.6" "metadata" "--no-deps" "--format-version=1", kill_on_drop: false }`
[INFO] running `Command { std: "docker" "inspect" "99404b05db05de4d2b0d65ea95c3476b29639dd9df583235b6dfe04f411df5d5", kill_on_drop: false }`
[INFO] running `Command { std: "docker" "exec" "-e" "SOURCE_DIR=/opt/rustwide/workdir" "-e" "CARGO_HOME=/opt/rustwide/cargo-home" "-e" "RUSTUP_HOME=/opt/rustwide/rustup-home" "-e" "CARGO_TARGET_DIR=/opt/rustwide/target" "-e" "CARGO_INCREMENTAL=0" "-e" "RUST_BACKTRACE=full" "-e" "RUSTFLAGS=--cap-lints=warn" "-e" "RUSTDOCFLAGS=--cap-lints=warn" "-w" "/opt/rustwide/workdir" "--user" "0:0" "99404b05db05de4d2b0d65ea95c3476b29639dd9df583235b6dfe04f411df5d5" "/opt/rustwide/cargo-home/bin/cargo" "+1.97.0-beta.6" "build" "--frozen" "--message-format=json", kill_on_drop: false }`
[INFO] [stderr] warning: virtual workspace defaulting to `resolver = "1"` despite one or more workspace members being on edition 2021 which implies `resolver = "2"`
[INFO] [stderr]   |
[INFO] [stderr]   = note: to keep the current resolver, specify `workspace.resolver = "1"` in the workspace root's manifest
[INFO] [stderr]   = note: to use the edition 2021 resolver, specify `workspace.resolver = "2"` in the workspace root's manifest
[INFO] [stderr]   = note: for more details see https://doc.rust-lang.org/cargo/reference/resolver.html#resolver-versions
[INFO] [stderr]    Compiling proc-macro2 v1.0.69
[INFO] [stderr]    Compiling unicode-ident v1.0.12
[INFO] [stderr]    Compiling serde v1.0.193
[INFO] [stderr]    Compiling version_check v0.9.4
[INFO] [stderr]    Compiling typenum v1.17.0
[INFO] [stderr]    Compiling cfg-if v1.0.0
[INFO] [stderr]    Compiling libc v0.2.150
[INFO] [stderr]    Compiling subtle v2.4.1
[INFO] [stderr]    Compiling syn v1.0.109
[INFO] [stderr]    Compiling autocfg v1.1.0
[INFO] [stderr]    Compiling cpufeatures v0.2.11
[INFO] [stderr]    Compiling once_cell v1.18.0
[INFO] [stderr]    Compiling thiserror v1.0.50
[INFO] [stderr]    Compiling ppv-lite86 v0.2.17
[INFO] [stderr]    Compiling semver v1.0.20
[INFO] [stderr]    Compiling serde_json v1.0.108
[INFO] [stderr]    Compiling anyhow v1.0.75
[INFO] [stderr]    Compiling ryu v1.0.15
[INFO] [stderr]    Compiling itoa v1.0.9
[INFO] [stderr]    Compiling getrandom v0.1.16
[INFO] [stderr]    Compiling either v1.9.0
[INFO] [stderr]    Compiling opaque-debug v0.3.0
[INFO] [stderr]    Compiling crunchy v0.2.2
[INFO] [stderr]    Compiling generic-array v0.14.7
[INFO] [stderr]    Compiling ahash v0.8.6
[INFO] [stderr]    Compiling zerocopy v0.7.26
[INFO] [stderr]    Compiling crossbeam-utils v0.8.16
[INFO] [stderr]    Compiling block-padding v0.2.1
[INFO] [stderr]    Compiling log v0.4.20
[INFO] [stderr]    Compiling paste v1.0.14
[INFO] [stderr]    Compiling num-traits v0.2.17
[INFO] [stderr]    Compiling num-integer v0.1.45
[INFO] [stderr]    Compiling num-bigint v0.4.4
[INFO] [stderr]    Compiling memoffset v0.9.0
[INFO] [stderr]    Compiling crossbeam-epoch v0.9.15
[INFO] [stderr]    Compiling wasm-bindgen-shared v0.2.88
[INFO] [stderr]    Compiling scopeguard v1.2.0
[INFO] [stderr]    Compiling rustc_version v0.4.0
[INFO] [stderr]    Compiling itertools v0.10.5
[INFO] [stderr]    Compiling rayon-core v1.12.0
[INFO] [stderr]    Compiling byteorder v1.5.0
[INFO] [stderr]    Compiling ahash v0.7.7
[INFO] [stderr]    Compiling bumpalo v3.14.0
[INFO] [stderr]    Compiling hashbrown v0.14.2
[INFO] [stderr]    Compiling equivalent v1.0.1
[INFO] [stderr]    Compiling feature-probe v0.1.1
[INFO] [stderr]    Compiling bv v0.11.1
[INFO] [stderr]    Compiling im v15.1.0
[INFO] [stderr]    Compiling tinyvec_macros v0.1.1
[INFO] [stderr]    Compiling toml_datetime v0.6.5
[INFO] [stderr]    Compiling lazy_static v1.4.0
[INFO] [stderr]    Compiling rustversion v1.0.14
[INFO] [stderr]    Compiling solana-frozen-abi-macro v1.17.6
[INFO] [stderr]    Compiling winnow v0.5.19
[INFO] [stderr]    Compiling keccak v0.1.4
[INFO] [stderr]    Compiling quote v1.0.33
[INFO] [stderr]    Compiling arrayref v0.3.7
[INFO] [stderr]    Compiling solana-frozen-abi v1.17.6
[INFO] [stderr]    Compiling bitmaps v2.1.0
[INFO] [stderr]    Compiling tinyvec v1.6.0
[INFO] [stderr]    Compiling bs58 v0.4.0
[INFO] [stderr]    Compiling wasm-bindgen v0.2.88
[INFO] [stderr]    Compiling constant_time_eq v0.3.0
[INFO] [stderr]    Compiling arrayvec v0.7.4
[INFO] [stderr]    Compiling syn v2.0.39
[INFO] [stderr]    Compiling indexmap v2.1.0
[INFO] [stderr]    Compiling rustc-hash v1.1.0
[INFO] [stderr]    Compiling crossbeam-deque v0.8.3
[INFO] [stderr]    Compiling base64 v0.12.3
[INFO] [stderr]    Compiling fnv v1.0.7
[INFO] [stderr]    Compiling base64 v0.21.5
[INFO] [stderr]    Compiling strsim v0.10.0
[INFO] [stderr]    Compiling ident_case v1.0.1
[INFO] [stderr]    Compiling memchr v2.6.4
[INFO] [stderr]    Compiling regex-syntax v0.8.2
[INFO] [stderr]    Compiling unicode-normalization v0.1.22
[INFO] [stderr]    Compiling signature v1.6.4
[INFO] [stderr]    Compiling ed25519 v1.5.3
[INFO] [stderr]    Compiling unicode-segmentation v1.10.1
[INFO] [stderr]    Compiling rayon v1.8.0
[INFO] [stderr]    Compiling termcolor v1.4.0
[INFO] [stderr]    Compiling humantime v2.1.0
[INFO] [stderr]    Compiling getrandom v0.2.11
[INFO] [stderr]    Compiling rand_core v0.5.1
[INFO] [stderr]    Compiling rand_core v0.6.4
[INFO] [stderr]    Compiling jobserver v0.1.27
[INFO] [stderr]    Compiling memmap2 v0.5.10
[INFO] [stderr]    Compiling rand_chacha v0.3.1
[INFO] [stderr]    Compiling cc v1.0.83
[INFO] [stderr]    Compiling rand_chacha v0.2.2
[INFO] [stderr]    Compiling hashbrown v0.13.2
[INFO] [stderr]    Compiling rand_xoshiro v0.6.0
[INFO] [stderr]    Compiling rand v0.8.5
[INFO] [stderr]    Compiling sized-chunks v0.6.5
[INFO] [stderr]    Compiling hashbrown v0.11.2
[INFO] [stderr]    Compiling rand v0.7.3
[INFO] [stderr]    Compiling aho-corasick v1.1.2
[INFO] [stderr]    Compiling atty v0.2.14
[INFO] [stderr]    Compiling heck v0.3.3
[INFO] [stderr]    Compiling solana-sdk v1.17.6
[INFO] [stderr]    Compiling bs58 v0.5.0
[INFO] [stderr]    Compiling derivation-path v0.2.0
[INFO] [stderr]    Compiling percent-encoding v2.3.0
[INFO] [stderr]    Compiling uriparse v0.6.4
[INFO] [stderr]    Compiling chrono v0.4.31
[INFO] [stderr]    Compiling qstring v0.7.2
[INFO] [stderr]    Compiling assert_matches v1.5.0
[INFO] [stderr]    Compiling base64 v0.13.1
[INFO] [stderr]    Compiling ark-std v0.4.0
[INFO] [stderr]    Compiling regex-automata v0.4.3
[INFO] [stderr]    Compiling toml_edit v0.19.15
[INFO] [stderr]    Compiling toml_edit v0.20.7
[INFO] [stderr]    Compiling blake3 v1.5.0
[INFO] [stderr]    Compiling solana-program v1.17.6
[INFO] [stderr]    Compiling wasm-bindgen-backend v0.2.88
[INFO] [stderr]    Compiling darling_core v0.20.3
[INFO] [stderr]    Compiling regex v1.10.2
[INFO] [stderr]    Compiling serde_derive v1.0.193
[INFO] [stderr]    Compiling thiserror-impl v1.0.50
[INFO] [stderr]    Compiling zeroize_derive v1.4.2
[INFO] [stderr]    Compiling bytemuck_derive v1.5.0
[INFO] [stderr]    Compiling solana-sdk-macro v1.17.6
[INFO] [stderr]    Compiling qualifier_attr v0.2.2
[INFO] [stderr]    Compiling num-derive v0.4.1
[INFO] [stderr]    Compiling env_logger v0.9.3
[INFO] [stderr]    Compiling borsh-derive-internal v0.10.3
[INFO] [stderr]    Compiling borsh-schema-derive-internal v0.10.3
[INFO] [stderr]    Compiling borsh-schema-derive-internal v0.9.3
[INFO] [stderr]    Compiling borsh-derive-internal v0.9.3
[INFO] [stderr]    Compiling proc-macro-crate v1.3.1
[INFO] [stderr]    Compiling solana-logger v1.17.6
[INFO] [stderr]    Compiling zeroize v1.3.0
[INFO] [stderr]    Compiling merlin v3.0.0
[INFO] [stderr]    Compiling proc-macro-crate v2.0.0
[INFO] [stderr]    Compiling wasm-bindgen-macro-support v0.2.88
[INFO] [stderr]    Compiling bytemuck v1.14.0
[INFO] [stderr]    Compiling wasm-bindgen-macro v0.2.88
[INFO] [stderr]    Compiling num_enum_derive v0.6.1
[INFO] [stderr]    Compiling num_enum_derive v0.7.1
[INFO] [stderr]    Compiling ark-serialize-derive v0.4.2
[INFO] [stderr]    Compiling ark-ff-asm v0.4.2
[INFO] [stderr]    Compiling derivative v2.2.0
[INFO] [stderr]    Compiling ark-ff-macros v0.4.2
[INFO] [stderr]    Compiling num-derive v0.3.3
[INFO] [stderr]    Compiling anchor-derive-space v0.29.0
[INFO] [stderr]    Compiling darling_macro v0.20.3
[INFO] [stderr]    Compiling darling v0.20.3
[INFO] [stderr]    Compiling serde_with_macros v2.3.3
[INFO] [stderr]    Compiling num_enum v0.6.1
[INFO] [stderr]    Compiling num_enum v0.7.1
[INFO] [stderr]    Compiling toml v0.5.11
[INFO] [stderr]    Compiling serde_bytes v0.11.12
[INFO] [stderr]    Compiling bincode v1.3.3
[INFO] [stderr]    Compiling bitflags v2.4.1
[INFO] [stderr]    Compiling serde_with v2.3.3
[INFO] [stderr]    Compiling crypto-common v0.1.6
[INFO] [stderr]    Compiling block-buffer v0.10.4
[INFO] [stderr]    Compiling digest v0.9.0
[INFO] [stderr]    Compiling block-buffer v0.9.0
[INFO] [stderr]    Compiling crypto-mac v0.8.0
[INFO] [stderr]    Compiling cipher v0.3.0
[INFO] [stderr]    Compiling universal-hash v0.4.1
[INFO] [stderr]    Compiling aead v0.4.3
[INFO] [stderr]    Compiling libsecp256k1-core v0.2.2
[INFO] [stderr]    Compiling curve25519-dalek v3.2.1
[INFO] [stderr]    Compiling sha2 v0.9.9
[INFO] [stderr]    Compiling sha3 v0.9.1
[INFO] [stderr]    Compiling digest v0.10.7
[INFO] [stderr]    Compiling hmac v0.8.1
[INFO] [stderr]    Compiling pbkdf2 v0.4.0
[INFO] [stderr]    Compiling hmac-drbg v0.3.0
[INFO] [stderr]    Compiling polyval v0.5.3
[INFO] [stderr]    Compiling ctr v0.8.0
[INFO] [stderr]    Compiling aes v0.7.5
[INFO] [stderr]    Compiling sha2 v0.10.8
[INFO] [stderr]    Compiling ark-serialize v0.4.2
[INFO] [stderr]    Compiling sha3 v0.10.8
[INFO] [stderr]    Compiling hmac v0.12.1
[INFO] [stderr]    Compiling pbkdf2 v0.11.0
[INFO] [stderr]    Compiling tiny-bip39 v0.8.2
[INFO] [stderr]    Compiling libsecp256k1-gen-ecmult v0.2.1
[INFO] [stderr]    Compiling libsecp256k1-gen-genmult v0.2.1
[INFO] [stderr]    Compiling ark-ff v0.4.2
[INFO] [stderr]    Compiling proc-macro-crate v0.1.5
[INFO] [stderr]    Compiling spl-program-error-derive v0.3.1
[INFO] [stderr]    Compiling spl-discriminator-syn v0.1.1
[INFO] [stderr]    Compiling libsecp256k1 v0.6.0
[INFO] [stderr]    Compiling borsh-derive v0.10.3
[INFO] [stderr]    Compiling borsh-derive v0.9.3
[INFO] [stderr]    Compiling aes-gcm-siv v0.10.3
[INFO] [stderr]    Compiling anchor-syn v0.29.0
[INFO] [stderr]    Compiling spl-discriminator-derive v0.1.1
[INFO] [stderr]    Compiling borsh v0.10.3
[INFO] [stderr]    Compiling borsh v0.9.3
[INFO] [stderr]    Compiling ed25519-dalek v1.0.1
[INFO] [stderr]    Compiling ed25519-dalek-bip32 v0.2.0
[INFO] [stderr]    Compiling anchor-derive-serde v0.29.0
[INFO] [stderr]    Compiling anchor-attribute-account v0.29.0
[INFO] [stderr]    Compiling anchor-attribute-program v0.29.0
[INFO] [stderr]    Compiling anchor-attribute-access-control v0.29.0
[INFO] [stderr]    Compiling anchor-attribute-error v0.29.0
[INFO] [stderr]    Compiling anchor-attribute-constant v0.29.0
[INFO] [stderr]    Compiling anchor-derive-accounts v0.29.0
[INFO] [stderr]    Compiling anchor-attribute-event v0.29.0
[INFO] [stderr]    Compiling ark-poly v0.4.2
[INFO] [stderr]    Compiling ark-ec v0.4.2
[INFO] [stderr]    Compiling ark-bn254 v0.4.0
[INFO] [stderr]    Compiling light-poseidon v0.1.2
[INFO] [stderr]    Compiling spl-program-error v0.3.0
[INFO] [stderr]    Compiling spl-discriminator v0.1.0
[INFO] [stderr]    Compiling spl-memo v4.0.0
[INFO] [stderr]    Compiling spl-token v4.0.0
[INFO] [stderr]    Compiling anchor-lang v0.29.0
[INFO] [stderr]    Compiling solana-zk-token-sdk v1.17.6
[INFO] [stderr]    Compiling spl-pod v0.1.0
[INFO] [stderr]    Compiling spl-type-length-value v0.3.0
[INFO] [stderr]    Compiling spl-tlv-account-resolution v0.4.0
[INFO] [stderr]    Compiling spl-token-metadata-interface v0.2.0
[INFO] [stderr]    Compiling spl-transfer-hook-interface v0.3.0
[INFO] [stderr]    Compiling spl-token-2022 v0.9.0
[INFO] [stderr]    Compiling spl-associated-token-account v2.2.0
[INFO] [stderr]    Compiling anchor-spl v0.29.0
[INFO] [stderr]    Compiling nft-lend-borrow v0.1.0 (/opt/rustwide/workdir/programs/nft-lend-borrow)
[INFO] [stdout] error[E0658]: attributes on expressions are experimental
[INFO] [stdout]    --> programs/nft-lend-borrow/src/instructions/borrow.rs:113:5
[INFO] [stdout]     |
[INFO] [stdout] 113 |     /// transfer lamports from the vault to the borrower.    
[INFO] [stdout]     |     ^^^^^^^^^^^^^^^^^^^^^^^^^^^^^^^^^^^^^^^^^^^^^^^^^^^^^^^^^
[INFO] [stdout]     |
[INFO] [stdout]     = note: see issue #15701 <https://github.com/rust-lang/rust/issues/15701> for more information
[INFO] [stdout]     = help: `///` is used for outer documentation comments; for a plain comment, use `//`
[INFO] [stdout] 
[INFO] [stdout] 
[INFO] [stdout] error: expected parameter name, found `)`
[INFO] [stdout]   --> programs/nft-lend-borrow/src/instructions/withdraw_offer.rs:37:1
[INFO] [stdout]    |
[INFO] [stdout] 37 | ) -> Result<()> {
[INFO] [stdout]    | ^ expected parameter name
[INFO] [stdout] 
[INFO] [stdout] 
[INFO] [stdout] error[E0658]: attributes on expressions are experimental
[INFO] [stdout]   --> programs/nft-lend-borrow/src/instructions/withdraw_offer.rs:43:5
[INFO] [stdout]    |
[INFO] [stdout] 43 |     /// Then, we reduce the number of total offers, since it is being withdrawn. We calculate the amount of lamports the vault has, and then the transfer amount, which will be the vault lamports amount minus the minimum_balance_for_rent_exemption.
[INFO] [stdout]    |     ^^^^^^^^^^^^^^^^^^^^^^^^^^^^^^^^^^^^^^^^^^^^^^^^^^^^^^^^^^^^^^^^^^^^^^^^^^^^^^^^^^^^^^^^^^^^^^^^^^^^^^^^^^^^^^^^^^^^^^^^^^^^^^^^^^^^^^^^^^^^^^^^^^^^^^^^^^^^^^^^^^^^^^^^^^^^^^^^^^^^^^^^^^^^^^^^^^^^^^^^^^^^^^^^^^^^^^^^^^^^^^^^^^^^^^^^^^^^^^^^^^^
[INFO] [stdout]    |
[INFO] [stdout]    = note: see issue #15701 <https://github.com/rust-lang/rust/issues/15701> for more information
[INFO] [stdout]    = help: `///` is used for outer documentation comments; for a plain comment, use `//`
[INFO] [stdout] 
[INFO] [stdout] 
[INFO] [stdout] error: expected `,`
[INFO] [stdout]   --> programs/nft-lend-borrow/src/instructions/withdraw_offer.rs:19:25
[INFO] [stdout]    |
[INFO] [stdout] 19 | ...r  /// we pass the close=lender constraint which...ed and the rent be returned to the authority.
[INFO] [stdout]    |       ^^^^^^^^^^^^^^^^^^^^^^^^^^^^^^^^^^^^^^^^^^^^^...^^^^^^^^^^^^^^^^^^^^^^^^^^^^^^^^^^^^^^^^^^^^^
[INFO] [stdout] 
[INFO] [stdout] 
[INFO] [stdout] error[E0432]: unresolved import `crate`
[INFO] [stdout]   --> programs/nft-lend-borrow/src/lib.rs:11:1
[INFO] [stdout]    |
[INFO] [stdout] 11 | #[program]
[INFO] [stdout]    | ^^^^^^^^^^ could not find `__client_accounts_withdraw_offer` in the crate root
[INFO] [stdout]    |
[INFO] [stdout]    = note: this error originates in the attribute macro `program` (in Nightly builds, run with -Z macro-backtrace for more info)
[INFO] [stdout] 
[INFO] [stdout] 
[INFO] [stdout] warning: unexpected `cfg` condition value: `custom-heap`
[INFO] [stdout]   --> programs/nft-lend-borrow/src/lib.rs:11:1
[INFO] [stdout]    |
[INFO] [stdout] 11 | #[program]
[INFO] [stdout]    | ^^^^^^^^^^
[INFO] [stdout]    |
[INFO] [stdout]    = note: expected values for `feature` are: `cpi`, `default`, `no-entrypoint`, `no-idl`, and `no-log-ix-name`
[INFO] [stdout]    = note: using a cfg inside a macro will use the cfgs from the destination crate and not the ones from the defining crate
[INFO] [stdout]    = help: try referring to `$crate::custom_heap_default` crate for guidance on how handle this unexpected cfg
[INFO] [stdout]    = note: see <https://doc.rust-lang.org/nightly/rustc/check-cfg/cargo-specifics.html> for more information about checking conditional configuration
[INFO] [stdout]    = note: `#[warn(unexpected_cfgs)]` on by default
[INFO] [stdout]    = note: this warning originates in the macro `$crate::custom_heap_default` which comes from the expansion of the attribute macro `program` (in Nightly builds, run with -Z macro-backtrace for more info)
[INFO] [stdout] 
[INFO] [stdout] 
[INFO] [stdout] warning: unexpected `cfg` condition value: `solana`
[INFO] [stdout]   --> programs/nft-lend-borrow/src/lib.rs:11:1
[INFO] [stdout]    |
[INFO] [stdout] 11 | #[program]
[INFO] [stdout]    | ^^^^^^^^^^
[INFO] [stdout]    |
[INFO] [stdout]    = note: expected values for `target_os` are: `aix`, `amdhsa`, `android`, `cuda`, `cygwin`, `dragonfly`, `emscripten`, `espidf`, `freebsd`, `fuchsia`, `haiku`, `helenos`, `hermit`, `horizon`, `hurd`, `illumos`, `ios`, `l4re`, `linux`, `lynxos178`, `macos`, `managarm`, `motor`, `netbsd`, `none`, `nto`, `nuttx`, `openbsd`, `psp`, `psx`, `qurt`, `redox`, `rtems`, `solaris`, and `solid_asp3` and 14 more
[INFO] [stdout]    = note: using a cfg inside a macro will use the cfgs from the destination crate and not the ones from the defining crate
[INFO] [stdout]    = help: try referring to `$crate::custom_heap_default` crate for guidance on how handle this unexpected cfg
[INFO] [stdout]    = note: see <https://doc.rust-lang.org/nightly/rustc/check-cfg/cargo-specifics.html> for more information about checking conditional configuration
[INFO] [stdout]    = note: this warning originates in the macro `$crate::custom_heap_default` which comes from the expansion of the attribute macro `program` (in Nightly builds, run with -Z macro-backtrace for more info)
[INFO] [stdout] 
[INFO] [stdout] 
[INFO] [stdout] warning: unexpected `cfg` condition value: `custom-panic`
[INFO] [stdout]   --> programs/nft-lend-borrow/src/lib.rs:11:1
[INFO] [stdout]    |
[INFO] [stdout] 11 | #[program]
[INFO] [stdout]    | ^^^^^^^^^^
[INFO] [stdout]    |
[INFO] [stdout]    = note: expected values for `feature` are: `cpi`, `default`, `no-entrypoint`, `no-idl`, and `no-log-ix-name`
[INFO] [stdout]    = note: using a cfg inside a macro will use the cfgs from the destination crate and not the ones from the defining crate
[INFO] [stdout]    = help: try referring to `$crate::custom_panic_default` crate for guidance on how handle this unexpected cfg
[INFO] [stdout]    = note: see <https://doc.rust-lang.org/nightly/rustc/check-cfg/cargo-specifics.html> for more information about checking conditional configuration
[INFO] [stdout]    = note: this warning originates in the macro `$crate::custom_panic_default` which comes from the expansion of the attribute macro `program` (in Nightly builds, run with -Z macro-backtrace for more info)
[INFO] [stdout] 
[INFO] [stdout] 
[INFO] [stdout] warning: unexpected `cfg` condition value: `solana`
[INFO] [stdout]   --> programs/nft-lend-borrow/src/lib.rs:11:1
[INFO] [stdout]    |
[INFO] [stdout] 11 | #[program]
[INFO] [stdout]    | ^^^^^^^^^^
[INFO] [stdout]    |
[INFO] [stdout]    = note: expected values for `target_os` are: `aix`, `amdhsa`, `android`, `cuda`, `cygwin`, `dragonfly`, `emscripten`, `espidf`, `freebsd`, `fuchsia`, `haiku`, `helenos`, `hermit`, `horizon`, `hurd`, `illumos`, `ios`, `l4re`, `linux`, `lynxos178`, `macos`, `managarm`, `motor`, `netbsd`, `none`, `nto`, `nuttx`, `openbsd`, `psp`, `psx`, `qurt`, `redox`, `rtems`, `solaris`, and `solid_asp3` and 14 more
[INFO] [stdout]    = note: using a cfg inside a macro will use the cfgs from the destination crate and not the ones from the defining crate
[INFO] [stdout]    = help: try referring to `$crate::custom_panic_default` crate for guidance on how handle this unexpected cfg
[INFO] [stdout]    = note: see <https://doc.rust-lang.org/nightly/rustc/check-cfg/cargo-specifics.html> for more information about checking conditional configuration
[INFO] [stdout]    = note: this warning originates in the macro `$crate::custom_panic_default` which comes from the expansion of the attribute macro `program` (in Nightly builds, run with -Z macro-backtrace for more info)
[INFO] [stdout] 
[INFO] [stdout] 
[INFO] [stdout] warning: unexpected `cfg` condition value: `anchor-debug`
[INFO] [stdout]  --> programs/nft-lend-borrow/src/instructions/borrow.rs:9:10
[INFO] [stdout]   |
[INFO] [stdout] 9 | #[derive(Accounts)]
[INFO] [stdout]   |          ^^^^^^^^
[INFO] [stdout]   |
[INFO] [stdout]   = note: expected values for `feature` are: `cpi`, `default`, `no-entrypoint`, `no-idl`, and `no-log-ix-name`
[INFO] [stdout]   = note: using a cfg inside a derive macro will use the cfgs from the destination crate and not the ones from the defining crate
[INFO] [stdout]   = help: try referring to `Accounts` crate for guidance on how handle this unexpected cfg
[INFO] [stdout]   = note: see <https://doc.rust-lang.org/nightly/rustc/check-cfg/cargo-specifics.html> for more information about checking conditional configuration
[INFO] [stdout]   = note: this warning originates in the derive macro `Accounts` (in Nightly builds, run with -Z macro-backtrace for more info)
[INFO] [stdout] 
[INFO] [stdout] 
[INFO] [stdout] warning: unused doc comment
[INFO] [stdout]    --> programs/nft-lend-borrow/src/instructions/borrow.rs:103:5
[INFO] [stdout]     |
[INFO] [stdout] 103 |     ///invoke token::transfer() to transfer the ...NFTs, then we need to use the token program.
[INFO] [stdout]     |     ^^^^^^^^^^^^^^^^^^^^^^^^^^^^^^^^^^^^^^^^^^^^...^^^^^^^^^^^^^^^^^^^^^^^^^^^^^^^^^^^^^^^^^^^^
[INFO] [stdout] 104 |     token::transfer(ctx.accounts.transfer_to_vault_context(), 1)?;
[INFO] [stdout]     |     ------------------------------------------------------------- rustdoc does not generate documentation for expressions
[INFO] [stdout]     |
[INFO] [stdout]     = help: use `//` for a plain comment
[INFO] [stdout]     = note: `#[warn(unused_doc_comments)]` (part of `#[warn(unused)]`) on by default
[INFO] [stdout] 
[INFO] [stdout] 
[INFO] [stdout] warning: unused doc comment
[INFO] [stdout]    --> programs/nft-lend-borrow/src/instructions/borrow.rs:108:5
[INFO] [stdout]     |
[INFO] [stdout] 108 |       /// calculate the transfer amount that would go to the borrower.
[INFO] [stdout]     |       ^^^^^^^^^^^^^^^^^^^^^^^^^^^^^^^^^^^^^^^^^^^^^^^^^^^^^^^^^^^^^^^^
[INFO] [stdout] 109 | /     let transfer_amount = vault_lamports_initial
[INFO] [stdout] 110 | |         .checked_sub(minimum_balance_for_rent_exemption)
[INFO] [stdout] 111 | |         .unwrap();
[INFO] [stdout]     | |__________________- rustdoc does not generate documentation for statements
[INFO] [stdout]     |
[INFO] [stdout]     = help: use `//` for a plain comment
[INFO] [stdout] 
[INFO] [stdout] 
[INFO] [stdout] warning: unused doc comment
[INFO] [stdout]    --> programs/nft-lend-borrow/src/instructions/borrow.rs:113:5
[INFO] [stdout]     |
[INFO] [stdout] 113 |       /// transfer lamports from the vault to the borrower.    
[INFO] [stdout]     |       ^^^^^^^^^^^^^^^^^^^^^^^^^^^^^^^^^^^^^^^^^^^^^^^^^^^^^^^^^
[INFO] [stdout] 114 | /     **ctx
[INFO] [stdout] 115 | |         .accounts
[INFO] [stdout] 116 | |         .vault_account
[INFO] [stdout] 117 | |         .to_account_info()
[INFO] [stdout] 118 | |         .try_borrow_mut_lamports()? -= transfer_amount;
[INFO] [stdout]     | |___________________________________- rustdoc does not generate documentation for expressions
[INFO] [stdout]     |
[INFO] [stdout]     = help: use `//` for a plain comment
[INFO] [stdout] 
[INFO] [stdout] 
[INFO] [stdout] warning: unexpected `cfg` condition value: `anchor-debug`
[INFO] [stdout]  --> programs/nft-lend-borrow/src/instructions/create_pool.rs:5:10
[INFO] [stdout]   |
[INFO] [stdout] 5 | #[derive(Accounts)]
[INFO] [stdout]   |          ^^^^^^^^
[INFO] [stdout]   |
[INFO] [stdout]   = note: expected values for `feature` are: `cpi`, `default`, `no-entrypoint`, `no-idl`, and `no-log-ix-name`
[INFO] [stdout]   = note: using a cfg inside a derive macro will use the cfgs from the destination crate and not the ones from the defining crate
[INFO] [stdout]   = help: try referring to `Accounts` crate for guidance on how handle this unexpected cfg
[INFO] [stdout]   = note: see <https://doc.rust-lang.org/nightly/rustc/check-cfg/cargo-specifics.html> for more information about checking conditional configuration
[INFO] [stdout]   = note: this warning originates in the derive macro `Accounts` (in Nightly builds, run with -Z macro-backtrace for more info)
[INFO] [stdout] 
[INFO] [stdout] 
[INFO] [stdout] warning: unexpected `cfg` condition value: `anchor-debug`
[INFO] [stdout]  --> programs/nft-lend-borrow/src/instructions/liquidate.rs:7:10
[INFO] [stdout]   |
[INFO] [stdout] 7 | #[derive(Accounts)]
[INFO] [stdout]   |          ^^^^^^^^
[INFO] [stdout]   |
[INFO] [stdout]   = note: expected values for `feature` are: `cpi`, `default`, `no-entrypoint`, `no-idl`, and `no-log-ix-name`
[INFO] [stdout]   = note: using a cfg inside a derive macro will use the cfgs from the destination crate and not the ones from the defining crate
[INFO] [stdout]   = help: try referring to `Accounts` crate for guidance on how handle this unexpected cfg
[INFO] [stdout]   = note: see <https://doc.rust-lang.org/nightly/rustc/check-cfg/cargo-specifics.html> for more information about checking conditional configuration
[INFO] [stdout]   = note: this warning originates in the derive macro `Accounts` (in Nightly builds, run with -Z macro-backtrace for more info)
[INFO] [stdout] 
[INFO] [stdout] 
[INFO] [stdout] warning: unexpected `cfg` condition value: `anchor-debug`
[INFO] [stdout]  --> programs/nft-lend-borrow/src/instructions/offer_loan.rs:7:10
[INFO] [stdout]   |
[INFO] [stdout] 7 | #[derive(Accounts)]
[INFO] [stdout]   |          ^^^^^^^^
[INFO] [stdout]   |
[INFO] [stdout]   = note: expected values for `feature` are: `cpi`, `default`, `no-entrypoint`, `no-idl`, and `no-log-ix-name`
[INFO] [stdout]   = note: using a cfg inside a derive macro will use the cfgs from the destination crate and not the ones from the defining crate
[INFO] [stdout]   = help: try referring to `Accounts` crate for guidance on how handle this unexpected cfg
[INFO] [stdout]   = note: see <https://doc.rust-lang.org/nightly/rustc/check-cfg/cargo-specifics.html> for more information about checking conditional configuration
[INFO] [stdout]   = note: this warning originates in the derive macro `Accounts` (in Nightly builds, run with -Z macro-backtrace for more info)
[INFO] [stdout] 
[INFO] [stdout] 
[INFO] [stdout] warning: unexpected `cfg` condition value: `anchor-debug`
[INFO] [stdout]  --> programs/nft-lend-borrow/src/instructions/repay.rs:7:10
[INFO] [stdout]   |
[INFO] [stdout] 7 | #[derive(Accounts)]
[INFO] [stdout]   |          ^^^^^^^^
[INFO] [stdout]   |
[INFO] [stdout]   = note: expected values for `feature` are: `cpi`, `default`, `no-entrypoint`, `no-idl`, and `no-log-ix-name`
[INFO] [stdout]   = note: using a cfg inside a derive macro will use the cfgs from the destination crate and not the ones from the defining crate
[INFO] [stdout]   = help: try referring to `Accounts` crate for guidance on how handle this unexpected cfg
[INFO] [stdout]   = note: see <https://doc.rust-lang.org/nightly/rustc/check-cfg/cargo-specifics.html> for more information about checking conditional configuration
[INFO] [stdout]   = note: this warning originates in the derive macro `Accounts` (in Nightly builds, run with -Z macro-backtrace for more info)
[INFO] [stdout] 
[INFO] [stdout] 
[INFO] [stdout] warning: unused doc comment
[INFO] [stdout]   --> programs/nft-lend-borrow/src/instructions/repay.rs:76:5
[INFO] [stdout]    |
[INFO] [stdout] 76 | /     ///when the borrower took the loan, the authority of the vault NFT token account was transferred to a certain vault authority....
[INFO] [stdout] 77 | |     /// use Pubkey::find_program_address() to get the bump.
[INFO] [stdout]    | |___________________________________________________________^
[INFO] [stdout] 78 | /     let (_vault_authority, vault_auth_bump) =
[INFO] [stdout] 79 | |         Pubkey::find_program_address(&[collection.key().as_ref()], ctx.program_id);
[INFO] [stdout]    | |___________________________________________________________________________________- rustdoc does not generate documentation for statements
[INFO] [stdout]    |
[INFO] [stdout]    = help: use `//` for a plain comment
[INFO] [stdout] 
[INFO] [stdout] 
[INFO] [stdout] warning: unused doc comment
[INFO] [stdout]   --> programs/nft-lend-borrow/src/instructions/repay.rs:80:5
[INFO] [stdout]    |
[INFO] [stdout] 80 |     ///derive the signer seeds using this bump and the collection key
[INFO] [stdout]    |     ^^^^^^^^^^^^^^^^^^^^^^^^^^^^^^^^^^^^^^^^^^^^^^^^^^^^^^^^^^^^^^^^^
[INFO] [stdout] 81 |     let col_seeds = collection.key();
[INFO] [stdout]    |     --------------------------------- rustdoc does not generate documentation for statements
[INFO] [stdout]    |
[INFO] [stdout]    = help: use `//` for a plain comment
[INFO] [stdout] 
[INFO] [stdout] 
[INFO] [stdout] warning: unused doc comment
[INFO] [stdout]   --> programs/nft-lend-borrow/src/instructions/repay.rs:89:5
[INFO] [stdout]    |
[INFO] [stdout] 89 |       ///we use token::transfer() to transfer the NFT back to the lender by calling CpiContext::new_with_signer() and passing the signer seeds.
[INFO] [stdout]    |       ^^^^^^^^^^^^^^^^^^^^^^^^^^^^^^^^^^^^^^^^^^^^^^^^^^^^^^^^^^^^^^^^^^^^^^^^^^^^^^^^^^^^^^^^^^^^^^^^^^^^^^^^^^^^^^^^^^^^^^^^^^^^^^^^^^^^^^^^^
[INFO] [stdout] 90 | /     let cpi_accounts = Transfer {
[INFO] [stdout] 91 | |         from: ctx.accounts.vault_asset_account.to_account_info().clone(),
[INFO] [stdout] 92 | |         to: ctx
[INFO] [stdout] 93 | |             .accounts
[INFO] [stdout] ...  |
[INFO] [stdout] 97 | |         authority: ctx.accounts.vault_authority.clone(),
[INFO] [stdout] 98 | |     };
[INFO] [stdout]    | |______- rustdoc does not generate documentation for statements
[INFO] [stdout]    |
[INFO] [stdout]    = help: use `//` for a plain comment
[INFO] [stdout] 
[INFO] [stdout] 
[INFO] [stdout] warning: unused doc comment
[INFO] [stdout]   --> programs/nft-lend-borrow/src/instructions/withdraw_offer.rs:43:5
[INFO] [stdout]    |
[INFO] [stdout] 43 |     /// Then, we reduce the number of total offers, since it is being withdrawn. We calculate the amount of lamports the vault has, and then the transfer amount, which will be the vault lamports amount minus the minimum_balance_for_rent_exemption.
[INFO] [stdout]    |     ^^^^^^^^^^^^^^^^^^^^^^^^^^^^^^^^^^^^^^^^^^^^^^^^^^^^^^^^^^^^^^^^^^^^^^^^^^^^^^^^^^^^^^^^^^^^^^^^^^^^^^^^^^^^^^^^^^^^^^^^^^^^^^^^^^^^^^^^^^^^^^^^^^^^^^^^^^^^^^^^^^^^^^^^^^^^^^^^^^^^^^^^^^^^^^^^^^^^^^^^^^^^^^^^^^^^^^^^^^^^^^^^^^^^^^^^^^^^^^^^^^^
[INFO] [stdout] 44 |     collection.total_offers -= 1;
[INFO] [stdout]    |     ----------------------- rustdoc does not generate documentation for expressions
[INFO] [stdout]    |
[INFO] [stdout]    = help: use `//` for a plain comment
[INFO] [stdout] 
[INFO] [stdout] 
[INFO] [stdout] warning: ambiguous glob re-exports
[INFO] [stdout]   --> programs/nft-lend-borrow/src/instructions/mod.rs:8:9
[INFO] [stdout]    |
[INFO] [stdout]  8 | pub use borrow::*;
[INFO] [stdout]    |         ^^^^^^^^^ the name `handler` in the value namespace is first re-exported here
[INFO] [stdout]  9 | pub use create_pool::*;
[INFO] [stdout] 10 | pub use liquidate::*;
[INFO] [stdout]    |         ------------ but the name `handler` in the value namespace is also re-exported here
[INFO] [stdout]    |
[INFO] [stdout]    = note: `#[warn(ambiguous_glob_reexports)]` on by default
[INFO] [stdout] 
[INFO] [stdout] 
[INFO] [stdout] warning: unexpected `cfg` condition value: `anchor-debug`
[INFO] [stdout]   --> programs/nft-lend-borrow/src/lib.rs:11:1
[INFO] [stdout]    |
[INFO] [stdout] 11 | #[program]
[INFO] [stdout]    | ^^^^^^^^^^
[INFO] [stdout]    |
[INFO] [stdout]    = note: expected values for `feature` are: `cpi`, `default`, `no-entrypoint`, `no-idl`, and `no-log-ix-name`
[INFO] [stdout]    = note: using a cfg inside a attribute macro will use the cfgs from the destination crate and not the ones from the defining crate
[INFO] [stdout]    = help: try referring to `program` crate for guidance on how handle this unexpected cfg
[INFO] [stdout]    = note: see <https://doc.rust-lang.org/nightly/rustc/check-cfg/cargo-specifics.html> for more information about checking conditional configuration
[INFO] [stdout]    = note: this warning originates in the attribute macro `program` (in Nightly builds, run with -Z macro-backtrace for more info)
[INFO] [stdout] 
[INFO] [stdout] 
[INFO] [stdout] warning: unexpected `cfg` condition value: `anchor-debug`
[INFO] [stdout]   --> programs/nft-lend-borrow/src/lib.rs:11:1
[INFO] [stdout]    |
[INFO] [stdout] 11 | #[program]
[INFO] [stdout]    | ^^^^^^^^^^
[INFO] [stdout]    |
[INFO] [stdout]    = note: expected values for `feature` are: `cpi`, `default`, `no-entrypoint`, `no-idl`, and `no-log-ix-name`
[INFO] [stdout]    = note: using a cfg inside a derive macro will use the cfgs from the destination crate and not the ones from the defining crate
[INFO] [stdout]    = help: try referring to `Accounts` crate for guidance on how handle this unexpected cfg
[INFO] [stdout]    = note: see <https://doc.rust-lang.org/nightly/rustc/check-cfg/cargo-specifics.html> for more information about checking conditional configuration
[INFO] [stdout]    = note: this warning originates in the derive macro `Accounts` (in Nightly builds, run with -Z macro-backtrace for more info)
[INFO] [stdout] 
[INFO] [stdout] 
[INFO] [stdout] warning: unexpected `cfg` condition value: `anchor-debug`
[INFO] [stdout]   --> programs/nft-lend-borrow/src/lib.rs:11:1
[INFO] [stdout]    |
[INFO] [stdout] 11 | #[program]
[INFO] [stdout]    | ^^^^^^^^^^
[INFO] [stdout]    |
[INFO] [stdout]    = note: expected values for `feature` are: `cpi`, `default`, `no-entrypoint`, `no-idl`, and `no-log-ix-name`
[INFO] [stdout]    = note: using a cfg inside a derive macro will use the cfgs from the destination crate and not the ones from the defining crate
[INFO] [stdout]    = help: try referring to `Accounts` crate for guidance on how handle this unexpected cfg
[INFO] [stdout]    = note: see <https://doc.rust-lang.org/nightly/rustc/check-cfg/cargo-specifics.html> for more information about checking conditional configuration
[INFO] [stdout]    = note: this warning originates in the derive macro `Accounts` (in Nightly builds, run with -Z macro-backtrace for more info)
[INFO] [stdout] 
[INFO] [stdout] 
[INFO] [stdout] warning: unexpected `cfg` condition value: `anchor-debug`
[INFO] [stdout]   --> programs/nft-lend-borrow/src/lib.rs:11:1
[INFO] [stdout]    |
[INFO] [stdout] 11 | #[program]
[INFO] [stdout]    | ^^^^^^^^^^
[INFO] [stdout]    |
[INFO] [stdout]    = note: expected values for `feature` are: `cpi`, `default`, `no-entrypoint`, `no-idl`, and `no-log-ix-name`
[INFO] [stdout]    = note: using a cfg inside a derive macro will use the cfgs from the destination crate and not the ones from the defining crate
[INFO] [stdout]    = help: try referring to `Accounts` crate for guidance on how handle this unexpected cfg
[INFO] [stdout]    = note: see <https://doc.rust-lang.org/nightly/rustc/check-cfg/cargo-specifics.html> for more information about checking conditional configuration
[INFO] [stdout]    = note: this warning originates in the derive macro `Accounts` (in Nightly builds, run with -Z macro-backtrace for more info)
[INFO] [stdout] 
[INFO] [stdout] 
[INFO] [stdout] warning: unexpected `cfg` condition value: `anchor-debug`
[INFO] [stdout]   --> programs/nft-lend-borrow/src/lib.rs:11:1
[INFO] [stdout]    |
[INFO] [stdout] 11 | #[program]
[INFO] [stdout]    | ^^^^^^^^^^
[INFO] [stdout]    |
[INFO] [stdout]    = note: expected values for `feature` are: `cpi`, `default`, `no-entrypoint`, `no-idl`, and `no-log-ix-name`
[INFO] [stdout]    = note: using a cfg inside a derive macro will use the cfgs from the destination crate and not the ones from the defining crate
[INFO] [stdout]    = help: try referring to `Accounts` crate for guidance on how handle this unexpected cfg
[INFO] [stdout]    = note: see <https://doc.rust-lang.org/nightly/rustc/check-cfg/cargo-specifics.html> for more information about checking conditional configuration
[INFO] [stdout]    = note: this warning originates in the derive macro `Accounts` (in Nightly builds, run with -Z macro-backtrace for more info)
[INFO] [stdout] 
[INFO] [stdout] 
[INFO] [stdout] warning: unexpected `cfg` condition value: `anchor-debug`
[INFO] [stdout]   --> programs/nft-lend-borrow/src/lib.rs:11:1
[INFO] [stdout]    |
[INFO] [stdout] 11 | #[program]
[INFO] [stdout]    | ^^^^^^^^^^
[INFO] [stdout]    |
[INFO] [stdout]    = note: expected values for `feature` are: `cpi`, `default`, `no-entrypoint`, `no-idl`, and `no-log-ix-name`
[INFO] [stdout]    = note: using a cfg inside a derive macro will use the cfgs from the destination crate and not the ones from the defining crate
[INFO] [stdout]    = help: try referring to `Accounts` crate for guidance on how handle this unexpected cfg
[INFO] [stdout]    = note: see <https://doc.rust-lang.org/nightly/rustc/check-cfg/cargo-specifics.html> for more information about checking conditional configuration
[INFO] [stdout]    = note: this warning originates in the derive macro `Accounts` (in Nightly builds, run with -Z macro-backtrace for more info)
[INFO] [stdout] 
[INFO] [stdout] 
[INFO] [stdout] warning: unexpected `cfg` condition value: `anchor-debug`
[INFO] [stdout]   --> programs/nft-lend-borrow/src/lib.rs:11:1
[INFO] [stdout]    |
[INFO] [stdout] 11 | #[program]
[INFO] [stdout]    | ^^^^^^^^^^
[INFO] [stdout]    |
[INFO] [stdout]    = note: expected values for `feature` are: `cpi`, `default`, `no-entrypoint`, `no-idl`, and `no-log-ix-name`
[INFO] [stdout]    = note: using a cfg inside a derive macro will use the cfgs from the destination crate and not the ones from the defining crate
[INFO] [stdout]    = help: try referring to `Accounts` crate for guidance on how handle this unexpected cfg
[INFO] [stdout]    = note: see <https://doc.rust-lang.org/nightly/rustc/check-cfg/cargo-specifics.html> for more information about checking conditional configuration
[INFO] [stdout]    = note: this warning originates in the derive macro `Accounts` (in Nightly builds, run with -Z macro-backtrace for more info)
[INFO] [stdout] 
[INFO] [stdout] 
[INFO] [stdout] error[E0277]: the trait bound `withdraw_offer::WithdrawOffer<'_>: Bumps` is not satisfied
[INFO] [stdout]   --> programs/nft-lend-borrow/src/instructions/withdraw_offer.rs:35:10
[INFO] [stdout]    |
[INFO] [stdout] 35 |     ctx: Context<WithdrawOffer>,
[INFO] [stdout]    |          ^^^^^^^^^^^^^^^^^^^^^^ unsatisfied trait bound
[INFO] [stdout]    |
[INFO] [stdout] help: the trait `Bumps` is not implemented for `withdraw_offer::WithdrawOffer<'_>`
[INFO] [stdout]   --> programs/nft-lend-borrow/src/instructions/withdraw_offer.rs:10:1
[INFO] [stdout]    |
[INFO] [stdout] 10 | pub struct WithdrawOffer<'info> {
[INFO] [stdout]    | ^^^^^^^^^^^^^^^^^^^^^^^^^^^^^^^
[INFO] [stdout]    = help: the following other types implement trait `Bumps`:
[INFO] [stdout]              Create<'info>
[INFO] [stdout]              CreateNonceAccount<'info>
[INFO] [stdout]              CreateNonceAccountWithSeed<'info>
[INFO] [stdout]              __idl::IdlAccounts<'info>
[INFO] [stdout]              __idl::IdlCloseAccount<'info>
[INFO] [stdout]              __idl::IdlCreateAccounts<'info>
[INFO] [stdout]              __idl::IdlCreateBuffer<'info>
[INFO] [stdout]              __idl::IdlResizeAccount<'info>
[INFO] [stdout]            and 53 others
[INFO] [stdout] note: required by a bound in `anchor_lang::context::Context`
[INFO] [stdout]   --> /opt/rustwide/cargo-home/registry/src/index.crates.io-1949cf8c6b5b557f/anchor-lang-0.29.0/src/context.rs:24:42
[INFO] [stdout]    |
[INFO] [stdout] 24 | pub struct Context<'a, 'b, 'c, 'info, T: Bumps> {
[INFO] [stdout]    |                                          ^^^^^ required by this bound in `Context`
[INFO] [stdout] 
[INFO] [stdout] 
[INFO] [stdout] error[E0277]: the trait bound `withdraw_offer::WithdrawOffer<'_>: Bumps` is not satisfied
[INFO] [stdout]   --> programs/nft-lend-borrow/src/lib.rs:28:14
[INFO] [stdout]    |
[INFO] [stdout] 28 |         ctx: Context<WithdrawOffer>,
[INFO] [stdout]    |              ^^^^^^^^^^^^^^^^^^^^^^ unsatisfied trait bound
[INFO] [stdout]    |
[INFO] [stdout] help: the trait `Bumps` is not implemented for `withdraw_offer::WithdrawOffer<'_>`
[INFO] [stdout]   --> programs/nft-lend-borrow/src/instructions/withdraw_offer.rs:10:1
[INFO] [stdout]    |
[INFO] [stdout] 10 | pub struct WithdrawOffer<'info> {
[INFO] [stdout]    | ^^^^^^^^^^^^^^^^^^^^^^^^^^^^^^^
[INFO] [stdout]    = help: the following other types implement trait `Bumps`:
[INFO] [stdout]              Create<'info>
[INFO] [stdout]              CreateNonceAccount<'info>
[INFO] [stdout]              CreateNonceAccountWithSeed<'info>
[INFO] [stdout]              __idl::IdlAccounts<'info>
[INFO] [stdout]              __idl::IdlCloseAccount<'info>
[INFO] [stdout]              __idl::IdlCreateAccounts<'info>
[INFO] [stdout]              __idl::IdlCreateBuffer<'info>
[INFO] [stdout]              __idl::IdlResizeAccount<'info>
[INFO] [stdout]            and 53 others
[INFO] [stdout] note: required by a bound in `anchor_lang::context::Context`
[INFO] [stdout]   --> /opt/rustwide/cargo-home/registry/src/index.crates.io-1949cf8c6b5b557f/anchor-lang-0.29.0/src/context.rs:24:42
[INFO] [stdout]    |
[INFO] [stdout] 24 | pub struct Context<'a, 'b, 'c, 'info, T: Bumps> {
[INFO] [stdout]    |                                          ^^^^^ required by this bound in `Context`
[INFO] [stdout] 
[INFO] [stdout] 
[INFO] [stdout] error[E0599]: no method named `get` found for struct `BorrowBumps` in the current scope
[INFO] [stdout]    --> programs/nft-lend-borrow/src/instructions/borrow.rs:98:35
[INFO] [stdout]     |
[INFO] [stdout]   9 | #[derive(Accounts)]
[INFO] [stdout]     |          -------- method `get` not found for this struct
[INFO] [stdout] ...
[INFO] [stdout]  98 |     active_loan.bump = *ctx.bumps.get("active_loan").unwrap();
[INFO] [stdout]     |                                   ^^^ this is an associated function, not a method
[INFO] [stdout]     |
[INFO] [stdout]     = note: found the following associated functions; to be used as methods, functions must have a `self` parameter
[INFO] [stdout] note: the candidate is defined in the trait `anchor_lang::prelude::SolanaSysvar`
[INFO] [stdout]    --> /opt/rustwide/cargo-home/registry/src/index.crates.io-1949cf8c6b5b557f/solana-program-1.17.6/src/sysvar/mod.rs:227:5
[INFO] [stdout]     |
[INFO] [stdout] 227 |     fn get() -> Result<Self, ProgramError> {
[INFO] [stdout]     |     ^^^^^^^^^^^^^^^^^^^^^^^^^^^^^^^^^^^^^^
[INFO] [stdout]     = help: items from traits can only be used if the trait is implemented and in scope
[INFO] [stdout]     = note: the following traits define an item `get`, perhaps you need to implement one of them:
[INFO] [stdout]             candidate #1: `SliceIndex`
[INFO] [stdout]             candidate #2: `anchor_lang::__private::ZeroCopyAccessor`
[INFO] [stdout]             candidate #3: `anchor_lang::solana_program::account_info::Account`
[INFO] [stdout] help: use associated function syntax instead
[INFO] [stdout]     |
[INFO] [stdout]  98 -     active_loan.bump = *ctx.bumps.get("active_loan").unwrap();
[INFO] [stdout]  98 +     active_loan.bump = *BorrowBumps::get("active_loan").unwrap();
[INFO] [stdout]     |
[INFO] [stdout] 
[INFO] [stdout] 
[INFO] [stdout] error[E0599]: no method named `get` found for struct `CreatePoolBumps` in the current scope
[INFO] [stdout]    --> programs/nft-lend-borrow/src/instructions/create_pool.rs:30:34
[INFO] [stdout]     |
[INFO] [stdout]   5 | #[derive(Accounts)]
[INFO] [stdout]     |          -------- method `get` not found for this struct
[INFO] [stdout] ...
[INFO] [stdout]  30 |     collection.bump = *ctx.bumps.get("collection_pool").unwrap();
[INFO] [stdout]     |                                  ^^^ this is an associated function, not a method
[INFO] [stdout]     |
[INFO] [stdout]     = note: found the following associated functions; to be used as methods, functions must have a `self` parameter
[INFO] [stdout] note: the candidate is defined in the trait `anchor_lang::prelude::SolanaSysvar`
[INFO] [stdout]    --> /opt/rustwide/cargo-home/registry/src/index.crates.io-1949cf8c6b5b557f/solana-program-1.17.6/src/sysvar/mod.rs:227:5
[INFO] [stdout]     |
[INFO] [stdout] 227 |     fn get() -> Result<Self, ProgramError> {
[INFO] [stdout]     |     ^^^^^^^^^^^^^^^^^^^^^^^^^^^^^^^^^^^^^^
[INFO] [stdout]     = help: items from traits can only be used if the trait is implemented and in scope
[INFO] [stdout]     = note: the following traits define an item `get`, perhaps you need to implement one of them:
[INFO] [stdout]             candidate #1: `SliceIndex`
[INFO] [stdout]             candidate #2: `anchor_lang::__private::ZeroCopyAccessor`
[INFO] [stdout]             candidate #3: `anchor_lang::solana_program::account_info::Account`
[INFO] [stdout] help: use associated function syntax instead
[INFO] [stdout]     |
[INFO] [stdout]  30 -     collection.bump = *ctx.bumps.get("collection_pool").unwrap();
[INFO] [stdout]  30 +     collection.bump = *CreatePoolBumps::get("collection_pool").unwrap();
[INFO] [stdout]     |
[INFO] [stdout] 
[INFO] [stdout] 
[INFO] [stdout] error[E0599]: no method named `get` found for struct `OfferLoanBumps` in the current scope
[INFO] [stdout]    --> programs/nft-lend-borrow/src/instructions/offer_loan.rs:68:37
[INFO] [stdout]     |
[INFO] [stdout]   7 | #[derive(Accounts)]
[INFO] [stdout]     |          -------- method `get` not found for this struct
[INFO] [stdout] ...
[INFO] [stdout]  68 |     offer_account.bump = *ctx.bumps.get("offer_loan").unwrap();
[INFO] [stdout]     |                                     ^^^ this is an associated function, not a method
[INFO] [stdout]     |
[INFO] [stdout]     = note: found the following associated functions; to be used as methods, functions must have a `self` parameter
[INFO] [stdout] note: the candidate is defined in the trait `anchor_lang::prelude::SolanaSysvar`
[INFO] [stdout]    --> /opt/rustwide/cargo-home/registry/src/index.crates.io-1949cf8c6b5b557f/solana-program-1.17.6/src/sysvar/mod.rs:227:5
[INFO] [stdout]     |
[INFO] [stdout] 227 |     fn get() -> Result<Self, ProgramError> {
[INFO] [stdout]     |     ^^^^^^^^^^^^^^^^^^^^^^^^^^^^^^^^^^^^^^
[INFO] [stdout]     = help: items from traits can only be used if the trait is implemented and in scope
[INFO] [stdout]     = note: the following traits define an item `get`, perhaps you need to implement one of them:
[INFO] [stdout]             candidate #1: `SliceIndex`
[INFO] [stdout]             candidate #2: `anchor_lang::__private::ZeroCopyAccessor`
[INFO] [stdout]             candidate #3: `anchor_lang::solana_program::account_info::Account`
[INFO] [stdout] help: use associated function syntax instead
[INFO] [stdout]     |
[INFO] [stdout]  68 -     offer_account.bump = *ctx.bumps.get("offer_loan").unwrap();
[INFO] [stdout]  68 +     offer_account.bump = *OfferLoanBumps::get("offer_loan").unwrap();
[INFO] [stdout]     |
[INFO] [stdout] 
[INFO] [stdout] 
[INFO] [stdout] error[E0599]: no method named `get` found for struct `OfferLoanBumps` in the current scope
[INFO] [stdout]    --> programs/nft-lend-borrow/src/instructions/offer_loan.rs:73:29
[INFO] [stdout]     |
[INFO] [stdout]   7 | #[derive(Accounts)]
[INFO] [stdout]     |          -------- method `get` not found for this struct
[INFO] [stdout] ...
[INFO] [stdout]  73 |     vault.bump = *ctx.bumps.get("vault_account").unwrap();
[INFO] [stdout]     |                             ^^^ this is an associated function, not a method
[INFO] [stdout]     |
[INFO] [stdout]     = note: found the following associated functions; to be used as methods, functions must have a `self` parameter
[INFO] [stdout] note: the candidate is defined in the trait `anchor_lang::prelude::SolanaSysvar`
[INFO] [stdout]    --> /opt/rustwide/cargo-home/registry/src/index.crates.io-1949cf8c6b5b557f/solana-program-1.17.6/src/sysvar/mod.rs:227:5
[INFO] [stdout]     |
[INFO] [stdout] 227 |     fn get() -> Result<Self, ProgramError> {
[INFO] [stdout]     |     ^^^^^^^^^^^^^^^^^^^^^^^^^^^^^^^^^^^^^^
[INFO] [stdout]     = help: items from traits can only be used if the trait is implemented and in scope
[INFO] [stdout]     = note: the following traits define an item `get`, perhaps you need to implement one of them:
[INFO] [stdout]             candidate #1: `SliceIndex`
[INFO] [stdout]             candidate #2: `anchor_lang::__private::ZeroCopyAccessor`
[INFO] [stdout]             candidate #3: `anchor_lang::solana_program::account_info::Account`
[INFO] [stdout] help: use associated function syntax instead
[INFO] [stdout]     |
[INFO] [stdout]  73 -     vault.bump = *ctx.bumps.get("vault_account").unwrap();
[INFO] [stdout]  73 +     vault.bump = *OfferLoanBumps::get("vault_account").unwrap();
[INFO] [stdout]     |
[INFO] [stdout] 
[INFO] [stdout] 
[INFO] [stdout] error[E0277]: the trait bound `withdraw_offer::WithdrawOffer<'_>: Bumps` is not satisfied in `anchor_lang::context::Context<'_, '_, '_, '_, withdraw_offer::WithdrawOffer<'_>>`
[INFO] [stdout]   --> programs/nft-lend-borrow/src/instructions/withdraw_offer.rs:35:10
[INFO] [stdout]    |
[INFO] [stdout] 35 |     ctx: Context<WithdrawOffer>,
[INFO] [stdout]    |          ^^^^^^^^^^^^^^^^^^^^^^ unsatisfied trait bound
[INFO] [stdout]    |
[INFO] [stdout] help: within `anchor_lang::context::Context<'_, '_, '_, '_, withdraw_offer::WithdrawOffer<'_>>`, the trait `Bumps` is not implemented for `withdraw_offer::WithdrawOffer<'_>`
[INFO] [stdout]   --> programs/nft-lend-borrow/src/instructions/withdraw_offer.rs:10:1
[INFO] [stdout]    |
[INFO] [stdout] 10 | pub struct WithdrawOffer<'info> {
[INFO] [stdout]    | ^^^^^^^^^^^^^^^^^^^^^^^^^^^^^^^
[INFO] [stdout]    = help: the following other types implement trait `Bumps`:
[INFO] [stdout]              Create<'info>
[INFO] [stdout]              CreateNonceAccount<'info>
[INFO] [stdout]              CreateNonceAccountWithSeed<'info>
[INFO] [stdout]              __idl::IdlAccounts<'info>
[INFO] [stdout]              __idl::IdlCloseAccount<'info>
[INFO] [stdout]              __idl::IdlCreateAccounts<'info>
[INFO] [stdout]              __idl::IdlCreateBuffer<'info>
[INFO] [stdout]              __idl::IdlResizeAccount<'info>
[INFO] [stdout]            and 53 others
[INFO] [stdout] note: required because it appears within the type `anchor_lang::context::Context<'_, '_, '_, '_, withdraw_offer::WithdrawOffer<'_>>`
[INFO] [stdout]   --> /opt/rustwide/cargo-home/registry/src/index.crates.io-1949cf8c6b5b557f/anchor-lang-0.29.0/src/context.rs:24:12
[INFO] [stdout]    |
[INFO] [stdout] 24 | pub struct Context<'a, 'b, 'c, 'info, T: Bumps> {
[INFO] [stdout]    |            ^^^^^^^
[INFO] [stdout] help: function arguments must have a statically known size, borrowed types always have a known size
[INFO] [stdout]    |
[INFO] [stdout] 35 |     ctx: &Context<WithdrawOffer>,
[INFO] [stdout]    |          +
[INFO] [stdout] 
[INFO] [stdout] 
[INFO] [stdout] error[E0277]: the trait bound `withdraw_offer::WithdrawOffer<'_>: Bumps` is not satisfied
[INFO] [stdout]   --> programs/nft-lend-borrow/src/lib.rs:28:22
[INFO] [stdout]    |
[INFO] [stdout] 28 |         ctx: Context<WithdrawOffer>,
[INFO] [stdout]    |                      ^^^^^^^^^^^^^ unsatisfied trait bound
[INFO] [stdout]    |
[INFO] [stdout] help: the trait `Bumps` is not implemented for `withdraw_offer::WithdrawOffer<'_>`
[INFO] [stdout]   --> programs/nft-lend-borrow/src/instructions/withdraw_offer.rs:10:1
[INFO] [stdout]    |
[INFO] [stdout] 10 | pub struct WithdrawOffer<'info> {
[INFO] [stdout]    | ^^^^^^^^^^^^^^^^^^^^^^^^^^^^^^^
[INFO] [stdout]    = help: the following other types implement trait `Bumps`:
[INFO] [stdout]              Create<'info>
[INFO] [stdout]              CreateNonceAccount<'info>
[INFO] [stdout]              CreateNonceAccountWithSeed<'info>
[INFO] [stdout]              __idl::IdlAccounts<'info>
[INFO] [stdout]              __idl::IdlCloseAccount<'info>
[INFO] [stdout]              __idl::IdlCreateAccounts<'info>
[INFO] [stdout]              __idl::IdlCreateBuffer<'info>
[INFO] [stdout]              __idl::IdlResizeAccount<'info>
[INFO] [stdout]            and 53 others
[INFO] [stdout] 
[INFO] [stdout] 
[INFO] [stdout] error[E0277]: the trait bound `withdraw_offer::WithdrawOffer<'_>: Bumps` is not satisfied
[INFO] [stdout]   --> programs/nft-lend-borrow/src/lib.rs:11:1
[INFO] [stdout]    |
[INFO] [stdout] 11 | #[program]
[INFO] [stdout]    | ^^^^^^^^^^ unsatisfied trait bound
[INFO] [stdout]    |
[INFO] [stdout] help: the trait `Bumps` is not implemented for `withdraw_offer::WithdrawOffer<'_>`
[INFO] [stdout]   --> programs/nft-lend-borrow/src/instructions/withdraw_offer.rs:10:1
[INFO] [stdout]    |
[INFO] [stdout] 10 | pub struct WithdrawOffer<'info> {
[INFO] [stdout]    | ^^^^^^^^^^^^^^^^^^^^^^^^^^^^^^^
[INFO] [stdout]    = help: the following other types implement trait `Bumps`:
[INFO] [stdout]              Create<'info>
[INFO] [stdout]              CreateNonceAccount<'info>
[INFO] [stdout]              CreateNonceAccountWithSeed<'info>
[INFO] [stdout]              __idl::IdlAccounts<'info>
[INFO] [stdout]              __idl::IdlCloseAccount<'info>
[INFO] [stdout]              __idl::IdlCreateAccounts<'info>
[INFO] [stdout]              __idl::IdlCreateBuffer<'info>
[INFO] [stdout]              __idl::IdlResizeAccount<'info>
[INFO] [stdout]            and 53 others
[INFO] [stdout]    = note: this error originates in the attribute macro `program` (in Nightly builds, run with -Z macro-backtrace for more info)
[INFO] [stdout] 
[INFO] [stdout] 
[INFO] [stdout] error[E0599]: no associated function or constant named `try_accounts` found for struct `withdraw_offer::WithdrawOffer<'info>` in the current scope
[INFO] [stdout]   --> programs/nft-lend-borrow/src/lib.rs:11:1
[INFO] [stdout]    |
[INFO] [stdout] 11 | #[program]
[INFO] [stdout]    | ^^^^^^^^^^ associated function or constant not found in `withdraw_offer::WithdrawOffer<'_>`
[INFO] [stdout]    |
[INFO] [stdout]   ::: programs/nft-lend-borrow/src/instructions/withdraw_offer.rs:10:1
[INFO] [stdout]    |
[INFO] [stdout] 10 | pub struct WithdrawOffer<'info> {
[INFO] [stdout]    | ------------------------------- associated function or constant `try_accounts` not found for this struct
[INFO] [stdout]    |
[INFO] [stdout]    = help: items from traits can only be used if the trait is implemented and in scope
[INFO] [stdout]    = note: the following trait defines an item `try_accounts`, perhaps you need to implement it:
[INFO] [stdout]            candidate #1: `anchor_lang::Accounts`
[INFO] [stdout]    = note: this error originates in the attribute macro `program` (in Nightly builds, run with -Z macro-backtrace for more info)
[INFO] [stdout] 
[INFO] [stdout] 
[INFO] [stdout] error[E0277]: the trait bound `withdraw_offer::WithdrawOffer<'_>: anchor_lang::Accounts<'_, _>` is not satisfied
[INFO] [stdout]   --> programs/nft-lend-borrow/src/lib.rs:11:1
[INFO] [stdout]    |
[INFO] [stdout] 11 | #[program]
[INFO] [stdout]    | ^^^^^^^^^^ unsatisfied trait bound
[INFO] [stdout]    |
[INFO] [stdout] help: the trait `anchor_lang::Accounts<'_, _>` is not implemented for `withdraw_offer::WithdrawOffer<'_>`
[INFO] [stdout]   --> programs/nft-lend-borrow/src/instructions/withdraw_offer.rs:10:1
[INFO] [stdout]    |
[INFO] [stdout] 10 | pub struct WithdrawOffer<'info> {
[INFO] [stdout]    | ^^^^^^^^^^^^^^^^^^^^^^^^^^^^^^^
[INFO] [stdout]    = help: the following other types implement trait `anchor_lang::Accounts<'info, B>`:
[INFO] [stdout]              `AccountLoader<'info, T>` implements `anchor_lang::Accounts<'info, B>`
[INFO] [stdout]              `Box<T>` implements `anchor_lang::Accounts<'info, B>`
[INFO] [stdout]              `Create<'info>` implements `anchor_lang::Accounts<'info, CreateBumps>`
[INFO] [stdout]              `CreateNonceAccount<'info>` implements `anchor_lang::Accounts<'info, CreateNonceAccountBumps>`
[INFO] [stdout]              `CreateNonceAccountWithSeed<'info>` implements `anchor_lang::Accounts<'info, CreateNonceAccountWithSeedBumps>`
[INFO] [stdout]              `Interface<'info, T>` implements `anchor_lang::Accounts<'info, B>`
[INFO] [stdout]              `InterfaceAccount<'info, T>` implements `anchor_lang::Accounts<'info, B>`
[INFO] [stdout]              `Option<T>` implements `anchor_lang::Accounts<'info, B>`
[INFO] [stdout]            and 66 others
[INFO] [stdout] note: required by a bound in `anchor_lang::context::Context::<'a, 'b, 'c, 'info, T>::new`
[INFO] [stdout]   --> /opt/rustwide/cargo-home/registry/src/index.crates.io-1949cf8c6b5b557f/anchor-lang-0.29.0/src/context.rs:55:16
[INFO] [stdout]    |
[INFO] [stdout] 55 |     T: Bumps + Accounts<'info, T::Bumps>,
[INFO] [stdout]    |                ^^^^^^^^^^^^^^^^^^^^^^^^^ required by this bound in `Context::<'a, 'b, 'c, 'info, T>::new`
[INFO] [stdout] 56 | {
[INFO] [stdout] 57 |     pub fn new(
[INFO] [stdout]    |            --- required by a bound in this associated function
[INFO] [stdout]    = note: this error originates in the attribute macro `program` (in Nightly builds, run with -Z macro-backtrace for more info)
[INFO] [stdout] 
[INFO] [stdout] 
[INFO] [stdout] error[E0277]: the trait bound `withdraw_offer::WithdrawOffer<'_>: Bumps` is not satisfied in `anchor_lang::context::Context<'_, '_, '_, '_, withdraw_offer::WithdrawOffer<'_>>`
[INFO] [stdout]   --> programs/nft-lend-borrow/src/lib.rs:28:14
[INFO] [stdout]    |
[INFO] [stdout] 28 |         ctx: Context<WithdrawOffer>,
[INFO] [stdout]    |              ^^^^^^^^^^^^^^^^^^^^^^ unsatisfied trait bound
[INFO] [stdout]    |
[INFO] [stdout] help: within `anchor_lang::context::Context<'_, '_, '_, '_, withdraw_offer::WithdrawOffer<'_>>`, the trait `Bumps` is not implemented for `withdraw_offer::WithdrawOffer<'_>`
[INFO] [stdout]   --> programs/nft-lend-borrow/src/instructions/withdraw_offer.rs:10:1
[INFO] [stdout]    |
[INFO] [stdout] 10 | pub struct WithdrawOffer<'info> {
[INFO] [stdout]    | ^^^^^^^^^^^^^^^^^^^^^^^^^^^^^^^
[INFO] [stdout]    = help: the following other types implement trait `Bumps`:
[INFO] [stdout]              Create<'info>
[INFO] [stdout]              CreateNonceAccount<'info>
[INFO] [stdout]              CreateNonceAccountWithSeed<'info>
[INFO] [stdout]              __idl::IdlAccounts<'info>
[INFO] [stdout]              __idl::IdlCloseAccount<'info>
[INFO] [stdout]              __idl::IdlCreateAccounts<'info>
[INFO] [stdout]              __idl::IdlCreateBuffer<'info>
[INFO] [stdout]              __idl::IdlResizeAccount<'info>
[INFO] [stdout]            and 53 others
[INFO] [stdout] note: required because it appears within the type `anchor_lang::context::Context<'_, '_, '_, '_, withdraw_offer::WithdrawOffer<'_>>`
[INFO] [stdout]   --> /opt/rustwide/cargo-home/registry/src/index.crates.io-1949cf8c6b5b557f/anchor-lang-0.29.0/src/context.rs:24:12
[INFO] [stdout]    |
[INFO] [stdout] 24 | pub struct Context<'a, 'b, 'c, 'info, T: Bumps> {
[INFO] [stdout]    |            ^^^^^^^
[INFO] [stdout] help: function arguments must have a statically known size, borrowed types always have a known size
[INFO] [stdout]    |
[INFO] [stdout] 28 |         ctx: &Context<WithdrawOffer>,
[INFO] [stdout]    |              +
[INFO] [stdout] 
[INFO] [stdout] 
[INFO] [stdout] error[E0277]: the trait bound `withdraw_offer::WithdrawOffer<'_>: Bumps` is not satisfied
[INFO] [stdout]   --> programs/nft-lend-borrow/src/lib.rs:32:13
[INFO] [stdout]    |
[INFO] [stdout] 32 |             ctx,
[INFO] [stdout]    |             ^^^ unsatisfied trait bound
[INFO] [stdout]    |
[INFO] [stdout] help: the trait `Bumps` is not implemented for `withdraw_offer::WithdrawOffer<'_>`
[INFO] [stdout]   --> programs/nft-lend-borrow/src/instructions/withdraw_offer.rs:10:1
[INFO] [stdout]    |
[INFO] [stdout] 10 | pub struct WithdrawOffer<'info> {
[INFO] [stdout]    | ^^^^^^^^^^^^^^^^^^^^^^^^^^^^^^^
[INFO] [stdout]    = help: the following other types implement trait `Bumps`:
[INFO] [stdout]              Create<'info>
[INFO] [stdout]              CreateNonceAccount<'info>
[INFO] [stdout]              CreateNonceAccountWithSeed<'info>
[INFO] [stdout]              __idl::IdlAccounts<'info>
[INFO] [stdout]              __idl::IdlCloseAccount<'info>
[INFO] [stdout]              __idl::IdlCreateAccounts<'info>
[INFO] [stdout]              __idl::IdlCreateBuffer<'info>
[INFO] [stdout]              __idl::IdlResizeAccount<'info>
[INFO] [stdout]            and 53 others
[INFO] [stdout] note: required by a bound in `anchor_lang::context::Context`
[INFO] [stdout]   --> /opt/rustwide/cargo-home/registry/src/index.crates.io-1949cf8c6b5b557f/anchor-lang-0.29.0/src/context.rs:24:42
[INFO] [stdout]    |
[INFO] [stdout] 24 | pub struct Context<'a, 'b, 'c, 'info, T: Bumps> {
[INFO] [stdout]    |                                          ^^^^^ required by this bound in `Context`
[INFO] [stdout] 
[INFO] [stdout] 
[INFO] [stdout] error[E0061]: this function takes 3 arguments but 2 arguments were supplied
[INFO] [stdout]   --> programs/nft-lend-borrow/src/lib.rs:31:9
[INFO] [stdout]    |
[INFO] [stdout] 31 |           instructions::withdraw_offer::handler(
[INFO] [stdout]    |  _________^^^^^^^^^^^^^^^^^^^^^^^^^^^^^^^^^^^^^-
[INFO] [stdout] 32 | |             ctx,
[INFO] [stdout] 33 | |             minimum_balance_for_rent_exemption,
[INFO] [stdout] 34 | |         )
[INFO] [stdout]    | |_________- argument #3 is missing
[INFO] [stdout]    |
[INFO] [stdout] note: function defined here
[INFO] [stdout]   --> programs/nft-lend-borrow/src/instructions/withdraw_offer.rs:34:8
[INFO] [stdout]    |
[INFO] [stdout] 34 | ...fn handler(
[INFO] [stdout]    |       ^^^^^^^
[INFO] [stdout] 35 | ...ctx: Context<WithdrawOffer>,
[INFO] [stdout] 36 | ...minimum_balance_for_rent_exemption: u64,        /// solana accounts need to maintain a min balance for them be rent expempt, so that the data in them does not get cleared out. This parameter is measure of that balance for our offer account
[INFO] [stdout]    |                                                    -----------------------------------------------------------------------------------------------------------------------------------------------------------------------------------------------
[INFO] [stdout] help: provide the argument
[INFO] [stdout]    |
[INFO] [stdout] 31 |         instructions::withdraw_offer::handler(
[INFO] [stdout] 32 |             ctx,
[INFO] [stdout] 33 |             minimum_balance_for_rent_exemption,
[INFO] [stdout] 34 ~             /* <!dummy!> */,
[INFO] [stdout] 35 ~         )
[INFO] [stdout]    |
[INFO] [stdout] 
[INFO] [stdout] 
[INFO] [stdout] Some errors have detailed explanations: E0061, E0277, E0432, E0599, E0658.
[INFO] [stdout] 
[INFO] [stdout] For more information about an error, try `rustc --explain E0061`.
[INFO] [stdout] 
[INFO] [stderr] error: could not compile `nft-lend-borrow` (lib) due to 19 previous errors; 24 warnings emitted
[INFO] running `Command { std: "docker" "inspect" "99404b05db05de4d2b0d65ea95c3476b29639dd9df583235b6dfe04f411df5d5", kill_on_drop: false }`
[INFO] running `Command { std: "docker" "rm" "-f" "99404b05db05de4d2b0d65ea95c3476b29639dd9df583235b6dfe04f411df5d5", kill_on_drop: false }`
[INFO] [stdout] 99404b05db05de4d2b0d65ea95c3476b29639dd9df583235b6dfe04f411df5d5
