[INFO] cloning repository https://github.com/maia-s/sdl3-sys-rs
[INFO] running `Command { std: "git" "-c" "credential.helper=" "-c" "credential.helper=/workspace/cargo-home/bin/git-credential-null" "clone" "--bare" "https://github.com/maia-s/sdl3-sys-rs" "/workspace/cache/git-repos/https%3A%2F%2Fgithub.com%2Fmaia-s%2Fsdl3-sys-rs", kill_on_drop: false }`
[INFO] [stderr] Cloning into bare repository '/workspace/cache/git-repos/https%3A%2F%2Fgithub.com%2Fmaia-s%2Fsdl3-sys-rs'...
[INFO] running `Command { std: "git" "rev-parse" "HEAD", kill_on_drop: false }`
[INFO] [stdout] cb71d15cf848ccec6ee59bf8ba5d2c91ca4083d3
[INFO] testing maia-s/sdl3-sys-rs against 1.97.0-beta.6 for beta-1.98-2
[INFO] running `Command { std: "git" "clone" "/workspace/cache/git-repos/https%3A%2F%2Fgithub.com%2Fmaia-s%2Fsdl3-sys-rs" "/workspace/builds/worker-5-tc1/source", kill_on_drop: false }`
[INFO] [stderr] Cloning into '/workspace/builds/worker-5-tc1/source'...
[INFO] [stderr] done.
[INFO] started tweaking git repo https://github.com/maia-s/sdl3-sys-rs
[INFO] finished tweaking git repo https://github.com/maia-s/sdl3-sys-rs
[INFO] tweaked toml for git repo https://github.com/maia-s/sdl3-sys-rs written to /workspace/builds/worker-5-tc1/source/Cargo.toml
[INFO] validating manifest of git repo https://github.com/maia-s/sdl3-sys-rs on toolchain 1.97.0-beta.6
[INFO] running `Command { std: CARGO_HOME="/workspace/cargo-home" RUSTUP_HOME="/workspace/rustup-home" "/workspace/cargo-home/bin/cargo" "+1.97.0-beta.6" "metadata" "--manifest-path" "Cargo.toml" "--no-deps", kill_on_drop: false }`
[INFO] crate git repo https://github.com/maia-s/sdl3-sys-rs already has a lockfile, it will not be regenerated
[INFO] running `Command { std: CARGO_HOME="/workspace/cargo-home" RUSTUP_HOME="/workspace/rustup-home" "/workspace/cargo-home/bin/cargo" "+1.97.0-beta.6" "fetch" "--manifest-path" "Cargo.toml", kill_on_drop: false }`
[INFO] [stderr]     Updating crates.io index
[INFO] [stderr]  Downloading crates ...
[INFO] [stderr]   Downloaded redox_syscall v0.5.12
[INFO] [stderr]   Downloaded escape8259 v0.5.3
[INFO] [stderr]   Downloaded libtest-mimic v0.8.1
[INFO] [stderr]   Downloaded libtest-mimic-collect v0.3.2
[INFO] [stderr]   Downloaded libtest-mimic-collect-macro v0.3.0
[INFO] [stderr]   Downloaded rpkg-config v0.1.2
[INFO] [stderr]   Downloaded str-block v0.1.2
[INFO] [stderr]   Downloaded proclet v0.3.0
[INFO] [stderr]   Downloaded const-it v0.2.0
[INFO] [stderr]   Downloaded clap_derive v4.5.32
[INFO] [stderr]   Downloaded cc v1.2.22
[INFO] [stderr]   Downloaded clap v4.5.38
[INFO] [stderr]   Downloaded clap_builder v4.5.38
[INFO] running `Command { std: "docker" "create" "-v" "/var/lib/crater-agent-workspace/builds/worker-5-tc1/source:/opt/rustwide/workdir:ro,Z" "-v" "/var/lib/crater-agent-workspace/builds/worker-5-tc1/target:/opt/rustwide/target:rw,Z" "-v" "/var/lib/crater-agent-workspace/cargo-home:/opt/rustwide/cargo-home:ro,Z" "-v" "/var/lib/crater-agent-workspace/rustup-home:/opt/rustwide/rustup-home:ro,Z" "-m" "1610612736" "--network" "none" "ghcr.io/rust-lang/crates-build-env/linux@sha256:3d5ced03c013a94a2f102a4510f48a6e9184255caf5fd8244f58017bde7f5210" "sleep" "infinity", kill_on_drop: false }`
[INFO] [stdout] e18c70e5096fb12903d01b315c7f3761e7ba490961865ae86b1cfbb865884bda
[INFO] running `Command { std: "docker" "start" "e18c70e5096fb12903d01b315c7f3761e7ba490961865ae86b1cfbb865884bda", kill_on_drop: false }`
[INFO] running `Command { std: "docker" "inspect" "e18c70e5096fb12903d01b315c7f3761e7ba490961865ae86b1cfbb865884bda", kill_on_drop: false }`
[INFO] running `Command { std: "docker" "exec" "-e" "SOURCE_DIR=/opt/rustwide/workdir" "-e" "CARGO_HOME=/opt/rustwide/cargo-home" "-e" "RUSTUP_HOME=/opt/rustwide/rustup-home" "-e" "CARGO_TARGET_DIR=/opt/rustwide/target" "-w" "/opt/rustwide/workdir" "--user" "0:0" "e18c70e5096fb12903d01b315c7f3761e7ba490961865ae86b1cfbb865884bda" "/opt/rustwide/cargo-home/bin/cargo" "+1.97.0-beta.6" "metadata" "--no-deps" "--format-version=1", kill_on_drop: false }`
[INFO] running `Command { std: "docker" "inspect" "e18c70e5096fb12903d01b315c7f3761e7ba490961865ae86b1cfbb865884bda", kill_on_drop: false }`
[INFO] running `Command { std: "docker" "exec" "-e" "SOURCE_DIR=/opt/rustwide/workdir" "-e" "CARGO_HOME=/opt/rustwide/cargo-home" "-e" "RUSTUP_HOME=/opt/rustwide/rustup-home" "-e" "CARGO_TARGET_DIR=/opt/rustwide/target" "-e" "CARGO_INCREMENTAL=0" "-e" "RUST_BACKTRACE=full" "-e" "RUSTFLAGS=--cap-lints=warn" "-e" "RUSTDOCFLAGS=--cap-lints=warn" "-w" "/opt/rustwide/workdir" "--user" "0:0" "e18c70e5096fb12903d01b315c7f3761e7ba490961865ae86b1cfbb865884bda" "/opt/rustwide/cargo-home/bin/cargo" "+1.97.0-beta.6" "build" "--frozen" "--message-format=json", kill_on_drop: false }`
[INFO] [stderr]    Compiling sdl3-main-macros v0.2.3 (/opt/rustwide/workdir/sdl3-main-macros)
[INFO] [stderr]    Compiling sdl3-sys v0.6.7+SDL-3.4.12 (/opt/rustwide/workdir/sdl3-sys)
[INFO] [stderr]    Compiling sdl3-ttf-sys v0.6.1+SDL-ttf-3.2.2 (/opt/rustwide/workdir/sdl3-ttf-sys)
[INFO] [stderr]    Compiling sdl3-image-sys v0.6.4+SDL-image-3.4.4 (/opt/rustwide/workdir/sdl3-image-sys)
[INFO] [stderr]    Compiling sdl3-mixer-sys v0.6.3+SDL-mixer-3.2.4 (/opt/rustwide/workdir/sdl3-mixer-sys)
[INFO] [stderr]    Compiling sdl3-net-sys v0.6.0+SDL-net-3.2.0 (/opt/rustwide/workdir/sdl3-net-sys)
[INFO] [stderr]    Compiling sdl3-main v0.6.4 (/opt/rustwide/workdir/sdl3-main)
[INFO] [stderr]     Finished `dev` profile [unoptimized + debuginfo] target(s) in 4.14s
[INFO] running `Command { std: "docker" "inspect" "e18c70e5096fb12903d01b315c7f3761e7ba490961865ae86b1cfbb865884bda", kill_on_drop: false }`
[INFO] running `Command { std: "docker" "exec" "-e" "SOURCE_DIR=/opt/rustwide/workdir" "-e" "CARGO_HOME=/opt/rustwide/cargo-home" "-e" "RUSTUP_HOME=/opt/rustwide/rustup-home" "-e" "CARGO_TARGET_DIR=/opt/rustwide/target" "-e" "CARGO_INCREMENTAL=0" "-e" "RUST_BACKTRACE=full" "-e" "RUSTFLAGS=--cap-lints=warn" "-e" "RUSTDOCFLAGS=--cap-lints=warn" "-w" "/opt/rustwide/workdir" "--user" "0:0" "e18c70e5096fb12903d01b315c7f3761e7ba490961865ae86b1cfbb865884bda" "/opt/rustwide/cargo-home/bin/cargo" "+1.97.0-beta.6" "test" "--frozen" "--no-run" "--message-format=json", kill_on_drop: false }`
[INFO] [stderr]    Compiling anstyle v1.0.10
[INFO] [stderr]    Compiling anstyle-query v1.1.2
[INFO] [stderr]    Compiling anstyle-parse v0.2.6
[INFO] [stderr]    Compiling colorchoice v1.0.3
[INFO] [stderr]    Compiling clap_lex v0.7.4
[INFO] [stderr]    Compiling syn v2.0.101
[INFO] [stderr]    Compiling escape8259 v0.5.3
[INFO] [stderr]    Compiling sdl3-ttf-sys v0.6.1+SDL-ttf-3.2.2 (/opt/rustwide/workdir/sdl3-ttf-sys)
[INFO] [stderr]    Compiling sdl3-mixer-sys v0.6.3+SDL-mixer-3.2.4 (/opt/rustwide/workdir/sdl3-mixer-sys)
[INFO] [stderr]    Compiling sdl3-image-sys v0.6.4+SDL-image-3.4.4 (/opt/rustwide/workdir/sdl3-image-sys)
[INFO] [stderr]    Compiling sdl3-net-sys v0.6.0+SDL-net-3.2.0 (/opt/rustwide/workdir/sdl3-net-sys)
[INFO] [stdout] error: linking with `cc` failed: exit status: 1
[INFO] [stdout]   |
[INFO] [stdout]   = note:  "cc" "-m64" "/opt/rustwide/target/debug/examples/rustc6CO5LB/symbols.o" "<2 object files omitted>" "-Wl,--as-needed" "-Wl,-Bstatic" "/opt/rustwide/target/debug/deps/{libsdl3_image_sys-338f2203387e094e,libsdl3_sys-fcf887764235087a}.rlib" "<sysroot>/lib/rustlib/x86_64-unknown-linux-gnu/lib/{libstd-*,libpanic_unwind-*,libobject-*,libmemchr-*,libaddr2line-*,libgimli-*,libcfg_if-*,librustc_demangle-*,libstd_detect-*,libhashbrown-*,librustc_std_workspace_alloc-*,libminiz_oxide-*,libadler2-*,libunwind-*,liblibc-*,librustc_std_workspace_core-*,liballoc-*,libcore-*,libcompiler_builtins-*}.rlib" "-Wl,-Bdynamic" "-lSDL3_image" "-lSDL3" "-lgcc_s" "-lutil" "-lrt" "-lpthread" "-lm" "-ldl" "-lc" "-L" "/opt/rustwide/target/debug/examples/rustc6CO5LB/raw-dylibs" "-B<sysroot>/lib/rustlib/x86_64-unknown-linux-gnu/bin/gcc-ld" "-fuse-ld=lld" "-Wl,--eh-frame-hdr" "-Wl,-z,noexecstack" "-L" "<sysroot>/lib/rustlib/x86_64-unknown-linux-gnu/lib" "-o" "/opt/rustwide/target/debug/examples/showimage-f0c442e046898b58" "-Wl,--gc-sections" "-pie" "-Wl,-z,relro,-z,now" "-nodefaultlibs"
[INFO] [stdout]   = note: some arguments are omitted. use `--verbose` to show all linker arguments
[INFO] [stdout]   = note: rust-lld: error: unable to find library -lSDL3_image
[INFO] [stdout]           rust-lld: error: unable to find library -lSDL3
[INFO] [stdout]           collect2: error: ld returned 1 exit status
[INFO] [stdout]           
[INFO] [stdout] 
[INFO] [stdout] 
[INFO] [stderr] error: could not compile `sdl3-image-sys` (example "showimage") due to 1 previous error
[INFO] [stderr] warning: build failed, waiting for other jobs to finish...
[INFO] [stdout] error: linking with `cc` failed: exit status: 1
[INFO] [stdout]   |
[INFO] [stdout]   = note:  "cc" "-m64" "/opt/rustwide/target/debug/deps/rustcy0kvTA/symbols.o" "<2 object files omitted>" "-Wl,--as-needed" "-Wl,-Bdynamic" "-lSDL3_net" "-Wl,-Bstatic" "<sysroot>/lib/rustlib/x86_64-unknown-linux-gnu/lib/{libtest-*,libgetopts-*,librustc_std_workspace_std-*,libstd-*,libpanic_unwind-*,libobject-*,libmemchr-*,libaddr2line-*,libgimli-*,libcfg_if-*,librustc_demangle-*,libstd_detect-*,libhashbrown-*,librustc_std_workspace_alloc-*,libminiz_oxide-*,libadler2-*,libunwind-*,liblibc-*,librustc_std_workspace_core-*,liballoc-*}.rlib" "/opt/rustwide/target/debug/deps/libsdl3_sys-fcf887764235087a.rlib" "<sysroot>/lib/rustlib/x86_64-unknown-linux-gnu/lib/{libcore-*,libcompiler_builtins-*}.rlib" "-Wl,-Bdynamic" "-lgcc_s" "-lutil" "-lrt" "-lpthread" "-lm" "-ldl" "-lc" "-lSDL3" "-L" "/opt/rustwide/target/debug/deps/rustcy0kvTA/raw-dylibs" "-B<sysroot>/lib/rustlib/x86_64-unknown-linux-gnu/bin/gcc-ld" "-fuse-ld=lld" "-Wl,--eh-frame-hdr" "-Wl,-z,noexecstack" "-L" "<sysroot>/lib/rustlib/x86_64-unknown-linux-gnu/lib" "-o" "/opt/rustwide/target/debug/deps/sdl3_net_sys-2e57e0c05ef8ba18" "-Wl,--gc-sections" "-pie" "-Wl,-z,relro,-z,now" "-nodefaultlibs"
[INFO] [stdout]   = note: some arguments are omitted. use `--verbose` to show all linker arguments
[INFO] [stdout]   = note: rust-lld: error: unable to find library -lSDL3_net
[INFO] [stdout]           rust-lld: error: unable to find library -lSDL3
[INFO] [stdout]           collect2: error: ld returned 1 exit status
[INFO] [stdout]           
[INFO] [stdout] 
[INFO] [stdout] 
[INFO] [stderr] error: could not compile `sdl3-net-sys` (lib test) due to 1 previous error
[INFO] [stdout] error: linking with `cc` failed: exit status: 1
[INFO] [stdout]   |
[INFO] [stdout]   = note:  "cc" "-m64" "/opt/rustwide/target/debug/examples/rustcN5kW0s/symbols.o" "<2 object files omitted>" "-Wl,--as-needed" "-Wl,-Bstatic" "/opt/rustwide/target/debug/deps/{libsdl3_mixer_sys-f1ed18c18ec1c811,libsdl3_main-80a9df9e53c886c3,libsdl3_sys-fcf887764235087a}.rlib" "<sysroot>/lib/rustlib/x86_64-unknown-linux-gnu/lib/{libstd-*,libpanic_unwind-*,libobject-*,libmemchr-*,libaddr2line-*,libgimli-*,libcfg_if-*,librustc_demangle-*,libstd_detect-*,libhashbrown-*,librustc_std_workspace_alloc-*,libminiz_oxide-*,libadler2-*,libunwind-*,liblibc-*,librustc_std_workspace_core-*,liballoc-*,libcore-*,libcompiler_builtins-*}.rlib" "-Wl,-Bdynamic" "-lSDL3_mixer" "-lSDL3" "-lgcc_s" "-lutil" "-lrt" "-lpthread" "-lm" "-ldl" "-lc" "-L" "/opt/rustwide/target/debug/examples/rustcN5kW0s/raw-dylibs" "-B<sysroot>/lib/rustlib/x86_64-unknown-linux-gnu/bin/gcc-ld" "-fuse-ld=lld" "-Wl,--eh-frame-hdr" "-Wl,-z,noexecstack" "-L" "<sysroot>/lib/rustlib/x86_64-unknown-linux-gnu/lib" "-o" "/opt/rustwide/target/debug/examples/01_load_and_play-d84a5785c7516fe2" "-Wl,--gc-sections" "-pie" "-Wl,-z,relro,-z,now" "-nodefaultlibs"
[INFO] [stdout]   = note: some arguments are omitted. use `--verbose` to show all linker arguments
[INFO] [stdout]   = note: rust-lld: error: unable to find library -lSDL3_mixer
[INFO] [stdout]           rust-lld: error: unable to find library -lSDL3
[INFO] [stdout]           collect2: error: ld returned 1 exit status
[INFO] [stdout]           
[INFO] [stdout] 
[INFO] [stdout] 
[INFO] [stderr] error: could not compile `sdl3-mixer-sys` (example "01-load-and-play") due to 1 previous error
[INFO] [stdout] error: linking with `cc` failed: exit status: 1
[INFO] [stdout]   |
[INFO] [stdout]   = note:  "cc" "-m64" "/opt/rustwide/target/debug/examples/rustcHlrwvq/symbols.o" "<3 object files omitted>" "-Wl,--as-needed" "-Wl,-Bstatic" "/opt/rustwide/target/debug/deps/{libsdl3_ttf_sys-6d9ece059710c7b3,libsdl3_sys-fcf887764235087a}.rlib" "<sysroot>/lib/rustlib/x86_64-unknown-linux-gnu/lib/{libstd-*,libpanic_unwind-*,libobject-*,libmemchr-*,libaddr2line-*,libgimli-*,libcfg_if-*,librustc_demangle-*,libstd_detect-*,libhashbrown-*,librustc_std_workspace_alloc-*,libminiz_oxide-*,libadler2-*,libunwind-*,liblibc-*,librustc_std_workspace_core-*,liballoc-*,libcore-*,libcompiler_builtins-*}.rlib" "-Wl,-Bdynamic" "-lSDL3_ttf" "-lSDL3" "-lgcc_s" "-lutil" "-lrt" "-lpthread" "-lm" "-ldl" "-lc" "-L" "/opt/rustwide/target/debug/examples/rustcHlrwvq/raw-dylibs" "-B<sysroot>/lib/rustlib/x86_64-unknown-linux-gnu/bin/gcc-ld" "-fuse-ld=lld" "-Wl,--eh-frame-hdr" "-Wl,-z,noexecstack" "-L" "<sysroot>/lib/rustlib/x86_64-unknown-linux-gnu/lib" "-o" "/opt/rustwide/target/debug/examples/showfont-886e96873a643e4d" "-Wl,--gc-sections" "-pie" "-Wl,-z,relro,-z,now" "-nodefaultlibs"
[INFO] [stdout]   = note: some arguments are omitted. use `--verbose` to show all linker arguments
[INFO] [stdout]   = note: rust-lld: error: unable to find library -lSDL3_ttf
[INFO] [stdout]           rust-lld: error: unable to find library -lSDL3
[INFO] [stdout]           collect2: error: ld returned 1 exit status
[INFO] [stdout]           
[INFO] [stdout] 
[INFO] [stdout] 
[INFO] [stderr] error: could not compile `sdl3-ttf-sys` (example "showfont") due to 1 previous error
[INFO] running `Command { std: "docker" "inspect" "e18c70e5096fb12903d01b315c7f3761e7ba490961865ae86b1cfbb865884bda", kill_on_drop: false }`
[INFO] running `Command { std: "docker" "rm" "-f" "e18c70e5096fb12903d01b315c7f3761e7ba490961865ae86b1cfbb865884bda", kill_on_drop: false }`
[INFO] [stdout] e18c70e5096fb12903d01b315c7f3761e7ba490961865ae86b1cfbb865884bda
