[INFO] cloning repository https://github.com/maetin0324/async-ior
[INFO] running `Command { std: "git" "-c" "credential.helper=" "-c" "credential.helper=/workspace/cargo-home/bin/git-credential-null" "clone" "--bare" "https://github.com/maetin0324/async-ior" "/workspace/cache/git-repos/https%3A%2F%2Fgithub.com%2Fmaetin0324%2Fasync-ior", kill_on_drop: false }`
[INFO] [stderr] Cloning into bare repository '/workspace/cache/git-repos/https%3A%2F%2Fgithub.com%2Fmaetin0324%2Fasync-ior'...
[INFO] running `Command { std: "git" "rev-parse" "HEAD", kill_on_drop: false }`
[INFO] [stdout] 1e8aba69a2815e0cc07e67e53ee13a7e7751e539
[INFO] testing maetin0324/async-ior against 1.98.0-beta.1 for beta-1.98-2
[INFO] running `Command { std: "git" "clone" "/workspace/cache/git-repos/https%3A%2F%2Fgithub.com%2Fmaetin0324%2Fasync-ior" "/workspace/builds/worker-2-tc2/source", kill_on_drop: false }`
[INFO] [stderr] Cloning into '/workspace/builds/worker-2-tc2/source'...
[INFO] [stderr] done.
[INFO] started tweaking git repo https://github.com/maetin0324/async-ior
[INFO] finished tweaking git repo https://github.com/maetin0324/async-ior
[INFO] tweaked toml for git repo https://github.com/maetin0324/async-ior written to /workspace/builds/worker-2-tc2/source/Cargo.toml
[INFO] validating manifest of git repo https://github.com/maetin0324/async-ior on toolchain 1.98.0-beta.1
[INFO] running `Command { std: CARGO_HOME="/workspace/cargo-home" RUSTUP_HOME="/workspace/rustup-home" "/workspace/cargo-home/bin/cargo" "+1.98.0-beta.1" "metadata" "--manifest-path" "Cargo.toml" "--no-deps", kill_on_drop: false }`
[INFO] crate git repo https://github.com/maetin0324/async-ior already has a lockfile, it will not be regenerated
[INFO] running `Command { std: CARGO_HOME="/workspace/cargo-home" RUSTUP_HOME="/workspace/rustup-home" "/workspace/cargo-home/bin/cargo" "+1.98.0-beta.1" "fetch" "--manifest-path" "Cargo.toml", kill_on_drop: false }`
[INFO] running `Command { std: "docker" "create" "-v" "/var/lib/crater-agent-workspace/builds/worker-2-tc2/source:/opt/rustwide/workdir:ro,Z" "-v" "/var/lib/crater-agent-workspace/builds/worker-2-tc2/target:/opt/rustwide/target:rw,Z" "-v" "/var/lib/crater-agent-workspace/cargo-home:/opt/rustwide/cargo-home:ro,Z" "-v" "/var/lib/crater-agent-workspace/rustup-home:/opt/rustwide/rustup-home:ro,Z" "-m" "1610612736" "--network" "none" "ghcr.io/rust-lang/crates-build-env/linux@sha256:3d5ced03c013a94a2f102a4510f48a6e9184255caf5fd8244f58017bde7f5210" "sleep" "infinity", kill_on_drop: false }`
[INFO] [stdout] 7529bd07df02024139ddc83c109b5c30a429a4413ff18bc798527b5afebc3811
[INFO] running `Command { std: "docker" "start" "7529bd07df02024139ddc83c109b5c30a429a4413ff18bc798527b5afebc3811", kill_on_drop: false }`
[INFO] running `Command { std: "docker" "inspect" "7529bd07df02024139ddc83c109b5c30a429a4413ff18bc798527b5afebc3811", kill_on_drop: false }`
[INFO] running `Command { std: "docker" "exec" "-e" "SOURCE_DIR=/opt/rustwide/workdir" "-e" "CARGO_HOME=/opt/rustwide/cargo-home" "-e" "RUSTUP_HOME=/opt/rustwide/rustup-home" "-e" "CARGO_TARGET_DIR=/opt/rustwide/target" "-w" "/opt/rustwide/workdir" "--user" "0:0" "7529bd07df02024139ddc83c109b5c30a429a4413ff18bc798527b5afebc3811" "/opt/rustwide/cargo-home/bin/cargo" "+1.98.0-beta.1" "metadata" "--no-deps" "--format-version=1", kill_on_drop: false }`
[INFO] running `Command { std: "docker" "inspect" "7529bd07df02024139ddc83c109b5c30a429a4413ff18bc798527b5afebc3811", kill_on_drop: false }`
[INFO] running `Command { std: "docker" "exec" "-e" "SOURCE_DIR=/opt/rustwide/workdir" "-e" "CARGO_HOME=/opt/rustwide/cargo-home" "-e" "RUSTUP_HOME=/opt/rustwide/rustup-home" "-e" "CARGO_TARGET_DIR=/opt/rustwide/target" "-e" "CARGO_INCREMENTAL=0" "-e" "RUST_BACKTRACE=full" "-e" "RUSTFLAGS=--cap-lints=warn" "-e" "RUSTDOCFLAGS=--cap-lints=warn" "-w" "/opt/rustwide/workdir" "--user" "0:0" "7529bd07df02024139ddc83c109b5c30a429a4413ff18bc798527b5afebc3811" "/opt/rustwide/cargo-home/bin/cargo" "+1.98.0-beta.1" "build" "--frozen" "--message-format=json", kill_on_drop: false }`
[INFO] [stderr]    Compiling quote v1.0.44
[INFO] [stderr]    Compiling glob v0.3.3
[INFO] [stderr]    Compiling memchr v2.8.0
[INFO] [stderr]    Compiling libc v0.2.182
[INFO] [stderr]    Compiling cc v1.2.56
[INFO] [stderr]    Compiling cfg-if v1.0.4
[INFO] [stderr]    Compiling regex-syntax v0.8.9
[INFO] [stderr]    Compiling minimal-lexical v0.2.1
[INFO] [stderr]    Compiling libloading v0.8.9
[INFO] [stderr]    Compiling clang-sys v1.8.1
[INFO] [stderr]    Compiling pkg-config v0.3.32
[INFO] [stderr]    Compiling shell-words v1.1.1
[INFO] [stderr]    Compiling bindgen v0.69.5
[INFO] [stderr]    Compiling syn v2.0.116
[INFO] [stderr]    Compiling either v1.15.0
[INFO] [stderr]    Compiling build-probe-mpi v0.1.5
[INFO] [stderr]    Compiling itertools v0.12.1
[INFO] [stderr]    Compiling lazycell v1.3.0
[INFO] [stderr]    Compiling nom v7.1.3
[INFO] [stderr]    Compiling rustc-hash v1.1.0
[INFO] [stderr]    Compiling mpi v0.8.1
[INFO] [stderr]    Compiling custom_derive v0.1.7
[INFO] [stderr]    Compiling regex-automata v0.4.14
[INFO] [stderr]    Compiling libffi-sys v4.1.0
[INFO] [stderr]    Compiling conv v0.3.3
[INFO] [stderr]    Compiling once_cell v1.21.3
[INFO] [stderr]    Compiling anstyle-parse v0.2.7
[INFO] [stderr]    Compiling colorchoice v1.0.4
[INFO] [stderr]    Compiling anstyle v1.0.13
[INFO] [stderr]    Compiling serde_json v1.0.149
[INFO] [stderr]    Compiling ior-backend-chfs v0.1.0 (/opt/rustwide/workdir/crates/ior-backend-chfs)
[INFO] [stderr]    Compiling cexpr v0.6.0
[INFO] [stderr]    Compiling clap_lex v1.0.0
[INFO] [stderr]    Compiling anstream v0.6.21
[INFO] [stderr]    Compiling ior-backend-benchfs v0.1.0 (/opt/rustwide/workdir/crates/ior-backend-benchfs)
[INFO] [stderr]    Compiling clap_builder v4.5.59
[INFO] [stderr]    Compiling regex v1.12.3
[INFO] [stderr]    Compiling thiserror-impl v2.0.18
[INFO] [stderr]    Compiling serde_derive v1.0.228
[INFO] [stderr]    Compiling clap_derive v4.5.55
[INFO] [stderr]    Compiling thiserror v2.0.18
[INFO] [stderr]    Compiling clap v4.5.59
[INFO] [stderr]    Compiling serde v1.0.228
[INFO] [stderr]    Compiling mpi-sys v0.2.3
[INFO] [stderr]    Compiling libffi v5.1.0
[INFO] [stderr]    Compiling ior-core v0.1.0 (/opt/rustwide/workdir/crates/ior-core)
[INFO] [stderr]    Compiling ior-backend-posix v0.1.0 (/opt/rustwide/workdir/crates/ior-backend-posix)
[INFO] [stderr]    Compiling mdtest-bench v0.1.0 (/opt/rustwide/workdir/crates/mdtest-bench)
[INFO] [stderr]    Compiling ior-bench v0.1.0 (/opt/rustwide/workdir/crates/ior-bench)
[INFO] [stdout] warning: field `stonewall_time` is never read
[INFO] [stdout]   --> crates/mdtest-bench/src/runner.rs:59:9
[INFO] [stdout]    |
[INFO] [stdout] 55 | pub struct MdtestResult {
[INFO] [stdout]    |            ------------ field in this struct
[INFO] [stdout] ...
[INFO] [stdout] 59 |     pub stonewall_time: [f64; MDTEST_NUM_PHASES],
[INFO] [stdout]    |         ^^^^^^^^^^^^^^
[INFO] [stdout]    |
[INFO] [stdout]    = note: `MdtestResult` has derived impls for the traits `Clone` and `Debug`, but these are intentionally ignored during dead code analysis
[INFO] [stdout]    = note: `#[warn(dead_code)]` (part of `#[warn(unused)]`) on by default
[INFO] [stdout] 
[INFO] [stdout] 
[INFO] [stdout] error: linking with `cc` failed: exit status: 1
[INFO] [stdout]   |
[INFO] [stdout]   = note:  "cc" "-m64" "/opt/rustwide/target/debug/deps/rustc1bjgrv/symbols.o" "<7 object files omitted>" "-Wl,--as-needed" "-Wl,-Bstatic" "/opt/rustwide/target/debug/deps/{libior_backend_chfs-ae2807ba49d18fc6,libior_backend_benchfs-d6b9e9678074989c,libior_backend_posix-742ce8e0edccdd11,libserde_json-30dbd574d099ce4a,libmemchr-ba3829a276830806,libitoa-f3a70a1441f7f89b,libzmij-ef63f1da73704b4c,libmpi-8b0a9fd495fbc0eb,libsmallvec-c4b0763233bab5f9,liblibffi-30113d38789dd7cb,liblibffi_sys-6f6a29d63e803e57,libconv-4f921d3afad08f93,libcustom_derive-5acb2430726980e7,libonce_cell-e9252a7b5119f3eb,libmpi_sys-fb2e516bbf10b482,libserde-933f41b0e6c150d2,libserde_core-2c928ee17a7447a4,libior_core-45fb18862eb49ee0,liblibc-4fc9a7ee991d175f,libbitflags-89a023adeebf44a1,libthiserror-f41fa569d28071a8,libclap-2ff66c5df0509270,libclap_builder-3f7d058cf28ea021,libstrsim-4d1ed08a123238dc,libanstream-8abea42649d55d0c,libanstyle_query-635080b1d6343734,libis_terminal_polyfill-3ca4268cb2568267,libcolorchoice-8e2615b3451b028d,libanstyle_parse-2b179629a907e4e4,libutf8parse-92d0158219063202,libclap_lex-98116f9ed4bc0185,libanstyle-fe219cdab7346aa5}.rlib" "<sysroot>/lib/rustlib/x86_64-unknown-linux-gnu/lib/{libstd-*,libpanic_unwind-*,libobject-*,libmemchr-*,libaddr2line-*,libgimli-*,libcfg_if-*,librustc_demangle-*,libstd_detect-*,libhashbrown-*,librustc_std_workspace_alloc-*,libminiz_oxide-*,libadler2-*,libunwind-*,liblibc-*,librustc_std_workspace_core-*,liballoc-*,libcore-*,libcompiler_builtins-*}.rlib" "-Wl,-Bdynamic" "-lchfs" "-lmargo" "-lmercury" "-labt" "-lbenchfs" "-lmpi" "-lgcc_s" "-lutil" "-lrt" "-lpthread" "-lm" "-ldl" "-lc" "-L" "/opt/rustwide/target/debug/deps/rustc1bjgrv/raw-dylibs" "-B<sysroot>/lib/rustlib/x86_64-unknown-linux-gnu/bin/gcc-ld" "-fuse-ld=lld" "-Wl,--eh-frame-hdr" "-Wl,-z,noexecstack" "-L" "/opt/rustwide/target/debug/build/libffi-sys-2a995a2c1cda9196/out/libffi-root/lib" "-L" "/opt/rustwide/target/debug/build/libffi-sys-2a995a2c1cda9196/out/libffi-root/lib32" "-L" "/opt/rustwide/target/debug/build/libffi-sys-2a995a2c1cda9196/out/libffi-root/lib64" "-L" "/opt/rustwide/target/debug/build/mpi-sys-9df0327001c2afc2/out" "-L" "/opt/rustwide/workdir/external/benchfs/target/release" "-L" "/usr/lib/x86_64-linux-gnu/openmpi/lib" "-L" "/opt/rustwide/workdir/external/chfs/lib/.libs" "-L" "<sysroot>/lib/rustlib/x86_64-unknown-linux-gnu/lib" "-o" "/opt/rustwide/target/debug/deps/ior_bench-56f9c54d6cca99e8" "-Wl,--gc-sections" "-pie" "-Wl,-z,relro,-z,now" "-nodefaultlibs"
[INFO] [stdout]   = note: some arguments are omitted. use `--verbose` to show all linker arguments
[INFO] [stdout]   = note: rust-lld: error: unable to find library -lchfs
[INFO] [stdout]           rust-lld: error: unable to find library -lmargo
[INFO] [stdout]           rust-lld: error: unable to find library -lmercury
[INFO] [stdout]           rust-lld: error: unable to find library -labt
[INFO] [stdout]           rust-lld: error: unable to find library -lbenchfs
[INFO] [stdout]           collect2: error: ld returned 1 exit status
[INFO] [stdout]           
[INFO] [stdout] 
[INFO] [stdout] 
[INFO] [stderr] error: could not compile `ior-bench` (bin "ior-bench") due to 1 previous error
[INFO] [stderr] warning: build failed, waiting for other jobs to finish...
[INFO] [stdout] error: linking with `cc` failed: exit status: 1
[INFO] [stdout]   |
[INFO] [stdout]   = note:  "cc" "-m64" "/opt/rustwide/target/debug/deps/rustcdT1Xe1/symbols.o" "<9 object files omitted>" "-Wl,--as-needed" "-Wl,-Bstatic" "/opt/rustwide/target/debug/deps/{libior_backend_chfs-ae2807ba49d18fc6,libior_backend_benchfs-d6b9e9678074989c,libior_backend_posix-742ce8e0edccdd11,libserde_json-30dbd574d099ce4a,libmemchr-ba3829a276830806,libitoa-f3a70a1441f7f89b,libzmij-ef63f1da73704b4c,libmpi-8b0a9fd495fbc0eb,libsmallvec-c4b0763233bab5f9,liblibffi-30113d38789dd7cb,liblibffi_sys-6f6a29d63e803e57,libconv-4f921d3afad08f93,libcustom_derive-5acb2430726980e7,libonce_cell-e9252a7b5119f3eb,libmpi_sys-fb2e516bbf10b482,libior_core-45fb18862eb49ee0,liblibc-4fc9a7ee991d175f,libbitflags-89a023adeebf44a1,libthiserror-f41fa569d28071a8,libserde-933f41b0e6c150d2,libserde_core-2c928ee17a7447a4,libclap-2ff66c5df0509270,libclap_builder-3f7d058cf28ea021,libstrsim-4d1ed08a123238dc,libanstream-8abea42649d55d0c,libanstyle_query-635080b1d6343734,libis_terminal_polyfill-3ca4268cb2568267,libcolorchoice-8e2615b3451b028d,libanstyle_parse-2b179629a907e4e4,libutf8parse-92d0158219063202,libclap_lex-98116f9ed4bc0185,libanstyle-fe219cdab7346aa5}.rlib" "<sysroot>/lib/rustlib/x86_64-unknown-linux-gnu/lib/{libstd-*,libpanic_unwind-*,libobject-*,libmemchr-*,libaddr2line-*,libgimli-*,libcfg_if-*,librustc_demangle-*,libstd_detect-*,libhashbrown-*,librustc_std_workspace_alloc-*,libminiz_oxide-*,libadler2-*,libunwind-*,liblibc-*,librustc_std_workspace_core-*,liballoc-*,libcore-*,libcompiler_builtins-*}.rlib" "-Wl,-Bdynamic" "-lchfs" "-lmargo" "-lmercury" "-labt" "-lbenchfs" "-lmpi" "-lgcc_s" "-lutil" "-lrt" "-lpthread" "-lm" "-ldl" "-lc" "-L" "/opt/rustwide/target/debug/deps/rustcdT1Xe1/raw-dylibs" "-B<sysroot>/lib/rustlib/x86_64-unknown-linux-gnu/bin/gcc-ld" "-fuse-ld=lld" "-Wl,--eh-frame-hdr" "-Wl,-z,noexecstack" "-L" "/opt/rustwide/target/debug/build/libffi-sys-2a995a2c1cda9196/out/libffi-root/lib" "-L" "/opt/rustwide/target/debug/build/libffi-sys-2a995a2c1cda9196/out/libffi-root/lib32" "-L" "/opt/rustwide/target/debug/build/libffi-sys-2a995a2c1cda9196/out/libffi-root/lib64" "-L" "/opt/rustwide/target/debug/build/mpi-sys-9df0327001c2afc2/out" "-L" "/opt/rustwide/workdir/external/benchfs/target/release" "-L" "/usr/lib/x86_64-linux-gnu/openmpi/lib" "-L" "/opt/rustwide/workdir/external/chfs/lib/.libs" "-L" "<sysroot>/lib/rustlib/x86_64-unknown-linux-gnu/lib" "-o" "/opt/rustwide/target/debug/deps/mdtest_bench-748812fd68bb2331" "-Wl,--gc-sections" "-pie" "-Wl,-z,relro,-z,now" "-nodefaultlibs"
[INFO] [stdout]   = note: some arguments are omitted. use `--verbose` to show all linker arguments
[INFO] [stdout]   = note: rust-lld: error: unable to find library -lchfs
[INFO] [stdout]           rust-lld: error: unable to find library -lmargo
[INFO] [stdout]           rust-lld: error: unable to find library -lmercury
[INFO] [stdout]           rust-lld: error: unable to find library -labt
[INFO] [stdout]           rust-lld: error: unable to find library -lbenchfs
[INFO] [stdout]           collect2: error: ld returned 1 exit status
[INFO] [stdout]           
[INFO] [stdout] 
[INFO] [stdout] 
[INFO] [stderr] error: could not compile `mdtest-bench` (bin "mdtest-bench") due to 1 previous error; 1 warning emitted
[INFO] running `Command { std: "docker" "inspect" "7529bd07df02024139ddc83c109b5c30a429a4413ff18bc798527b5afebc3811", kill_on_drop: false }`
[INFO] running `Command { std: "docker" "rm" "-f" "7529bd07df02024139ddc83c109b5c30a429a4413ff18bc798527b5afebc3811", kill_on_drop: false }`
[INFO] [stdout] 7529bd07df02024139ddc83c109b5c30a429a4413ff18bc798527b5afebc3811
