[INFO] cloning repository https://github.com/lyqgit/rocket-admin
[INFO] running `Command { std: "git" "-c" "credential.helper=" "-c" "credential.helper=/workspace/cargo-home/bin/git-credential-null" "clone" "--bare" "https://github.com/lyqgit/rocket-admin" "/workspace/cache/git-repos/https%3A%2F%2Fgithub.com%2Flyqgit%2Frocket-admin", kill_on_drop: false }`
[INFO] [stderr] Cloning into bare repository '/workspace/cache/git-repos/https%3A%2F%2Fgithub.com%2Flyqgit%2Frocket-admin'...
[INFO] running `Command { std: "git" "rev-parse" "HEAD", kill_on_drop: false }`
[INFO] [stdout] 6ab6ecddb0c3772538b7ecfce87d001bdabd7d6b
[INFO] testing lyqgit/rocket-admin against 1.98.0-beta.1 for beta-1.98-2
[INFO] running `Command { std: "git" "clone" "/workspace/cache/git-repos/https%3A%2F%2Fgithub.com%2Flyqgit%2Frocket-admin" "/workspace/builds/worker-1-tc2/source", kill_on_drop: false }`
[INFO] [stderr] Cloning into '/workspace/builds/worker-1-tc2/source'...
[INFO] [stderr] done.
[INFO] started tweaking git repo https://github.com/lyqgit/rocket-admin
[INFO] finished tweaking git repo https://github.com/lyqgit/rocket-admin
[INFO] tweaked toml for git repo https://github.com/lyqgit/rocket-admin written to /workspace/builds/worker-1-tc2/source/Cargo.toml
[INFO] validating manifest of git repo https://github.com/lyqgit/rocket-admin on toolchain 1.98.0-beta.1
[INFO] running `Command { std: CARGO_HOME="/workspace/cargo-home" RUSTUP_HOME="/workspace/rustup-home" "/workspace/cargo-home/bin/cargo" "+1.98.0-beta.1" "metadata" "--manifest-path" "Cargo.toml" "--no-deps", kill_on_drop: false }`
[INFO] crate git repo https://github.com/lyqgit/rocket-admin already has a lockfile, it will not be regenerated
[INFO] running `Command { std: CARGO_HOME="/workspace/cargo-home" RUSTUP_HOME="/workspace/rustup-home" "/workspace/cargo-home/bin/cargo" "+1.98.0-beta.1" "fetch" "--manifest-path" "Cargo.toml", kill_on_drop: false }`
[INFO] [stderr]     Blocking waiting for file lock on package cache
[INFO] running `Command { std: "docker" "create" "-v" "/var/lib/crater-agent-workspace/builds/worker-1-tc2/source:/opt/rustwide/workdir:ro,Z" "-v" "/var/lib/crater-agent-workspace/builds/worker-1-tc2/target:/opt/rustwide/target:rw,Z" "-v" "/var/lib/crater-agent-workspace/cargo-home:/opt/rustwide/cargo-home:ro,Z" "-v" "/var/lib/crater-agent-workspace/rustup-home:/opt/rustwide/rustup-home:ro,Z" "-m" "1610612736" "--network" "none" "ghcr.io/rust-lang/crates-build-env/linux@sha256:3d5ced03c013a94a2f102a4510f48a6e9184255caf5fd8244f58017bde7f5210" "sleep" "infinity", kill_on_drop: false }`
[INFO] [stdout] 13255ded7bd6d90183a9a60286d015c87f8d51afd6154e9ea14dcd55a11a78d0
[INFO] running `Command { std: "docker" "start" "13255ded7bd6d90183a9a60286d015c87f8d51afd6154e9ea14dcd55a11a78d0", kill_on_drop: false }`
[INFO] running `Command { std: "docker" "inspect" "13255ded7bd6d90183a9a60286d015c87f8d51afd6154e9ea14dcd55a11a78d0", kill_on_drop: false }`
[INFO] running `Command { std: "docker" "exec" "-e" "SOURCE_DIR=/opt/rustwide/workdir" "-e" "CARGO_HOME=/opt/rustwide/cargo-home" "-e" "RUSTUP_HOME=/opt/rustwide/rustup-home" "-e" "CARGO_TARGET_DIR=/opt/rustwide/target" "-w" "/opt/rustwide/workdir" "--user" "0:0" "13255ded7bd6d90183a9a60286d015c87f8d51afd6154e9ea14dcd55a11a78d0" "/opt/rustwide/cargo-home/bin/cargo" "+1.98.0-beta.1" "metadata" "--no-deps" "--format-version=1", kill_on_drop: false }`
[INFO] running `Command { std: "docker" "inspect" "13255ded7bd6d90183a9a60286d015c87f8d51afd6154e9ea14dcd55a11a78d0", kill_on_drop: false }`
[INFO] running `Command { std: "docker" "exec" "-e" "SOURCE_DIR=/opt/rustwide/workdir" "-e" "CARGO_HOME=/opt/rustwide/cargo-home" "-e" "RUSTUP_HOME=/opt/rustwide/rustup-home" "-e" "CARGO_TARGET_DIR=/opt/rustwide/target" "-e" "CARGO_INCREMENTAL=0" "-e" "RUST_BACKTRACE=full" "-e" "RUSTFLAGS=--cap-lints=warn" "-e" "RUSTDOCFLAGS=--cap-lints=warn" "-w" "/opt/rustwide/workdir" "--user" "0:0" "13255ded7bd6d90183a9a60286d015c87f8d51afd6154e9ea14dcd55a11a78d0" "/opt/rustwide/cargo-home/bin/cargo" "+1.98.0-beta.1" "build" "--frozen" "--message-format=json", kill_on_drop: false }`
[INFO] [stderr]    Compiling libc v0.2.137
[INFO] [stderr]    Compiling proc-macro2 v1.0.47
[INFO] [stderr]    Compiling unicode-ident v1.0.5
[INFO] [stderr]    Compiling quote v1.0.21
[INFO] [stderr]    Compiling syn v1.0.103
[INFO] [stderr]    Compiling serde_derive v1.0.147
[INFO] [stderr]    Compiling once_cell v1.16.0
[INFO] [stderr]    Compiling serde v1.0.147
[INFO] [stderr]    Compiling memchr v2.5.0
[INFO] [stderr]    Compiling itoa v1.0.4
[INFO] [stderr]    Compiling pin-project-lite v0.2.9
[INFO] [stderr]    Compiling log v0.4.17
[INFO] [stderr]    Compiling libm v0.2.6
[INFO] [stderr]    Compiling generic-array v0.14.6
[INFO] [stderr]    Compiling num-traits v0.2.15
[INFO] [stderr]    Compiling subtle v2.4.1
[INFO] [stderr]    Compiling scopeguard v1.1.0
[INFO] [stderr]    Compiling smallvec v1.10.0
[INFO] [stderr]    Compiling lock_api v0.4.9
[INFO] [stderr]    Compiling futures-core v0.3.25
[INFO] [stderr]    Compiling bytes v1.2.1
[INFO] [stderr]    Compiling futures-channel v0.3.25
[INFO] [stderr]    Compiling parking_lot_core v0.9.4
[INFO] [stderr]    Compiling base64 v0.13.1
[INFO] [stderr]    Compiling cc v1.0.76
[INFO] [stderr]    Compiling serde_json v1.0.87
[INFO] [stderr]    Compiling thiserror v1.0.37
[INFO] [stderr]    Compiling const-oid v0.9.1
[INFO] [stderr]    Compiling ryu v1.0.11
[INFO] [stderr]    Compiling futures-sink v0.3.25
[INFO] [stderr]    Compiling tokio v1.21.2
[INFO] [stderr]    Compiling num-integer v0.1.45
[INFO] [stderr]    Compiling byteorder v1.4.3
[INFO] [stderr]    Compiling cpufeatures v0.2.5
[INFO] [stderr]    Compiling slab v0.4.7
[INFO] [stderr]    Compiling spin v0.5.2
[INFO] [stderr]    Compiling futures-task v0.3.25
[INFO] [stderr]    Compiling aho-corasick v0.7.20
[INFO] [stderr]    Compiling getrandom v0.2.8
[INFO] [stderr]    Compiling socket2 v0.4.7
[INFO] [stderr]    Compiling num_cpus v1.14.0
[INFO] [stderr]    Compiling signal-hook-registry v1.4.0
[INFO] [stderr]    Compiling percent-encoding v2.2.0
[INFO] [stderr]    Compiling regex-syntax v0.6.28
[INFO] [stderr]    Compiling futures-util v0.3.25
[INFO] [stderr]    Compiling rand_core v0.6.4
[INFO] [stderr]    Compiling block-buffer v0.10.3
[INFO] [stderr]    Compiling ahash v0.7.6
[INFO] [stderr]    Compiling parking_lot v0.12.1
[INFO] [stderr]    Compiling yansi v0.5.1
[INFO] [stderr]    Compiling futures-io v0.3.25
[INFO] [stderr]    Compiling crypto-common v0.1.6
[INFO] [stderr]    Compiling rand_chacha v0.3.1
[INFO] [stderr]    Compiling inout v0.1.3
[INFO] [stderr]    Compiling tracing-core v0.1.30
[INFO] [stderr]    Compiling digest v0.10.5
[INFO] [stderr]    Compiling ucd-trie v0.1.5
[INFO] [stderr]    Compiling async-trait v0.1.58
[INFO] [stderr]    Compiling untrusted v0.7.1
[INFO] [stderr]    Compiling paste v1.0.9
[INFO] [stderr]    Compiling time-core v0.1.0
[INFO] [stderr]    Compiling ring v0.16.20
[INFO] [stderr]    Compiling hashbrown v0.12.3
[INFO] [stderr]    Compiling rand v0.8.5
[INFO] [stderr]    Compiling time-macros v0.2.6
[INFO] [stderr]    Compiling cipher v0.4.3
[INFO] [stderr]    Compiling universal-hash v0.5.0
[INFO] [stderr]    Compiling http v0.2.8
[INFO] [stderr]    Compiling tracing v0.1.37
[INFO] [stderr]    Compiling crossbeam-utils v0.8.14
[INFO] [stderr]    Compiling regex v1.7.0
[INFO] [stderr]    Compiling tinyvec_macros v0.1.0
[INFO] [stderr]    Compiling httparse v1.8.0
[INFO] [stderr]    Compiling polyval v0.6.0
[INFO] [stderr]    Compiling indexmap v1.9.1
[INFO] [stderr]    Compiling tinyvec v1.6.0
[INFO] [stderr]    Compiling try-lock v0.2.3
[INFO] [stderr]    Compiling time v0.3.17
[INFO] [stderr]    Compiling ghash v0.5.0
[INFO] [stderr]    Compiling ctr v0.9.2
[INFO] [stderr]    Compiling aes v0.8.2
[INFO] [stderr]    Compiling aead v0.5.1
[INFO] [stderr]    Compiling cookie v0.16.1
[INFO] [stderr]    Compiling memoffset v0.7.1
[INFO] [stderr]    Compiling zeroize v1.5.7
[INFO] [stderr]    Compiling unicode-bidi v0.3.8
[INFO] [stderr]    Compiling crc32fast v1.3.2
[INFO] [stderr]    Compiling base64ct v1.5.3
[INFO] [stderr]    Compiling http-body v0.4.5
[INFO] [stderr]    Compiling form_urlencoded v1.1.0
[INFO] [stderr]    Compiling crossbeam-epoch v0.9.13
[INFO] [stderr]    Compiling aes-gcm v0.10.1
[INFO] [stderr]    Compiling pem-rfc7468 v0.6.0
[INFO] [stderr]    Compiling inlinable_string v0.1.15
[INFO] [stderr]    Compiling httpdate v1.0.2
[INFO] [stderr]    Compiling ref-cast v1.0.13
[INFO] [stderr]    Compiling tower-service v0.3.2
[INFO] [stderr]    Compiling rustls v0.20.7
[INFO] [stderr]    Compiling miniz_oxide v0.6.2
[INFO] [stderr]    Compiling der v0.6.1
[INFO] [stderr]    Compiling hmac v0.12.1
[INFO] [stderr]    Compiling rmp v0.8.11
[INFO] [stderr]    Compiling mio v0.8.5
[INFO] [stderr]    Compiling spin v0.9.4
[INFO] [stderr]    Compiling uncased v0.9.7
[INFO] [stderr]    Compiling num-iter v0.1.43
[INFO] [stderr]    Compiling unicode-normalization v0.1.22
[INFO] [stderr]    Compiling env_logger v0.8.4
[INFO] [stderr]    Compiling crossbeam-queue v0.3.8
[INFO] [stderr]    Compiling either v1.8.0
[INFO] [stderr]    Compiling hkdf v0.12.3
[INFO] [stderr]    Compiling idna v0.3.0
[INFO] [stderr]    Compiling quickcheck v1.0.3
[INFO] [stderr]    Compiling spki v0.6.0
[INFO] [stderr]    Compiling flate2 v1.0.25
[INFO] [stderr]    Compiling sha2 v0.10.6
[INFO] [stderr]    Compiling url v2.3.1
[INFO] [stderr]    Compiling want v0.3.0
[INFO] [stderr]    Compiling proc-macro2-diagnostics v0.9.1
[INFO] [stderr]    Compiling stable-pattern v0.1.0
[INFO] [stderr]    Compiling num-bigint v0.4.3
[INFO] [stderr]    Compiling devise_core v0.3.1
[INFO] [stderr]    Compiling num-rational v0.4.1
[INFO] [stderr]    Compiling state v0.5.3
[INFO] [stderr]    Compiling bytemuck v1.12.3
[INFO] [stderr]    Compiling retain_mut v0.1.9
[INFO] [stderr]    Compiling num-bigint-dig v0.8.2
[INFO] [stderr]    Compiling deadpool-runtime v0.1.2
[INFO] [stderr]    Compiling encoding_rs v0.8.31
[INFO] [stderr]    Compiling futures v0.3.25
[INFO] [stderr]    Compiling crossbeam-deque v0.8.2
[INFO] [stderr]    Compiling pkcs8 v0.9.0
[INFO] [stderr]    Compiling crossbeam-channel v0.5.6
[INFO] [stderr]    Compiling hashlink v0.8.1
[INFO] [stderr]    Compiling decimal v2.1.0
[INFO] [stderr]    Compiling uuid v1.2.2
[INFO] [stderr]    Compiling lazy_static v1.4.0
[INFO] [stderr]    Compiling rustls-pemfile v1.0.1
[INFO] [stderr]    Compiling figment v0.10.8
[INFO] [stderr]    Compiling multer v2.0.4
[INFO] [stderr]    Compiling atomic v0.5.1
[INFO] [stderr]    Compiling anyhow v1.0.66
[INFO] [stderr]    Compiling destructure_traitobject v0.2.0
[INFO] [stderr]    Compiling yaml-rust v0.4.5
[INFO] [stderr]    Compiling unsafe-any-ors v1.0.0
[INFO] [stderr]    Compiling pkcs1 v0.4.1
[INFO] [stderr]    Compiling rgb v0.8.34
[INFO] [stderr]    Compiling png v0.17.7
[INFO] [stderr]    Compiling fallible_collections v0.4.6
[INFO] [stderr]    Compiling ordered-float v2.10.0
[INFO] [stderr]    Compiling crossbeam v0.8.2
[INFO] [stderr]    Compiling signature v1.6.4
[INFO] [stderr]    Compiling time v0.1.45
[INFO] [stderr]    Compiling rocket v0.5.0-rc.2
[INFO] [stderr]    Compiling ord_subset v3.1.1
[INFO] [stderr]    Compiling iana-time-zone v0.1.53
[INFO] [stderr]    Compiling rust-format v0.3.4
[INFO] [stderr]    Compiling unicode-xid v0.2.4
[INFO] [stderr]    Compiling fastrand v1.8.0
[INFO] [stdout] error[E0277]: the size for values of type `A` cannot be known at compilation time
[INFO] [stdout]    --> /opt/rustwide/cargo-home/registry/src/index.crates.io-1949cf8c6b5b557f/ord_subset-3.1.1/src/ord_subset_trait.rs:113:51
[INFO] [stdout]     |
[INFO] [stdout] 113 |               impl<$($T:OrdSubset),+> OrdSubset for ($($T,)+) where last_type!($($T,)+): ?Sized {
[INFO] [stdout]     |                                                     ^^^^^^^^^ doesn't have a size known at compile-time
[INFO] [stdout] ...
[INFO] [stdout] 128 | / tuple_impls! {
[INFO] [stdout] 129 | |     Tuple1 {
[INFO] [stdout] 130 | |         (0) -> A
[INFO] [stdout]     | |                - this type parameter needs to be `Sized`
[INFO] [stdout] ...   |
[INFO] [stdout] 231 | | }
[INFO] [stdout]     | |_- in this macro invocation
[INFO] [stdout]     |
[INFO] [stdout]     = note: required for `(A,)` to implement `PartialEq`
[INFO] [stdout] note: required by a bound in `ord_subset_trait::OrdSubset`
[INFO] [stdout]    --> /opt/rustwide/cargo-home/registry/src/index.crates.io-1949cf8c6b5b557f/ord_subset-3.1.1/src/ord_subset_trait.rs:12:41
[INFO] [stdout]     |
[INFO] [stdout]  12 | pub trait OrdSubset: PartialOrd<Self> + PartialEq<Self> {
[INFO] [stdout]     |                                         ^^^^^^^^^^^^^^^ required by this bound in `OrdSubset`
[INFO] [stdout]     = note: this error originates in the macro `tuple_impls` (in Nightly builds, run with -Z macro-backtrace for more info)
[INFO] [stdout] help: consider removing the `?Sized` bound to make the type parameter `Sized`
[INFO] [stdout]     |
[INFO] [stdout] 113 -             impl<$($T:OrdSubset),+> OrdSubset for ($($T,)+) where last_type!($($T,)+): ?Sized {
[INFO] [stdout] 113 +             impl<$($T:OrdSubset),+> OrdSubset for ($($T,)+)  {
[INFO] [stdout]     |
[INFO] [stdout] 
[INFO] [stdout] 
[INFO] [stdout] error[E0277]: the size for values of type `B` cannot be known at compilation time
[INFO] [stdout]    --> /opt/rustwide/cargo-home/registry/src/index.crates.io-1949cf8c6b5b557f/ord_subset-3.1.1/src/ord_subset_trait.rs:113:51
[INFO] [stdout]     |
[INFO] [stdout] 113 |               impl<$($T:OrdSubset),+> OrdSubset for ($($T,)+) where last_type!($($T,)+): ?Sized {
[INFO] [stdout]     |                                                     ^^^^^^^^^ doesn't have a size known at compile-time
[INFO] [stdout] ...
[INFO] [stdout] 128 | / tuple_impls! {
[INFO] [stdout] 129 | |     Tuple1 {
[INFO] [stdout] 130 | |         (0) -> A
[INFO] [stdout] ...   |
[INFO] [stdout] 134 | |         (1) -> B
[INFO] [stdout]     | |                - this type parameter needs to be `Sized`
[INFO] [stdout] ...   |
[INFO] [stdout] 231 | | }
[INFO] [stdout]     | |_- in this macro invocation
[INFO] [stdout]     |
[INFO] [stdout]     = note: required for `(A, B)` to implement `PartialEq`
[INFO] [stdout] note: required by a bound in `ord_subset_trait::OrdSubset`
[INFO] [stdout]    --> /opt/rustwide/cargo-home/registry/src/index.crates.io-1949cf8c6b5b557f/ord_subset-3.1.1/src/ord_subset_trait.rs:12:41
[INFO] [stdout]     |
[INFO] [stdout]  12 | pub trait OrdSubset: PartialOrd<Self> + PartialEq<Self> {
[INFO] [stdout]     |                                         ^^^^^^^^^^^^^^^ required by this bound in `OrdSubset`
[INFO] [stdout]     = note: this error originates in the macro `tuple_impls` (in Nightly builds, run with -Z macro-backtrace for more info)
[INFO] [stdout] help: consider removing the `?Sized` bound to make the type parameter `Sized`
[INFO] [stdout]     |
[INFO] [stdout] 113 -             impl<$($T:OrdSubset),+> OrdSubset for ($($T,)+) where last_type!($($T,)+): ?Sized {
[INFO] [stdout] 113 +             impl<$($T:OrdSubset),+> OrdSubset for ($($T,)+)  {
[INFO] [stdout]     |
[INFO] [stdout] 
[INFO] [stdout] 
[INFO] [stdout] error[E0277]: the size for values of type `C` cannot be known at compilation time
[INFO] [stdout]    --> /opt/rustwide/cargo-home/registry/src/index.crates.io-1949cf8c6b5b557f/ord_subset-3.1.1/src/ord_subset_trait.rs:113:51
[INFO] [stdout]     |
[INFO] [stdout] 113 |               impl<$($T:OrdSubset),+> OrdSubset for ($($T,)+) where last_type!($($T,)+): ?Sized {
[INFO] [stdout]     |                                                     ^^^^^^^^^ doesn't have a size known at compile-time
[INFO] [stdout] ...
[INFO] [stdout] 128 | / tuple_impls! {
[INFO] [stdout] 129 | |     Tuple1 {
[INFO] [stdout] 130 | |         (0) -> A
[INFO] [stdout] ...   |
[INFO] [stdout] 139 | |         (2) -> C
[INFO] [stdout]     | |                - this type parameter needs to be `Sized`
[INFO] [stdout] ...   |
[INFO] [stdout] 231 | | }
[INFO] [stdout]     | |_- in this macro invocation
[INFO] [stdout]     |
[INFO] [stdout]     = note: required for `(A, B, C)` to implement `PartialEq`
[INFO] [stdout] note: required by a bound in `ord_subset_trait::OrdSubset`
[INFO] [stdout]    --> /opt/rustwide/cargo-home/registry/src/index.crates.io-1949cf8c6b5b557f/ord_subset-3.1.1/src/ord_subset_trait.rs:12:41
[INFO] [stdout]     |
[INFO] [stdout]  12 | pub trait OrdSubset: PartialOrd<Self> + PartialEq<Self> {
[INFO] [stdout]     |                                         ^^^^^^^^^^^^^^^ required by this bound in `OrdSubset`
[INFO] [stdout]     = note: this error originates in the macro `tuple_impls` (in Nightly builds, run with -Z macro-backtrace for more info)
[INFO] [stdout] help: consider removing the `?Sized` bound to make the type parameter `Sized`
[INFO] [stdout]     |
[INFO] [stdout] 113 -             impl<$($T:OrdSubset),+> OrdSubset for ($($T,)+) where last_type!($($T,)+): ?Sized {
[INFO] [stdout] 113 +             impl<$($T:OrdSubset),+> OrdSubset for ($($T,)+)  {
[INFO] [stdout]     |
[INFO] [stdout] 
[INFO] [stdout] 
[INFO] [stdout] error[E0277]: the size for values of type `D` cannot be known at compilation time
[INFO] [stdout]    --> /opt/rustwide/cargo-home/registry/src/index.crates.io-1949cf8c6b5b557f/ord_subset-3.1.1/src/ord_subset_trait.rs:113:51
[INFO] [stdout]     |
[INFO] [stdout] 113 |               impl<$($T:OrdSubset),+> OrdSubset for ($($T,)+) where last_type!($($T,)+): ?Sized {
[INFO] [stdout]     |                                                     ^^^^^^^^^ doesn't have a size known at compile-time
[INFO] [stdout] ...
[INFO] [stdout] 128 | / tuple_impls! {
[INFO] [stdout] 129 | |     Tuple1 {
[INFO] [stdout] 130 | |         (0) -> A
[INFO] [stdout] ...   |
[INFO] [stdout] 145 | |         (3) -> D
[INFO] [stdout]     | |                - this type parameter needs to be `Sized`
[INFO] [stdout] ...   |
[INFO] [stdout] 231 | | }
[INFO] [stdout]     | |_- in this macro invocation
[INFO] [stdout]     |
[INFO] [stdout]     = note: required for `(A, B, C, D)` to implement `PartialEq`
[INFO] [stdout] note: required by a bound in `ord_subset_trait::OrdSubset`
[INFO] [stdout]    --> /opt/rustwide/cargo-home/registry/src/index.crates.io-1949cf8c6b5b557f/ord_subset-3.1.1/src/ord_subset_trait.rs:12:41
[INFO] [stdout]     |
[INFO] [stdout]  12 | pub trait OrdSubset: PartialOrd<Self> + PartialEq<Self> {
[INFO] [stdout]     |                                         ^^^^^^^^^^^^^^^ required by this bound in `OrdSubset`
[INFO] [stdout]     = note: this error originates in the macro `tuple_impls` (in Nightly builds, run with -Z macro-backtrace for more info)
[INFO] [stdout] help: consider removing the `?Sized` bound to make the type parameter `Sized`
[INFO] [stdout]     |
[INFO] [stdout] 113 -             impl<$($T:OrdSubset),+> OrdSubset for ($($T,)+) where last_type!($($T,)+): ?Sized {
[INFO] [stdout] 113 +             impl<$($T:OrdSubset),+> OrdSubset for ($($T,)+)  {
[INFO] [stdout]     |
[INFO] [stdout] 
[INFO] [stdout] 
[INFO] [stdout] error[E0277]: the size for values of type `E` cannot be known at compilation time
[INFO] [stdout]    --> /opt/rustwide/cargo-home/registry/src/index.crates.io-1949cf8c6b5b557f/ord_subset-3.1.1/src/ord_subset_trait.rs:113:51
[INFO] [stdout]     |
[INFO] [stdout] 113 |               impl<$($T:OrdSubset),+> OrdSubset for ($($T,)+) where last_type!($($T,)+): ?Sized {
[INFO] [stdout]     |                                                     ^^^^^^^^^ doesn't have a size known at compile-time
[INFO] [stdout] ...
[INFO] [stdout] 128 | / tuple_impls! {
[INFO] [stdout] 129 | |     Tuple1 {
[INFO] [stdout] 130 | |         (0) -> A
[INFO] [stdout] ...   |
[INFO] [stdout] 152 | |         (4) -> E
[INFO] [stdout]     | |                - this type parameter needs to be `Sized`
[INFO] [stdout] ...   |
[INFO] [stdout] 231 | | }
[INFO] [stdout]     | |_- in this macro invocation
[INFO] [stdout]     |
[INFO] [stdout]     = note: required for `(A, B, C, D, E)` to implement `PartialEq`
[INFO] [stdout] note: required by a bound in `ord_subset_trait::OrdSubset`
[INFO] [stdout]    --> /opt/rustwide/cargo-home/registry/src/index.crates.io-1949cf8c6b5b557f/ord_subset-3.1.1/src/ord_subset_trait.rs:12:41
[INFO] [stdout]     |
[INFO] [stdout]  12 | pub trait OrdSubset: PartialOrd<Self> + PartialEq<Self> {
[INFO] [stdout]     |                                         ^^^^^^^^^^^^^^^ required by this bound in `OrdSubset`
[INFO] [stdout]     = note: this error originates in the macro `tuple_impls` (in Nightly builds, run with -Z macro-backtrace for more info)
[INFO] [stdout] help: consider removing the `?Sized` bound to make the type parameter `Sized`
[INFO] [stdout]     |
[INFO] [stdout] 113 -             impl<$($T:OrdSubset),+> OrdSubset for ($($T,)+) where last_type!($($T,)+): ?Sized {
[INFO] [stdout] 113 +             impl<$($T:OrdSubset),+> OrdSubset for ($($T,)+)  {
[INFO] [stdout]     |
[INFO] [stdout] 
[INFO] [stdout] 
[INFO] [stdout] error[E0277]: the size for values of type `F` cannot be known at compilation time
[INFO] [stdout]    --> /opt/rustwide/cargo-home/registry/src/index.crates.io-1949cf8c6b5b557f/ord_subset-3.1.1/src/ord_subset_trait.rs:113:51
[INFO] [stdout]     |
[INFO] [stdout] 113 |               impl<$($T:OrdSubset),+> OrdSubset for ($($T,)+) where last_type!($($T,)+): ?Sized {
[INFO] [stdout]     |                                                     ^^^^^^^^^ doesn't have a size known at compile-time
[INFO] [stdout] ...
[INFO] [stdout] 128 | / tuple_impls! {
[INFO] [stdout] 129 | |     Tuple1 {
[INFO] [stdout] 130 | |         (0) -> A
[INFO] [stdout] ...   |
[INFO] [stdout] 160 | |         (5) -> F
[INFO] [stdout]     | |                - this type parameter needs to be `Sized`
[INFO] [stdout] ...   |
[INFO] [stdout] 231 | | }
[INFO] [stdout]     | |_- in this macro invocation
[INFO] [stdout]     |
[INFO] [stdout]     = note: required for `(A, B, C, D, E, F)` to implement `PartialEq`
[INFO] [stdout] note: required by a bound in `ord_subset_trait::OrdSubset`
[INFO] [stdout]    --> /opt/rustwide/cargo-home/registry/src/index.crates.io-1949cf8c6b5b557f/ord_subset-3.1.1/src/ord_subset_trait.rs:12:41
[INFO] [stdout]     |
[INFO] [stdout]  12 | pub trait OrdSubset: PartialOrd<Self> + PartialEq<Self> {
[INFO] [stdout]     |                                         ^^^^^^^^^^^^^^^ required by this bound in `OrdSubset`
[INFO] [stdout]     = note: this error originates in the macro `tuple_impls` (in Nightly builds, run with -Z macro-backtrace for more info)
[INFO] [stdout] help: consider removing the `?Sized` bound to make the type parameter `Sized`
[INFO] [stdout]     |
[INFO] [stdout] 113 -             impl<$($T:OrdSubset),+> OrdSubset for ($($T,)+) where last_type!($($T,)+): ?Sized {
[INFO] [stdout] 113 +             impl<$($T:OrdSubset),+> OrdSubset for ($($T,)+)  {
[INFO] [stdout]     |
[INFO] [stdout] 
[INFO] [stdout] 
[INFO] [stdout] error[E0277]: the size for values of type `G` cannot be known at compilation time
[INFO] [stdout]    --> /opt/rustwide/cargo-home/registry/src/index.crates.io-1949cf8c6b5b557f/ord_subset-3.1.1/src/ord_subset_trait.rs:113:51
[INFO] [stdout]     |
[INFO] [stdout] 113 |               impl<$($T:OrdSubset),+> OrdSubset for ($($T,)+) where last_type!($($T,)+): ?Sized {
[INFO] [stdout]     |                                                     ^^^^^^^^^ doesn't have a size known at compile-time
[INFO] [stdout] ...
[INFO] [stdout] 128 | / tuple_impls! {
[INFO] [stdout] 129 | |     Tuple1 {
[INFO] [stdout] 130 | |         (0) -> A
[INFO] [stdout] ...   |
[INFO] [stdout] 169 | |         (6) -> G
[INFO] [stdout]     | |                - this type parameter needs to be `Sized`
[INFO] [stdout] ...   |
[INFO] [stdout] 231 | | }
[INFO] [stdout]     | |_- in this macro invocation
[INFO] [stdout]     |
[INFO] [stdout]     = note: required for `(A, B, C, D, E, F, G)` to implement `PartialEq`
[INFO] [stdout] note: required by a bound in `ord_subset_trait::OrdSubset`
[INFO] [stdout]    --> /opt/rustwide/cargo-home/registry/src/index.crates.io-1949cf8c6b5b557f/ord_subset-3.1.1/src/ord_subset_trait.rs:12:41
[INFO] [stdout]     |
[INFO] [stdout]  12 | pub trait OrdSubset: PartialOrd<Self> + PartialEq<Self> {
[INFO] [stdout]     |                                         ^^^^^^^^^^^^^^^ required by this bound in `OrdSubset`
[INFO] [stdout]     = note: this error originates in the macro `tuple_impls` (in Nightly builds, run with -Z macro-backtrace for more info)
[INFO] [stdout] help: consider removing the `?Sized` bound to make the type parameter `Sized`
[INFO] [stdout]     |
[INFO] [stdout] 113 -             impl<$($T:OrdSubset),+> OrdSubset for ($($T,)+) where last_type!($($T,)+): ?Sized {
[INFO] [stdout] 113 +             impl<$($T:OrdSubset),+> OrdSubset for ($($T,)+)  {
[INFO] [stdout]     |
[INFO] [stdout] 
[INFO] [stdout] 
[INFO] [stdout] error[E0277]: the size for values of type `H` cannot be known at compilation time
[INFO] [stdout]    --> /opt/rustwide/cargo-home/registry/src/index.crates.io-1949cf8c6b5b557f/ord_subset-3.1.1/src/ord_subset_trait.rs:113:51
[INFO] [stdout]     |
[INFO] [stdout] 113 |               impl<$($T:OrdSubset),+> OrdSubset for ($($T,)+) where last_type!($($T,)+): ?Sized {
[INFO] [stdout]     |                                                     ^^^^^^^^^ doesn't have a size known at compile-time
[INFO] [stdout] ...
[INFO] [stdout] 128 | / tuple_impls! {
[INFO] [stdout] 129 | |     Tuple1 {
[INFO] [stdout] 130 | |         (0) -> A
[INFO] [stdout] ...   |
[INFO] [stdout] 179 | |         (7) -> H
[INFO] [stdout]     | |                - this type parameter needs to be `Sized`
[INFO] [stdout] ...   |
[INFO] [stdout] 231 | | }
[INFO] [stdout]     | |_- in this macro invocation
[INFO] [stdout]     |
[INFO] [stdout]     = note: required for `(A, B, C, D, E, F, G, H)` to implement `PartialEq`
[INFO] [stdout] note: required by a bound in `ord_subset_trait::OrdSubset`
[INFO] [stdout]    --> /opt/rustwide/cargo-home/registry/src/index.crates.io-1949cf8c6b5b557f/ord_subset-3.1.1/src/ord_subset_trait.rs:12:41
[INFO] [stdout]     |
[INFO] [stdout]  12 | pub trait OrdSubset: PartialOrd<Self> + PartialEq<Self> {
[INFO] [stdout]     |                                         ^^^^^^^^^^^^^^^ required by this bound in `OrdSubset`
[INFO] [stdout]     = note: this error originates in the macro `tuple_impls` (in Nightly builds, run with -Z macro-backtrace for more info)
[INFO] [stdout] help: consider removing the `?Sized` bound to make the type parameter `Sized`
[INFO] [stdout]     |
[INFO] [stdout] 113 -             impl<$($T:OrdSubset),+> OrdSubset for ($($T,)+) where last_type!($($T,)+): ?Sized {
[INFO] [stdout] 113 +             impl<$($T:OrdSubset),+> OrdSubset for ($($T,)+)  {
[INFO] [stdout]     |
[INFO] [stdout] 
[INFO] [stdout] 
[INFO] [stdout] error[E0277]: the size for values of type `I` cannot be known at compilation time
[INFO] [stdout]    --> /opt/rustwide/cargo-home/registry/src/index.crates.io-1949cf8c6b5b557f/ord_subset-3.1.1/src/ord_subset_trait.rs:113:51
[INFO] [stdout]     |
[INFO] [stdout] 113 |               impl<$($T:OrdSubset),+> OrdSubset for ($($T,)+) where last_type!($($T,)+): ?Sized {
[INFO] [stdout]     |                                                     ^^^^^^^^^ doesn't have a size known at compile-time
[INFO] [stdout] ...
[INFO] [stdout] 128 | / tuple_impls! {
[INFO] [stdout] 129 | |     Tuple1 {
[INFO] [stdout] 130 | |         (0) -> A
[INFO] [stdout] ...   |
[INFO] [stdout] 190 | |         (8) -> I
[INFO] [stdout]     | |                - this type parameter needs to be `Sized`
[INFO] [stdout] ...   |
[INFO] [stdout] 231 | | }
[INFO] [stdout]     | |_- in this macro invocation
[INFO] [stdout]     |
[INFO] [stdout]     = note: required for `(A, B, C, D, E, F, G, H, I)` to implement `PartialEq`
[INFO] [stdout] note: required by a bound in `ord_subset_trait::OrdSubset`
[INFO] [stdout]    --> /opt/rustwide/cargo-home/registry/src/index.crates.io-1949cf8c6b5b557f/ord_subset-3.1.1/src/ord_subset_trait.rs:12:41
[INFO] [stdout]     |
[INFO] [stdout]  12 | pub trait OrdSubset: PartialOrd<Self> + PartialEq<Self> {
[INFO] [stdout]     |                                         ^^^^^^^^^^^^^^^ required by this bound in `OrdSubset`
[INFO] [stdout]     = note: this error originates in the macro `tuple_impls` (in Nightly builds, run with -Z macro-backtrace for more info)
[INFO] [stdout] help: consider removing the `?Sized` bound to make the type parameter `Sized`
[INFO] [stdout]     |
[INFO] [stdout] 113 -             impl<$($T:OrdSubset),+> OrdSubset for ($($T,)+) where last_type!($($T,)+): ?Sized {
[INFO] [stdout] 113 +             impl<$($T:OrdSubset),+> OrdSubset for ($($T,)+)  {
[INFO] [stdout]     |
[INFO] [stdout] 
[INFO] [stdout] 
[INFO] [stdout] error[E0277]: the size for values of type `J` cannot be known at compilation time
[INFO] [stdout]    --> /opt/rustwide/cargo-home/registry/src/index.crates.io-1949cf8c6b5b557f/ord_subset-3.1.1/src/ord_subset_trait.rs:113:51
[INFO] [stdout]     |
[INFO] [stdout] 113 |               impl<$($T:OrdSubset),+> OrdSubset for ($($T,)+) where last_type!($($T,)+): ?Sized {
[INFO] [stdout]     |                                                     ^^^^^^^^^ doesn't have a size known at compile-time
[INFO] [stdout] ...
[INFO] [stdout] 128 | / tuple_impls! {
[INFO] [stdout] 129 | |     Tuple1 {
[INFO] [stdout] 130 | |         (0) -> A
[INFO] [stdout] ...   |
[INFO] [stdout] 202 | |         (9) -> J
[INFO] [stdout]     | |                - this type parameter needs to be `Sized`
[INFO] [stdout] ...   |
[INFO] [stdout] 231 | | }
[INFO] [stdout]     | |_- in this macro invocation
[INFO] [stdout]     |
[INFO] [stdout]     = note: required for `(A, B, C, D, E, F, G, H, I, J)` to implement `PartialEq`
[INFO] [stdout] note: required by a bound in `ord_subset_trait::OrdSubset`
[INFO] [stdout]    --> /opt/rustwide/cargo-home/registry/src/index.crates.io-1949cf8c6b5b557f/ord_subset-3.1.1/src/ord_subset_trait.rs:12:41
[INFO] [stdout]     |
[INFO] [stdout]  12 | pub trait OrdSubset: PartialOrd<Self> + PartialEq<Self> {
[INFO] [stdout]     |                                         ^^^^^^^^^^^^^^^ required by this bound in `OrdSubset`
[INFO] [stdout]     = note: this error originates in the macro `tuple_impls` (in Nightly builds, run with -Z macro-backtrace for more info)
[INFO] [stdout] help: consider removing the `?Sized` bound to make the type parameter `Sized`
[INFO] [stdout]     |
[INFO] [stdout] 113 -             impl<$($T:OrdSubset),+> OrdSubset for ($($T,)+) where last_type!($($T,)+): ?Sized {
[INFO] [stdout] 113 +             impl<$($T:OrdSubset),+> OrdSubset for ($($T,)+)  {
[INFO] [stdout]     |
[INFO] [stdout] 
[INFO] [stdout] 
[INFO] [stdout] error[E0277]: the size for values of type `K` cannot be known at compilation time
[INFO] [stdout]    --> /opt/rustwide/cargo-home/registry/src/index.crates.io-1949cf8c6b5b557f/ord_subset-3.1.1/src/ord_subset_trait.rs:113:51
[INFO] [stdout]     |
[INFO] [stdout] 113 |               impl<$($T:OrdSubset),+> OrdSubset for ($($T,)+) where last_type!($($T,)+): ?Sized {
[INFO] [stdout]     |                                                     ^^^^^^^^^ doesn't have a size known at compile-time
[INFO] [stdout] ...
[INFO] [stdout] 128 | / tuple_impls! {
[INFO] [stdout] 129 | |     Tuple1 {
[INFO] [stdout] 130 | |         (0) -> A
[INFO] [stdout] ...   |
[INFO] [stdout] 215 | |         (10) -> K
[INFO] [stdout]     | |                 - this type parameter needs to be `Sized`
[INFO] [stdout] ...   |
[INFO] [stdout] 231 | | }
[INFO] [stdout]     | |_- in this macro invocation
[INFO] [stdout]     |
[INFO] [stdout]     = note: required for `(A, B, C, D, E, F, G, H, I, J, K)` to implement `PartialEq`
[INFO] [stdout] note: required by a bound in `ord_subset_trait::OrdSubset`
[INFO] [stdout]    --> /opt/rustwide/cargo-home/registry/src/index.crates.io-1949cf8c6b5b557f/ord_subset-3.1.1/src/ord_subset_trait.rs:12:41
[INFO] [stdout]     |
[INFO] [stdout]  12 | pub trait OrdSubset: PartialOrd<Self> + PartialEq<Self> {
[INFO] [stdout]     |                                         ^^^^^^^^^^^^^^^ required by this bound in `OrdSubset`
[INFO] [stdout]     = note: this error originates in the macro `tuple_impls` (in Nightly builds, run with -Z macro-backtrace for more info)
[INFO] [stdout] help: consider removing the `?Sized` bound to make the type parameter `Sized`
[INFO] [stdout]     |
[INFO] [stdout] 113 -             impl<$($T:OrdSubset),+> OrdSubset for ($($T,)+) where last_type!($($T,)+): ?Sized {
[INFO] [stdout] 113 +             impl<$($T:OrdSubset),+> OrdSubset for ($($T,)+)  {
[INFO] [stdout]     |
[INFO] [stdout] 
[INFO] [stdout] 
[INFO] [stdout] error[E0277]: the size for values of type `L` cannot be known at compilation time
[INFO] [stdout]    --> /opt/rustwide/cargo-home/registry/src/index.crates.io-1949cf8c6b5b557f/ord_subset-3.1.1/src/ord_subset_trait.rs:113:51
[INFO] [stdout]     |
[INFO] [stdout] 113 |               impl<$($T:OrdSubset),+> OrdSubset for ($($T,)+) where last_type!($($T,)+): ?Sized {
[INFO] [stdout]     |                                                     ^^^^^^^^^ doesn't have a size known at compile-time
[INFO] [stdout] ...
[INFO] [stdout] 128 | / tuple_impls! {
[INFO] [stdout] 129 | |     Tuple1 {
[INFO] [stdout] 130 | |         (0) -> A
[INFO] [stdout] ...   |
[INFO] [stdout] 229 | |         (11) -> L
[INFO] [stdout]     | |                 - this type parameter needs to be `Sized`
[INFO] [stdout] 230 | |     }
[INFO] [stdout] 231 | | }
[INFO] [stdout]     | |_- in this macro invocation
[INFO] [stdout]     |
[INFO] [stdout]     = note: required for `(A, B, C, D, E, F, G, H, I, J, K, L)` to implement `PartialEq`
[INFO] [stdout] note: required by a bound in `ord_subset_trait::OrdSubset`
[INFO] [stdout]    --> /opt/rustwide/cargo-home/registry/src/index.crates.io-1949cf8c6b5b557f/ord_subset-3.1.1/src/ord_subset_trait.rs:12:41
[INFO] [stdout]     |
[INFO] [stdout]  12 | pub trait OrdSubset: PartialOrd<Self> + PartialEq<Self> {
[INFO] [stdout]     |                                         ^^^^^^^^^^^^^^^ required by this bound in `OrdSubset`
[INFO] [stdout]     = note: this error originates in the macro `tuple_impls` (in Nightly builds, run with -Z macro-backtrace for more info)
[INFO] [stdout] help: consider removing the `?Sized` bound to make the type parameter `Sized`
[INFO] [stdout]     |
[INFO] [stdout] 113 -             impl<$($T:OrdSubset),+> OrdSubset for ($($T,)+) where last_type!($($T,)+): ?Sized {
[INFO] [stdout] 113 +             impl<$($T:OrdSubset),+> OrdSubset for ($($T,)+)  {
[INFO] [stdout]     |
[INFO] [stdout] 
[INFO] [stdout] 
[INFO] [stderr] error: could not compile `ord_subset` (lib) due to 12 previous errors
[INFO] [stderr] warning: build failed, waiting for other jobs to finish...
[INFO] [stdout] For more information about this error, try `rustc --explain E0277`.
[INFO] [stdout] 
[INFO] running `Command { std: "docker" "inspect" "13255ded7bd6d90183a9a60286d015c87f8d51afd6154e9ea14dcd55a11a78d0", kill_on_drop: false }`
[INFO] running `Command { std: "docker" "rm" "-f" "13255ded7bd6d90183a9a60286d015c87f8d51afd6154e9ea14dcd55a11a78d0", kill_on_drop: false }`
[INFO] [stdout] 13255ded7bd6d90183a9a60286d015c87f8d51afd6154e9ea14dcd55a11a78d0
