[INFO] cloning repository https://github.com/lunatic-solutions/lunatic-db-rs
[INFO] running `Command { std: "git" "-c" "credential.helper=" "-c" "credential.helper=/workspace/cargo-home/bin/git-credential-null" "clone" "--bare" "https://github.com/lunatic-solutions/lunatic-db-rs" "/workspace/cache/git-repos/https%3A%2F%2Fgithub.com%2Flunatic-solutions%2Flunatic-db-rs", kill_on_drop: false }`
[INFO] [stderr] Cloning into bare repository '/workspace/cache/git-repos/https%3A%2F%2Fgithub.com%2Flunatic-solutions%2Flunatic-db-rs'...
[INFO] running `Command { std: "git" "rev-parse" "HEAD", kill_on_drop: false }`
[INFO] [stdout] 178cfe9a5f35678f16a46a1672bfe0364c3da235
[INFO] testing lunatic-solutions/lunatic-db-rs against 1.97.0-beta.6 for beta-1.98-2
[INFO] running `Command { std: "git" "clone" "/workspace/cache/git-repos/https%3A%2F%2Fgithub.com%2Flunatic-solutions%2Flunatic-db-rs" "/workspace/builds/worker-0-tc1/source", kill_on_drop: false }`
[INFO] [stderr] Cloning into '/workspace/builds/worker-0-tc1/source'...
[INFO] [stderr] done.
[INFO] removed /workspace/builds/worker-0-tc1/source/.cargo/config.toml
[INFO] started tweaking git repo https://github.com/lunatic-solutions/lunatic-db-rs
[INFO] removed 0 missing examples
[INFO] removed 0 missing tests
[INFO] finished tweaking git repo https://github.com/lunatic-solutions/lunatic-db-rs
[INFO] tweaked toml for git repo https://github.com/lunatic-solutions/lunatic-db-rs written to /workspace/builds/worker-0-tc1/source/Cargo.toml
[INFO] validating manifest of git repo https://github.com/lunatic-solutions/lunatic-db-rs on toolchain 1.97.0-beta.6
[INFO] running `Command { std: CARGO_HOME="/workspace/cargo-home" RUSTUP_HOME="/workspace/rustup-home" "/workspace/cargo-home/bin/cargo" "+1.97.0-beta.6" "metadata" "--manifest-path" "Cargo.toml" "--no-deps", kill_on_drop: false }`
[INFO] crate git repo https://github.com/lunatic-solutions/lunatic-db-rs already has a lockfile, it will not be regenerated
[INFO] running `Command { std: CARGO_HOME="/workspace/cargo-home" RUSTUP_HOME="/workspace/rustup-home" "/workspace/cargo-home/bin/cargo" "+1.97.0-beta.6" "fetch" "--manifest-path" "Cargo.toml", kill_on_drop: false }`
[INFO] [stderr]     Updating crates.io index
[INFO] [stderr]  Downloading crates ...
[INFO] [stderr]   Downloaded env_logger v0.8.4
[INFO] [stderr]   Downloaded serde v1.0.143
[INFO] [stderr]   Downloaded serde_derive v1.0.143
[INFO] [stderr]   Downloaded quickcheck v1.0.3
[INFO] [stderr]   Downloaded plotters-backend v0.3.4
[INFO] [stderr]   Downloaded oorandom v11.1.3
[INFO] [stderr]   Downloaded cmake v0.1.48
[INFO] [stderr]   Downloaded sha-1 v0.10.0
[INFO] [stderr]   Downloaded saturating v0.1.0
[INFO] [stderr]   Downloaded frunk_proc_macros v0.1.0
[INFO] [stderr]   Downloaded frunk_derives v0.4.0
[INFO] [stderr]   Downloaded lru v0.7.8
[INFO] [stderr]   Downloaded bufstream v0.1.4
[INFO] [stderr]   Downloaded block-buffer v0.10.2
[INFO] [stderr]   Downloaded cpufeatures v0.2.2
[INFO] [stderr]   Downloaded thiserror-impl v1.0.32
[INFO] [stderr]   Downloaded half v1.8.2
[INFO] [stderr]   Downloaded either v1.7.0
[INFO] [stderr]   Downloaded assert_approx_eq v1.1.0
[INFO] [stderr]   Downloaded lunatic-test v0.12.0
[INFO] [stderr]   Downloaded frunk_proc_macros_impl v0.1.0
[INFO] [stderr]   Downloaded lunatic-macros v0.12.0
[INFO] [stderr]   Downloaded derive_utils v0.11.2
[INFO] [stderr]   Downloaded frunk_proc_macro_helpers v0.1.0
[INFO] [stderr]   Downloaded plotters-svg v0.3.2
[INFO] [stderr]   Downloaded partial-io v0.5.0
[INFO] [stderr]   Downloaded thiserror v1.0.32
[INFO] [stderr]   Downloaded criterion-plot v0.4.5
[INFO] [stderr]   Downloaded sha2 v0.10.2
[INFO] [stderr]   Downloaded lexical v6.1.1
[INFO] [stderr]   Downloaded csv-core v0.1.10
[INFO] [stderr]   Downloaded paste v1.0.8
[INFO] [stderr]   Downloaded bigdecimal v0.3.0
[INFO] [stderr]   Downloaded io-enum v1.0.1
[INFO] [stderr]   Downloaded digest v0.10.3
[INFO] [stderr]   Downloaded lexical-core v0.8.5
[INFO] [stderr]   Downloaded lexical-parse-integer v0.8.6
[INFO] [stderr]   Downloaded frunk v0.4.0
[INFO] [stderr]   Downloaded crossbeam-utils v0.8.11
[INFO] [stderr]   Downloaded frunk_core v0.4.0
[INFO] [stderr]   Downloaded serde_cbor v0.11.2
[INFO] [stderr]   Downloaded subprocess v0.2.9
[INFO] [stderr]   Downloaded crossbeam-epoch v0.9.10
[INFO] [stderr]   Downloaded convert_case v0.5.0
[INFO] [stderr]   Downloaded uuid v1.2.2
[INFO] [stderr]   Downloaded lexical-write-integer v0.8.5
[INFO] [stderr]   Downloaded lunatic v0.12.0
[INFO] [stderr]   Downloaded time v0.3.13
[INFO] [stderr]   Downloaded lunatic-mysql v0.1.1
[INFO] [stderr]   Downloaded lexical-util v0.8.5
[INFO] [stderr]   Downloaded lexical-write-float v0.8.5
[INFO] [stderr]   Downloaded aho-corasick v0.7.18
[INFO] [stderr]   Downloaded lunatic-redis v0.1.3
[INFO] [stderr]   Downloaded mysql_common v0.29.1
[INFO] [stderr]   Downloaded rust_decimal v1.26.1
[INFO] [stderr]   Downloaded criterion v0.3.6
[INFO] [stderr]   Downloaded itertools v0.10.3
[INFO] [stderr]   Downloaded plotters v0.3.2
[INFO] [stderr]   Downloaded combine v4.6.6
[INFO] [stderr]   Downloaded serde_json v1.0.83
[INFO] [stderr]   Downloaded lexical-parse-float v0.8.5
[INFO] [stderr]   Downloaded libc v0.2.131
[INFO] [stderr]   Downloaded web-sys v0.3.59
[INFO] [stderr]   Downloaded csv v1.1.6
[INFO] running `Command { std: "docker" "create" "-v" "/var/lib/crater-agent-workspace/builds/worker-0-tc1/source:/opt/rustwide/workdir:ro,Z" "-v" "/var/lib/crater-agent-workspace/builds/worker-0-tc1/target:/opt/rustwide/target:rw,Z" "-v" "/var/lib/crater-agent-workspace/cargo-home:/opt/rustwide/cargo-home:ro,Z" "-v" "/var/lib/crater-agent-workspace/rustup-home:/opt/rustwide/rustup-home:ro,Z" "-m" "1610612736" "--network" "none" "ghcr.io/rust-lang/crates-build-env/linux@sha256:3d5ced03c013a94a2f102a4510f48a6e9184255caf5fd8244f58017bde7f5210" "sleep" "infinity", kill_on_drop: false }`
[INFO] [stdout] e5cc95a755f77f298423a829a8a071fd8123574bb2abbfbff9920faa7213ff8e
[INFO] running `Command { std: "docker" "start" "e5cc95a755f77f298423a829a8a071fd8123574bb2abbfbff9920faa7213ff8e", kill_on_drop: false }`
[INFO] running `Command { std: "docker" "inspect" "e5cc95a755f77f298423a829a8a071fd8123574bb2abbfbff9920faa7213ff8e", kill_on_drop: false }`
[INFO] running `Command { std: "docker" "exec" "-e" "SOURCE_DIR=/opt/rustwide/workdir" "-e" "CARGO_HOME=/opt/rustwide/cargo-home" "-e" "RUSTUP_HOME=/opt/rustwide/rustup-home" "-e" "CARGO_TARGET_DIR=/opt/rustwide/target" "-w" "/opt/rustwide/workdir" "--user" "0:0" "e5cc95a755f77f298423a829a8a071fd8123574bb2abbfbff9920faa7213ff8e" "/opt/rustwide/cargo-home/bin/cargo" "+1.97.0-beta.6" "metadata" "--no-deps" "--format-version=1", kill_on_drop: false }`
[INFO] running `Command { std: "docker" "inspect" "e5cc95a755f77f298423a829a8a071fd8123574bb2abbfbff9920faa7213ff8e", kill_on_drop: false }`
[INFO] running `Command { std: "docker" "exec" "-e" "SOURCE_DIR=/opt/rustwide/workdir" "-e" "CARGO_HOME=/opt/rustwide/cargo-home" "-e" "RUSTUP_HOME=/opt/rustwide/rustup-home" "-e" "CARGO_TARGET_DIR=/opt/rustwide/target" "-e" "CARGO_INCREMENTAL=0" "-e" "RUST_BACKTRACE=full" "-e" "RUSTFLAGS=--cap-lints=warn" "-e" "RUSTDOCFLAGS=--cap-lints=warn" "-w" "/opt/rustwide/workdir" "--user" "0:0" "e5cc95a755f77f298423a829a8a071fd8123574bb2abbfbff9920faa7213ff8e" "/opt/rustwide/cargo-home/bin/cargo" "+1.97.0-beta.6" "build" "--frozen" "--message-format=json", kill_on_drop: false }`
[INFO] [stderr]    Compiling proc-macro2 v1.0.43
[INFO] [stderr]    Compiling quote v1.0.21
[INFO] [stderr]    Compiling unicode-ident v1.0.3
[INFO] [stderr]    Compiling syn v1.0.99
[INFO] [stderr]    Compiling libc v0.2.131
[INFO] [stderr]    Compiling once_cell v1.13.0
[INFO] [stderr]    Compiling serde_derive v1.0.143
[INFO] [stderr]    Compiling typenum v1.15.0
[INFO] [stderr]    Compiling serde v1.0.143
[INFO] [stderr]    Compiling memchr v2.5.0
[INFO] [stderr]    Compiling generic-array v0.14.6
[INFO] [stderr]    Compiling clang-sys v1.3.3
[INFO] [stderr]    Compiling lexical-util v0.8.5
[INFO] [stderr]    Compiling crossbeam-utils v0.8.11
[INFO] [stderr]    Compiling minimal-lexical v0.2.1
[INFO] [stderr]    Compiling frunk_core v0.4.0
[INFO] [stderr]    Compiling libloading v0.7.3
[INFO] [stderr]    Compiling num-integer v0.1.45
[INFO] [stderr]    Compiling bindgen v0.59.2
[INFO] [stderr]    Compiling regex-syntax v0.6.27
[INFO] [stderr]    Compiling crossbeam-epoch v0.9.10
[INFO] [stderr]    Compiling num-bigint v0.4.3
[INFO] [stderr]    Compiling lazycell v1.3.0
[INFO] [stderr]    Compiling shlex v1.1.0
[INFO] [stderr]    Compiling peeking_take_while v0.1.2
[INFO] [stderr]    Compiling rustc-hash v1.1.0
[INFO] [stderr]    Compiling radium v0.7.0
[INFO] [stderr]    Compiling cmake v0.1.48
[INFO] [stderr]    Compiling unicode-normalization v0.1.21
[INFO] [stderr]    Compiling cpufeatures v0.2.2
[INFO] [stderr]    Compiling unicode-bidi v0.3.8
[INFO] [stderr]    Compiling convert_case v0.5.0
[INFO] [stderr]    Compiling serde_json v1.0.83
[INFO] [stderr]    Compiling rust_decimal v1.26.1
[INFO] [stderr]    Compiling bytes v1.2.1
[INFO] [stderr]    Compiling lexical-write-integer v0.8.5
[INFO] [stderr]    Compiling lexical-parse-integer v0.8.6
[INFO] [stderr]    Compiling getrandom v0.2.7
[INFO] [stderr]    Compiling lexical-parse-float v0.8.5
[INFO] [stderr]    Compiling subprocess v0.2.9
[INFO] [stderr]    Compiling lexical-write-float v0.8.5
[INFO] [stderr]    Compiling rand_core v0.6.3
[INFO] [stderr]    Compiling ryu v1.0.11
[INFO] [stderr]    Compiling crossbeam-queue v0.3.6
[INFO] [stderr]    Compiling itoa v1.0.3
[INFO] [stderr]    Compiling idna v0.2.3
[INFO] [stderr]    Compiling ahash v0.7.6
[INFO] [stderr]    Compiling nom v7.1.1
[INFO] [stderr]    Compiling rand_chacha v0.3.1
[INFO] [stderr]    Compiling wyz v0.5.1
[INFO] [stderr]    Compiling rand v0.8.5
[INFO] [stderr]    Compiling miniz_oxide v0.5.3
[INFO] [stderr]    Compiling lexical-core v0.8.5
[INFO] [stderr]    Compiling aho-corasick v0.7.18
[INFO] [stderr]    Compiling io-enum v1.0.1
[INFO] [stderr]    Compiling arrayvec v0.7.2
[INFO] [stderr]    Compiling funty v2.0.0
[INFO] [stderr]    Compiling paste v1.0.8
[INFO] [stderr]    Compiling num_threads v0.1.6
[INFO] [stderr]    Compiling time v0.3.13
[INFO] [stderr]    Compiling flate2 v1.0.24
[INFO] [stderr]    Compiling lexical v6.1.1
[INFO] [stderr]    Compiling url v2.2.2
[INFO] [stderr]    Compiling crossbeam-deque v0.8.2
[INFO] [stderr]    Compiling block-buffer v0.10.2
[INFO] [stderr]    Compiling crypto-common v0.1.6
[INFO] [stderr]    Compiling regex v1.6.0
[INFO] [stderr]    Compiling bigdecimal v0.3.0
[INFO] [stderr]    Compiling digest v0.10.3
[INFO] [stderr]    Compiling sha2 v0.10.2
[INFO] [stderr]    Compiling sha-1 v0.10.0
[INFO] [stderr]    Compiling bitvec v1.0.1
[INFO] [stderr]    Compiling cexpr v0.6.0
[INFO] [stderr]    Compiling hashbrown v0.12.3
[INFO] [stderr]    Compiling crossbeam-channel v0.5.6
[INFO] [stderr]    Compiling lunatic-mysql v0.1.1
[INFO] [stderr]    Compiling uuid v1.2.2
[INFO] [stderr]    Compiling smallvec v1.9.0
[INFO] [stderr]    Compiling saturating v0.1.0
[INFO] [stderr]    Compiling twox-hash v1.6.3
[INFO] [stderr]    Compiling combine v4.6.6
[INFO] [stderr]    Compiling sha1_smol v1.0.0
[INFO] [stderr]    Compiling bufstream v0.1.4
[INFO] [stderr]    Compiling lru v0.7.8
[INFO] [stderr]    Compiling crossbeam v0.8.2
[INFO] [stderr]    Compiling frunk_proc_macro_helpers v0.1.0
[INFO] [stderr]    Compiling derive_utils v0.11.2
[INFO] [stderr]    Compiling thiserror-impl v1.0.32
[INFO] [stderr]    Compiling frunk_proc_macros_impl v0.1.0
[INFO] [stderr]    Compiling lunatic-macros v0.12.0
[INFO] [stderr]    Compiling lunatic-test v0.12.0
[INFO] [stderr]    Compiling frunk_derives v0.4.0
[INFO] [stderr]    Compiling frunk_proc_macros v0.1.0
[INFO] [stderr]    Compiling frunk v0.4.0
[INFO] [stderr]    Compiling thiserror v1.0.32
[INFO] [stderr]    Compiling mysql_common v0.29.1
[INFO] [stderr]    Compiling bincode v1.3.3
[INFO] [stderr]    Compiling lunatic v0.12.0
[INFO] [stdout] error[E0512]: cannot transmute between types of different sizes, or dependently-sized types
[INFO] [stdout]    --> /opt/rustwide/cargo-home/registry/src/index.crates.io-1949cf8c6b5b557f/lunatic-0.12.0/src/mailbox.rs:312:51
[INFO] [stdout]     |
[INFO] [stdout] 312 |     let function: fn(C, Mailbox<M, S>) = unsafe { std::mem::transmute(function) };
[INFO] [stdout]     |                                                   ^^^^^^^^^^^^^^^^^^^
[INFO] [stdout]     |
[INFO] [stdout]     = note: source type: `i32` (32 bits)
[INFO] [stdout]     = note: target type: `fn(C, Mailbox<M, S>)` (64 bits)
[INFO] [stdout] 
[INFO] [stdout] 
[INFO] [stdout] error[E0512]: cannot transmute between types of different sizes, or dependently-sized types
[INFO] [stdout]   --> /opt/rustwide/cargo-home/registry/src/index.crates.io-1949cf8c6b5b557f/lunatic-0.12.0/src/host/mod.rs:73:38
[INFO] [stdout]    |
[INFO] [stdout] 73 |     let function: fn(i32) = unsafe { std::mem::transmute(function) };
[INFO] [stdout]    |                                      ^^^^^^^^^^^^^^^^^^^
[INFO] [stdout]    |
[INFO] [stdout]    = note: source type: `i32` (32 bits)
[INFO] [stdout]    = note: target type: `fn(i32)` (64 bits)
[INFO] [stdout] 
[INFO] [stdout] 
[INFO] [stdout] error[E0512]: cannot transmute between types of different sizes, or dependently-sized types
[INFO] [stdout]    --> /opt/rustwide/cargo-home/registry/src/index.crates.io-1949cf8c6b5b557f/lunatic-0.12.0/src/process.rs:321:18
[INFO] [stdout]     |
[INFO] [stdout] 321 |         unsafe { std::mem::transmute(entry) };
[INFO] [stdout]     |                  ^^^^^^^^^^^^^^^^^^^
[INFO] [stdout]     |
[INFO] [stdout]     = note: source type: `i32` (32 bits)
[INFO] [stdout]     = note: target type: `fn(ProcessRef<T>, <T as AbstractProcess>::Arg) -> <T as AbstractProcess>::State` (64 bits)
[INFO] [stdout] 
[INFO] [stdout] 
[INFO] [stdout] error[E0512]: cannot transmute between types of different sizes, or dependently-sized types
[INFO] [stdout]    --> /opt/rustwide/cargo-home/registry/src/index.crates.io-1949cf8c6b5b557f/lunatic-0.12.0/src/process.rs:352:70
[INFO] [stdout]     |
[INFO] [stdout] 352 |                     let handler: fn(state: &mut T::State) = unsafe { std::mem::transmute(handler) };
[INFO] [stdout]     |                                                                      ^^^^^^^^^^^^^^^^^^^
[INFO] [stdout]     |
[INFO] [stdout]     = note: source type: `i32` (32 bits)
[INFO] [stdout]     = note: target type: `for<'a> fn(&'a mut <T as AbstractProcess>::State)` (64 bits)
[INFO] [stdout] 
[INFO] [stdout] 
[INFO] [stdout] error[E0512]: cannot transmute between types of different sizes, or dependently-sized types
[INFO] [stdout]    --> /opt/rustwide/cargo-home/registry/src/index.crates.io-1949cf8c6b5b557f/lunatic-0.12.0/src/process.rs:357:34
[INFO] [stdout]     |
[INFO] [stdout] 357 |                         unsafe { std::mem::transmute(handler) };
[INFO] [stdout]     |                                  ^^^^^^^^^^^^^^^^^^^
[INFO] [stdout]     |
[INFO] [stdout]     = note: source type: `i32` (32 bits)
[INFO] [stdout]     = note: target type: `for<'a> fn(&'a mut <T as AbstractProcess>::State, Process<()>)` (64 bits)
[INFO] [stdout] 
[INFO] [stdout] 
[INFO] [stdout] error[E0512]: cannot transmute between types of different sizes, or dependently-sized types
[INFO] [stdout]    --> /opt/rustwide/cargo-home/registry/src/index.crates.io-1949cf8c6b5b557f/lunatic-0.12.0/src/protocol.rs:342:55
[INFO] [stdout]     |
[INFO] [stdout] 342 |     let function: fn(C, Protocol<P, S, Z>) = unsafe { std::mem::transmute(function) };
[INFO] [stdout]     |                                                       ^^^^^^^^^^^^^^^^^^^
[INFO] [stdout]     |
[INFO] [stdout]     = note: source type: `i32` (32 bits)
[INFO] [stdout]     = note: target type: `fn(C, Protocol<P, S, Z>)` (64 bits)
[INFO] [stdout] 
[INFO] [stdout] 
[INFO] [stdout] For more information about this error, try `rustc --explain E0512`.
[INFO] [stdout] 
[INFO] [stderr] error: could not compile `lunatic` (lib) due to 6 previous errors
[INFO] [stderr] warning: build failed, waiting for other jobs to finish...
[INFO] running `Command { std: "docker" "inspect" "e5cc95a755f77f298423a829a8a071fd8123574bb2abbfbff9920faa7213ff8e", kill_on_drop: false }`
[INFO] running `Command { std: "docker" "rm" "-f" "e5cc95a755f77f298423a829a8a071fd8123574bb2abbfbff9920faa7213ff8e", kill_on_drop: false }`
[INFO] [stdout] e5cc95a755f77f298423a829a8a071fd8123574bb2abbfbff9920faa7213ff8e
