[INFO] cloning repository https://github.com/lunatic-lang/rust-lib
[INFO] running `Command { std: "git" "-c" "credential.helper=" "-c" "credential.helper=/workspace/cargo-home/bin/git-credential-null" "clone" "--bare" "https://github.com/lunatic-lang/rust-lib" "/workspace/cache/git-repos/https%3A%2F%2Fgithub.com%2Flunatic-lang%2Frust-lib", kill_on_drop: false }`
[INFO] [stderr] Cloning into bare repository '/workspace/cache/git-repos/https%3A%2F%2Fgithub.com%2Flunatic-lang%2Frust-lib'...
[INFO] running `Command { std: "git" "rev-parse" "HEAD", kill_on_drop: false }`
[INFO] [stdout] bf8c782496330c57a55697db0e4a4f78dcede531
[INFO] testing lunatic-lang/rust-lib against 1.97.0-beta.6 for beta-1.98-2
[INFO] running `Command { std: "git" "clone" "/workspace/cache/git-repos/https%3A%2F%2Fgithub.com%2Flunatic-lang%2Frust-lib" "/workspace/builds/worker-1-tc1/source", kill_on_drop: false }`
[INFO] [stderr] Cloning into '/workspace/builds/worker-1-tc1/source'...
[INFO] [stderr] done.
[INFO] removed /workspace/builds/worker-1-tc1/source/.cargo/config.toml
[INFO] started tweaking git repo https://github.com/lunatic-lang/rust-lib
[INFO] removed 0 missing tests
[INFO] finished tweaking git repo https://github.com/lunatic-lang/rust-lib
[INFO] tweaked toml for git repo https://github.com/lunatic-lang/rust-lib written to /workspace/builds/worker-1-tc1/source/Cargo.toml
[INFO] validating manifest of git repo https://github.com/lunatic-lang/rust-lib on toolchain 1.97.0-beta.6
[INFO] running `Command { std: CARGO_HOME="/workspace/cargo-home" RUSTUP_HOME="/workspace/rustup-home" "/workspace/cargo-home/bin/cargo" "+1.97.0-beta.6" "metadata" "--manifest-path" "Cargo.toml" "--no-deps", kill_on_drop: false }`
[INFO] running `Command { std: CARGO_HOME="/workspace/cargo-home" RUSTUP_HOME="/workspace/rustup-home" "/workspace/cargo-home/bin/cargo" "+1.97.0-beta.6" "generate-lockfile" "--manifest-path" "Cargo.toml", kill_on_drop: false }`
[INFO] [stderr]     Updating crates.io index
[INFO] [stderr]      Locking 415 packages to latest compatible versions
[INFO] [stderr]       Adding bincode v1.3.3 (available: v3.0.0)
[INFO] [stderr]       Adding convert_case v0.6.0 (available: v0.11.0)
[INFO] [stderr]       Adding criterion v0.4.0 (available: v0.8.2)
[INFO] [stderr]       Adding darling v0.14.4 (available: v0.23.0)
[INFO] [stderr]       Adding generic-array v0.14.7 (available: v0.14.9)
[INFO] [stderr]       Adding syn v1.0.109 (available: v2.0.118)
[INFO] [stderr]       Adding thiserror v1.0.69 (available: v2.0.18)
[INFO] running `Command { std: CARGO_HOME="/workspace/cargo-home" RUSTUP_HOME="/workspace/rustup-home" "/workspace/cargo-home/bin/cargo" "+1.97.0-beta.6" "fetch" "--manifest-path" "Cargo.toml", kill_on_drop: false }`
[INFO] [stderr]  Downloading crates ...
[INFO] [stderr]   Downloaded serde_bytes v0.11.19
[INFO] [stderr]   Downloaded zmij v1.0.23
[INFO] [stderr]   Downloaded rustversion v1.0.23
[INFO] [stderr]   Downloaded wasmtime-asm-macros v8.0.1
[INFO] [stderr]   Downloaded wasmtime-types v8.0.1
[INFO] [stderr]   Downloaded wat v1.253.0
[INFO] [stderr]   Downloaded fallible-iterator v0.2.0
[INFO] [stderr]   Downloaded jobserver v0.1.35
[INFO] [stderr]   Downloaded wasmtime-component-macro v8.0.1
[INFO] [stderr]   Downloaded zstd-safe v5.0.2+zstd.1.5.2
[INFO] [stderr]   Downloaded memchr v2.8.3
[INFO] [stderr]   Downloaded wasmtime-fiber v8.0.1
[INFO] [stderr]   Downloaded cranelift-entity v0.95.1
[INFO] [stderr]   Downloaded protobuf-support v3.7.2
[INFO] [stderr]   Downloaded wasmtime-jit-debug v8.0.1
[INFO] [stderr]   Downloaded wasmtime-cranelift-shared v8.0.1
[INFO] [stderr]   Downloaded libredox v0.1.18
[INFO] [stderr]   Downloaded cranelift-codegen-shared v0.95.1
[INFO] [stderr]   Downloaded file-per-thread-logger v0.1.6
[INFO] [stderr]   Downloaded lunatic-sqlite-api v0.13.3
[INFO] [stderr]   Downloaded wasmtime-wit-bindgen v8.0.1
[INFO] [stderr]   Downloaded memoffset v0.8.0
[INFO] [stderr]   Downloaded zstd v0.11.2+zstd.1.5.2
[INFO] [stderr]   Downloaded crossbeam-deque v0.8.7
[INFO] [stderr]   Downloaded ittapi v0.3.5
[INFO] [stderr]   Downloaded cranelift-bforest v0.95.1
[INFO] [stderr]   Downloaded wasmtime-component-util v8.0.1
[INFO] [stderr]   Downloaded cap-std v1.0.15
[INFO] [stderr]   Downloaded psm v0.1.31
[INFO] [stderr]   Downloaded cc v1.2.67
[INFO] [stderr]   Downloaded rand v0.8.7
[INFO] [stderr]   Downloaded rustc-demangle v0.1.28
[INFO] [stderr]   Downloaded cranelift-frontend v0.95.1
[INFO] [stderr]   Downloaded wasmtime-cache v8.0.1
[INFO] [stderr]   Downloaded wiggle v8.0.1
[INFO] [stderr]   Downloaded wiggle-generate v8.0.1
[INFO] [stderr]   Downloaded addr2line v0.19.0
[INFO] [stderr]   Downloaded wit-parser v0.6.4
[INFO] [stderr]   Downloaded crossbeam-utils v0.8.22
[INFO] [stderr]   Downloaded protobuf v3.7.2
[INFO] [stderr]   Downloaded cranelift-codegen-meta v0.95.1
[INFO] [stderr]   Downloaded crossbeam-epoch v0.9.20
[INFO] [stderr]   Downloaded wasm-encoder v0.253.0
[INFO] [stderr]   Downloaded wasmtime-environ v8.0.1
[INFO] [stderr]   Downloaded wasmparser v0.102.0
[INFO] [stderr]   Downloaded cpp_demangle v0.3.5
[INFO] [stderr]   Downloaded regalloc2 v0.6.1
[INFO] [stderr]   Downloaded pulldown-cmark v0.8.0
[INFO] [stderr]   Downloaded wast v253.0.0
[INFO] [stderr]   Downloaded wasmtime-runtime v8.0.1
[INFO] [stderr]   Downloaded regex v1.13.0
[INFO] [stderr]   Downloaded lunatic-wasi-api v0.13.2
[INFO] [stderr]   Downloaded wasmtime-jit-icache-coherence v8.0.1
[INFO] [stderr]   Downloaded io-extras v0.17.4
[INFO] [stderr]   Downloaded wasmtime v8.0.1
[INFO] [stderr]   Downloaded sqlite-bindings-lunatic v0.30.4
[INFO] [stderr]   Downloaded fs-set-times v0.19.2
[INFO] [stderr]   Downloaded system-interface v0.25.9
[INFO] [stderr]   Downloaded object v0.30.4
[INFO] [stderr]   Downloaded zerocopy v0.8.54
[INFO] [stderr]   Downloaded humantime v2.4.0
[INFO] [stderr]   Downloaded ar_archive_writer v0.5.2
[INFO] [stderr]   Downloaded gimli v0.27.3
[INFO] [stderr]   Downloaded wasi-common v8.0.1
[INFO] [stderr]   Downloaded wast v35.0.2
[INFO] [stderr]   Downloaded shellexpand v2.1.2
[INFO] [stderr]   Downloaded dirs v4.0.0
[INFO] [stderr]   Downloaded rustix v0.36.17
[INFO] [stderr]   Downloaded witx v0.9.1
[INFO] [stderr]   Downloaded cranelift-codegen v0.95.1
[INFO] [stderr]   Downloaded wasi-cap-std-sync v8.0.1
[INFO] [stderr]   Downloaded wasmparser v0.253.0
[INFO] [stderr]   Downloaded linux-raw-sys v0.1.4
[INFO] [stderr]   Downloaded cranelift-isle v0.95.1
[INFO] [stderr]   Downloaded winx v0.35.1
[INFO] [stderr]   Downloaded maybe-owned v0.3.4
[INFO] [stderr]   Downloaded regex-automata v0.4.15
[INFO] [stderr]   Downloaded asn1-rs-derive v0.4.0
[INFO] [stderr]   Downloaded zerocopy-derive v0.8.54
[INFO] [stderr]   Downloaded cranelift-wasm v0.95.1
[INFO] [stderr]   Downloaded time-core v0.1.9
[INFO] [stderr]   Downloaded cap-primitives v1.0.15
[INFO] [stderr]   Downloaded lunatic-distributed v0.13.2
[INFO] [stderr]   Downloaded socket2 v0.6.5
[INFO] [stderr]   Downloaded lunatic-error-api v0.13.2
[INFO] [stderr]   Downloaded asn1-rs-impl v0.1.0
[INFO] [stderr]   Downloaded winx v0.36.4
[INFO] [stderr]   Downloaded rusticata-macros v4.1.0
[INFO] [stderr]   Downloaded rcgen v0.10.0
[INFO] [stderr]   Downloaded async_cell v0.2.3
[INFO] [stderr]   Downloaded sqlite3-sys v0.14.0
[INFO] [stderr]   Downloaded mio v1.2.2
[INFO] [stderr]   Downloaded lunatic-stdout-capture v0.13.2
[INFO] [stderr]   Downloaded wasmtime-cranelift v8.0.1
[INFO] [stderr]   Downloaded sqlite3-src v0.4.0
[INFO] [stderr]   Downloaded wasmtime-jit v8.0.1
[INFO] [stderr]   Downloaded ittapi-sys v0.3.5
[INFO] [stderr]   Downloaded leb128 v0.2.7
[INFO] [stderr]   Downloaded darling_macro v0.14.4
[INFO] [stderr]   Downloaded cranelift-native v0.95.1
[INFO] [stderr]   Downloaded lunatic-process-api v0.13.2
[INFO] [stderr]   Downloaded fs-set-times v0.18.1
[INFO] [stderr]   Downloaded cap-fs-ext v1.0.15
[INFO] [stderr]   Downloaded dirs-sys v0.3.7
[INFO] [stderr]   Downloaded io-lifetimes v2.0.4
[INFO] [stderr]   Downloaded pem v1.1.1
[INFO] [stderr]   Downloaded quinn-udp v0.3.2
[INFO] [stderr]   Downloaded clap_lex v0.2.4
[INFO] [stderr]   Downloaded lunatic-networking-api v0.13.2
[INFO] [stderr]   Downloaded cap-rand v1.0.15
[INFO] [stderr]   Downloaded fd-lock v4.0.4
[INFO] [stderr]   Downloaded lunatic-control v0.13.2
[INFO] [stderr]   Downloaded webpki-roots v0.22.6
[INFO] [stderr]   Downloaded synstructure v0.12.6
[INFO] [stderr]   Downloaded rustls-native-certs v0.6.3
[INFO] [stderr]   Downloaded thread_local v1.1.10
[INFO] [stderr]   Downloaded generator v0.8.9
[INFO] [stderr]   Downloaded darling v0.14.4
[INFO] [stderr]   Downloaded os_str_bytes v6.6.1
[INFO] [stderr]   Downloaded clap v3.2.25
[INFO] [stderr]   Downloaded lunatic-common-api v0.13.2
[INFO] [stderr]   Downloaded wasmtime-wasi v8.0.1
[INFO] [stderr]   Downloaded hash-map-id v0.13.2
[INFO] [stderr]   Downloaded oid-registry v0.6.1
[INFO] [stderr]   Downloaded wiggle-macro v8.0.1
[INFO] [stderr]   Downloaded der-parser v8.2.0
[INFO] [stderr]   Downloaded tokio-rustls v0.23.4
[INFO] [stderr]   Downloaded rayon v1.12.0
[INFO] [stderr]   Downloaded ambient-authority v0.0.2
[INFO] [stderr]   Downloaded cap-time-ext v1.0.15
[INFO] [stderr]   Downloaded uuid v1.23.5
[INFO] [stderr]   Downloaded webpki v0.22.4
[INFO] [stderr]   Downloaded bytes v1.12.1
[INFO] [stderr]   Downloaded quinn v0.9.4
[INFO] [stderr]   Downloaded darling_core v0.14.4
[INFO] [stderr]   Downloaded openssl-sys v0.9.117
[INFO] [stderr]   Downloaded num-bigint v0.4.8
[INFO] [stderr]   Downloaded x509-parser v0.14.0
[INFO] [stderr]   Downloaded asn1-rs v0.5.2
[INFO] [stderr]   Downloaded criterion v0.4.0
[INFO] [stderr]   Downloaded quinn-proto v0.9.6
[INFO] [stderr]   Downloaded lunatic-process v0.13.2
[INFO] [stderr]   Downloaded rustls v0.20.9
[INFO] [stderr]   Downloaded time v0.3.53
[INFO] [stderr]   Downloaded openssl v0.10.81
[INFO] [stderr]   Downloaded time-macros v0.2.31
[INFO] [stderr]   Downloaded tinyvec v1.12.0
[INFO] running `Command { std: "docker" "create" "-v" "/var/lib/crater-agent-workspace/builds/worker-1-tc1/source:/opt/rustwide/workdir:ro,Z" "-v" "/var/lib/crater-agent-workspace/builds/worker-1-tc1/target:/opt/rustwide/target:rw,Z" "-v" "/var/lib/crater-agent-workspace/cargo-home:/opt/rustwide/cargo-home:ro,Z" "-v" "/var/lib/crater-agent-workspace/rustup-home:/opt/rustwide/rustup-home:ro,Z" "-m" "1610612736" "--network" "none" "ghcr.io/rust-lang/crates-build-env/linux@sha256:3d5ced03c013a94a2f102a4510f48a6e9184255caf5fd8244f58017bde7f5210" "sleep" "infinity", kill_on_drop: false }`
[INFO] [stdout] d29fdf5c7c1bbaa37ff18ee14b00c14c2d19cb2488e91f5bc09337e2f9da1a52
[INFO] running `Command { std: "docker" "start" "d29fdf5c7c1bbaa37ff18ee14b00c14c2d19cb2488e91f5bc09337e2f9da1a52", kill_on_drop: false }`
[INFO] running `Command { std: "docker" "inspect" "d29fdf5c7c1bbaa37ff18ee14b00c14c2d19cb2488e91f5bc09337e2f9da1a52", kill_on_drop: false }`
[INFO] running `Command { std: "docker" "exec" "-e" "SOURCE_DIR=/opt/rustwide/workdir" "-e" "CARGO_HOME=/opt/rustwide/cargo-home" "-e" "RUSTUP_HOME=/opt/rustwide/rustup-home" "-e" "CARGO_TARGET_DIR=/opt/rustwide/target" "-w" "/opt/rustwide/workdir" "--user" "0:0" "d29fdf5c7c1bbaa37ff18ee14b00c14c2d19cb2488e91f5bc09337e2f9da1a52" "/opt/rustwide/cargo-home/bin/cargo" "+1.97.0-beta.6" "metadata" "--no-deps" "--format-version=1", kill_on_drop: false }`
[INFO] running `Command { std: "docker" "inspect" "d29fdf5c7c1bbaa37ff18ee14b00c14c2d19cb2488e91f5bc09337e2f9da1a52", kill_on_drop: false }`
[INFO] running `Command { std: "docker" "exec" "-e" "SOURCE_DIR=/opt/rustwide/workdir" "-e" "CARGO_HOME=/opt/rustwide/cargo-home" "-e" "RUSTUP_HOME=/opt/rustwide/rustup-home" "-e" "CARGO_TARGET_DIR=/opt/rustwide/target" "-e" "CARGO_INCREMENTAL=0" "-e" "RUST_BACKTRACE=full" "-e" "RUSTFLAGS=--cap-lints=warn" "-e" "RUSTDOCFLAGS=--cap-lints=warn" "-w" "/opt/rustwide/workdir" "--user" "0:0" "d29fdf5c7c1bbaa37ff18ee14b00c14c2d19cb2488e91f5bc09337e2f9da1a52" "/opt/rustwide/cargo-home/bin/cargo" "+1.97.0-beta.6" "build" "--frozen" "--message-format=json", kill_on_drop: false }`
[INFO] [stderr]    Compiling quote v1.0.46
[INFO] [stderr]    Compiling syn v1.0.109
[INFO] [stderr]    Compiling fnv v1.0.7
[INFO] [stderr]    Compiling strsim v0.10.0
[INFO] [stderr]    Compiling serde_core v1.0.228
[INFO] [stderr]    Compiling serde v1.0.228
[INFO] [stderr]    Compiling rustversion v1.0.23
[INFO] [stderr]    Compiling unicode-segmentation v1.13.3
[INFO] [stderr]    Compiling lunatic-sys v0.14.0 (/opt/rustwide/workdir/lunatic-sys)
[INFO] [stderr]    Compiling syn v2.0.118
[INFO] [stderr]    Compiling convert_case v0.6.0
[INFO] [stderr]    Compiling serde_derive v1.0.228
[INFO] [stderr]    Compiling thiserror-impl v1.0.69
[INFO] [stderr]    Compiling thiserror v1.0.69
[INFO] [stderr]    Compiling darling_core v0.14.4
[INFO] [stderr]    Compiling lunatic-test v0.13.0 (/opt/rustwide/workdir/lunatic-test)
[INFO] [stderr]    Compiling darling_macro v0.14.4
[INFO] [stderr]    Compiling bincode v1.3.3
[INFO] [stderr]    Compiling darling v0.14.4
[INFO] [stderr]    Compiling lunatic-macros v0.13.0 (/opt/rustwide/workdir/lunatic-macros)
[INFO] [stderr]    Compiling lunatic v0.14.1 (/opt/rustwide/workdir)
[INFO] [stdout] warning: trait `IntoAbstractProcessBuilder` is never used
[INFO] [stdout]  --> src/ap/builder.rs:7:7
[INFO] [stdout]   |
[INFO] [stdout] 7 | trait IntoAbstractProcessBuilder<T> {}
[INFO] [stdout]   |       ^^^^^^^^^^^^^^^^^^^^^^^^^^
[INFO] [stdout]   |
[INFO] [stdout]   = note: `#[warn(dead_code)]` (part of `#[warn(unused)]`) on by default
[INFO] [stdout] 
[INFO] [stdout] 
[INFO] [stdout] warning: hiding a lifetime that's elided elsewhere is confusing
[INFO] [stdout]    --> src/ap/mod.rs:231:26
[INFO] [stdout]     |
[INFO] [stdout] 231 |     fn configure(config: &ProcessConfig) -> AbstractProcessBuilder<Self> {
[INFO] [stdout]     |                          ^^^^^^^^^^^^^^     ^^^^^^^^^^^^^^^^^^^^^^^^^^^^ the same lifetime is hidden here
[INFO] [stdout]     |                          |
[INFO] [stdout]     |                          the lifetime is elided here
[INFO] [stdout]     |
[INFO] [stdout]     = help: the same lifetime is referred to in inconsistent ways, making the signature confusing
[INFO] [stdout]     = note: `#[warn(mismatched_lifetime_syntaxes)]` on by default
[INFO] [stdout] help: use `'_` for type paths
[INFO] [stdout]     |
[INFO] [stdout] 231 |     fn configure(config: &ProcessConfig) -> AbstractProcessBuilder<'_, Self> {
[INFO] [stdout]     |                                                                    +++
[INFO] [stdout] 
[INFO] [stdout] 
[INFO] [stdout] warning: direct cast of function item into an integer
[INFO] [stdout]   --> src/panic.rs:23:58
[INFO] [stdout]    |
[INFO] [stdout] 23 |         unsafe { host::api::trap::catch(re_entry::<R, F> as usize, raw_function) } as *mut R;
[INFO] [stdout]    |                                                          ^^^^^^^^
[INFO] [stdout]    |
[INFO] [stdout]    = note: `#[warn(function_casts_as_integer)]` on by default
[INFO] [stdout] help: first cast to a pointer `as *const ()`
[INFO] [stdout]    |
[INFO] [stdout] 23 |         unsafe { host::api::trap::catch(re_entry::<R, F> as *const () as usize, raw_function) } as *mut R;
[INFO] [stdout]    |                                                          ++++++++++++
[INFO] [stdout] 
[INFO] [stdout] 
[INFO] [stderr]     Finished `dev` profile [unoptimized + debuginfo] target(s) in 15.37s
[INFO] running `Command { std: "docker" "inspect" "d29fdf5c7c1bbaa37ff18ee14b00c14c2d19cb2488e91f5bc09337e2f9da1a52", kill_on_drop: false }`
[INFO] running `Command { std: "docker" "exec" "-e" "SOURCE_DIR=/opt/rustwide/workdir" "-e" "CARGO_HOME=/opt/rustwide/cargo-home" "-e" "RUSTUP_HOME=/opt/rustwide/rustup-home" "-e" "CARGO_TARGET_DIR=/opt/rustwide/target" "-e" "CARGO_INCREMENTAL=0" "-e" "RUST_BACKTRACE=full" "-e" "RUSTFLAGS=--cap-lints=warn" "-e" "RUSTDOCFLAGS=--cap-lints=warn" "-w" "/opt/rustwide/workdir" "--user" "0:0" "d29fdf5c7c1bbaa37ff18ee14b00c14c2d19cb2488e91f5bc09337e2f9da1a52" "/opt/rustwide/cargo-home/bin/cargo" "+1.97.0-beta.6" "test" "--frozen" "--no-run" "--message-format=json", kill_on_drop: false }`
[INFO] [stderr]    Compiling serde_core v1.0.228
[INFO] [stderr]    Compiling autocfg v1.5.1
[INFO] [stderr]    Compiling serde v1.0.228
[INFO] [stderr]    Compiling zerocopy v0.8.54
[INFO] [stderr]    Compiling zmij v1.0.23
[INFO] [stderr]    Compiling serde_json v1.0.150
[INFO] [stderr]    Compiling cfg-if v1.0.4
[INFO] [stderr]    Compiling itoa v1.0.18
[INFO] [stderr]    Compiling libc v0.2.186
[INFO] [stderr]    Compiling memchr v2.8.3
[INFO] [stderr]    Compiling os_str_bytes v6.6.1
[INFO] [stderr]    Compiling regex-syntax v0.8.11
[INFO] [stderr]    Compiling either v1.16.0
[INFO] [stderr]    Compiling ciborium-io v0.2.2
[INFO] [stderr]    Compiling syn v2.0.118
[INFO] [stderr]    Compiling textwrap v0.16.2
[INFO] [stderr]    Compiling cast v0.3.0
[INFO] [stderr]    Compiling oorandom v11.1.5
[INFO] [stderr]    Compiling anes v0.1.6
[INFO] [stderr]    Compiling clap_lex v0.2.4
[INFO] [stderr]    Compiling itertools v0.10.5
[INFO] [stderr]    Compiling num-traits v0.2.19
[INFO] [stderr]    Compiling indexmap v1.9.3
[INFO] [stderr]    Compiling clap v3.2.25
[INFO] [stderr]    Compiling atty v0.2.14
[INFO] [stderr]    Compiling regex-automata v0.4.15
[INFO] [stderr]    Compiling rmp v0.8.15
[INFO] [stderr]    Compiling criterion-plot v0.5.0
[INFO] [stderr]    Compiling serde_bytes v0.11.19
[INFO] [stderr]    Compiling serde_derive v1.0.228
[INFO] [stderr]    Compiling zerocopy-derive v0.8.54
[INFO] [stderr]    Compiling thiserror-impl v1.0.69
[INFO] [stderr]    Compiling regex v1.13.0
[INFO] [stderr]    Compiling thiserror v1.0.69
[INFO] [stderr]    Compiling rmp-serde v1.3.1
[INFO] [stderr]    Compiling tinytemplate v1.2.1
[INFO] [stderr]    Compiling bincode v1.3.3
[INFO] [stderr]    Compiling lunatic v0.14.1 (/opt/rustwide/workdir)
[INFO] [stdout] warning: trait `IntoAbstractProcessBuilder` is never used
[INFO] [stdout]  --> src/ap/builder.rs:7:7
[INFO] [stdout]   |
[INFO] [stdout] 7 | trait IntoAbstractProcessBuilder<T> {}
[INFO] [stdout]   |       ^^^^^^^^^^^^^^^^^^^^^^^^^^
[INFO] [stdout]   |
[INFO] [stdout]   = note: `#[warn(dead_code)]` (part of `#[warn(unused)]`) on by default
[INFO] [stdout] 
[INFO] [stdout] 
[INFO] [stdout] warning: hiding a lifetime that's elided elsewhere is confusing
[INFO] [stdout]    --> src/ap/mod.rs:231:26
[INFO] [stdout]     |
[INFO] [stdout] 231 |     fn configure(config: &ProcessConfig) -> AbstractProcessBuilder<Self> {
[INFO] [stdout]     |                          ^^^^^^^^^^^^^^     ^^^^^^^^^^^^^^^^^^^^^^^^^^^^ the same lifetime is hidden here
[INFO] [stdout]     |                          |
[INFO] [stdout]     |                          the lifetime is elided here
[INFO] [stdout]     |
[INFO] [stdout]     = help: the same lifetime is referred to in inconsistent ways, making the signature confusing
[INFO] [stdout]     = note: `#[warn(mismatched_lifetime_syntaxes)]` on by default
[INFO] [stdout] help: use `'_` for type paths
[INFO] [stdout]     |
[INFO] [stdout] 231 |     fn configure(config: &ProcessConfig) -> AbstractProcessBuilder<'_, Self> {
[INFO] [stdout]     |                                                                    +++
[INFO] [stdout] 
[INFO] [stdout] 
[INFO] [stdout] warning: direct cast of function item into an integer
[INFO] [stdout]   --> src/panic.rs:23:58
[INFO] [stdout]    |
[INFO] [stdout] 23 |         unsafe { host::api::trap::catch(re_entry::<R, F> as usize, raw_function) } as *mut R;
[INFO] [stdout]    |                                                          ^^^^^^^^
[INFO] [stdout]    |
[INFO] [stdout]    = note: `#[warn(function_casts_as_integer)]` on by default
[INFO] [stdout] help: first cast to a pointer `as *const ()`
[INFO] [stdout]    |
[INFO] [stdout] 23 |         unsafe { host::api::trap::catch(re_entry::<R, F> as *const () as usize, raw_function) } as *mut R;
[INFO] [stdout]    |                                                          ++++++++++++
[INFO] [stdout] 
[INFO] [stdout] 
[INFO] [stderr]    Compiling half v2.7.1
[INFO] [stderr]    Compiling ciborium-ll v0.2.2
[INFO] [stderr]    Compiling ciborium v0.2.2
[INFO] [stderr]    Compiling criterion v0.4.0
[INFO] [stdout] error: functions used as tests can not have any arguments
[INFO] [stdout]   --> tests/process.rs:14:1
[INFO] [stdout]    |
[INFO] [stdout] 14 | / fn wait_for_child(m: Mailbox<()>) {
[INFO] [stdout] 15 | |     Process::spawn(m.this(), |parent, _: Mailbox<()>| parent.send(()));
[INFO] [stdout] 16 | |     m.receive();
[INFO] [stdout] 17 | | }
[INFO] [stdout]    | |_^
[INFO] [stdout] 
[INFO] [stdout] 
[INFO] [stdout] error: functions used as tests can not have any arguments
[INFO] [stdout]   --> tests/process.rs:35:1
[INFO] [stdout]    |
[INFO] [stdout] 35 | / fn parent_and_child_exchange_messages(parent_mailbox: Mailbox<i32>) {
[INFO] [stdout] 36 | |     let parent = parent_mailbox.this();
[INFO] [stdout] 37 | |     let adder = Process::spawn_link(parent, |parent, child_mailbox: Mailbox<i32>| {
[INFO] [stdout] 38 | |         let a = child_mailbox.receive();
[INFO] [stdout] ...  |
[INFO] [stdout] 45 | |     assert_eq!(4, parent_mailbox.receive());
[INFO] [stdout] 46 | | }
[INFO] [stdout]    | |_^
[INFO] [stdout] 
[INFO] [stdout] 
[INFO] [stdout] error: functions used as tests can not have any arguments
[INFO] [stdout]   --> tests/process.rs:49:1
[INFO] [stdout]    |
[INFO] [stdout] 49 | / fn mailbox_timeout(m: Mailbox<i32>) {
[INFO] [stdout] 50 | |     let message = m.receive_timeout(Duration::from_millis(10));
[INFO] [stdout] 51 | |     assert!(message.unwrap_err().is_timed_out());
[INFO] [stdout] 52 | | }
[INFO] [stdout]    | |_^
[INFO] [stdout] 
[INFO] [stdout] 
[INFO] [stdout] error: functions used as tests can not have any arguments
[INFO] [stdout]   --> tests/process.rs:55:1
[INFO] [stdout]    |
[INFO] [stdout] 55 | / fn recursive_count(mailbox: Mailbox<i32>) {
[INFO] [stdout] 56 | |     let mut config = ProcessConfig::new().unwrap();
[INFO] [stdout] 57 | |     config.set_can_spawn_processes(true);
[INFO] [stdout] 58 | |     Process::spawn_link_config(&config, (mailbox.this(), 1000), recursive_count_sub);
[INFO] [stdout] 59 | |     assert_eq!(500500, mailbox.receive());
[INFO] [stdout] 60 | | }
[INFO] [stdout]    | |_^
[INFO] [stdout] 
[INFO] [stdout] 
[INFO] [stdout] error: functions used as tests can not have any arguments
[INFO] [stdout]   --> tests/process.rs:72:1
[INFO] [stdout]    |
[INFO] [stdout] 72 | / fn lookup(mailbox: Mailbox<i32>) {
[INFO] [stdout] 73 | |     // Register self under name "hello"
[INFO] [stdout] 74 | |     let this = mailbox.this();
[INFO] [stdout] 75 | |     this.register(&"hello");
[INFO] [stdout] ...  |
[INFO] [stdout] 82 | |     assert_eq!(1337, mailbox.receive());
[INFO] [stdout] 83 | | }
[INFO] [stdout]    | |_^
[INFO] [stdout] 
[INFO] [stdout] 
[INFO] [stdout] error: functions used as tests can not have any arguments
[INFO] [stdout]   --> tests/messaging.rs:48:1
[INFO] [stdout]    |
[INFO] [stdout] 48 | / fn message_resource(mailbox: Mailbox<Proc>) {
[INFO] [stdout] 49 | |     let this = mailbox.this();
[INFO] [stdout] 50 | |     Process::spawn(this, |parent, _: Mailbox<()>| {
[INFO] [stdout] 51 | |         let empty_proc = Process::spawn((), |_, _: Mailbox<i32>| {});
[INFO] [stdout] ...  |
[INFO] [stdout] 59 | |     let _ = mailbox.receive();
[INFO] [stdout] 60 | | }
[INFO] [stdout]    | |_^
[INFO] [stdout] 
[INFO] [stdout] 
[INFO] [stdout] error: functions used as tests can not have any arguments
[INFO] [stdout]   --> tests/mailbox.rs:13:5
[INFO] [stdout]    |
[INFO] [stdout] 13 | /     fn msg_pack_serializer(mailbox: Mailbox<ProcMsgPack>) {
[INFO] [stdout] 14 | |         let parent = mailbox.this();
[INFO] [stdout] 15 | |         Process::spawn_link(
[INFO] [stdout] 16 | |             ProcBincode(parent),
[INFO] [stdout] ...  |
[INFO] [stdout] 36 | |         let _ = mailbox.receive();
[INFO] [stdout] 37 | |     }
[INFO] [stdout]    | |_____^
[INFO] [stdout] 
[INFO] [stdout] 
[INFO] [stdout] error: functions used as tests can not have any arguments
[INFO] [stdout]   --> tests/mailbox.rs:40:5
[INFO] [stdout]    |
[INFO] [stdout] 40 | /     fn message_equality(mailbox: Mailbox<Vec<i32>>) {
[INFO] [stdout] 41 | |         let parent = mailbox.this();
[INFO] [stdout] 42 | |
[INFO] [stdout] 43 | |         let child = Process::spawn_link(
[INFO] [stdout] ...  |
[INFO] [stdout] 56 | |         assert_eq!(input, output);
[INFO] [stdout] 57 | |     }
[INFO] [stdout]    | |_____^
[INFO] [stdout] 
[INFO] [stdout] 
[INFO] [stdout] error: functions used as tests can not have any arguments
[INFO] [stdout]    --> tests/messaging.rs:71:1
[INFO] [stdout]     |
[INFO] [stdout]  71 | / fn request_reply(mailbox: Mailbox<u64>) {
[INFO] [stdout]  72 | |     struct Adder;
[INFO] [stdout]  73 | |     impl AbstractProcess for Adder {
[INFO] [stdout]  74 | |         type Arg = ();
[INFO] [stdout] ...   |
[INFO] [stdout] 109 | | }
[INFO] [stdout]     | |_^
[INFO] [stdout] 
[INFO] [stdout] 
[INFO] [stdout] error: functions used as tests can not have any arguments
[INFO] [stdout]    --> tests/messaging.rs:112:1
[INFO] [stdout]     |
[INFO] [stdout] 112 | / fn timeout(mailbox: Mailbox<u64>) {
[INFO] [stdout] 113 | |     let result = mailbox.receive_timeout(Duration::new(0, 10_000)); // 10 us
[INFO] [stdout] 114 | |     assert!(result.unwrap_err().is_timed_out())
[INFO] [stdout] 115 | | }
[INFO] [stdout]     | |_^
[INFO] [stdout] 
[INFO] [stdout] 
[INFO] [stdout] error: functions used as tests can not have any arguments
[INFO] [stdout]   --> tests/mailbox.rs:60:5
[INFO] [stdout]    |
[INFO] [stdout] 60 | /     fn tagged_message(mailbox: Mailbox<()>) {
[INFO] [stdout] 61 | |         let parent = mailbox.this();
[INFO] [stdout] 62 | |
[INFO] [stdout] 63 | |         let child = Process::spawn_link(
[INFO] [stdout] ...  |
[INFO] [stdout] 77 | |         let _ = mailbox.receive();
[INFO] [stdout] 78 | |     }
[INFO] [stdout]    | |_____^
[INFO] [stdout] 
[INFO] [stdout] 
[INFO] [stdout] error: linking with `cc` failed: exit status: 1
[INFO] [stdout]   |
[INFO] [stdout]   = note:  "cc" "-m64" "/opt/rustwide/target/debug/examples/rustcbYf0SW/symbols.o" "<2 object files omitted>" "-Wl,--as-needed" "-Wl,-Bstatic" "/opt/rustwide/target/debug/deps/{liblunatic-42ce80e7dd7972db,libserde_json-6f2196f45f9549b6,libmemchr-efcaf924912fba01,libitoa-5de11b3b23bfe572,libzmij-2ca2f302097868c6,librmp_serde-335621f2173c7a35,librmp-e77b4750347ee157,libnum_traits-7eec24f0481d7d85,libbincode-836e5dc579e4b160,liblunatic_sys-355af3d13919e370,libserde-689a433e58d6b6c9,libserde_core-21f22ac7b803fb0e,libthiserror-f5add19863c9c235}.rlib" "<sysroot>/lib/rustlib/x86_64-unknown-linux-gnu/lib/{libstd-*,libpanic_unwind-*,libobject-*,libmemchr-*,libaddr2line-*,libgimli-*,libcfg_if-*,librustc_demangle-*,libstd_detect-*,libhashbrown-*,librustc_std_workspace_alloc-*,libminiz_oxide-*,libadler2-*,libunwind-*,liblibc-*,librustc_std_workspace_core-*,liballoc-*,libcore-*,libcompiler_builtins-*}.rlib" "-Wl,-Bdynamic" "-lgcc_s" "-lutil" "-lrt" "-lpthread" "-lm" "-ldl" "-lc" "-L" "/opt/rustwide/target/debug/examples/rustcbYf0SW/raw-dylibs" "-B<sysroot>/lib/rustlib/x86_64-unknown-linux-gnu/bin/gcc-ld" "-fuse-ld=lld" "-Wl,--eh-frame-hdr" "-Wl,-z,noexecstack" "-L" "<sysroot>/lib/rustlib/x86_64-unknown-linux-gnu/lib" "-o" "/opt/rustwide/target/debug/examples/resolve-ab2ce1577701b964" "-Wl,--gc-sections" "-pie" "-Wl,-z,relro,-z,now" "-nodefaultlibs"
[INFO] [stdout]   = note: some arguments are omitted. use `--verbose` to show all linker arguments
[INFO] [stdout]   = note: rust-lld: error: undefined symbol: resolve
[INFO] [stdout]           >>> referenced by resolver.rs:90 (src/net/resolver.rs:90)
[INFO] [stdout]           >>>               lunatic-42ce80e7dd7972db.lunatic.d2f504f5231997d0-cgu.0.rcgu.o:(lunatic::net::resolver::resolve_timeout_) in archive /opt/rustwide/target/debug/deps/liblunatic-42ce80e7dd7972db.rlib
[INFO] [stdout]           
[INFO] [stdout]           rust-lld: error: undefined symbol: drop
[INFO] [stdout]           >>> referenced by error.rs:25 (src/error.rs:25)
[INFO] [stdout]           >>>               lunatic-42ce80e7dd7972db.lunatic.d2f504f5231997d0-cgu.0.rcgu.o:(<lunatic::error::LunaticError as core::ops::drop::Drop>::drop) in archive /opt/rustwide/target/debug/deps/liblunatic-42ce80e7dd7972db.rlib
[INFO] [stdout]           
[INFO] [stdout]           rust-lld: error: undefined symbol: resolve_next
[INFO] [stdout]           >>> referenced by resolver.rs:37 (src/net/resolver.rs:37)
[INFO] [stdout]           >>>               lunatic-42ce80e7dd7972db.lunatic.d2f504f5231997d0-cgu.0.rcgu.o:(<lunatic::net::resolver::SocketAddrIterator as core::iter::traits::iterator::Iterator>::next) in archive /opt/rustwide/target/debug/deps/liblunatic-42ce80e7dd7972db.rlib
[INFO] [stdout]           
[INFO] [stdout]           rust-lld: error: undefined symbol: string_size
[INFO] [stdout]           >>> referenced by error.rs:37 (src/error.rs:37)
[INFO] [stdout]           >>>               lunatic-42ce80e7dd7972db.lunatic.d2f504f5231997d0-cgu.0.rcgu.o:(<lunatic::error::LunaticError as core::fmt::Debug>::fmt) in archive /opt/rustwide/target/debug/deps/liblunatic-42ce80e7dd7972db.rlib
[INFO] [stdout]           
[INFO] [stdout]           rust-lld: error: undefined symbol: to_string
[INFO] [stdout]           >>> referenced by error.rs:39 (src/error.rs:39)
[INFO] [stdout]           >>>               lunatic-42ce80e7dd7972db.lunatic.d2f504f5231997d0-cgu.0.rcgu.o:(<lunatic::error::LunaticError as core::fmt::Debug>::fmt) in archive /opt/rustwide/target/debug/deps/liblunatic-42ce80e7dd7972db.rlib
[INFO] [stdout]           
[INFO] [stdout]           rust-lld: error: undefined symbol: drop_dns_iterator
[INFO] [stdout]           >>> referenced by resolver.rs:22 (src/net/resolver.rs:22)
[INFO] [stdout]           >>>               lunatic-42ce80e7dd7972db.lunatic.d2f504f5231997d0-cgu.0.rcgu.o:(<lunatic::net::resolver::SocketAddrIterator as core::ops::drop::Drop>::drop) in archive /opt/rustwide/target/debug/deps/liblunatic-42ce80e7dd7972db.rlib
[INFO] [stdout]           collect2: error: ld returned 1 exit status
[INFO] [stdout]           
[INFO] [stdout] 
[INFO] [stdout] 
[INFO] [stderr] error: could not compile `lunatic` (test "mailbox") due to 3 previous errors
[INFO] [stderr] warning: build failed, waiting for other jobs to finish...
[INFO] [stderr] error: could not compile `lunatic` (example "resolve") due to 1 previous error
[INFO] [stderr] error: could not compile `lunatic` (test "process") due to 5 previous errors
[INFO] [stderr] error: could not compile `lunatic` (test "messaging") due to 3 previous errors
[INFO] [stdout] error: linking with `cc` failed: exit status: 1
[INFO] [stdout]   |
[INFO] [stdout]   = note:  "cc" "-m64" "/opt/rustwide/target/debug/examples/rustckccTbK/symbols.o" "<2 object files omitted>" "-Wl,--as-needed" "-Wl,-Bstatic" "/opt/rustwide/target/debug/deps/{liblunatic-42ce80e7dd7972db,libserde_json-6f2196f45f9549b6,libmemchr-efcaf924912fba01,libitoa-5de11b3b23bfe572,libzmij-2ca2f302097868c6,librmp_serde-335621f2173c7a35,librmp-e77b4750347ee157,libnum_traits-7eec24f0481d7d85,libbincode-836e5dc579e4b160,liblunatic_sys-355af3d13919e370,libserde-689a433e58d6b6c9,libserde_core-21f22ac7b803fb0e,libthiserror-f5add19863c9c235}.rlib" "<sysroot>/lib/rustlib/x86_64-unknown-linux-gnu/lib/{libstd-*,libpanic_unwind-*,libobject-*,libmemchr-*,libaddr2line-*,libgimli-*,libcfg_if-*,librustc_demangle-*,libstd_detect-*,libhashbrown-*,librustc_std_workspace_alloc-*,libminiz_oxide-*,libadler2-*,libunwind-*,liblibc-*,librustc_std_workspace_core-*,liballoc-*,libcore-*,libcompiler_builtins-*}.rlib" "-Wl,-Bdynamic" "-lgcc_s" "-lutil" "-lrt" "-lpthread" "-lm" "-ldl" "-lc" "-L" "/opt/rustwide/target/debug/examples/rustckccTbK/raw-dylibs" "-B<sysroot>/lib/rustlib/x86_64-unknown-linux-gnu/bin/gcc-ld" "-fuse-ld=lld" "-Wl,--eh-frame-hdr" "-Wl,-z,noexecstack" "-L" "<sysroot>/lib/rustlib/x86_64-unknown-linux-gnu/lib" "-o" "/opt/rustwide/target/debug/examples/tcp_echo_server-9c08255e4d32de96" "-Wl,--gc-sections" "-pie" "-Wl,-z,relro,-z,now" "-nodefaultlibs"
[INFO] [stdout]   = note: some arguments are omitted. use `--verbose` to show all linker arguments
[INFO] [stdout]   = note: rust-lld: error: undefined symbol: tcp_bind
[INFO] [stdout]           >>> referenced by tcp_listener.rs:77 (src/net/tcp_listener.rs:77)
[INFO] [stdout]           >>>               /opt/rustwide/target/debug/examples/tcp_echo_server-9c08255e4d32de96.tcp_echo_server.7a8f4af90da463e0-cgu.0.rcgu.o:(<lunatic::net::tcp_listener::TcpListener>::bind::<&str>)
[INFO] [stdout]           >>> referenced by tcp_listener.rs:93 (src/net/tcp_listener.rs:93)
[INFO] [stdout]           >>>               /opt/rustwide/target/debug/examples/tcp_echo_server-9c08255e4d32de96.tcp_echo_server.7a8f4af90da463e0-cgu.0.rcgu.o:(<lunatic::net::tcp_listener::TcpListener>::bind::<&str>)
[INFO] [stdout]           
[INFO] [stdout]           rust-lld: error: undefined symbol: push_tcp_stream
[INFO] [stdout]           >>> referenced by tcp_stream.rs:64 (src/net/tcp_stream.rs:64)
[INFO] [stdout]           >>>               /opt/rustwide/target/debug/examples/tcp_echo_server-9c08255e4d32de96.tcp_echo_server.7a8f4af90da463e0-cgu.0.rcgu.o:(<lunatic::net::tcp_stream::TcpStream as serde_core::ser::Serialize>::serialize::<&mut bincode::ser::Serializer<lunatic::serializer::MessageRw, bincode::config::WithOtherIntEncoding<bincode::config::DefaultOptions, bincode::config::int::FixintEncoding>>>)
[INFO] [stdout]           >>> referenced by tcp_stream.rs:64 (src/net/tcp_stream.rs:64)
[INFO] [stdout]           >>>               /opt/rustwide/target/debug/examples/tcp_echo_server-9c08255e4d32de96.tcp_echo_server.7a8f4af90da463e0-cgu.0.rcgu.o:(<lunatic::net::tcp_stream::TcpStream as serde_core::ser::Serialize>::serialize::<&mut bincode::ser::SizeChecker<&mut bincode::config::WithOtherIntEncoding<bincode::config::DefaultOptions, bincode::config::int::FixintEncoding>>>)
[INFO] [stdout]           
[INFO] [stdout]           rust-lld: error: undefined symbol: take_tcp_stream
[INFO] [stdout]           >>> referenced by tcp_stream.rs:75 (src/net/tcp_stream.rs:75)
[INFO] [stdout]           >>>               /opt/rustwide/target/debug/examples/tcp_echo_server-9c08255e4d32de96.tcp_echo_server.7a8f4af90da463e0-cgu.0.rcgu.o:(<lunatic::net::tcp_stream::TcpStream as serde_core::de::Deserialize>::deserialize::<&mut bincode::de::Deserializer<bincode::de::read::IoReader<lunatic::serializer::MessageRw>, bincode::config::WithOtherTrailing<bincode::config::WithOtherIntEncoding<bincode::config::DefaultOptions, bincode::config::int::FixintEncoding>, bincode::config::trailing::AllowTrailing>>>)
[INFO] [stdout]           
[INFO] [stdout]           rust-lld: error: undefined symbol: receive
[INFO] [stdout]           >>> referenced by mailbox.rs:275 (src/mailbox.rs:275)
[INFO] [stdout]           >>>               /opt/rustwide/target/debug/examples/tcp_echo_server-9c08255e4d32de96.tcp_echo_server.7a8f4af90da463e0-cgu.0.rcgu.o:(<lunatic::mailbox::Mailbox<lunatic::net::tcp_stream::TcpStream>>::receive_)
[INFO] [stdout]           
[INFO] [stdout]           rust-lld: error: undefined symbol: get_tag
[INFO] [stdout]           >>> referenced by mailbox.rs:282 (src/mailbox.rs:282)
[INFO] [stdout]           >>>               /opt/rustwide/target/debug/examples/tcp_echo_server-9c08255e4d32de96.tcp_echo_server.7a8f4af90da463e0-cgu.0.rcgu.o:(<lunatic::mailbox::Mailbox<lunatic::net::tcp_stream::TcpStream>>::receive_)
[INFO] [stdout]           
[INFO] [stdout]           rust-lld: error: undefined symbol: get_process_id
[INFO] [stdout]           >>> referenced by mailbox.rs:285 (src/mailbox.rs:285)
[INFO] [stdout]           >>>               /opt/rustwide/target/debug/examples/tcp_echo_server-9c08255e4d32de96.tcp_echo_server.7a8f4af90da463e0-cgu.0.rcgu.o:(<lunatic::mailbox::Mailbox<lunatic::net::tcp_stream::TcpStream>>::receive_)
[INFO] [stdout]           
[INFO] [stdout]           rust-lld: error: undefined symbol: create_data
[INFO] [stdout]           >>> referenced by process.rs:433 (src/function/process.rs:433)
[INFO] [stdout]           >>>               /opt/rustwide/target/debug/examples/tcp_echo_server-9c08255e4d32de96.tcp_echo_server.7a8f4af90da463e0-cgu.0.rcgu.o:(<lunatic::function::process::Process<lunatic::net::tcp_stream::TcpStream>>::send)
[INFO] [stdout]           
[INFO] [stdout]           rust-lld: error: undefined symbol: tcp_local_addr
[INFO] [stdout]           >>> referenced by tcp_listener.rs:146 (src/net/tcp_listener.rs:146)
[INFO] [stdout]           >>>               lunatic-42ce80e7dd7972db.lunatic.d2f504f5231997d0-cgu.0.rcgu.o:(<lunatic::net::tcp_listener::TcpListener>::local_addr) in archive /opt/rustwide/target/debug/deps/liblunatic-42ce80e7dd7972db.rlib
[INFO] [stdout]           
[INFO] [stdout]           rust-lld: error: undefined symbol: tcp_accept
[INFO] [stdout]           >>> referenced by tcp_listener.rs:122 (src/net/tcp_listener.rs:122)
[INFO] [stdout]           >>>               lunatic-42ce80e7dd7972db.lunatic.d2f504f5231997d0-cgu.0.rcgu.o:(<lunatic::net::tcp_listener::TcpListener>::accept) in archive /opt/rustwide/target/debug/deps/liblunatic-42ce80e7dd7972db.rlib
[INFO] [stdout]           
[INFO] [stdout]           rust-lld: error: undefined symbol: module_id
[INFO] [stdout]           >>> referenced by mod.rs:44 (src/host/mod.rs:44)
[INFO] [stdout]           >>>               lunatic-42ce80e7dd7972db.lunatic.d2f504f5231997d0-cgu.0.rcgu.o:(lunatic::host::spawn) in archive /opt/rustwide/target/debug/deps/liblunatic-42ce80e7dd7972db.rlib
[INFO] [stdout]           
[INFO] [stdout]           rust-lld: error: undefined symbol: spawn
[INFO] [stdout]           >>> referenced by mod.rs:41 (src/host/mod.rs:41)
[INFO] [stdout]           >>>               lunatic-42ce80e7dd7972db.lunatic.d2f504f5231997d0-cgu.0.rcgu.o:(lunatic::host::spawn) in archive /opt/rustwide/target/debug/deps/liblunatic-42ce80e7dd7972db.rlib
[INFO] [stdout]           >>> referenced by mod.rs:66 (src/host/mod.rs:66)
[INFO] [stdout]           >>>               lunatic-42ce80e7dd7972db.lunatic.d2f504f5231997d0-cgu.0.rcgu.o:(lunatic::host::spawn) in archive /opt/rustwide/target/debug/deps/liblunatic-42ce80e7dd7972db.rlib
[INFO] [stdout]           
[INFO] [stdout]           rust-lld: error: undefined symbol: get_or_spawn
[INFO] [stdout]           >>> referenced by mod.rs:52 (src/host/mod.rs:52)
[INFO] [stdout]           >>>               lunatic-42ce80e7dd7972db.lunatic.d2f504f5231997d0-cgu.0.rcgu.o:(lunatic::host::spawn) in archive /opt/rustwide/target/debug/deps/liblunatic-42ce80e7dd7972db.rlib
[INFO] [stdout]           
[INFO] [stdout]           rust-lld: error: undefined symbol: node_id
[INFO] [stdout]           >>> referenced by mod.rs:102 (src/host/mod.rs:102)
[INFO] [stdout]           >>>               lunatic-42ce80e7dd7972db.lunatic.d2f504f5231997d0-cgu.0.rcgu.o:(lunatic::host::node_id) in archive /opt/rustwide/target/debug/deps/liblunatic-42ce80e7dd7972db.rlib
[INFO] [stdout]           
[INFO] [stdout]           rust-lld: error: undefined symbol: resolve
[INFO] [stdout]           >>> referenced by resolver.rs:90 (src/net/resolver.rs:90)
[INFO] [stdout]           >>>               lunatic-42ce80e7dd7972db.lunatic.d2f504f5231997d0-cgu.0.rcgu.o:(lunatic::net::resolver::resolve_timeout_) in archive /opt/rustwide/target/debug/deps/liblunatic-42ce80e7dd7972db.rlib
[INFO] [stdout]           
[INFO] [stdout]           rust-lld: error: undefined symbol: drop
[INFO] [stdout]           >>> referenced by error.rs:25 (src/error.rs:25)
[INFO] [stdout]           >>>               lunatic-42ce80e7dd7972db.lunatic.d2f504f5231997d0-cgu.0.rcgu.o:(<lunatic::error::LunaticError as core::ops::drop::Drop>::drop) in archive /opt/rustwide/target/debug/deps/liblunatic-42ce80e7dd7972db.rlib
[INFO] [stdout]           
[INFO] [stdout]           rust-lld: error: undefined symbol: drop_config
[INFO] [stdout]           >>> referenced by config.rs:20 (src/config.rs:20)
[INFO] [stdout]           >>>               lunatic-42ce80e7dd7972db.lunatic.d2f504f5231997d0-cgu.0.rcgu.o:(<lunatic::config::ProcessConfigType as core::ops::drop::Drop>::drop) in archive /opt/rustwide/target/debug/deps/liblunatic-42ce80e7dd7972db.rlib
[INFO] [stdout]           
[INFO] [stdout]           rust-lld: error: undefined symbol: drop_module
[INFO] [stdout]           >>> referenced by module.rs:24 (src/module.rs:24)
[INFO] [stdout]           >>>               lunatic-42ce80e7dd7972db.lunatic.d2f504f5231997d0-cgu.0.rcgu.o:(<lunatic::module::WasmModule as core::ops::drop::Drop>::drop) in archive /opt/rustwide/target/debug/deps/liblunatic-42ce80e7dd7972db.rlib
[INFO] [stdout]           
[INFO] [stdout]           rust-lld: error: undefined symbol: drop_tcp_stream
[INFO] [stdout]           >>> referenced by tcp_stream.rs:41 (src/net/tcp_stream.rs:41)
[INFO] [stdout]           >>>               lunatic-42ce80e7dd7972db.lunatic.d2f504f5231997d0-cgu.0.rcgu.o:(<lunatic::net::tcp_stream::TcpStream as core::ops::drop::Drop>::drop) in archive /opt/rustwide/target/debug/deps/liblunatic-42ce80e7dd7972db.rlib
[INFO] [stdout]           
[INFO] [stdout]           rust-lld: error: undefined symbol: drop_tcp_listener
[INFO] [stdout]           >>> referenced by tcp_listener.rs:52 (src/net/tcp_listener.rs:52)
[INFO] [stdout]           >>>               lunatic-42ce80e7dd7972db.lunatic.d2f504f5231997d0-cgu.0.rcgu.o:(<lunatic::net::tcp_listener::TcpListener as core::ops::drop::Drop>::drop) in archive /opt/rustwide/target/debug/deps/liblunatic-42ce80e7dd7972db.rlib
[INFO] [stdout]           
[INFO] [stdout]           rust-lld: error: undefined symbol: string_size
[INFO] [stdout]           >>> referenced by error.rs:53 (src/error.rs:53)
[INFO] [stdout]           >>>               lunatic-42ce80e7dd7972db.lunatic.d2f504f5231997d0-cgu.0.rcgu.o:(<lunatic::error::LunaticError as core::fmt::Display>::fmt) in archive /opt/rustwide/target/debug/deps/liblunatic-42ce80e7dd7972db.rlib
[INFO] [stdout]           >>> referenced by error.rs:37 (src/error.rs:37)
[INFO] [stdout]           >>>               lunatic-42ce80e7dd7972db.lunatic.d2f504f5231997d0-cgu.0.rcgu.o:(<lunatic::error::LunaticError as core::fmt::Debug>::fmt) in archive /opt/rustwide/target/debug/deps/liblunatic-42ce80e7dd7972db.rlib
[INFO] [stdout]           
[INFO] [stdout]           rust-lld: error: too many errors emitted, stopping now (use --error-limit=0 to see all errors)
[INFO] [stdout]           collect2: error: ld returned 1 exit status
[INFO] [stdout]           
[INFO] [stdout] 
[INFO] [stdout] 
[INFO] [stderr] error: could not compile `lunatic` (example "tcp_echo_server") due to 1 previous error
[INFO] [stdout] error: linking with `cc` failed: exit status: 1
[INFO] [stdout]   |
[INFO] [stdout]   = note:  "cc" "-m64" "/opt/rustwide/target/debug/examples/rustcluoZZK/symbols.o" "<2 object files omitted>" "-Wl,--as-needed" "-Wl,-Bstatic" "/opt/rustwide/target/debug/deps/{liblunatic-42ce80e7dd7972db,libserde_json-6f2196f45f9549b6,libmemchr-efcaf924912fba01,libitoa-5de11b3b23bfe572,libzmij-2ca2f302097868c6,librmp_serde-335621f2173c7a35,librmp-e77b4750347ee157,libnum_traits-7eec24f0481d7d85,libbincode-836e5dc579e4b160,liblunatic_sys-355af3d13919e370,libserde-689a433e58d6b6c9,libserde_core-21f22ac7b803fb0e,libthiserror-f5add19863c9c235}.rlib" "<sysroot>/lib/rustlib/x86_64-unknown-linux-gnu/lib/{libstd-*,libpanic_unwind-*,libobject-*,libmemchr-*,libaddr2line-*,libgimli-*,libcfg_if-*,librustc_demangle-*,libstd_detect-*,libhashbrown-*,librustc_std_workspace_alloc-*,libminiz_oxide-*,libadler2-*,libunwind-*,liblibc-*,librustc_std_workspace_core-*,liballoc-*,libcore-*,libcompiler_builtins-*}.rlib" "-Wl,-Bdynamic" "-lgcc_s" "-lutil" "-lrt" "-lpthread" "-lm" "-ldl" "-lc" "-L" "/opt/rustwide/target/debug/examples/rustcluoZZK/raw-dylibs" "-B<sysroot>/lib/rustlib/x86_64-unknown-linux-gnu/bin/gcc-ld" "-fuse-ld=lld" "-Wl,--eh-frame-hdr" "-Wl,-z,noexecstack" "-L" "<sysroot>/lib/rustlib/x86_64-unknown-linux-gnu/lib" "-o" "/opt/rustwide/target/debug/examples/spawn_task-323245d8697102b7" "-Wl,--gc-sections" "-pie" "-Wl,-z,relro,-z,now" "-nodefaultlibs"
[INFO] [stdout]   = note: some arguments are omitted. use `--verbose` to show all linker arguments
[INFO] [stdout]   = note: rust-lld: error: undefined symbol: receive
[INFO] [stdout]           >>> referenced by mailbox.rs:275 (src/mailbox.rs:275)
[INFO] [stdout]           >>>               /opt/rustwide/target/debug/examples/spawn_task-323245d8697102b7.spawn_task.b3ff136132b1cfc5-cgu.0.rcgu.o:(<lunatic::mailbox::Mailbox<lunatic::protocol::ProtocolCapture<()>>>::receive_)
[INFO] [stdout]           >>> referenced by mailbox.rs:275 (src/mailbox.rs:275)
[INFO] [stdout]           >>>               /opt/rustwide/target/debug/examples/spawn_task-323245d8697102b7.spawn_task.b3ff136132b1cfc5-cgu.0.rcgu.o:(<lunatic::mailbox::Mailbox<()>>::receive_)
[INFO] [stdout]           
[INFO] [stdout]           rust-lld: error: undefined symbol: get_tag
[INFO] [stdout]           >>> referenced by mailbox.rs:282 (src/mailbox.rs:282)
[INFO] [stdout]           >>>               /opt/rustwide/target/debug/examples/spawn_task-323245d8697102b7.spawn_task.b3ff136132b1cfc5-cgu.0.rcgu.o:(<lunatic::mailbox::Mailbox<lunatic::protocol::ProtocolCapture<()>>>::receive_)
[INFO] [stdout]           >>> referenced by mailbox.rs:282 (src/mailbox.rs:282)
[INFO] [stdout]           >>>               /opt/rustwide/target/debug/examples/spawn_task-323245d8697102b7.spawn_task.b3ff136132b1cfc5-cgu.0.rcgu.o:(<lunatic::mailbox::Mailbox<()>>::receive_)
[INFO] [stdout]           
[INFO] [stdout]           rust-lld: error: undefined symbol: get_process_id
[INFO] [stdout]           >>> referenced by mailbox.rs:285 (src/mailbox.rs:285)
[INFO] [stdout]           >>>               /opt/rustwide/target/debug/examples/spawn_task-323245d8697102b7.spawn_task.b3ff136132b1cfc5-cgu.0.rcgu.o:(<lunatic::mailbox::Mailbox<lunatic::protocol::ProtocolCapture<()>>>::receive_)
[INFO] [stdout]           >>> referenced by mailbox.rs:285 (src/mailbox.rs:285)
[INFO] [stdout]           >>>               /opt/rustwide/target/debug/examples/spawn_task-323245d8697102b7.spawn_task.b3ff136132b1cfc5-cgu.0.rcgu.o:(<lunatic::mailbox::Mailbox<()>>::receive_)
[INFO] [stdout]           
[INFO] [stdout]           rust-lld: error: undefined symbol: create_data
[INFO] [stdout]           >>> referenced by process.rs:433 (src/function/process.rs:433)
[INFO] [stdout]           >>>               /opt/rustwide/target/debug/examples/spawn_task-323245d8697102b7.spawn_task.b3ff136132b1cfc5-cgu.0.rcgu.o:(<lunatic::function::process::Process<lunatic::protocol::ProtocolCapture<()>>>::send)
[INFO] [stdout]           >>> referenced by process.rs:465 (src/function/process.rs:465)
[INFO] [stdout]           >>>               /opt/rustwide/target/debug/examples/spawn_task-323245d8697102b7.spawn_task.b3ff136132b1cfc5-cgu.0.rcgu.o:(<lunatic::function::process::Process<()>>::tag_send)
[INFO] [stdout]           
[INFO] [stdout]           rust-lld: error: undefined symbol: process_id
[INFO] [stdout]           >>> referenced by mod.rs:98 (src/host/mod.rs:98)
[INFO] [stdout]           >>>               lunatic-42ce80e7dd7972db.lunatic.d2f504f5231997d0-cgu.0.rcgu.o:(lunatic::host::process_id) in archive /opt/rustwide/target/debug/deps/liblunatic-42ce80e7dd7972db.rlib
[INFO] [stdout]           
[INFO] [stdout]           rust-lld: error: undefined symbol: module_id
[INFO] [stdout]           >>> referenced by mod.rs:44 (src/host/mod.rs:44)
[INFO] [stdout]           >>>               lunatic-42ce80e7dd7972db.lunatic.d2f504f5231997d0-cgu.0.rcgu.o:(lunatic::host::spawn) in archive /opt/rustwide/target/debug/deps/liblunatic-42ce80e7dd7972db.rlib
[INFO] [stdout]           
[INFO] [stdout]           rust-lld: error: undefined symbol: spawn
[INFO] [stdout]           >>> referenced by mod.rs:41 (src/host/mod.rs:41)
[INFO] [stdout]           >>>               lunatic-42ce80e7dd7972db.lunatic.d2f504f5231997d0-cgu.0.rcgu.o:(lunatic::host::spawn) in archive /opt/rustwide/target/debug/deps/liblunatic-42ce80e7dd7972db.rlib
[INFO] [stdout]           >>> referenced by mod.rs:66 (src/host/mod.rs:66)
[INFO] [stdout]           >>>               lunatic-42ce80e7dd7972db.lunatic.d2f504f5231997d0-cgu.0.rcgu.o:(lunatic::host::spawn) in archive /opt/rustwide/target/debug/deps/liblunatic-42ce80e7dd7972db.rlib
[INFO] [stdout]           
[INFO] [stdout]           rust-lld: error: undefined symbol: get_or_spawn
[INFO] [stdout]           >>> referenced by mod.rs:52 (src/host/mod.rs:52)
[INFO] [stdout]           >>>               lunatic-42ce80e7dd7972db.lunatic.d2f504f5231997d0-cgu.0.rcgu.o:(lunatic::host::spawn) in archive /opt/rustwide/target/debug/deps/liblunatic-42ce80e7dd7972db.rlib
[INFO] [stdout]           
[INFO] [stdout]           rust-lld: error: undefined symbol: node_id
[INFO] [stdout]           >>> referenced by mod.rs:102 (src/host/mod.rs:102)
[INFO] [stdout]           >>>               lunatic-42ce80e7dd7972db.lunatic.d2f504f5231997d0-cgu.0.rcgu.o:(lunatic::host::node_id) in archive /opt/rustwide/target/debug/deps/liblunatic-42ce80e7dd7972db.rlib
[INFO] [stdout]           
[INFO] [stdout]           rust-lld: error: undefined symbol: drop
[INFO] [stdout]           >>> referenced by error.rs:25 (src/error.rs:25)
[INFO] [stdout]           >>>               lunatic-42ce80e7dd7972db.lunatic.d2f504f5231997d0-cgu.0.rcgu.o:(<lunatic::error::LunaticError as core::ops::drop::Drop>::drop) in archive /opt/rustwide/target/debug/deps/liblunatic-42ce80e7dd7972db.rlib
[INFO] [stdout]           
[INFO] [stdout]           rust-lld: error: undefined symbol: drop_config
[INFO] [stdout]           >>> referenced by config.rs:20 (src/config.rs:20)
[INFO] [stdout]           >>>               lunatic-42ce80e7dd7972db.lunatic.d2f504f5231997d0-cgu.0.rcgu.o:(<lunatic::config::ProcessConfigType as core::ops::drop::Drop>::drop) in archive /opt/rustwide/target/debug/deps/liblunatic-42ce80e7dd7972db.rlib
[INFO] [stdout]           
[INFO] [stdout]           rust-lld: error: undefined symbol: drop_module
[INFO] [stdout]           >>> referenced by module.rs:24 (src/module.rs:24)
[INFO] [stdout]           >>>               lunatic-42ce80e7dd7972db.lunatic.d2f504f5231997d0-cgu.0.rcgu.o:(<lunatic::module::WasmModule as core::ops::drop::Drop>::drop) in archive /opt/rustwide/target/debug/deps/liblunatic-42ce80e7dd7972db.rlib
[INFO] [stdout]           
[INFO] [stdout]           rust-lld: error: undefined symbol: read_data
[INFO] [stdout]           >>> referenced by serializer.rs:208 (src/serializer.rs:208)
[INFO] [stdout]           >>>               lunatic-42ce80e7dd7972db.lunatic.d2f504f5231997d0-cgu.0.rcgu.o:(<lunatic::serializer::MessageRw as std::io::Read>::read) in archive /opt/rustwide/target/debug/deps/liblunatic-42ce80e7dd7972db.rlib
[INFO] [stdout]           
[INFO] [stdout]           rust-lld: error: undefined symbol: write_data
[INFO] [stdout]           >>> referenced by serializer.rs:214 (src/serializer.rs:214)
[INFO] [stdout]           >>>               lunatic-42ce80e7dd7972db.lunatic.d2f504f5231997d0-cgu.0.rcgu.o:(<lunatic::serializer::MessageRw as std::io::Write>::write) in archive /opt/rustwide/target/debug/deps/liblunatic-42ce80e7dd7972db.rlib
[INFO] [stdout]           
[INFO] [stdout]           rust-lld: error: undefined symbol: string_size
[INFO] [stdout]           >>> referenced by error.rs:37 (src/error.rs:37)
[INFO] [stdout]           >>>               lunatic-42ce80e7dd7972db.lunatic.d2f504f5231997d0-cgu.0.rcgu.o:(<lunatic::error::LunaticError as core::fmt::Debug>::fmt) in archive /opt/rustwide/target/debug/deps/liblunatic-42ce80e7dd7972db.rlib
[INFO] [stdout]           
[INFO] [stdout]           rust-lld: error: undefined symbol: to_string
[INFO] [stdout]           >>> referenced by error.rs:39 (src/error.rs:39)
[INFO] [stdout]           >>>               lunatic-42ce80e7dd7972db.lunatic.d2f504f5231997d0-cgu.0.rcgu.o:(<lunatic::error::LunaticError as core::fmt::Debug>::fmt) in archive /opt/rustwide/target/debug/deps/liblunatic-42ce80e7dd7972db.rlib
[INFO] [stdout]           collect2: error: ld returned 1 exit status
[INFO] [stdout]           
[INFO] [stdout] 
[INFO] [stdout] 
[INFO] [stderr] error: could not compile `lunatic` (example "spawn_task") due to 1 previous error
[INFO] [stdout] error: linking with `cc` failed: exit status: 1
[INFO] [stdout]   |
[INFO] [stdout]   = note:  "cc" "-m64" "/opt/rustwide/target/debug/deps/rustcAoddMD/symbols.o" "<3 object files omitted>" "-Wl,--as-needed" "-Wl,-Bstatic" "<sysroot>/lib/rustlib/x86_64-unknown-linux-gnu/lib/{libtest-*,libgetopts-*,librustc_std_workspace_std-*}.rlib" "/opt/rustwide/target/debug/deps/{liblunatic-42ce80e7dd7972db,libserde_json-6f2196f45f9549b6,libmemchr-efcaf924912fba01,libitoa-5de11b3b23bfe572,libzmij-2ca2f302097868c6,librmp_serde-335621f2173c7a35,librmp-e77b4750347ee157,libnum_traits-7eec24f0481d7d85,libbincode-836e5dc579e4b160,liblunatic_sys-355af3d13919e370,libserde-689a433e58d6b6c9,libserde_core-21f22ac7b803fb0e,libthiserror-f5add19863c9c235}.rlib" "<sysroot>/lib/rustlib/x86_64-unknown-linux-gnu/lib/{libstd-*,libpanic_unwind-*,libobject-*,libmemchr-*,libaddr2line-*,libgimli-*,libcfg_if-*,librustc_demangle-*,libstd_detect-*,libhashbrown-*,librustc_std_workspace_alloc-*,libminiz_oxide-*,libadler2-*,libunwind-*,liblibc-*,librustc_std_workspace_core-*,liballoc-*,libcore-*,libcompiler_builtins-*}.rlib" "-Wl,-Bdynamic" "-lgcc_s" "-lutil" "-lrt" "-lpthread" "-lm" "-ldl" "-lc" "-L" "/opt/rustwide/target/debug/deps/rustcAoddMD/raw-dylibs" "-B<sysroot>/lib/rustlib/x86_64-unknown-linux-gnu/bin/gcc-ld" "-fuse-ld=lld" "-Wl,--eh-frame-hdr" "-Wl,-z,noexecstack" "-L" "<sysroot>/lib/rustlib/x86_64-unknown-linux-gnu/lib" "-o" "/opt/rustwide/target/debug/deps/serializers-9dfdcbb2a462a5b2" "-Wl,--gc-sections" "-pie" "-Wl,-z,relro,-z,now" "-nodefaultlibs"
[INFO] [stdout]   = note: some arguments are omitted. use `--verbose` to show all linker arguments
[INFO] [stdout]   = note: rust-lld: error: undefined symbol: tcp_connect
[INFO] [stdout]           >>> referenced by tcp_stream.rs:128 (src/net/tcp_stream.rs:128)
[INFO] [stdout]           >>>               /opt/rustwide/target/debug/deps/serializers-9dfdcbb2a462a5b2.serializers.d07e7a645dce6406-cgu.1.rcgu.o:(<lunatic::net::tcp_stream::TcpStream>::connect_timeout_::<&str>)
[INFO] [stdout]           >>> referenced by tcp_stream.rs:145 (src/net/tcp_stream.rs:145)
[INFO] [stdout]           >>>               /opt/rustwide/target/debug/deps/serializers-9dfdcbb2a462a5b2.serializers.d07e7a645dce6406-cgu.1.rcgu.o:(<lunatic::net::tcp_stream::TcpStream>::connect_timeout_::<&str>)
[INFO] [stdout]           
[INFO] [stdout]           rust-lld: error: undefined symbol: push_tcp_stream
[INFO] [stdout]           >>> referenced by tcp_stream.rs:64 (src/net/tcp_stream.rs:64)
[INFO] [stdout]           >>>               /opt/rustwide/target/debug/deps/serializers-9dfdcbb2a462a5b2.serializers.d07e7a645dce6406-cgu.1.rcgu.o:(<lunatic::net::tcp_stream::TcpStream as serde_core::ser::Serialize>::serialize::<&mut rmp_serde::encode::Serializer<&mut rmp_serde::encode::FallibleWriter>>)
[INFO] [stdout]           >>> referenced by tcp_stream.rs:64 (src/net/tcp_stream.rs:64)
[INFO] [stdout]           >>>               /opt/rustwide/target/debug/deps/serializers-9dfdcbb2a462a5b2.serializers.d07e7a645dce6406-cgu.1.rcgu.o:(<lunatic::net::tcp_stream::TcpStream as serde_core::ser::Serialize>::serialize::<&mut serde_json::ser::Serializer<&mut alloc::vec::Vec<u8>>>)
[INFO] [stdout]           >>> referenced by tcp_stream.rs:64 (src/net/tcp_stream.rs:64)
[INFO] [stdout]           >>>               /opt/rustwide/target/debug/deps/serializers-9dfdcbb2a462a5b2.serializers.d07e7a645dce6406-cgu.1.rcgu.o:(<lunatic::net::tcp_stream::TcpStream as serde_core::ser::Serialize>::serialize::<&mut bincode::ser::Serializer<lunatic::serializer::MessageRw, bincode::config::WithOtherIntEncoding<bincode::config::DefaultOptions, bincode::config::int::FixintEncoding>>>)
[INFO] [stdout]           >>> referenced 1 more times
[INFO] [stdout]           
[INFO] [stdout]           rust-lld: error: undefined symbol: take_tcp_stream
[INFO] [stdout]           >>> referenced by tcp_stream.rs:75 (src/net/tcp_stream.rs:75)
[INFO] [stdout]           >>>               /opt/rustwide/target/debug/deps/serializers-9dfdcbb2a462a5b2.serializers.d07e7a645dce6406-cgu.1.rcgu.o:(<lunatic::net::tcp_stream::TcpStream as serde_core::de::Deserialize>::deserialize::<&mut rmp_serde::decode::Deserializer<rmp_serde::decode::ReadReader<lunatic::serializer::MessageRw>>>)
[INFO] [stdout]           >>> referenced by tcp_stream.rs:75 (src/net/tcp_stream.rs:75)
[INFO] [stdout]           >>>               /opt/rustwide/target/debug/deps/serializers-9dfdcbb2a462a5b2.serializers.d07e7a645dce6406-cgu.1.rcgu.o:(<lunatic::net::tcp_stream::TcpStream as serde_core::de::Deserialize>::deserialize::<&mut serde_json::de::Deserializer<serde_json::read::IoRead<lunatic::serializer::MessageRw>>>)
[INFO] [stdout]           >>> referenced by tcp_stream.rs:75 (src/net/tcp_stream.rs:75)
[INFO] [stdout]           >>>               /opt/rustwide/target/debug/deps/serializers-9dfdcbb2a462a5b2.serializers.d07e7a645dce6406-cgu.1.rcgu.o:(<lunatic::net::tcp_stream::TcpStream as serde_core::de::Deserialize>::deserialize::<&mut bincode::de::Deserializer<bincode::de::read::IoReader<lunatic::serializer::MessageRw>, bincode::config::WithOtherTrailing<bincode::config::WithOtherIntEncoding<bincode::config::DefaultOptions, bincode::config::int::FixintEncoding>, bincode::config::trailing::AllowTrailing>>>)
[INFO] [stdout]           
[INFO] [stdout]           rust-lld: error: undefined symbol: receive
[INFO] [stdout]           >>> referenced by mailbox.rs:275 (src/mailbox.rs:275)
[INFO] [stdout]           >>>               /opt/rustwide/target/debug/deps/serializers-9dfdcbb2a462a5b2.serializers.d07e7a645dce6406-cgu.1.rcgu.o:(<lunatic::mailbox::Mailbox<lunatic::net::tcp_stream::TcpStream>>::receive_)
[INFO] [stdout]           >>> referenced by mailbox.rs:275 (src/mailbox.rs:275)
[INFO] [stdout]           >>>               /opt/rustwide/target/debug/deps/serializers-9dfdcbb2a462a5b2.serializers.d07e7a645dce6406-cgu.1.rcgu.o:(<lunatic::mailbox::Mailbox<lunatic::net::tcp_stream::TcpStream, lunatic::serializer::MessagePack>>::receive_)
[INFO] [stdout]           >>> referenced by mailbox.rs:275 (src/mailbox.rs:275)
[INFO] [stdout]           >>>               /opt/rustwide/target/debug/deps/serializers-9dfdcbb2a462a5b2.serializers.d07e7a645dce6406-cgu.1.rcgu.o:(<lunatic::mailbox::Mailbox<lunatic::net::tcp_stream::TcpStream, lunatic::serializer::Json>>::receive_)
[INFO] [stdout]           
[INFO] [stdout]           rust-lld: error: undefined symbol: get_tag
[INFO] [stdout]           >>> referenced by mailbox.rs:282 (src/mailbox.rs:282)
[INFO] [stdout]           >>>               /opt/rustwide/target/debug/deps/serializers-9dfdcbb2a462a5b2.serializers.d07e7a645dce6406-cgu.1.rcgu.o:(<lunatic::mailbox::Mailbox<lunatic::net::tcp_stream::TcpStream>>::receive_)
[INFO] [stdout]           >>> referenced by mailbox.rs:282 (src/mailbox.rs:282)
[INFO] [stdout]           >>>               /opt/rustwide/target/debug/deps/serializers-9dfdcbb2a462a5b2.serializers.d07e7a645dce6406-cgu.1.rcgu.o:(<lunatic::mailbox::Mailbox<lunatic::net::tcp_stream::TcpStream, lunatic::serializer::MessagePack>>::receive_)
[INFO] [stdout]           >>> referenced by mailbox.rs:282 (src/mailbox.rs:282)
[INFO] [stdout]           >>>               /opt/rustwide/target/debug/deps/serializers-9dfdcbb2a462a5b2.serializers.d07e7a645dce6406-cgu.1.rcgu.o:(<lunatic::mailbox::Mailbox<lunatic::net::tcp_stream::TcpStream, lunatic::serializer::Json>>::receive_)
[INFO] [stdout]           
[INFO] [stdout]           rust-lld: error: undefined symbol: get_process_id
[INFO] [stdout]           >>> referenced by mailbox.rs:285 (src/mailbox.rs:285)
[INFO] [stdout]           >>>               /opt/rustwide/target/debug/deps/serializers-9dfdcbb2a462a5b2.serializers.d07e7a645dce6406-cgu.1.rcgu.o:(<lunatic::mailbox::Mailbox<lunatic::net::tcp_stream::TcpStream>>::receive_)
[INFO] [stdout]           >>> referenced by mailbox.rs:285 (src/mailbox.rs:285)
[INFO] [stdout]           >>>               /opt/rustwide/target/debug/deps/serializers-9dfdcbb2a462a5b2.serializers.d07e7a645dce6406-cgu.1.rcgu.o:(<lunatic::mailbox::Mailbox<lunatic::net::tcp_stream::TcpStream, lunatic::serializer::MessagePack>>::receive_)
[INFO] [stdout]           >>> referenced by mailbox.rs:285 (src/mailbox.rs:285)
[INFO] [stdout]           >>>               /opt/rustwide/target/debug/deps/serializers-9dfdcbb2a462a5b2.serializers.d07e7a645dce6406-cgu.1.rcgu.o:(<lunatic::mailbox::Mailbox<lunatic::net::tcp_stream::TcpStream, lunatic::serializer::Json>>::receive_)
[INFO] [stdout]           
[INFO] [stdout]           rust-lld: error: undefined symbol: create_data
[INFO] [stdout]           >>> referenced by process.rs:433 (src/function/process.rs:433)
[INFO] [stdout]           >>>               /opt/rustwide/target/debug/deps/serializers-9dfdcbb2a462a5b2.serializers.d07e7a645dce6406-cgu.1.rcgu.o:(<lunatic::function::process::Process<lunatic::net::tcp_stream::TcpStream>>::send)
[INFO] [stdout]           >>> referenced by process.rs:433 (src/function/process.rs:433)
[INFO] [stdout]           >>>               /opt/rustwide/target/debug/deps/serializers-9dfdcbb2a462a5b2.serializers.d07e7a645dce6406-cgu.1.rcgu.o:(<lunatic::function::process::Process<lunatic::net::tcp_stream::TcpStream, lunatic::serializer::MessagePack>>::send)
[INFO] [stdout]           >>> referenced by process.rs:433 (src/function/process.rs:433)
[INFO] [stdout]           >>>               /opt/rustwide/target/debug/deps/serializers-9dfdcbb2a462a5b2.serializers.d07e7a645dce6406-cgu.1.rcgu.o:(<lunatic::function::process::Process<lunatic::net::tcp_stream::TcpStream, lunatic::serializer::Json>>::send)
[INFO] [stdout]           
[INFO] [stdout]           rust-lld: error: undefined symbol: module_id
[INFO] [stdout]           >>> referenced by mod.rs:44 (src/host/mod.rs:44)
[INFO] [stdout]           >>>               lunatic-42ce80e7dd7972db.lunatic.d2f504f5231997d0-cgu.0.rcgu.o:(lunatic::host::spawn) in archive /opt/rustwide/target/debug/deps/liblunatic-42ce80e7dd7972db.rlib
[INFO] [stdout]           
[INFO] [stdout]           rust-lld: error: undefined symbol: spawn
[INFO] [stdout]           >>> referenced by mod.rs:41 (src/host/mod.rs:41)
[INFO] [stdout]           >>>               lunatic-42ce80e7dd7972db.lunatic.d2f504f5231997d0-cgu.0.rcgu.o:(lunatic::host::spawn) in archive /opt/rustwide/target/debug/deps/liblunatic-42ce80e7dd7972db.rlib
[INFO] [stdout]           >>> referenced by mod.rs:66 (src/host/mod.rs:66)
[INFO] [stdout]           >>>               lunatic-42ce80e7dd7972db.lunatic.d2f504f5231997d0-cgu.0.rcgu.o:(lunatic::host::spawn) in archive /opt/rustwide/target/debug/deps/liblunatic-42ce80e7dd7972db.rlib
[INFO] [stdout]           
[INFO] [stdout]           rust-lld: error: undefined symbol: get_or_spawn
[INFO] [stdout]           >>> referenced by mod.rs:52 (src/host/mod.rs:52)
[INFO] [stdout]           >>>               lunatic-42ce80e7dd7972db.lunatic.d2f504f5231997d0-cgu.0.rcgu.o:(lunatic::host::spawn) in archive /opt/rustwide/target/debug/deps/liblunatic-42ce80e7dd7972db.rlib
[INFO] [stdout]           
[INFO] [stdout]           rust-lld: error: undefined symbol: node_id
[INFO] [stdout]           >>> referenced by mod.rs:102 (src/host/mod.rs:102)
[INFO] [stdout]           >>>               lunatic-42ce80e7dd7972db.lunatic.d2f504f5231997d0-cgu.0.rcgu.o:(lunatic::host::node_id) in archive /opt/rustwide/target/debug/deps/liblunatic-42ce80e7dd7972db.rlib
[INFO] [stdout]           
[INFO] [stdout]           rust-lld: error: undefined symbol: resolve
[INFO] [stdout]           >>> referenced by resolver.rs:90 (src/net/resolver.rs:90)
[INFO] [stdout]           >>>               lunatic-42ce80e7dd7972db.lunatic.d2f504f5231997d0-cgu.0.rcgu.o:(lunatic::net::resolver::resolve_timeout_) in archive /opt/rustwide/target/debug/deps/liblunatic-42ce80e7dd7972db.rlib
[INFO] [stdout]           
[INFO] [stdout]           rust-lld: error: undefined symbol: drop
[INFO] [stdout]           >>> referenced by error.rs:25 (src/error.rs:25)
[INFO] [stdout]           >>>               lunatic-42ce80e7dd7972db.lunatic.d2f504f5231997d0-cgu.0.rcgu.o:(<lunatic::error::LunaticError as core::ops::drop::Drop>::drop) in archive /opt/rustwide/target/debug/deps/liblunatic-42ce80e7dd7972db.rlib
[INFO] [stdout]           
[INFO] [stdout]           rust-lld: error: undefined symbol: drop_config
[INFO] [stdout]           >>> referenced by config.rs:20 (src/config.rs:20)
[INFO] [stdout]           >>>               lunatic-42ce80e7dd7972db.lunatic.d2f504f5231997d0-cgu.0.rcgu.o:(<lunatic::config::ProcessConfigType as core::ops::drop::Drop>::drop) in archive /opt/rustwide/target/debug/deps/liblunatic-42ce80e7dd7972db.rlib
[INFO] [stdout]           
[INFO] [stdout]           rust-lld: error: undefined symbol: drop_module
[INFO] [stdout]           >>> referenced by module.rs:24 (src/module.rs:24)
[INFO] [stdout]           >>>               lunatic-42ce80e7dd7972db.lunatic.d2f504f5231997d0-cgu.0.rcgu.o:(<lunatic::module::WasmModule as core::ops::drop::Drop>::drop) in archive /opt/rustwide/target/debug/deps/liblunatic-42ce80e7dd7972db.rlib
[INFO] [stdout]           
[INFO] [stdout]           rust-lld: error: undefined symbol: drop_tcp_stream
[INFO] [stdout]           >>> referenced by tcp_stream.rs:41 (src/net/tcp_stream.rs:41)
[INFO] [stdout]           >>>               lunatic-42ce80e7dd7972db.lunatic.d2f504f5231997d0-cgu.0.rcgu.o:(<lunatic::net::tcp_stream::TcpStream as core::ops::drop::Drop>::drop) in archive /opt/rustwide/target/debug/deps/liblunatic-42ce80e7dd7972db.rlib
[INFO] [stdout]           
[INFO] [stdout]           rust-lld: error: undefined symbol: string_size
[INFO] [stdout]           >>> referenced by error.rs:53 (src/error.rs:53)
[INFO] [stdout]           >>>               lunatic-42ce80e7dd7972db.lunatic.d2f504f5231997d0-cgu.0.rcgu.o:(<lunatic::error::LunaticError as core::fmt::Display>::fmt) in archive /opt/rustwide/target/debug/deps/liblunatic-42ce80e7dd7972db.rlib
[INFO] [stdout]           >>> referenced by error.rs:37 (src/error.rs:37)
[INFO] [stdout]           >>>               lunatic-42ce80e7dd7972db.lunatic.d2f504f5231997d0-cgu.0.rcgu.o:(<lunatic::error::LunaticError as core::fmt::Debug>::fmt) in archive /opt/rustwide/target/debug/deps/liblunatic-42ce80e7dd7972db.rlib
[INFO] [stdout]           
[INFO] [stdout]           rust-lld: error: undefined symbol: to_string
[INFO] [stdout]           >>> referenced by error.rs:55 (src/error.rs:55)
[INFO] [stdout]           >>>               lunatic-42ce80e7dd7972db.lunatic.d2f504f5231997d0-cgu.0.rcgu.o:(<lunatic::error::LunaticError as core::fmt::Display>::fmt) in archive /opt/rustwide/target/debug/deps/liblunatic-42ce80e7dd7972db.rlib
[INFO] [stdout]           >>> referenced by error.rs:39 (src/error.rs:39)
[INFO] [stdout]           >>>               lunatic-42ce80e7dd7972db.lunatic.d2f504f5231997d0-cgu.0.rcgu.o:(<lunatic::error::LunaticError as core::fmt::Debug>::fmt) in archive /opt/rustwide/target/debug/deps/liblunatic-42ce80e7dd7972db.rlib
[INFO] [stdout]           
[INFO] [stdout]           rust-lld: error: undefined symbol: resolve_next
[INFO] [stdout]           >>> referenced by resolver.rs:37 (src/net/resolver.rs:37)
[INFO] [stdout]           >>>               lunatic-42ce80e7dd7972db.lunatic.d2f504f5231997d0-cgu.0.rcgu.o:(<lunatic::net::resolver::SocketAddrIterator as core::iter::traits::iterator::Iterator>::next) in archive /opt/rustwide/target/debug/deps/liblunatic-42ce80e7dd7972db.rlib
[INFO] [stdout]           
[INFO] [stdout]           rust-lld: error: undefined symbol: read_data
[INFO] [stdout]           >>> referenced by serializer.rs:208 (src/serializer.rs:208)
[INFO] [stdout]           >>>               lunatic-42ce80e7dd7972db.lunatic.d2f504f5231997d0-cgu.0.rcgu.o:(<lunatic::serializer::MessageRw as std::io::Read>::read) in archive /opt/rustwide/target/debug/deps/liblunatic-42ce80e7dd7972db.rlib
[INFO] [stdout]           
[INFO] [stdout]           rust-lld: error: too many errors emitted, stopping now (use --error-limit=0 to see all errors)
[INFO] [stdout]           collect2: error: ld returned 1 exit status
[INFO] [stdout]           
[INFO] [stdout] 
[INFO] [stdout] 
[INFO] [stderr] error: could not compile `lunatic` (test "serializers") due to 1 previous error
[INFO] [stdout] error: linking with `cc` failed: exit status: 1
[INFO] [stdout]   |
[INFO] [stdout]   = note:  "cc" "-m64" "/opt/rustwide/target/debug/examples/rustcc1sgsA/symbols.o" "<5 object files omitted>" "-Wl,--as-needed" "-Wl,-Bstatic" "/opt/rustwide/target/debug/deps/{liblunatic-42ce80e7dd7972db,libserde_json-6f2196f45f9549b6,libmemchr-efcaf924912fba01,libitoa-5de11b3b23bfe572,libzmij-2ca2f302097868c6,librmp_serde-335621f2173c7a35,librmp-e77b4750347ee157,libnum_traits-7eec24f0481d7d85,libbincode-836e5dc579e4b160,liblunatic_sys-355af3d13919e370,libserde-689a433e58d6b6c9,libserde_core-21f22ac7b803fb0e,libthiserror-f5add19863c9c235}.rlib" "<sysroot>/lib/rustlib/x86_64-unknown-linux-gnu/lib/{libstd-*,libpanic_unwind-*,libobject-*,libmemchr-*,libaddr2line-*,libgimli-*,libcfg_if-*,librustc_demangle-*,libstd_detect-*,libhashbrown-*,librustc_std_workspace_alloc-*,libminiz_oxide-*,libadler2-*,libunwind-*,liblibc-*,librustc_std_workspace_core-*,liballoc-*,libcore-*,libcompiler_builtins-*}.rlib" "-Wl,-Bdynamic" "-lgcc_s" "-lutil" "-lrt" "-lpthread" "-lm" "-ldl" "-lc" "-L" "/opt/rustwide/target/debug/examples/rustcc1sgsA/raw-dylibs" "-B<sysroot>/lib/rustlib/x86_64-unknown-linux-gnu/bin/gcc-ld" "-fuse-ld=lld" "-Wl,--eh-frame-hdr" "-Wl,-z,noexecstack" "-L" "<sysroot>/lib/rustlib/x86_64-unknown-linux-gnu/lib" "-o" "/opt/rustwide/target/debug/examples/tcp_echo_multi_server-2023a3e96e0a7c7c" "-Wl,--gc-sections" "-pie" "-Wl,-z,relro,-z,now" "-nodefaultlibs"
[INFO] [stdout]   = note: some arguments are omitted. use `--verbose` to show all linker arguments
[INFO] [stdout]   = note: rust-lld: error: undefined symbol: receive
[INFO] [stdout]           >>> referenced by mailbox.rs:275 (src/mailbox.rs:275)
[INFO] [stdout]           >>>               /opt/rustwide/target/debug/examples/tcp_echo_multi_server-2023a3e96e0a7c7c.tcp_echo_multi_server.9c9fcef5e271c5d2-cgu.1.rcgu.o:(<lunatic::mailbox::Mailbox<tcp_echo_multi_server::TcpPeer>>::receive_)
[INFO] [stdout]           >>> referenced by mailbox.rs:275 (src/mailbox.rs:275)
[INFO] [stdout]           >>>               /opt/rustwide/target/debug/examples/tcp_echo_multi_server-2023a3e96e0a7c7c.tcp_echo_multi_server.9c9fcef5e271c5d2-cgu.1.rcgu.o:(<lunatic::mailbox::Mailbox<tcp_echo_multi_server::TcpServer>>::receive_)
[INFO] [stdout]           >>> referenced by mailbox.rs:275 (src/mailbox.rs:275)
[INFO] [stdout]           >>>               /opt/rustwide/target/debug/examples/tcp_echo_multi_server-2023a3e96e0a7c7c.tcp_echo_multi_server.9c9fcef5e271c5d2-cgu.1.rcgu.o:(<lunatic::mailbox::Mailbox<()>>::receive_)
[INFO] [stdout]           
[INFO] [stdout]           rust-lld: error: undefined symbol: get_tag
[INFO] [stdout]           >>> referenced by mailbox.rs:282 (src/mailbox.rs:282)
[INFO] [stdout]           >>>               /opt/rustwide/target/debug/examples/tcp_echo_multi_server-2023a3e96e0a7c7c.tcp_echo_multi_server.9c9fcef5e271c5d2-cgu.1.rcgu.o:(<lunatic::mailbox::Mailbox<tcp_echo_multi_server::TcpPeer>>::receive_)
[INFO] [stdout]           >>> referenced by mailbox.rs:282 (src/mailbox.rs:282)
[INFO] [stdout]           >>>               /opt/rustwide/target/debug/examples/tcp_echo_multi_server-2023a3e96e0a7c7c.tcp_echo_multi_server.9c9fcef5e271c5d2-cgu.1.rcgu.o:(<lunatic::mailbox::Mailbox<tcp_echo_multi_server::TcpServer>>::receive_)
[INFO] [stdout]           >>> referenced by mailbox.rs:282 (src/mailbox.rs:282)
[INFO] [stdout]           >>>               /opt/rustwide/target/debug/examples/tcp_echo_multi_server-2023a3e96e0a7c7c.tcp_echo_multi_server.9c9fcef5e271c5d2-cgu.1.rcgu.o:(<lunatic::mailbox::Mailbox<()>>::receive_)
[INFO] [stdout]           
[INFO] [stdout]           rust-lld: error: undefined symbol: get_process_id
[INFO] [stdout]           >>> referenced by mailbox.rs:285 (src/mailbox.rs:285)
[INFO] [stdout]           >>>               /opt/rustwide/target/debug/examples/tcp_echo_multi_server-2023a3e96e0a7c7c.tcp_echo_multi_server.9c9fcef5e271c5d2-cgu.1.rcgu.o:(<lunatic::mailbox::Mailbox<tcp_echo_multi_server::TcpPeer>>::receive_)
[INFO] [stdout]           >>> referenced by mailbox.rs:285 (src/mailbox.rs:285)
[INFO] [stdout]           >>>               /opt/rustwide/target/debug/examples/tcp_echo_multi_server-2023a3e96e0a7c7c.tcp_echo_multi_server.9c9fcef5e271c5d2-cgu.1.rcgu.o:(<lunatic::mailbox::Mailbox<tcp_echo_multi_server::TcpServer>>::receive_)
[INFO] [stdout]           >>> referenced by mailbox.rs:285 (src/mailbox.rs:285)
[INFO] [stdout]           >>>               /opt/rustwide/target/debug/examples/tcp_echo_multi_server-2023a3e96e0a7c7c.tcp_echo_multi_server.9c9fcef5e271c5d2-cgu.1.rcgu.o:(<lunatic::mailbox::Mailbox<()>>::receive_)
[INFO] [stdout]           
[INFO] [stdout]           rust-lld: error: undefined symbol: create_data
[INFO] [stdout]           >>> referenced by process.rs:433 (src/function/process.rs:433)
[INFO] [stdout]           >>>               /opt/rustwide/target/debug/examples/tcp_echo_multi_server-2023a3e96e0a7c7c.tcp_echo_multi_server.9c9fcef5e271c5d2-cgu.2.rcgu.o:(<lunatic::function::process::Process<tcp_echo_multi_server::TcpPeer>>::send)
[INFO] [stdout]           >>> referenced by process.rs:433 (src/function/process.rs:433)
[INFO] [stdout]           >>>               /opt/rustwide/target/debug/examples/tcp_echo_multi_server-2023a3e96e0a7c7c.tcp_echo_multi_server.9c9fcef5e271c5d2-cgu.2.rcgu.o:(<lunatic::function::process::Process<tcp_echo_multi_server::TcpServer>>::send)
[INFO] [stdout]           
[INFO] [stdout]           rust-lld: error: undefined symbol: tcp_bind
[INFO] [stdout]           >>> referenced by tcp_listener.rs:77 (src/net/tcp_listener.rs:77)
[INFO] [stdout]           >>>               /opt/rustwide/target/debug/examples/tcp_echo_multi_server-2023a3e96e0a7c7c.tcp_echo_multi_server.9c9fcef5e271c5d2-cgu.3.rcgu.o:(<lunatic::net::tcp_listener::TcpListener>::bind::<alloc::string::String>)
[INFO] [stdout]           >>> referenced by tcp_listener.rs:93 (src/net/tcp_listener.rs:93)
[INFO] [stdout]           >>>               /opt/rustwide/target/debug/examples/tcp_echo_multi_server-2023a3e96e0a7c7c.tcp_echo_multi_server.9c9fcef5e271c5d2-cgu.3.rcgu.o:(<lunatic::net::tcp_listener::TcpListener>::bind::<alloc::string::String>)
[INFO] [stdout]           
[INFO] [stdout]           rust-lld: error: undefined symbol: push_tcp_stream
[INFO] [stdout]           >>> referenced by tcp_stream.rs:64 (src/net/tcp_stream.rs:64)
[INFO] [stdout]           >>>               /opt/rustwide/target/debug/examples/tcp_echo_multi_server-2023a3e96e0a7c7c.tcp_echo_multi_server.9c9fcef5e271c5d2-cgu.3.rcgu.o:(<lunatic::net::tcp_stream::TcpStream as serde_core::ser::Serialize>::serialize::<&mut bincode::ser::Serializer<lunatic::serializer::MessageRw, bincode::config::WithOtherIntEncoding<bincode::config::DefaultOptions, bincode::config::int::FixintEncoding>>>)
[INFO] [stdout]           >>> referenced by tcp_stream.rs:64 (src/net/tcp_stream.rs:64)
[INFO] [stdout]           >>>               /opt/rustwide/target/debug/examples/tcp_echo_multi_server-2023a3e96e0a7c7c.tcp_echo_multi_server.9c9fcef5e271c5d2-cgu.3.rcgu.o:(<lunatic::net::tcp_stream::TcpStream as serde_core::ser::Serialize>::serialize::<&mut bincode::ser::SizeChecker<&mut bincode::config::WithOtherIntEncoding<bincode::config::DefaultOptions, bincode::config::int::FixintEncoding>>>)
[INFO] [stdout]           
[INFO] [stdout]           rust-lld: error: undefined symbol: take_tcp_stream
[INFO] [stdout]           >>> referenced by tcp_stream.rs:75 (src/net/tcp_stream.rs:75)
[INFO] [stdout]           >>>               /opt/rustwide/target/debug/examples/tcp_echo_multi_server-2023a3e96e0a7c7c.tcp_echo_multi_server.9c9fcef5e271c5d2-cgu.3.rcgu.o:(<lunatic::net::tcp_stream::TcpStream as serde_core::de::Deserialize>::deserialize::<&mut bincode::de::Deserializer<bincode::de::read::IoReader<lunatic::serializer::MessageRw>, bincode::config::WithOtherTrailing<bincode::config::WithOtherIntEncoding<bincode::config::DefaultOptions, bincode::config::int::FixintEncoding>, bincode::config::trailing::AllowTrailing>>>)
[INFO] [stdout]           
[INFO] [stdout]           rust-lld: error: undefined symbol: tcp_local_addr
[INFO] [stdout]           >>> referenced by tcp_listener.rs:146 (src/net/tcp_listener.rs:146)
[INFO] [stdout]           >>>               lunatic-42ce80e7dd7972db.lunatic.d2f504f5231997d0-cgu.0.rcgu.o:(<lunatic::net::tcp_listener::TcpListener>::local_addr) in archive /opt/rustwide/target/debug/deps/liblunatic-42ce80e7dd7972db.rlib
[INFO] [stdout]           
[INFO] [stdout]           rust-lld: error: undefined symbol: tcp_accept
[INFO] [stdout]           >>> referenced by tcp_listener.rs:122 (src/net/tcp_listener.rs:122)
[INFO] [stdout]           >>>               lunatic-42ce80e7dd7972db.lunatic.d2f504f5231997d0-cgu.0.rcgu.o:(<lunatic::net::tcp_listener::TcpListener>::accept) in archive /opt/rustwide/target/debug/deps/liblunatic-42ce80e7dd7972db.rlib
[INFO] [stdout]           
[INFO] [stdout]           rust-lld: error: undefined symbol: module_id
[INFO] [stdout]           >>> referenced by mod.rs:44 (src/host/mod.rs:44)
[INFO] [stdout]           >>>               lunatic-42ce80e7dd7972db.lunatic.d2f504f5231997d0-cgu.0.rcgu.o:(lunatic::host::spawn) in archive /opt/rustwide/target/debug/deps/liblunatic-42ce80e7dd7972db.rlib
[INFO] [stdout]           
[INFO] [stdout]           rust-lld: error: undefined symbol: spawn
[INFO] [stdout]           >>> referenced by mod.rs:41 (src/host/mod.rs:41)
[INFO] [stdout]           >>>               lunatic-42ce80e7dd7972db.lunatic.d2f504f5231997d0-cgu.0.rcgu.o:(lunatic::host::spawn) in archive /opt/rustwide/target/debug/deps/liblunatic-42ce80e7dd7972db.rlib
[INFO] [stdout]           >>> referenced by mod.rs:66 (src/host/mod.rs:66)
[INFO] [stdout]           >>>               lunatic-42ce80e7dd7972db.lunatic.d2f504f5231997d0-cgu.0.rcgu.o:(lunatic::host::spawn) in archive /opt/rustwide/target/debug/deps/liblunatic-42ce80e7dd7972db.rlib
[INFO] [stdout]           
[INFO] [stdout]           rust-lld: error: undefined symbol: get_or_spawn
[INFO] [stdout]           >>> referenced by mod.rs:52 (src/host/mod.rs:52)
[INFO] [stdout]           >>>               lunatic-42ce80e7dd7972db.lunatic.d2f504f5231997d0-cgu.0.rcgu.o:(lunatic::host::spawn) in archive /opt/rustwide/target/debug/deps/liblunatic-42ce80e7dd7972db.rlib
[INFO] [stdout]           
[INFO] [stdout]           rust-lld: error: undefined symbol: node_id
[INFO] [stdout]           >>> referenced by mod.rs:102 (src/host/mod.rs:102)
[INFO] [stdout]           >>>               lunatic-42ce80e7dd7972db.lunatic.d2f504f5231997d0-cgu.0.rcgu.o:(lunatic::host::node_id) in archive /opt/rustwide/target/debug/deps/liblunatic-42ce80e7dd7972db.rlib
[INFO] [stdout]           
[INFO] [stdout]           rust-lld: error: undefined symbol: resolve
[INFO] [stdout]           >>> referenced by resolver.rs:90 (src/net/resolver.rs:90)
[INFO] [stdout]           >>>               lunatic-42ce80e7dd7972db.lunatic.d2f504f5231997d0-cgu.0.rcgu.o:(lunatic::net::resolver::resolve_timeout_) in archive /opt/rustwide/target/debug/deps/liblunatic-42ce80e7dd7972db.rlib
[INFO] [stdout]           
[INFO] [stdout]           rust-lld: error: undefined symbol: drop
[INFO] [stdout]           >>> referenced by error.rs:25 (src/error.rs:25)
[INFO] [stdout]           >>>               lunatic-42ce80e7dd7972db.lunatic.d2f504f5231997d0-cgu.0.rcgu.o:(<lunatic::error::LunaticError as core::ops::drop::Drop>::drop) in archive /opt/rustwide/target/debug/deps/liblunatic-42ce80e7dd7972db.rlib
[INFO] [stdout]           
[INFO] [stdout]           rust-lld: error: undefined symbol: drop_config
[INFO] [stdout]           >>> referenced by config.rs:20 (src/config.rs:20)
[INFO] [stdout]           >>>               lunatic-42ce80e7dd7972db.lunatic.d2f504f5231997d0-cgu.0.rcgu.o:(<lunatic::config::ProcessConfigType as core::ops::drop::Drop>::drop) in archive /opt/rustwide/target/debug/deps/liblunatic-42ce80e7dd7972db.rlib
[INFO] [stdout]           
[INFO] [stdout]           rust-lld: error: undefined symbol: drop_module
[INFO] [stdout]           >>> referenced by module.rs:24 (src/module.rs:24)
[INFO] [stdout]           >>>               lunatic-42ce80e7dd7972db.lunatic.d2f504f5231997d0-cgu.0.rcgu.o:(<lunatic::module::WasmModule as core::ops::drop::Drop>::drop) in archive /opt/rustwide/target/debug/deps/liblunatic-42ce80e7dd7972db.rlib
[INFO] [stdout]           
[INFO] [stdout]           rust-lld: error: undefined symbol: drop_tcp_stream
[INFO] [stdout]           >>> referenced by tcp_stream.rs:41 (src/net/tcp_stream.rs:41)
[INFO] [stdout]           >>>               lunatic-42ce80e7dd7972db.lunatic.d2f504f5231997d0-cgu.0.rcgu.o:(<lunatic::net::tcp_stream::TcpStream as core::ops::drop::Drop>::drop) in archive /opt/rustwide/target/debug/deps/liblunatic-42ce80e7dd7972db.rlib
[INFO] [stdout]           
[INFO] [stdout]           rust-lld: error: undefined symbol: drop_tcp_listener
[INFO] [stdout]           >>> referenced by tcp_listener.rs:52 (src/net/tcp_listener.rs:52)
[INFO] [stdout]           >>>               lunatic-42ce80e7dd7972db.lunatic.d2f504f5231997d0-cgu.0.rcgu.o:(<lunatic::net::tcp_listener::TcpListener as core::ops::drop::Drop>::drop) in archive /opt/rustwide/target/debug/deps/liblunatic-42ce80e7dd7972db.rlib
[INFO] [stdout]           
[INFO] [stdout]           rust-lld: error: undefined symbol: string_size
[INFO] [stdout]           >>> referenced by error.rs:53 (src/error.rs:53)
[INFO] [stdout]           >>>               lunatic-42ce80e7dd7972db.lunatic.d2f504f5231997d0-cgu.0.rcgu.o:(<lunatic::error::LunaticError as core::fmt::Display>::fmt) in archive /opt/rustwide/target/debug/deps/liblunatic-42ce80e7dd7972db.rlib
[INFO] [stdout]           >>> referenced by error.rs:37 (src/error.rs:37)
[INFO] [stdout]           >>>               lunatic-42ce80e7dd7972db.lunatic.d2f504f5231997d0-cgu.0.rcgu.o:(<lunatic::error::LunaticError as core::fmt::Debug>::fmt) in archive /opt/rustwide/target/debug/deps/liblunatic-42ce80e7dd7972db.rlib
[INFO] [stdout]           
[INFO] [stdout]           rust-lld: error: too many errors emitted, stopping now (use --error-limit=0 to see all errors)
[INFO] [stdout]           collect2: error: ld returned 1 exit status
[INFO] [stdout]           
[INFO] [stdout] 
[INFO] [stdout] 
[INFO] [stderr] error: could not compile `lunatic` (example "tcp_echo_multi_server") due to 1 previous error
[INFO] [stdout] error: linking with `cc` failed: exit status: 1
[INFO] [stdout]   |
[INFO] [stdout]   = note:  "cc" "-m64" "/opt/rustwide/target/debug/examples/rustcR1GSfN/symbols.o" "<3 object files omitted>" "-Wl,--as-needed" "-Wl,-Bstatic" "/opt/rustwide/target/debug/deps/{liblunatic-42ce80e7dd7972db,libserde_json-6f2196f45f9549b6,libmemchr-efcaf924912fba01,libitoa-5de11b3b23bfe572,libzmij-2ca2f302097868c6,librmp_serde-335621f2173c7a35,librmp-e77b4750347ee157,libnum_traits-7eec24f0481d7d85,libbincode-836e5dc579e4b160,liblunatic_sys-355af3d13919e370,libserde-689a433e58d6b6c9,libserde_core-21f22ac7b803fb0e,libthiserror-f5add19863c9c235}.rlib" "<sysroot>/lib/rustlib/x86_64-unknown-linux-gnu/lib/{libstd-*,libpanic_unwind-*,libobject-*,libmemchr-*,libaddr2line-*,libgimli-*,libcfg_if-*,librustc_demangle-*,libstd_detect-*,libhashbrown-*,librustc_std_workspace_alloc-*,libminiz_oxide-*,libadler2-*,libunwind-*,liblibc-*,librustc_std_workspace_core-*,liballoc-*,libcore-*,libcompiler_builtins-*}.rlib" "-Wl,-Bdynamic" "-lgcc_s" "-lutil" "-lrt" "-lpthread" "-lm" "-ldl" "-lc" "-L" "/opt/rustwide/target/debug/examples/rustcR1GSfN/raw-dylibs" "-B<sysroot>/lib/rustlib/x86_64-unknown-linux-gnu/bin/gcc-ld" "-fuse-ld=lld" "-Wl,--eh-frame-hdr" "-Wl,-z,noexecstack" "-L" "<sysroot>/lib/rustlib/x86_64-unknown-linux-gnu/lib" "-o" "/opt/rustwide/target/debug/examples/abstract_process-bdae22d051fd2973" "-Wl,--gc-sections" "-pie" "-Wl,-z,relro,-z,now" "-nodefaultlibs"
[INFO] [stdout]   = note: some arguments are omitted. use `--verbose` to show all linker arguments
[INFO] [stdout]   = note: rust-lld: error: undefined symbol: create_data
[INFO] [stdout]           >>> referenced by process.rs:514 (src/function/process.rs:514)
[INFO] [stdout]           >>>               /opt/rustwide/target/debug/examples/abstract_process-bdae22d051fd2973.abstract_process.6b706d4e5b0c7b1d-cgu.1.rcgu.o:(<lunatic::function::process::Process<lunatic::ap::messages::RequestMessage<abstract_process::__MsgWrapCount, u32, lunatic::serializer::Bincode>>>::tag_send_receive::<u32>)
[INFO] [stdout]           >>> referenced by process.rs:514 (src/function/process.rs:514)
[INFO] [stdout]           >>>               /opt/rustwide/target/debug/examples/abstract_process-bdae22d051fd2973.abstract_process.6b706d4e5b0c7b1d-cgu.1.rcgu.o:(<lunatic::function::process::Process<lunatic::ap::messages::RequestMessage<abstract_process::__MsgWrapAddToCount, u32, lunatic::serializer::Bincode>>>::tag_send_receive::<u32>)
[INFO] [stdout]           >>> referenced by process.rs:465 (src/function/process.rs:465)
[INFO] [stdout]           >>>               /opt/rustwide/target/debug/examples/abstract_process-bdae22d051fd2973.abstract_process.6b706d4e5b0c7b1d-cgu.1.rcgu.o:(<lunatic::function::process::Process<core::result::Result<(), lunatic::ap::StartupError<abstract_process::Counter>>>>::tag_send)
[INFO] [stdout]           >>> referenced 4 more times
[INFO] [stdout]           
[INFO] [stdout]           rust-lld: error: undefined symbol: catch
[INFO] [stdout]           >>> referenced by panic.rs:23 (src/panic.rs:23)
[INFO] [stdout]           >>>               /opt/rustwide/target/debug/examples/abstract_process-bdae22d051fd2973.abstract_process.6b706d4e5b0c7b1d-cgu.1.rcgu.o:(lunatic::panic::catch_panic::<core::result::Result<abstract_process::Counter, ()>, lunatic::ap::lifecycles::startup<abstract_process::Counter>::{closure#0}>)
[INFO] [stdout]           
[INFO] [stdout]           rust-lld: error: undefined symbol: receive
[INFO] [stdout]           >>> referenced by lifecycles.rs:67 (src/ap/lifecycles.rs:67)
[INFO] [stdout]           >>>               /opt/rustwide/target/debug/examples/abstract_process-bdae22d051fd2973.abstract_process.6b706d4e5b0c7b1d-cgu.0.rcgu.o:(lunatic::ap::lifecycles::loop_and_handle::<abstract_process::Counter>)
[INFO] [stdout]           >>> referenced by mailbox.rs:275 (src/mailbox.rs:275)
[INFO] [stdout]           >>>               /opt/rustwide/target/debug/examples/abstract_process-bdae22d051fd2973.abstract_process.6b706d4e5b0c7b1d-cgu.0.rcgu.o:(<lunatic::mailbox::Mailbox<core::result::Result<(), lunatic::ap::StartupError<abstract_process::Counter>>>>::receive_)
[INFO] [stdout]           >>> referenced by mailbox.rs:275 (src/mailbox.rs:275)
[INFO] [stdout]           >>>               /opt/rustwide/target/debug/examples/abstract_process-bdae22d051fd2973.abstract_process.6b706d4e5b0c7b1d-cgu.0.rcgu.o:(<lunatic::mailbox::Mailbox<(lunatic::function::process::Process<core::result::Result<(), lunatic::ap::StartupError<abstract_process::Counter>>>, lunatic::tag::Tag, u32)>>::receive_)
[INFO] [stdout]           
[INFO] [stdout]           rust-lld: error: undefined symbol: get_tag
[INFO] [stdout]           >>> referenced by lifecycles.rs:75 (src/ap/lifecycles.rs:75)
[INFO] [stdout]           >>>               /opt/rustwide/target/debug/examples/abstract_process-bdae22d051fd2973.abstract_process.6b706d4e5b0c7b1d-cgu.0.rcgu.o:(lunatic::ap::lifecycles::loop_and_handle::<abstract_process::Counter>)
[INFO] [stdout]           >>> referenced by lifecycles.rs:68 (src/ap/lifecycles.rs:68)
[INFO] [stdout]           >>>               /opt/rustwide/target/debug/examples/abstract_process-bdae22d051fd2973.abstract_process.6b706d4e5b0c7b1d-cgu.0.rcgu.o:(lunatic::ap::lifecycles::loop_and_handle::<abstract_process::Counter>)
[INFO] [stdout]           >>> referenced by mailbox.rs:282 (src/mailbox.rs:282)
[INFO] [stdout]           >>>               /opt/rustwide/target/debug/examples/abstract_process-bdae22d051fd2973.abstract_process.6b706d4e5b0c7b1d-cgu.0.rcgu.o:(<lunatic::mailbox::Mailbox<core::result::Result<(), lunatic::ap::StartupError<abstract_process::Counter>>>>::receive_)
[INFO] [stdout]           >>> referenced 1 more times
[INFO] [stdout]           
[INFO] [stdout]           rust-lld: error: undefined symbol: get_process_id
[INFO] [stdout]           >>> referenced by mailbox.rs:285 (src/mailbox.rs:285)
[INFO] [stdout]           >>>               /opt/rustwide/target/debug/examples/abstract_process-bdae22d051fd2973.abstract_process.6b706d4e5b0c7b1d-cgu.0.rcgu.o:(<lunatic::mailbox::Mailbox<core::result::Result<(), lunatic::ap::StartupError<abstract_process::Counter>>>>::receive_)
[INFO] [stdout]           >>> referenced by mailbox.rs:285 (src/mailbox.rs:285)
[INFO] [stdout]           >>>               /opt/rustwide/target/debug/examples/abstract_process-bdae22d051fd2973.abstract_process.6b706d4e5b0c7b1d-cgu.0.rcgu.o:(<lunatic::mailbox::Mailbox<(lunatic::function::process::Process<core::result::Result<(), lunatic::ap::StartupError<abstract_process::Counter>>>, lunatic::tag::Tag, u32)>>::receive_)
[INFO] [stdout]           
[INFO] [stdout]           rust-lld: error: undefined symbol: process_id
[INFO] [stdout]           >>> referenced by mod.rs:98 (src/host/mod.rs:98)
[INFO] [stdout]           >>>               lunatic-42ce80e7dd7972db.lunatic.d2f504f5231997d0-cgu.0.rcgu.o:(lunatic::host::process_id) in archive /opt/rustwide/target/debug/deps/liblunatic-42ce80e7dd7972db.rlib
[INFO] [stdout]           
[INFO] [stdout]           rust-lld: error: undefined symbol: send_receive_skip_search
[INFO] [stdout]           >>> referenced by mod.rs:118 (src/host/mod.rs:118)
[INFO] [stdout]           >>>               lunatic-42ce80e7dd7972db.lunatic.d2f504f5231997d0-cgu.0.rcgu.o:(lunatic::host::send_receive_skip_search) in archive /opt/rustwide/target/debug/deps/liblunatic-42ce80e7dd7972db.rlib
[INFO] [stdout]           >>> referenced by mod.rs:115 (src/host/mod.rs:115)
[INFO] [stdout]           >>>               lunatic-42ce80e7dd7972db.lunatic.d2f504f5231997d0-cgu.0.rcgu.o:(lunatic::host::send_receive_skip_search) in archive /opt/rustwide/target/debug/deps/liblunatic-42ce80e7dd7972db.rlib
[INFO] [stdout]           
[INFO] [stdout]           rust-lld: error: undefined symbol: module_id
[INFO] [stdout]           >>> referenced by mod.rs:44 (src/host/mod.rs:44)
[INFO] [stdout]           >>>               lunatic-42ce80e7dd7972db.lunatic.d2f504f5231997d0-cgu.0.rcgu.o:(lunatic::host::spawn) in archive /opt/rustwide/target/debug/deps/liblunatic-42ce80e7dd7972db.rlib
[INFO] [stdout]           
[INFO] [stdout]           rust-lld: error: undefined symbol: spawn
[INFO] [stdout]           >>> referenced by mod.rs:41 (src/host/mod.rs:41)
[INFO] [stdout]           >>>               lunatic-42ce80e7dd7972db.lunatic.d2f504f5231997d0-cgu.0.rcgu.o:(lunatic::host::spawn) in archive /opt/rustwide/target/debug/deps/liblunatic-42ce80e7dd7972db.rlib
[INFO] [stdout]           >>> referenced by mod.rs:66 (src/host/mod.rs:66)
[INFO] [stdout]           >>>               lunatic-42ce80e7dd7972db.lunatic.d2f504f5231997d0-cgu.0.rcgu.o:(lunatic::host::spawn) in archive /opt/rustwide/target/debug/deps/liblunatic-42ce80e7dd7972db.rlib
[INFO] [stdout]           
[INFO] [stdout]           rust-lld: error: undefined symbol: get_or_spawn
[INFO] [stdout]           >>> referenced by mod.rs:52 (src/host/mod.rs:52)
[INFO] [stdout]           >>>               lunatic-42ce80e7dd7972db.lunatic.d2f504f5231997d0-cgu.0.rcgu.o:(lunatic::host::spawn) in archive /opt/rustwide/target/debug/deps/liblunatic-42ce80e7dd7972db.rlib
[INFO] [stdout]           
[INFO] [stdout]           rust-lld: error: undefined symbol: node_id
[INFO] [stdout]           >>> referenced by mod.rs:102 (src/host/mod.rs:102)
[INFO] [stdout]           >>>               lunatic-42ce80e7dd7972db.lunatic.d2f504f5231997d0-cgu.0.rcgu.o:(lunatic::host::node_id) in archive /opt/rustwide/target/debug/deps/liblunatic-42ce80e7dd7972db.rlib
[INFO] [stdout]           
[INFO] [stdout]           rust-lld: error: undefined symbol: drop
[INFO] [stdout]           >>> referenced by error.rs:25 (src/error.rs:25)
[INFO] [stdout]           >>>               lunatic-42ce80e7dd7972db.lunatic.d2f504f5231997d0-cgu.0.rcgu.o:(<lunatic::error::LunaticError as core::ops::drop::Drop>::drop) in archive /opt/rustwide/target/debug/deps/liblunatic-42ce80e7dd7972db.rlib
[INFO] [stdout]           
[INFO] [stdout]           rust-lld: error: undefined symbol: drop_config
[INFO] [stdout]           >>> referenced by config.rs:20 (src/config.rs:20)
[INFO] [stdout]           >>>               lunatic-42ce80e7dd7972db.lunatic.d2f504f5231997d0-cgu.0.rcgu.o:(<lunatic::config::ProcessConfigType as core::ops::drop::Drop>::drop) in archive /opt/rustwide/target/debug/deps/liblunatic-42ce80e7dd7972db.rlib
[INFO] [stdout]           
[INFO] [stdout]           rust-lld: error: undefined symbol: drop_module
[INFO] [stdout]           >>> referenced by module.rs:24 (src/module.rs:24)
[INFO] [stdout]           >>>               lunatic-42ce80e7dd7972db.lunatic.d2f504f5231997d0-cgu.0.rcgu.o:(<lunatic::module::WasmModule as core::ops::drop::Drop>::drop) in archive /opt/rustwide/target/debug/deps/liblunatic-42ce80e7dd7972db.rlib
[INFO] [stdout]           
[INFO] [stdout]           rust-lld: error: undefined symbol: read_data
[INFO] [stdout]           >>> referenced by serializer.rs:208 (src/serializer.rs:208)
[INFO] [stdout]           >>>               lunatic-42ce80e7dd7972db.lunatic.d2f504f5231997d0-cgu.0.rcgu.o:(<lunatic::serializer::MessageRw as std::io::Read>::read) in archive /opt/rustwide/target/debug/deps/liblunatic-42ce80e7dd7972db.rlib
[INFO] [stdout]           
[INFO] [stdout]           rust-lld: error: undefined symbol: write_data
[INFO] [stdout]           >>> referenced by serializer.rs:214 (src/serializer.rs:214)
[INFO] [stdout]           >>>               lunatic-42ce80e7dd7972db.lunatic.d2f504f5231997d0-cgu.0.rcgu.o:(<lunatic::serializer::MessageRw as std::io::Write>::write) in archive /opt/rustwide/target/debug/deps/liblunatic-42ce80e7dd7972db.rlib
[INFO] [stdout]           
[INFO] [stdout]           rust-lld: error: undefined symbol: string_size
[INFO] [stdout]           >>> referenced by error.rs:37 (src/error.rs:37)
[INFO] [stdout]           >>>               lunatic-42ce80e7dd7972db.lunatic.d2f504f5231997d0-cgu.0.rcgu.o:(<lunatic::error::LunaticError as core::fmt::Debug>::fmt) in archive /opt/rustwide/target/debug/deps/liblunatic-42ce80e7dd7972db.rlib
[INFO] [stdout]           
[INFO] [stdout]           rust-lld: error: undefined symbol: to_string
[INFO] [stdout]           >>> referenced by error.rs:39 (src/error.rs:39)
[INFO] [stdout]           >>>               lunatic-42ce80e7dd7972db.lunatic.d2f504f5231997d0-cgu.0.rcgu.o:(<lunatic::error::LunaticError as core::fmt::Debug>::fmt) in archive /opt/rustwide/target/debug/deps/liblunatic-42ce80e7dd7972db.rlib
[INFO] [stdout]           collect2: error: ld returned 1 exit status
[INFO] [stdout]           
[INFO] [stdout] 
[INFO] [stdout] 
[INFO] [stderr] error: could not compile `lunatic` (example "abstract_process") due to 1 previous error
[INFO] [stdout] error: linking with `cc` failed: exit status: 1
[INFO] [stdout]   |
[INFO] [stdout]   = note:  "cc" "-m64" "/opt/rustwide/target/debug/deps/rustcmReKaS/symbols.o" "<3 object files omitted>" "-Wl,--as-needed" "-Wl,-Bstatic" "<sysroot>/lib/rustlib/x86_64-unknown-linux-gnu/lib/{libtest-*,libgetopts-*,librustc_std_workspace_std-*}.rlib" "/opt/rustwide/target/debug/deps/{liblunatic-42ce80e7dd7972db,libserde_json-6f2196f45f9549b6,libmemchr-efcaf924912fba01,libitoa-5de11b3b23bfe572,libzmij-2ca2f302097868c6,librmp_serde-335621f2173c7a35,librmp-e77b4750347ee157,libnum_traits-7eec24f0481d7d85,libbincode-836e5dc579e4b160,liblunatic_sys-355af3d13919e370,libserde-689a433e58d6b6c9,libserde_core-21f22ac7b803fb0e,libthiserror-f5add19863c9c235}.rlib" "<sysroot>/lib/rustlib/x86_64-unknown-linux-gnu/lib/{libstd-*,libpanic_unwind-*,libobject-*,libmemchr-*,libaddr2line-*,libgimli-*,libcfg_if-*,librustc_demangle-*,libstd_detect-*,libhashbrown-*,librustc_std_workspace_alloc-*,libminiz_oxide-*,libadler2-*,libunwind-*,liblibc-*,librustc_std_workspace_core-*,liballoc-*,libcore-*,libcompiler_builtins-*}.rlib" "-Wl,-Bdynamic" "-lgcc_s" "-lutil" "-lrt" "-lpthread" "-lm" "-ldl" "-lc" "-L" "/opt/rustwide/target/debug/deps/rustcmReKaS/raw-dylibs" "-B<sysroot>/lib/rustlib/x86_64-unknown-linux-gnu/bin/gcc-ld" "-fuse-ld=lld" "-Wl,--eh-frame-hdr" "-Wl,-z,noexecstack" "-L" "<sysroot>/lib/rustlib/x86_64-unknown-linux-gnu/lib" "-o" "/opt/rustwide/target/debug/deps/task-2bc4270dd8a0034c" "-Wl,--gc-sections" "-pie" "-Wl,-z,relro,-z,now" "-nodefaultlibs"
[INFO] [stdout]   = note: some arguments are omitted. use `--verbose` to show all linker arguments
[INFO] [stdout]   = note: rust-lld: error: undefined symbol: create_data
[INFO] [stdout]           >>> referenced by process.rs:433 (src/function/process.rs:433)
[INFO] [stdout]           >>>               /opt/rustwide/target/debug/deps/task-2bc4270dd8a0034c.task.2e74cb0e45eeb475-cgu.1.rcgu.o:(<lunatic::function::process::Process<lunatic::protocol::ProtocolCapture<(i32, i32)>>>::send)
[INFO] [stdout]           >>> referenced by process.rs:433 (src/function/process.rs:433)
[INFO] [stdout]           >>>               /opt/rustwide/target/debug/deps/task-2bc4270dd8a0034c.task.2e74cb0e45eeb475-cgu.1.rcgu.o:(<lunatic::function::process::Process<lunatic::protocol::ProtocolCapture<i32>>>::send)
[INFO] [stdout]           >>> referenced by process.rs:433 (src/function/process.rs:433)
[INFO] [stdout]           >>>               /opt/rustwide/target/debug/deps/task-2bc4270dd8a0034c.task.2e74cb0e45eeb475-cgu.1.rcgu.o:(<lunatic::function::process::Process<lunatic::protocol::ProtocolCapture<()>>>::send)
[INFO] [stdout]           >>> referenced 2 more times
[INFO] [stdout]           
[INFO] [stdout]           rust-lld: error: undefined symbol: receive
[INFO] [stdout]           >>> referenced by mailbox.rs:275 (src/mailbox.rs:275)
[INFO] [stdout]           >>>               /opt/rustwide/target/debug/deps/task-2bc4270dd8a0034c.task.2e74cb0e45eeb475-cgu.0.rcgu.o:(<lunatic::mailbox::Mailbox<lunatic::protocol::ProtocolCapture<(i32, i32)>>>::receive_)
[INFO] [stdout]           >>> referenced by mailbox.rs:275 (src/mailbox.rs:275)
[INFO] [stdout]           >>>               /opt/rustwide/target/debug/deps/task-2bc4270dd8a0034c.task.2e74cb0e45eeb475-cgu.0.rcgu.o:(<lunatic::mailbox::Mailbox<lunatic::protocol::ProtocolCapture<i32>>>::receive_)
[INFO] [stdout]           >>> referenced by mailbox.rs:275 (src/mailbox.rs:275)
[INFO] [stdout]           >>>               /opt/rustwide/target/debug/deps/task-2bc4270dd8a0034c.task.2e74cb0e45eeb475-cgu.0.rcgu.o:(<lunatic::mailbox::Mailbox<lunatic::protocol::ProtocolCapture<()>>>::receive_)
[INFO] [stdout]           >>> referenced 2 more times
[INFO] [stdout]           
[INFO] [stdout]           rust-lld: error: undefined symbol: get_tag
[INFO] [stdout]           >>> referenced by mailbox.rs:282 (src/mailbox.rs:282)
[INFO] [stdout]           >>>               /opt/rustwide/target/debug/deps/task-2bc4270dd8a0034c.task.2e74cb0e45eeb475-cgu.0.rcgu.o:(<lunatic::mailbox::Mailbox<lunatic::protocol::ProtocolCapture<(i32, i32)>>>::receive_)
[INFO] [stdout]           >>> referenced by mailbox.rs:282 (src/mailbox.rs:282)
[INFO] [stdout]           >>>               /opt/rustwide/target/debug/deps/task-2bc4270dd8a0034c.task.2e74cb0e45eeb475-cgu.0.rcgu.o:(<lunatic::mailbox::Mailbox<lunatic::protocol::ProtocolCapture<i32>>>::receive_)
[INFO] [stdout]           >>> referenced by mailbox.rs:282 (src/mailbox.rs:282)
[INFO] [stdout]           >>>               /opt/rustwide/target/debug/deps/task-2bc4270dd8a0034c.task.2e74cb0e45eeb475-cgu.0.rcgu.o:(<lunatic::mailbox::Mailbox<lunatic::protocol::ProtocolCapture<()>>>::receive_)
[INFO] [stdout]           >>> referenced 2 more times
[INFO] [stdout]           
[INFO] [stdout]           rust-lld: error: undefined symbol: get_process_id
[INFO] [stdout]           >>> referenced by mailbox.rs:285 (src/mailbox.rs:285)
[INFO] [stdout]           >>>               /opt/rustwide/target/debug/deps/task-2bc4270dd8a0034c.task.2e74cb0e45eeb475-cgu.0.rcgu.o:(<lunatic::mailbox::Mailbox<lunatic::protocol::ProtocolCapture<(i32, i32)>>>::receive_)
[INFO] [stdout]           >>> referenced by mailbox.rs:285 (src/mailbox.rs:285)
[INFO] [stdout]           >>>               /opt/rustwide/target/debug/deps/task-2bc4270dd8a0034c.task.2e74cb0e45eeb475-cgu.0.rcgu.o:(<lunatic::mailbox::Mailbox<lunatic::protocol::ProtocolCapture<i32>>>::receive_)
[INFO] [stdout]           >>> referenced by mailbox.rs:285 (src/mailbox.rs:285)
[INFO] [stdout]           >>>               /opt/rustwide/target/debug/deps/task-2bc4270dd8a0034c.task.2e74cb0e45eeb475-cgu.0.rcgu.o:(<lunatic::mailbox::Mailbox<lunatic::protocol::ProtocolCapture<()>>>::receive_)
[INFO] [stdout]           >>> referenced 2 more times
[INFO] [stdout]           
[INFO] [stdout]           rust-lld: error: undefined symbol: sleep_ms
[INFO] [stdout]           >>> referenced by lib.rs:159 (src/lib.rs:159)
[INFO] [stdout]           >>>               lunatic-42ce80e7dd7972db.lunatic.d2f504f5231997d0-cgu.0.rcgu.o:(lunatic::sleep) in archive /opt/rustwide/target/debug/deps/liblunatic-42ce80e7dd7972db.rlib
[INFO] [stdout]           
[INFO] [stdout]           rust-lld: error: undefined symbol: config_set_can_spawn_processes
[INFO] [stdout]           >>> referenced by config.rs:120 (src/config.rs:120)
[INFO] [stdout]           >>>               lunatic-42ce80e7dd7972db.lunatic.d2f504f5231997d0-cgu.0.rcgu.o:(<lunatic::config::ProcessConfig>::set_can_spawn_processes) in archive /opt/rustwide/target/debug/deps/liblunatic-42ce80e7dd7972db.rlib
[INFO] [stdout]           
[INFO] [stdout]           rust-lld: error: undefined symbol: create_config
[INFO] [stdout]           >>> referenced by config.rs:48 (src/config.rs:48)
[INFO] [stdout]           >>>               lunatic-42ce80e7dd7972db.lunatic.d2f504f5231997d0-cgu.0.rcgu.o:(<lunatic::config::ProcessConfig>::new) in archive /opt/rustwide/target/debug/deps/liblunatic-42ce80e7dd7972db.rlib
[INFO] [stdout]           
[INFO] [stdout]           rust-lld: error: undefined symbol: process_id
[INFO] [stdout]           >>> referenced by mod.rs:98 (src/host/mod.rs:98)
[INFO] [stdout]           >>>               lunatic-42ce80e7dd7972db.lunatic.d2f504f5231997d0-cgu.0.rcgu.o:(lunatic::host::process_id) in archive /opt/rustwide/target/debug/deps/liblunatic-42ce80e7dd7972db.rlib
[INFO] [stdout]           
[INFO] [stdout]           rust-lld: error: undefined symbol: module_id
[INFO] [stdout]           >>> referenced by mod.rs:44 (src/host/mod.rs:44)
[INFO] [stdout]           >>>               lunatic-42ce80e7dd7972db.lunatic.d2f504f5231997d0-cgu.0.rcgu.o:(lunatic::host::spawn) in archive /opt/rustwide/target/debug/deps/liblunatic-42ce80e7dd7972db.rlib
[INFO] [stdout]           
[INFO] [stdout]           rust-lld: error: undefined symbol: spawn
[INFO] [stdout]           >>> referenced by mod.rs:41 (src/host/mod.rs:41)
[INFO] [stdout]           >>>               lunatic-42ce80e7dd7972db.lunatic.d2f504f5231997d0-cgu.0.rcgu.o:(lunatic::host::spawn) in archive /opt/rustwide/target/debug/deps/liblunatic-42ce80e7dd7972db.rlib
[INFO] [stdout]           >>> referenced by mod.rs:66 (src/host/mod.rs:66)
[INFO] [stdout]           >>>               lunatic-42ce80e7dd7972db.lunatic.d2f504f5231997d0-cgu.0.rcgu.o:(lunatic::host::spawn) in archive /opt/rustwide/target/debug/deps/liblunatic-42ce80e7dd7972db.rlib
[INFO] [stdout]           
[INFO] [stdout]           rust-lld: error: undefined symbol: get_or_spawn
[INFO] [stdout]           >>> referenced by mod.rs:52 (src/host/mod.rs:52)
[INFO] [stdout]           >>>               lunatic-42ce80e7dd7972db.lunatic.d2f504f5231997d0-cgu.0.rcgu.o:(lunatic::host::spawn) in archive /opt/rustwide/target/debug/deps/liblunatic-42ce80e7dd7972db.rlib
[INFO] [stdout]           
[INFO] [stdout]           rust-lld: error: undefined symbol: node_id
[INFO] [stdout]           >>> referenced by mod.rs:102 (src/host/mod.rs:102)
[INFO] [stdout]           >>>               lunatic-42ce80e7dd7972db.lunatic.d2f504f5231997d0-cgu.0.rcgu.o:(lunatic::host::node_id) in archive /opt/rustwide/target/debug/deps/liblunatic-42ce80e7dd7972db.rlib
[INFO] [stdout]           
[INFO] [stdout]           rust-lld: error: undefined symbol: drop
[INFO] [stdout]           >>> referenced by error.rs:25 (src/error.rs:25)
[INFO] [stdout]           >>>               lunatic-42ce80e7dd7972db.lunatic.d2f504f5231997d0-cgu.0.rcgu.o:(<lunatic::error::LunaticError as core::ops::drop::Drop>::drop) in archive /opt/rustwide/target/debug/deps/liblunatic-42ce80e7dd7972db.rlib
[INFO] [stdout]           
[INFO] [stdout]           rust-lld: error: undefined symbol: drop_config
[INFO] [stdout]           >>> referenced by config.rs:20 (src/config.rs:20)
[INFO] [stdout]           >>>               lunatic-42ce80e7dd7972db.lunatic.d2f504f5231997d0-cgu.0.rcgu.o:(<lunatic::config::ProcessConfigType as core::ops::drop::Drop>::drop) in archive /opt/rustwide/target/debug/deps/liblunatic-42ce80e7dd7972db.rlib
[INFO] [stdout]           
[INFO] [stdout]           rust-lld: error: undefined symbol: drop_module
[INFO] [stdout]           >>> referenced by module.rs:24 (src/module.rs:24)
[INFO] [stdout]           >>>               lunatic-42ce80e7dd7972db.lunatic.d2f504f5231997d0-cgu.0.rcgu.o:(<lunatic::module::WasmModule as core::ops::drop::Drop>::drop) in archive /opt/rustwide/target/debug/deps/liblunatic-42ce80e7dd7972db.rlib
[INFO] [stdout]           
[INFO] [stdout]           rust-lld: error: undefined symbol: read_data
[INFO] [stdout]           >>> referenced by serializer.rs:208 (src/serializer.rs:208)
[INFO] [stdout]           >>>               lunatic-42ce80e7dd7972db.lunatic.d2f504f5231997d0-cgu.0.rcgu.o:(<lunatic::serializer::MessageRw as std::io::Read>::read) in archive /opt/rustwide/target/debug/deps/liblunatic-42ce80e7dd7972db.rlib
[INFO] [stdout]           
[INFO] [stdout]           rust-lld: error: undefined symbol: write_data
[INFO] [stdout]           >>> referenced by serializer.rs:214 (src/serializer.rs:214)
[INFO] [stdout]           >>>               lunatic-42ce80e7dd7972db.lunatic.d2f504f5231997d0-cgu.0.rcgu.o:(<lunatic::serializer::MessageRw as std::io::Write>::write) in archive /opt/rustwide/target/debug/deps/liblunatic-42ce80e7dd7972db.rlib
[INFO] [stdout]           
[INFO] [stdout]           rust-lld: error: undefined symbol: string_size
[INFO] [stdout]           >>> referenced by error.rs:37 (src/error.rs:37)
[INFO] [stdout]           >>>               lunatic-42ce80e7dd7972db.lunatic.d2f504f5231997d0-cgu.0.rcgu.o:(<lunatic::error::LunaticError as core::fmt::Debug>::fmt) in archive /opt/rustwide/target/debug/deps/liblunatic-42ce80e7dd7972db.rlib
[INFO] [stdout]           
[INFO] [stdout]           rust-lld: error: undefined symbol: to_string
[INFO] [stdout]           >>> referenced by error.rs:39 (src/error.rs:39)
[INFO] [stdout]           >>>               lunatic-42ce80e7dd7972db.lunatic.d2f504f5231997d0-cgu.0.rcgu.o:(<lunatic::error::LunaticError as core::fmt::Debug>::fmt) in archive /opt/rustwide/target/debug/deps/liblunatic-42ce80e7dd7972db.rlib
[INFO] [stdout]           collect2: error: ld returned 1 exit status
[INFO] [stdout]           
[INFO] [stdout] 
[INFO] [stdout] 
[INFO] [stderr] error: could not compile `lunatic` (test "task") due to 1 previous error
[INFO] [stdout] error: linking with `cc` failed: exit status: 1
[INFO] [stdout]   |
[INFO] [stdout]   = note:  "cc" "-m64" "/opt/rustwide/target/debug/deps/rustcf31tAw/symbols.o" "<4 object files omitted>" "-Wl,--as-needed" "-Wl,-Bstatic" "<sysroot>/lib/rustlib/x86_64-unknown-linux-gnu/lib/{libtest-*,libgetopts-*,librustc_std_workspace_std-*}.rlib" "/opt/rustwide/target/debug/deps/{liblunatic-42ce80e7dd7972db,libserde_json-6f2196f45f9549b6,libmemchr-efcaf924912fba01,libitoa-5de11b3b23bfe572,libzmij-2ca2f302097868c6,librmp_serde-335621f2173c7a35,librmp-e77b4750347ee157,libnum_traits-7eec24f0481d7d85,libbincode-836e5dc579e4b160,liblunatic_sys-355af3d13919e370,libserde-689a433e58d6b6c9,libserde_core-21f22ac7b803fb0e,libthiserror-f5add19863c9c235}.rlib" "<sysroot>/lib/rustlib/x86_64-unknown-linux-gnu/lib/{libstd-*,libpanic_unwind-*,libobject-*,libmemchr-*,libaddr2line-*,libgimli-*,libcfg_if-*,librustc_demangle-*,libstd_detect-*,libhashbrown-*,librustc_std_workspace_alloc-*,libminiz_oxide-*,libadler2-*,libunwind-*,liblibc-*,librustc_std_workspace_core-*,liballoc-*,libcore-*,libcompiler_builtins-*}.rlib" "-Wl,-Bdynamic" "-lgcc_s" "-lutil" "-lrt" "-lpthread" "-lm" "-ldl" "-lc" "-L" "/opt/rustwide/target/debug/deps/rustcf31tAw/raw-dylibs" "-B<sysroot>/lib/rustlib/x86_64-unknown-linux-gnu/bin/gcc-ld" "-fuse-ld=lld" "-Wl,--eh-frame-hdr" "-Wl,-z,noexecstack" "-L" "<sysroot>/lib/rustlib/x86_64-unknown-linux-gnu/lib" "-o" "/opt/rustwide/target/debug/deps/config-62279cefa4936e66" "-Wl,--gc-sections" "-pie" "-Wl,-z,relro,-z,now" "-nodefaultlibs"
[INFO] [stdout]   = note: some arguments are omitted. use `--verbose` to show all linker arguments
[INFO] [stdout]   = note: rust-lld: error: undefined symbol: create_data
[INFO] [stdout]           >>> referenced by process.rs:433 (src/function/process.rs:433)
[INFO] [stdout]           >>>               /opt/rustwide/target/debug/deps/config-62279cefa4936e66.config.9959c903fdac1225-cgu.0.rcgu.o:(<lunatic::function::process::Process<lunatic::protocol::ProtocolCapture<()>>>::send)
[INFO] [stdout]           >>> referenced by process.rs:465 (src/function/process.rs:465)
[INFO] [stdout]           >>>               /opt/rustwide/target/debug/deps/config-62279cefa4936e66.config.9959c903fdac1225-cgu.0.rcgu.o:(<lunatic::function::process::Process<alloc::vec::Vec<u64>>>::tag_send)
[INFO] [stdout]           >>> referenced by process.rs:465 (src/function/process.rs:465)
[INFO] [stdout]           >>>               /opt/rustwide/target/debug/deps/config-62279cefa4936e66.config.9959c903fdac1225-cgu.0.rcgu.o:(<lunatic::function::process::Process<bool>>::tag_send)
[INFO] [stdout]           >>> referenced 2 more times
[INFO] [stdout]           
[INFO] [stdout]           rust-lld: error: undefined symbol: receive
[INFO] [stdout]           >>> referenced by mailbox.rs:275 (src/mailbox.rs:275)
[INFO] [stdout]           >>>               /opt/rustwide/target/debug/deps/config-62279cefa4936e66.config.9959c903fdac1225-cgu.2.rcgu.o:(<lunatic::mailbox::Mailbox<lunatic::protocol::ProtocolCapture<()>>>::receive_)
[INFO] [stdout]           >>> referenced by mailbox.rs:275 (src/mailbox.rs:275)
[INFO] [stdout]           >>>               /opt/rustwide/target/debug/deps/config-62279cefa4936e66.config.9959c903fdac1225-cgu.2.rcgu.o:(<lunatic::mailbox::Mailbox<alloc::vec::Vec<u64>>>::receive_)
[INFO] [stdout]           >>> referenced by mailbox.rs:275 (src/mailbox.rs:275)
[INFO] [stdout]           >>>               /opt/rustwide/target/debug/deps/config-62279cefa4936e66.config.9959c903fdac1225-cgu.2.rcgu.o:(<lunatic::mailbox::Mailbox<bool>>::receive_)
[INFO] [stdout]           >>> referenced 2 more times
[INFO] [stdout]           
[INFO] [stdout]           rust-lld: error: undefined symbol: get_tag
[INFO] [stdout]           >>> referenced by mailbox.rs:282 (src/mailbox.rs:282)
[INFO] [stdout]           >>>               /opt/rustwide/target/debug/deps/config-62279cefa4936e66.config.9959c903fdac1225-cgu.2.rcgu.o:(<lunatic::mailbox::Mailbox<lunatic::protocol::ProtocolCapture<()>>>::receive_)
[INFO] [stdout]           >>> referenced by mailbox.rs:282 (src/mailbox.rs:282)
[INFO] [stdout]           >>>               /opt/rustwide/target/debug/deps/config-62279cefa4936e66.config.9959c903fdac1225-cgu.2.rcgu.o:(<lunatic::mailbox::Mailbox<alloc::vec::Vec<u64>>>::receive_)
[INFO] [stdout]           >>> referenced by mailbox.rs:282 (src/mailbox.rs:282)
[INFO] [stdout]           >>>               /opt/rustwide/target/debug/deps/config-62279cefa4936e66.config.9959c903fdac1225-cgu.2.rcgu.o:(<lunatic::mailbox::Mailbox<bool>>::receive_)
[INFO] [stdout]           >>> referenced 2 more times
[INFO] [stdout]           
[INFO] [stdout]           rust-lld: error: undefined symbol: get_process_id
[INFO] [stdout]           >>> referenced by mailbox.rs:285 (src/mailbox.rs:285)
[INFO] [stdout]           >>>               /opt/rustwide/target/debug/deps/config-62279cefa4936e66.config.9959c903fdac1225-cgu.2.rcgu.o:(<lunatic::mailbox::Mailbox<lunatic::protocol::ProtocolCapture<()>>>::receive_)
[INFO] [stdout]           >>> referenced by mailbox.rs:285 (src/mailbox.rs:285)
[INFO] [stdout]           >>>               /opt/rustwide/target/debug/deps/config-62279cefa4936e66.config.9959c903fdac1225-cgu.2.rcgu.o:(<lunatic::mailbox::Mailbox<alloc::vec::Vec<u64>>>::receive_)
[INFO] [stdout]           >>> referenced by mailbox.rs:285 (src/mailbox.rs:285)
[INFO] [stdout]           >>>               /opt/rustwide/target/debug/deps/config-62279cefa4936e66.config.9959c903fdac1225-cgu.2.rcgu.o:(<lunatic::mailbox::Mailbox<bool>>::receive_)
[INFO] [stdout]           >>> referenced 2 more times
[INFO] [stdout]           
[INFO] [stdout]           rust-lld: error: undefined symbol: config_set_max_fuel
[INFO] [stdout]           >>> referenced by config.rs:86 (src/config.rs:86)
[INFO] [stdout]           >>>               lunatic-42ce80e7dd7972db.lunatic.d2f504f5231997d0-cgu.0.rcgu.o:(<lunatic::config::ProcessConfig>::set_max_fuel) in archive /opt/rustwide/target/debug/deps/liblunatic-42ce80e7dd7972db.rlib
[INFO] [stdout]           
[INFO] [stdout]           rust-lld: error: undefined symbol: config_set_max_memory
[INFO] [stdout]           >>> referenced by config.rs:73 (src/config.rs:73)
[INFO] [stdout]           >>>               lunatic-42ce80e7dd7972db.lunatic.d2f504f5231997d0-cgu.0.rcgu.o:(<lunatic::config::ProcessConfig>::set_max_memory) in archive /opt/rustwide/target/debug/deps/liblunatic-42ce80e7dd7972db.rlib
[INFO] [stdout]           
[INFO] [stdout]           rust-lld: error: undefined symbol: config_can_create_configs
[INFO] [stdout]           >>> referenced by config.rs:115 (src/config.rs:115)
[INFO] [stdout]           >>>               lunatic-42ce80e7dd7972db.lunatic.d2f504f5231997d0-cgu.0.rcgu.o:(<lunatic::config::ProcessConfig>::can_create_configs) in archive /opt/rustwide/target/debug/deps/liblunatic-42ce80e7dd7972db.rlib
[INFO] [stdout]           
[INFO] [stdout]           rust-lld: error: undefined symbol: config_can_spawn_processes
[INFO] [stdout]           >>> referenced by config.rs:125 (src/config.rs:125)
[INFO] [stdout]           >>>               lunatic-42ce80e7dd7972db.lunatic.d2f504f5231997d0-cgu.0.rcgu.o:(<lunatic::config::ProcessConfig>::can_spawn_processes) in archive /opt/rustwide/target/debug/deps/liblunatic-42ce80e7dd7972db.rlib
[INFO] [stdout]           
[INFO] [stdout]           rust-lld: error: undefined symbol: config_set_can_create_configs
[INFO] [stdout]           >>> referenced by config.rs:110 (src/config.rs:110)
[INFO] [stdout]           >>>               lunatic-42ce80e7dd7972db.lunatic.d2f504f5231997d0-cgu.0.rcgu.o:(<lunatic::config::ProcessConfig>::set_can_create_configs) in archive /opt/rustwide/target/debug/deps/liblunatic-42ce80e7dd7972db.rlib
[INFO] [stdout]           
[INFO] [stdout]           rust-lld: error: undefined symbol: config_set_can_spawn_processes
[INFO] [stdout]           >>> referenced by config.rs:120 (src/config.rs:120)
[INFO] [stdout]           >>>               lunatic-42ce80e7dd7972db.lunatic.d2f504f5231997d0-cgu.0.rcgu.o:(<lunatic::config::ProcessConfig>::set_can_spawn_processes) in archive /opt/rustwide/target/debug/deps/liblunatic-42ce80e7dd7972db.rlib
[INFO] [stdout]           
[INFO] [stdout]           rust-lld: error: undefined symbol: config_add_environment_variable
[INFO] [stdout]           >>> referenced by config.rs:131 (src/config.rs:131)
[INFO] [stdout]           >>>               lunatic-42ce80e7dd7972db.lunatic.d2f504f5231997d0-cgu.0.rcgu.o:(<lunatic::config::ProcessConfig>::add_environment_variable) in archive /opt/rustwide/target/debug/deps/liblunatic-42ce80e7dd7972db.rlib
[INFO] [stdout]           
[INFO] [stdout]           rust-lld: error: undefined symbol: config_add_command_line_argument
[INFO] [stdout]           >>> referenced by config.rs:144 (src/config.rs:144)
[INFO] [stdout]           >>>               lunatic-42ce80e7dd7972db.lunatic.d2f504f5231997d0-cgu.0.rcgu.o:(<lunatic::config::ProcessConfig>::add_command_line_argument) in archive /opt/rustwide/target/debug/deps/liblunatic-42ce80e7dd7972db.rlib
[INFO] [stdout]           
[INFO] [stdout]           rust-lld: error: undefined symbol: create_config
[INFO] [stdout]           >>> referenced by config.rs:48 (src/config.rs:48)
[INFO] [stdout]           >>>               lunatic-42ce80e7dd7972db.lunatic.d2f504f5231997d0-cgu.0.rcgu.o:(<lunatic::config::ProcessConfig>::new) in archive /opt/rustwide/target/debug/deps/liblunatic-42ce80e7dd7972db.rlib
[INFO] [stdout]           
[INFO] [stdout]           rust-lld: error: undefined symbol: process_id
[INFO] [stdout]           >>> referenced by mod.rs:98 (src/host/mod.rs:98)
[INFO] [stdout]           >>>               lunatic-42ce80e7dd7972db.lunatic.d2f504f5231997d0-cgu.0.rcgu.o:(lunatic::host::process_id) in archive /opt/rustwide/target/debug/deps/liblunatic-42ce80e7dd7972db.rlib
[INFO] [stdout]           
[INFO] [stdout]           rust-lld: error: undefined symbol: module_id
[INFO] [stdout]           >>> referenced by mod.rs:44 (src/host/mod.rs:44)
[INFO] [stdout]           >>>               lunatic-42ce80e7dd7972db.lunatic.d2f504f5231997d0-cgu.0.rcgu.o:(lunatic::host::spawn) in archive /opt/rustwide/target/debug/deps/liblunatic-42ce80e7dd7972db.rlib
[INFO] [stdout]           
[INFO] [stdout]           rust-lld: error: undefined symbol: spawn
[INFO] [stdout]           >>> referenced by mod.rs:41 (src/host/mod.rs:41)
[INFO] [stdout]           >>>               lunatic-42ce80e7dd7972db.lunatic.d2f504f5231997d0-cgu.0.rcgu.o:(lunatic::host::spawn) in archive /opt/rustwide/target/debug/deps/liblunatic-42ce80e7dd7972db.rlib
[INFO] [stdout]           >>> referenced by mod.rs:66 (src/host/mod.rs:66)
[INFO] [stdout]           >>>               lunatic-42ce80e7dd7972db.lunatic.d2f504f5231997d0-cgu.0.rcgu.o:(lunatic::host::spawn) in archive /opt/rustwide/target/debug/deps/liblunatic-42ce80e7dd7972db.rlib
[INFO] [stdout]           
[INFO] [stdout]           rust-lld: error: undefined symbol: get_or_spawn
[INFO] [stdout]           >>> referenced by mod.rs:52 (src/host/mod.rs:52)
[INFO] [stdout]           >>>               lunatic-42ce80e7dd7972db.lunatic.d2f504f5231997d0-cgu.0.rcgu.o:(lunatic::host::spawn) in archive /opt/rustwide/target/debug/deps/liblunatic-42ce80e7dd7972db.rlib
[INFO] [stdout]           
[INFO] [stdout]           rust-lld: error: undefined symbol: node_id
[INFO] [stdout]           >>> referenced by mod.rs:102 (src/host/mod.rs:102)
[INFO] [stdout]           >>>               lunatic-42ce80e7dd7972db.lunatic.d2f504f5231997d0-cgu.0.rcgu.o:(lunatic::host::node_id) in archive /opt/rustwide/target/debug/deps/liblunatic-42ce80e7dd7972db.rlib
[INFO] [stdout]           
[INFO] [stdout]           rust-lld: error: undefined symbol: drop
[INFO] [stdout]           >>> referenced by error.rs:25 (src/error.rs:25)
[INFO] [stdout]           >>>               lunatic-42ce80e7dd7972db.lunatic.d2f504f5231997d0-cgu.0.rcgu.o:(<lunatic::error::LunaticError as core::ops::drop::Drop>::drop) in archive /opt/rustwide/target/debug/deps/liblunatic-42ce80e7dd7972db.rlib
[INFO] [stdout]           
[INFO] [stdout]           rust-lld: error: undefined symbol: drop_config
[INFO] [stdout]           >>> referenced by config.rs:20 (src/config.rs:20)
[INFO] [stdout]           >>>               lunatic-42ce80e7dd7972db.lunatic.d2f504f5231997d0-cgu.0.rcgu.o:(<lunatic::config::ProcessConfigType as core::ops::drop::Drop>::drop) in archive /opt/rustwide/target/debug/deps/liblunatic-42ce80e7dd7972db.rlib
[INFO] [stdout]           
[INFO] [stdout]           rust-lld: error: too many errors emitted, stopping now (use --error-limit=0 to see all errors)
[INFO] [stdout]           collect2: error: ld returned 1 exit status
[INFO] [stdout]           
[INFO] [stdout] 
[INFO] [stdout] 
[INFO] [stderr] error: could not compile `lunatic` (test "config") due to 1 previous error
[INFO] [stdout] error: linking with `cc` failed: exit status: 1
[INFO] [stdout]   |
[INFO] [stdout]   = note:  "cc" "-m64" "/opt/rustwide/target/debug/examples/rustctym7Bg/symbols.o" "<7 object files omitted>" "-Wl,--as-needed" "-Wl,-Bstatic" "/opt/rustwide/target/debug/deps/{liblunatic-42ce80e7dd7972db,libserde_json-6f2196f45f9549b6,libmemchr-efcaf924912fba01,libitoa-5de11b3b23bfe572,libzmij-2ca2f302097868c6,librmp_serde-335621f2173c7a35,librmp-e77b4750347ee157,libnum_traits-7eec24f0481d7d85,libbincode-836e5dc579e4b160,liblunatic_sys-355af3d13919e370,libserde-689a433e58d6b6c9,libserde_core-21f22ac7b803fb0e,libthiserror-f5add19863c9c235}.rlib" "<sysroot>/lib/rustlib/x86_64-unknown-linux-gnu/lib/{libstd-*,libpanic_unwind-*,libobject-*,libmemchr-*,libaddr2line-*,libgimli-*,libcfg_if-*,librustc_demangle-*,libstd_detect-*,libhashbrown-*,librustc_std_workspace_alloc-*,libminiz_oxide-*,libadler2-*,libunwind-*,liblibc-*,librustc_std_workspace_core-*,liballoc-*,libcore-*,libcompiler_builtins-*}.rlib" "-Wl,-Bdynamic" "-lgcc_s" "-lutil" "-lrt" "-lpthread" "-lm" "-ldl" "-lc" "-L" "/opt/rustwide/target/debug/examples/rustctym7Bg/raw-dylibs" "-B<sysroot>/lib/rustlib/x86_64-unknown-linux-gnu/bin/gcc-ld" "-fuse-ld=lld" "-Wl,--eh-frame-hdr" "-Wl,-z,noexecstack" "-L" "<sysroot>/lib/rustlib/x86_64-unknown-linux-gnu/lib" "-o" "/opt/rustwide/target/debug/examples/distributed-8ad2285ab8bd8d0b" "-Wl,--gc-sections" "-pie" "-Wl,-z,relro,-z,now" "-nodefaultlibs"
[INFO] [stdout]   = note: some arguments are omitted. use `--verbose` to show all linker arguments
[INFO] [stdout]   = note: rust-lld: error: undefined symbol: create_data
[INFO] [stdout]           >>> referenced by process.rs:514 (src/function/process.rs:514)
[INFO] [stdout]           >>>               /opt/rustwide/target/debug/examples/distributed-8ad2285ab8bd8d0b.distributed.62d306b2a868d1fd-cgu.1.rcgu.o:(<lunatic::function::process::Process<lunatic::ap::messages::RequestMessage<(i32, i32), i32, lunatic::serializer::MessagePack>, lunatic::serializer::MessagePack>>::tag_send_receive::<i32>)
[INFO] [stdout]           >>> referenced by process.rs:465 (src/function/process.rs:465)
[INFO] [stdout]           >>>               /opt/rustwide/target/debug/examples/distributed-8ad2285ab8bd8d0b.distributed.62d306b2a868d1fd-cgu.1.rcgu.o:(<lunatic::function::process::Process<core::result::Result<(), lunatic::ap::StartupError<distributed::Adder>>, lunatic::serializer::MessagePack>>::tag_send)
[INFO] [stdout]           >>> referenced by process.rs:433 (src/function/process.rs:433)
[INFO] [stdout]           >>>               /opt/rustwide/target/debug/examples/distributed-8ad2285ab8bd8d0b.distributed.62d306b2a868d1fd-cgu.1.rcgu.o:(<lunatic::function::process::Process<(lunatic::function::process::Process<core::result::Result<(), lunatic::ap::StartupError<distributed::Adder>>, lunatic::serializer::MessagePack>, lunatic::tag::Tag, ()), lunatic::serializer::MessagePack>>::send)
[INFO] [stdout]           >>> referenced 3 more times
[INFO] [stdout]           
[INFO] [stdout]           rust-lld: error: undefined symbol: sleep_ms
[INFO] [stdout]           >>> referenced by lib.rs:159 (src/lib.rs:159)
[INFO] [stdout]           >>>               lunatic-42ce80e7dd7972db.lunatic.d2f504f5231997d0-cgu.0.rcgu.o:(lunatic::sleep) in archive /opt/rustwide/target/debug/deps/liblunatic-42ce80e7dd7972db.rlib
[INFO] [stdout]           
[INFO] [stdout]           rust-lld: error: undefined symbol: config_set_max_fuel
[INFO] [stdout]           >>> referenced by config.rs:86 (src/config.rs:86)
[INFO] [stdout]           >>>               lunatic-42ce80e7dd7972db.lunatic.d2f504f5231997d0-cgu.0.rcgu.o:(<lunatic::config::ProcessConfig>::set_max_fuel) in archive /opt/rustwide/target/debug/deps/liblunatic-42ce80e7dd7972db.rlib
[INFO] [stdout]           
[INFO] [stdout]           rust-lld: error: undefined symbol: config_set_max_memory
[INFO] [stdout]           >>> referenced by config.rs:73 (src/config.rs:73)
[INFO] [stdout]           >>>               lunatic-42ce80e7dd7972db.lunatic.d2f504f5231997d0-cgu.0.rcgu.o:(<lunatic::config::ProcessConfig>::set_max_memory) in archive /opt/rustwide/target/debug/deps/liblunatic-42ce80e7dd7972db.rlib
[INFO] [stdout]           
[INFO] [stdout]           rust-lld: error: undefined symbol: create_config
[INFO] [stdout]           >>> referenced by config.rs:48 (src/config.rs:48)
[INFO] [stdout]           >>>               lunatic-42ce80e7dd7972db.lunatic.d2f504f5231997d0-cgu.0.rcgu.o:(<lunatic::config::ProcessConfig>::new) in archive /opt/rustwide/target/debug/deps/liblunatic-42ce80e7dd7972db.rlib
[INFO] [stdout]           
[INFO] [stdout]           rust-lld: error: undefined symbol: nodes_count
[INFO] [stdout]           >>> referenced by distributed.rs:13 (src/distributed.rs:13)
[INFO] [stdout]           >>>               lunatic-42ce80e7dd7972db.lunatic.d2f504f5231997d0-cgu.0.rcgu.o:(lunatic::distributed::nodes) in archive /opt/rustwide/target/debug/deps/liblunatic-42ce80e7dd7972db.rlib
[INFO] [stdout]           
[INFO] [stdout]           rust-lld: error: undefined symbol: get_nodes
[INFO] [stdout]           >>> referenced by distributed.rs:15 (src/distributed.rs:15)
[INFO] [stdout]           >>>               lunatic-42ce80e7dd7972db.lunatic.d2f504f5231997d0-cgu.0.rcgu.o:(lunatic::distributed::nodes) in archive /opt/rustwide/target/debug/deps/liblunatic-42ce80e7dd7972db.rlib
[INFO] [stdout]           
[INFO] [stdout]           rust-lld: error: undefined symbol: process_id
[INFO] [stdout]           >>> referenced by mod.rs:98 (src/host/mod.rs:98)
[INFO] [stdout]           >>>               lunatic-42ce80e7dd7972db.lunatic.d2f504f5231997d0-cgu.0.rcgu.o:(lunatic::host::process_id) in archive /opt/rustwide/target/debug/deps/liblunatic-42ce80e7dd7972db.rlib
[INFO] [stdout]           
[INFO] [stdout]           rust-lld: error: undefined symbol: send_receive_skip_search
[INFO] [stdout]           >>> referenced by mod.rs:118 (src/host/mod.rs:118)
[INFO] [stdout]           >>>               lunatic-42ce80e7dd7972db.lunatic.d2f504f5231997d0-cgu.0.rcgu.o:(lunatic::host::send_receive_skip_search) in archive /opt/rustwide/target/debug/deps/liblunatic-42ce80e7dd7972db.rlib
[INFO] [stdout]           >>> referenced by mod.rs:115 (src/host/mod.rs:115)
[INFO] [stdout]           >>>               lunatic-42ce80e7dd7972db.lunatic.d2f504f5231997d0-cgu.0.rcgu.o:(lunatic::host::send_receive_skip_search) in archive /opt/rustwide/target/debug/deps/liblunatic-42ce80e7dd7972db.rlib
[INFO] [stdout]           
[INFO] [stdout]           rust-lld: error: undefined symbol: module_id
[INFO] [stdout]           >>> referenced by mod.rs:44 (src/host/mod.rs:44)
[INFO] [stdout]           >>>               lunatic-42ce80e7dd7972db.lunatic.d2f504f5231997d0-cgu.0.rcgu.o:(lunatic::host::spawn) in archive /opt/rustwide/target/debug/deps/liblunatic-42ce80e7dd7972db.rlib
[INFO] [stdout]           
[INFO] [stdout]           rust-lld: error: undefined symbol: spawn
[INFO] [stdout]           >>> referenced by mod.rs:41 (src/host/mod.rs:41)
[INFO] [stdout]           >>>               lunatic-42ce80e7dd7972db.lunatic.d2f504f5231997d0-cgu.0.rcgu.o:(lunatic::host::spawn) in archive /opt/rustwide/target/debug/deps/liblunatic-42ce80e7dd7972db.rlib
[INFO] [stdout]           >>> referenced by mod.rs:66 (src/host/mod.rs:66)
[INFO] [stdout]           >>>               lunatic-42ce80e7dd7972db.lunatic.d2f504f5231997d0-cgu.0.rcgu.o:(lunatic::host::spawn) in archive /opt/rustwide/target/debug/deps/liblunatic-42ce80e7dd7972db.rlib
[INFO] [stdout]           
[INFO] [stdout]           rust-lld: error: undefined symbol: get_or_spawn
[INFO] [stdout]           >>> referenced by mod.rs:52 (src/host/mod.rs:52)
[INFO] [stdout]           >>>               lunatic-42ce80e7dd7972db.lunatic.d2f504f5231997d0-cgu.0.rcgu.o:(lunatic::host::spawn) in archive /opt/rustwide/target/debug/deps/liblunatic-42ce80e7dd7972db.rlib
[INFO] [stdout]           
[INFO] [stdout]           rust-lld: error: undefined symbol: node_id
[INFO] [stdout]           >>> referenced by mod.rs:102 (src/host/mod.rs:102)
[INFO] [stdout]           >>>               lunatic-42ce80e7dd7972db.lunatic.d2f504f5231997d0-cgu.0.rcgu.o:(lunatic::host::node_id) in archive /opt/rustwide/target/debug/deps/liblunatic-42ce80e7dd7972db.rlib
[INFO] [stdout]           
[INFO] [stdout]           rust-lld: error: undefined symbol: drop
[INFO] [stdout]           >>> referenced by error.rs:25 (src/error.rs:25)
[INFO] [stdout]           >>>               lunatic-42ce80e7dd7972db.lunatic.d2f504f5231997d0-cgu.0.rcgu.o:(<lunatic::error::LunaticError as core::ops::drop::Drop>::drop) in archive /opt/rustwide/target/debug/deps/liblunatic-42ce80e7dd7972db.rlib
[INFO] [stdout]           
[INFO] [stdout]           rust-lld: error: undefined symbol: drop_config
[INFO] [stdout]           >>> referenced by config.rs:20 (src/config.rs:20)
[INFO] [stdout]           >>>               lunatic-42ce80e7dd7972db.lunatic.d2f504f5231997d0-cgu.0.rcgu.o:(<lunatic::config::ProcessConfigType as core::ops::drop::Drop>::drop) in archive /opt/rustwide/target/debug/deps/liblunatic-42ce80e7dd7972db.rlib
[INFO] [stdout]           
[INFO] [stdout]           rust-lld: error: undefined symbol: drop_module
[INFO] [stdout]           >>> referenced by module.rs:24 (src/module.rs:24)
[INFO] [stdout]           >>>               lunatic-42ce80e7dd7972db.lunatic.d2f504f5231997d0-cgu.0.rcgu.o:(<lunatic::module::WasmModule as core::ops::drop::Drop>::drop) in archive /opt/rustwide/target/debug/deps/liblunatic-42ce80e7dd7972db.rlib
[INFO] [stdout]           
[INFO] [stdout]           rust-lld: error: undefined symbol: read_data
[INFO] [stdout]           >>> referenced by serializer.rs:208 (src/serializer.rs:208)
[INFO] [stdout]           >>>               lunatic-42ce80e7dd7972db.lunatic.d2f504f5231997d0-cgu.0.rcgu.o:(<lunatic::serializer::MessageRw as std::io::Read>::read) in archive /opt/rustwide/target/debug/deps/liblunatic-42ce80e7dd7972db.rlib
[INFO] [stdout]           
[INFO] [stdout]           rust-lld: error: undefined symbol: write_data
[INFO] [stdout]           >>> referenced by serializer.rs:214 (src/serializer.rs:214)
[INFO] [stdout]           >>>               lunatic-42ce80e7dd7972db.lunatic.d2f504f5231997d0-cgu.0.rcgu.o:(<lunatic::serializer::MessageRw as std::io::Write>::write) in archive /opt/rustwide/target/debug/deps/liblunatic-42ce80e7dd7972db.rlib
[INFO] [stdout]           
[INFO] [stdout]           rust-lld: error: undefined symbol: string_size
[INFO] [stdout]           >>> referenced by error.rs:37 (src/error.rs:37)
[INFO] [stdout]           >>>               lunatic-42ce80e7dd7972db.lunatic.d2f504f5231997d0-cgu.0.rcgu.o:(<lunatic::error::LunaticError as core::fmt::Debug>::fmt) in archive /opt/rustwide/target/debug/deps/liblunatic-42ce80e7dd7972db.rlib
[INFO] [stdout]           
[INFO] [stdout]           rust-lld: error: undefined symbol: to_string
[INFO] [stdout]           >>> referenced by error.rs:39 (src/error.rs:39)
[INFO] [stdout]           >>>               lunatic-42ce80e7dd7972db.lunatic.d2f504f5231997d0-cgu.0.rcgu.o:(<lunatic::error::LunaticError as core::fmt::Debug>::fmt) in archive /opt/rustwide/target/debug/deps/liblunatic-42ce80e7dd7972db.rlib
[INFO] [stdout]           
[INFO] [stdout]           rust-lld: error: too many errors emitted, stopping now (use --error-limit=0 to see all errors)
[INFO] [stdout]           collect2: error: ld returned 1 exit status
[INFO] [stdout]           
[INFO] [stdout] 
[INFO] [stdout] 
[INFO] [stderr] error: could not compile `lunatic` (example "distributed") due to 1 previous error
[INFO] [stdout] error: linking with `cc` failed: exit status: 1
[INFO] [stdout]   |
[INFO] [stdout]   = note:  "cc" "-m64" "/opt/rustwide/target/debug/deps/rustc2rqNlw/symbols.o" "<17 object files omitted>" "-Wl,--as-needed" "-Wl,-Bstatic" "<sysroot>/lib/rustlib/x86_64-unknown-linux-gnu/lib/{libtest-*,libgetopts-*,librustc_std_workspace_std-*}.rlib" "/opt/rustwide/target/debug/deps/{liblunatic-42ce80e7dd7972db,libserde_json-6f2196f45f9549b6,libmemchr-efcaf924912fba01,libitoa-5de11b3b23bfe572,libzmij-2ca2f302097868c6,librmp_serde-335621f2173c7a35,librmp-e77b4750347ee157,libnum_traits-7eec24f0481d7d85,libbincode-836e5dc579e4b160,liblunatic_sys-355af3d13919e370,libserde-689a433e58d6b6c9,libserde_core-21f22ac7b803fb0e,libthiserror-f5add19863c9c235}.rlib" "<sysroot>/lib/rustlib/x86_64-unknown-linux-gnu/lib/{libstd-*,libpanic_unwind-*,libobject-*,libmemchr-*,libaddr2line-*,libgimli-*,libcfg_if-*,librustc_demangle-*,libstd_detect-*,libhashbrown-*,librustc_std_workspace_alloc-*,libminiz_oxide-*,libadler2-*,libunwind-*,liblibc-*,librustc_std_workspace_core-*,liballoc-*,libcore-*,libcompiler_builtins-*}.rlib" "-Wl,-Bdynamic" "-lgcc_s" "-lutil" "-lrt" "-lpthread" "-lm" "-ldl" "-lc" "-L" "/opt/rustwide/target/debug/deps/rustc2rqNlw/raw-dylibs" "-B<sysroot>/lib/rustlib/x86_64-unknown-linux-gnu/bin/gcc-ld" "-fuse-ld=lld" "-Wl,--eh-frame-hdr" "-Wl,-z,noexecstack" "-L" "<sysroot>/lib/rustlib/x86_64-unknown-linux-gnu/lib" "-o" "/opt/rustwide/target/debug/deps/abstract_process-c33237375483fe92" "-Wl,--gc-sections" "-pie" "-Wl,-z,relro,-z,now" "-nodefaultlibs"
[INFO] [stdout]   = note: some arguments are omitted. use `--verbose` to show all linker arguments
[INFO] [stdout]   = note: rust-lld: error: undefined symbol: catch
[INFO] [stdout]           >>> referenced by panic.rs:23 (src/panic.rs:23)
[INFO] [stdout]           >>>               /opt/rustwide/target/debug/deps/abstract_process-c33237375483fe92.abstract_process.89e814cbd1e7df59-cgu.08.rcgu.o:(lunatic::panic::catch_panic::<core::result::Result<abstract_process::FloatsServerAP, ()>, lunatic::ap::lifecycles::startup<abstract_process::FloatsServerAP>::{closure#0}>)
[INFO] [stdout]           >>> referenced by panic.rs:23 (src/panic.rs:23)
[INFO] [stdout]           >>>               /opt/rustwide/target/debug/deps/abstract_process-c33237375483fe92.abstract_process.89e814cbd1e7df59-cgu.08.rcgu.o:(lunatic::panic::catch_panic::<core::result::Result<abstract_process::StringHandlerAP, ()>, lunatic::ap::lifecycles::startup<abstract_process::StringHandlerAP>::{closure#0}>)
[INFO] [stdout]           >>> referenced by panic.rs:23 (src/panic.rs:23)
[INFO] [stdout]           >>>               /opt/rustwide/target/debug/deps/abstract_process-c33237375483fe92.abstract_process.89e814cbd1e7df59-cgu.08.rcgu.o:(lunatic::panic::catch_panic::<core::result::Result<abstract_process::HandleLinkPanicAP, ()>, lunatic::ap::lifecycles::startup<abstract_process::HandleLinkPanicAP>::{closure#0}>)
[INFO] [stdout]           >>> referenced 11 more times
[INFO] [stdout]           
[INFO] [stdout]           rust-lld: error: undefined symbol: receive
[INFO] [stdout]           >>> referenced by mailbox.rs:275 (src/mailbox.rs:275)
[INFO] [stdout]           >>>               /opt/rustwide/target/debug/deps/abstract_process-c33237375483fe92.abstract_process.89e814cbd1e7df59-cgu.03.rcgu.o:(<lunatic::mailbox::Mailbox<core::result::Result<(), lunatic::ap::StartupError<abstract_process::InitErrorAP>>>>::receive_)
[INFO] [stdout]           >>> referenced by mailbox.rs:275 (src/mailbox.rs:275)
[INFO] [stdout]           >>>               /opt/rustwide/target/debug/deps/abstract_process-c33237375483fe92.abstract_process.89e814cbd1e7df59-cgu.03.rcgu.o:(<lunatic::mailbox::Mailbox<core::result::Result<(), lunatic::ap::StartupError<abstract_process::RegisteredAP>>>>::receive_)
[INFO] [stdout]           >>> referenced by mailbox.rs:275 (src/mailbox.rs:275)
[INFO] [stdout]           >>>               /opt/rustwide/target/debug/deps/abstract_process-c33237375483fe92.abstract_process.89e814cbd1e7df59-cgu.03.rcgu.o:(<lunatic::mailbox::Mailbox<core::result::Result<(), lunatic::ap::StartupError<abstract_process::InitPanicksAP>>>>::receive_)
[INFO] [stdout]           >>> referenced 41 more times
[INFO] [stdout]           
[INFO] [stdout]           rust-lld: error: undefined symbol: get_tag
[INFO] [stdout]           >>> referenced by mailbox.rs:282 (src/mailbox.rs:282)
[INFO] [stdout]           >>>               /opt/rustwide/target/debug/deps/abstract_process-c33237375483fe92.abstract_process.89e814cbd1e7df59-cgu.03.rcgu.o:(<lunatic::mailbox::Mailbox<core::result::Result<(), lunatic::ap::StartupError<abstract_process::InitErrorAP>>>>::receive_)
[INFO] [stdout]           >>> referenced by mailbox.rs:282 (src/mailbox.rs:282)
[INFO] [stdout]           >>>               /opt/rustwide/target/debug/deps/abstract_process-c33237375483fe92.abstract_process.89e814cbd1e7df59-cgu.03.rcgu.o:(<lunatic::mailbox::Mailbox<core::result::Result<(), lunatic::ap::StartupError<abstract_process::RegisteredAP>>>>::receive_)
[INFO] [stdout]           >>> referenced by mailbox.rs:282 (src/mailbox.rs:282)
[INFO] [stdout]           >>>               /opt/rustwide/target/debug/deps/abstract_process-c33237375483fe92.abstract_process.89e814cbd1e7df59-cgu.03.rcgu.o:(<lunatic::mailbox::Mailbox<core::result::Result<(), lunatic::ap::StartupError<abstract_process::InitPanicksAP>>>>::receive_)
[INFO] [stdout]           >>> referenced 55 more times
[INFO] [stdout]           
[INFO] [stdout]           rust-lld: error: undefined symbol: get_process_id
[INFO] [stdout]           >>> referenced by mailbox.rs:285 (src/mailbox.rs:285)
[INFO] [stdout]           >>>               /opt/rustwide/target/debug/deps/abstract_process-c33237375483fe92.abstract_process.89e814cbd1e7df59-cgu.03.rcgu.o:(<lunatic::mailbox::Mailbox<core::result::Result<(), lunatic::ap::StartupError<abstract_process::InitErrorAP>>>>::receive_)
[INFO] [stdout]           >>> referenced by mailbox.rs:285 (src/mailbox.rs:285)
[INFO] [stdout]           >>>               /opt/rustwide/target/debug/deps/abstract_process-c33237375483fe92.abstract_process.89e814cbd1e7df59-cgu.03.rcgu.o:(<lunatic::mailbox::Mailbox<core::result::Result<(), lunatic::ap::StartupError<abstract_process::RegisteredAP>>>>::receive_)
[INFO] [stdout]           >>> referenced by mailbox.rs:285 (src/mailbox.rs:285)
[INFO] [stdout]           >>>               /opt/rustwide/target/debug/deps/abstract_process-c33237375483fe92.abstract_process.89e814cbd1e7df59-cgu.03.rcgu.o:(<lunatic::mailbox::Mailbox<core::result::Result<(), lunatic::ap::StartupError<abstract_process::InitPanicksAP>>>>::receive_)
[INFO] [stdout]           >>> referenced 27 more times
[INFO] [stdout]           
[INFO] [stdout]           rust-lld: error: undefined symbol: get
[INFO] [stdout]           >>> referenced by mod.rs:400 (src/ap/mod.rs:400)
[INFO] [stdout]           >>>               /opt/rustwide/target/debug/deps/abstract_process-c33237375483fe92.abstract_process.89e814cbd1e7df59-cgu.02.rcgu.o:(<lunatic::ap::ProcessRef<abstract_process::RegisteredAP>>::lookup::<&str>)
[INFO] [stdout]           >>> referenced by mod.rs:400 (src/ap/mod.rs:400)
[INFO] [stdout]           >>>               /opt/rustwide/target/debug/deps/abstract_process-c33237375483fe92.abstract_process.89e814cbd1e7df59-cgu.02.rcgu.o:(<lunatic::ap::ProcessRef<abstract_process::InitOkAP>>::lookup::<&str>)
[INFO] [stdout]           
[INFO] [stdout]           rust-lld: error: undefined symbol: die_when_link_dies
[INFO] [stdout]           >>> referenced by mod.rs:270 (src/ap/mod.rs:270)
[INFO] [stdout]           >>>               /opt/rustwide/target/debug/deps/abstract_process-c33237375483fe92.abstract_process.89e814cbd1e7df59-cgu.02.rcgu.o:(<lunatic::ap::Config<abstract_process::HandleLinkPanicAP>>::die_if_link_dies)
[INFO] [stdout]           
[INFO] [stdout]           rust-lld: error: undefined symbol: create_data
[INFO] [stdout]           >>> referenced by process.rs:514 (src/function/process.rs:514)
[INFO] [stdout]           >>>               /opt/rustwide/target/debug/deps/abstract_process-c33237375483fe92.abstract_process.89e814cbd1e7df59-cgu.00.rcgu.o:(<lunatic::function::process::Process<lunatic::ap::messages::RequestMessage<abstract_process::Sum, f64, lunatic::serializer::Bincode>>>::tag_send_receive::<f64>)
[INFO] [stdout]           >>> referenced by process.rs:514 (src/function/process.rs:514)
[INFO] [stdout]           >>>               /opt/rustwide/target/debug/deps/abstract_process-c33237375483fe92.abstract_process.89e814cbd1e7df59-cgu.00.rcgu.o:(<lunatic::function::process::Process<lunatic::ap::messages::RequestMessage<abstract_process::Count, u32, lunatic::serializer::Bincode>>>::tag_send_receive::<u32>)
[INFO] [stdout]           >>> referenced by process.rs:514 (src/function/process.rs:514)
[INFO] [stdout]           >>>               /opt/rustwide/target/debug/deps/abstract_process-c33237375483fe92.abstract_process.89e814cbd1e7df59-cgu.00.rcgu.o:(<lunatic::function::process::Process<lunatic::ap::messages::RequestMessage<abstract_process::DidPanick, bool, lunatic::serializer::Bincode>>>::tag_send_receive::<bool>)
[INFO] [stdout]           >>> referenced 41 more times
[INFO] [stdout]           
[INFO] [stdout]           rust-lld: error: undefined symbol: sleep_ms
[INFO] [stdout]           >>> referenced by lib.rs:159 (src/lib.rs:159)
[INFO] [stdout]           >>>               lunatic-42ce80e7dd7972db.lunatic.d2f504f5231997d0-cgu.0.rcgu.o:(lunatic::sleep) in archive /opt/rustwide/target/debug/deps/liblunatic-42ce80e7dd7972db.rlib
[INFO] [stdout]           
[INFO] [stdout]           rust-lld: error: undefined symbol: process_id
[INFO] [stdout]           >>> referenced by mod.rs:98 (src/host/mod.rs:98)
[INFO] [stdout]           >>>               lunatic-42ce80e7dd7972db.lunatic.d2f504f5231997d0-cgu.0.rcgu.o:(lunatic::host::process_id) in archive /opt/rustwide/target/debug/deps/liblunatic-42ce80e7dd7972db.rlib
[INFO] [stdout]           
[INFO] [stdout]           rust-lld: error: undefined symbol: send_receive_skip_search
[INFO] [stdout]           >>> referenced by mod.rs:118 (src/host/mod.rs:118)
[INFO] [stdout]           >>>               lunatic-42ce80e7dd7972db.lunatic.d2f504f5231997d0-cgu.0.rcgu.o:(lunatic::host::send_receive_skip_search) in archive /opt/rustwide/target/debug/deps/liblunatic-42ce80e7dd7972db.rlib
[INFO] [stdout]           >>> referenced by mod.rs:115 (src/host/mod.rs:115)
[INFO] [stdout]           >>>               lunatic-42ce80e7dd7972db.lunatic.d2f504f5231997d0-cgu.0.rcgu.o:(lunatic::host::send_receive_skip_search) in archive /opt/rustwide/target/debug/deps/liblunatic-42ce80e7dd7972db.rlib
[INFO] [stdout]           
[INFO] [stdout]           rust-lld: error: undefined symbol: module_id
[INFO] [stdout]           >>> referenced by mod.rs:44 (src/host/mod.rs:44)
[INFO] [stdout]           >>>               lunatic-42ce80e7dd7972db.lunatic.d2f504f5231997d0-cgu.0.rcgu.o:(lunatic::host::spawn) in archive /opt/rustwide/target/debug/deps/liblunatic-42ce80e7dd7972db.rlib
[INFO] [stdout]           
[INFO] [stdout]           rust-lld: error: undefined symbol: spawn
[INFO] [stdout]           >>> referenced by mod.rs:41 (src/host/mod.rs:41)
[INFO] [stdout]           >>>               lunatic-42ce80e7dd7972db.lunatic.d2f504f5231997d0-cgu.0.rcgu.o:(lunatic::host::spawn) in archive /opt/rustwide/target/debug/deps/liblunatic-42ce80e7dd7972db.rlib
[INFO] [stdout]           >>> referenced by mod.rs:66 (src/host/mod.rs:66)
[INFO] [stdout]           >>>               lunatic-42ce80e7dd7972db.lunatic.d2f504f5231997d0-cgu.0.rcgu.o:(lunatic::host::spawn) in archive /opt/rustwide/target/debug/deps/liblunatic-42ce80e7dd7972db.rlib
[INFO] [stdout]           
[INFO] [stdout]           rust-lld: error: undefined symbol: get_or_spawn
[INFO] [stdout]           >>> referenced by mod.rs:52 (src/host/mod.rs:52)
[INFO] [stdout]           >>>               lunatic-42ce80e7dd7972db.lunatic.d2f504f5231997d0-cgu.0.rcgu.o:(lunatic::host::spawn) in archive /opt/rustwide/target/debug/deps/liblunatic-42ce80e7dd7972db.rlib
[INFO] [stdout]           
[INFO] [stdout]           rust-lld: error: undefined symbol: node_id
[INFO] [stdout]           >>> referenced by mod.rs:102 (src/host/mod.rs:102)
[INFO] [stdout]           >>>               lunatic-42ce80e7dd7972db.lunatic.d2f504f5231997d0-cgu.0.rcgu.o:(lunatic::host::node_id) in archive /opt/rustwide/target/debug/deps/liblunatic-42ce80e7dd7972db.rlib
[INFO] [stdout]           
[INFO] [stdout]           rust-lld: error: undefined symbol: drop
[INFO] [stdout]           >>> referenced by error.rs:25 (src/error.rs:25)
[INFO] [stdout]           >>>               lunatic-42ce80e7dd7972db.lunatic.d2f504f5231997d0-cgu.0.rcgu.o:(<lunatic::error::LunaticError as core::ops::drop::Drop>::drop) in archive /opt/rustwide/target/debug/deps/liblunatic-42ce80e7dd7972db.rlib
[INFO] [stdout]           
[INFO] [stdout]           rust-lld: error: undefined symbol: drop_config
[INFO] [stdout]           >>> referenced by config.rs:20 (src/config.rs:20)
[INFO] [stdout]           >>>               lunatic-42ce80e7dd7972db.lunatic.d2f504f5231997d0-cgu.0.rcgu.o:(<lunatic::config::ProcessConfigType as core::ops::drop::Drop>::drop) in archive /opt/rustwide/target/debug/deps/liblunatic-42ce80e7dd7972db.rlib
[INFO] [stdout]           
[INFO] [stdout]           rust-lld: error: undefined symbol: drop_module
[INFO] [stdout]           >>> referenced by module.rs:24 (src/module.rs:24)
[INFO] [stdout]           >>>               lunatic-42ce80e7dd7972db.lunatic.d2f504f5231997d0-cgu.0.rcgu.o:(<lunatic::module::WasmModule as core::ops::drop::Drop>::drop) in archive /opt/rustwide/target/debug/deps/liblunatic-42ce80e7dd7972db.rlib
[INFO] [stdout]           
[INFO] [stdout]           rust-lld: error: undefined symbol: read_data
[INFO] [stdout]           >>> referenced by serializer.rs:208 (src/serializer.rs:208)
[INFO] [stdout]           >>>               lunatic-42ce80e7dd7972db.lunatic.d2f504f5231997d0-cgu.0.rcgu.o:(<lunatic::serializer::MessageRw as std::io::Read>::read) in archive /opt/rustwide/target/debug/deps/liblunatic-42ce80e7dd7972db.rlib
[INFO] [stdout]           
[INFO] [stdout]           rust-lld: error: undefined symbol: write_data
[INFO] [stdout]           >>> referenced by serializer.rs:214 (src/serializer.rs:214)
[INFO] [stdout]           >>>               lunatic-42ce80e7dd7972db.lunatic.d2f504f5231997d0-cgu.0.rcgu.o:(<lunatic::serializer::MessageRw as std::io::Write>::write) in archive /opt/rustwide/target/debug/deps/liblunatic-42ce80e7dd7972db.rlib
[INFO] [stdout]           
[INFO] [stdout]           rust-lld: error: undefined symbol: string_size
[INFO] [stdout]           >>> referenced by error.rs:37 (src/error.rs:37)
[INFO] [stdout]           >>>               lunatic-42ce80e7dd7972db.lunatic.d2f504f5231997d0-cgu.0.rcgu.o:(<lunatic::error::LunaticError as core::fmt::Debug>::fmt) in archive /opt/rustwide/target/debug/deps/liblunatic-42ce80e7dd7972db.rlib
[INFO] [stdout]           
[INFO] [stdout]           rust-lld: error: too many errors emitted, stopping now (use --error-limit=0 to see all errors)
[INFO] [stdout]           collect2: error: ld returned 1 exit status
[INFO] [stdout]           
[INFO] [stdout] 
[INFO] [stdout] 
[INFO] [stderr] error: could not compile `lunatic` (test "abstract_process") due to 1 previous error
[INFO] [stdout] error: linking with `cc` failed: exit status: 1
[INFO] [stdout]   |
[INFO] [stdout]   = note:  "cc" "-m64" "/opt/rustwide/target/debug/deps/rustcqv31fa/symbols.o" "<17 object files omitted>" "-Wl,--as-needed" "-Wl,-Bstatic" "<sysroot>/lib/rustlib/x86_64-unknown-linux-gnu/lib/{libtest-*,libgetopts-*,librustc_std_workspace_std-*}.rlib" "/opt/rustwide/target/debug/deps/{liblunatic-42ce80e7dd7972db,libserde_json-6f2196f45f9549b6,libmemchr-efcaf924912fba01,libitoa-5de11b3b23bfe572,libzmij-2ca2f302097868c6,librmp_serde-335621f2173c7a35,librmp-e77b4750347ee157,libnum_traits-7eec24f0481d7d85,libbincode-836e5dc579e4b160,liblunatic_sys-355af3d13919e370,libserde-689a433e58d6b6c9,libserde_core-21f22ac7b803fb0e,libthiserror-f5add19863c9c235}.rlib" "<sysroot>/lib/rustlib/x86_64-unknown-linux-gnu/lib/{libstd-*,libpanic_unwind-*,libobject-*,libmemchr-*,libaddr2line-*,libgimli-*,libcfg_if-*,librustc_demangle-*,libstd_detect-*,libhashbrown-*,librustc_std_workspace_alloc-*,libminiz_oxide-*,libadler2-*,libunwind-*,liblibc-*,librustc_std_workspace_core-*,liballoc-*,libcore-*,libcompiler_builtins-*}.rlib" "-Wl,-Bdynamic" "-lgcc_s" "-lutil" "-lrt" "-lpthread" "-lm" "-ldl" "-lc" "-L" "/opt/rustwide/target/debug/deps/rustcqv31fa/raw-dylibs" "-B<sysroot>/lib/rustlib/x86_64-unknown-linux-gnu/bin/gcc-ld" "-fuse-ld=lld" "-Wl,--eh-frame-hdr" "-Wl,-z,noexecstack" "-L" "<sysroot>/lib/rustlib/x86_64-unknown-linux-gnu/lib" "-o" "/opt/rustwide/target/debug/deps/supervisor-7b0b47d9cad947af" "-Wl,--gc-sections" "-pie" "-Wl,-z,relro,-z,now" "-nodefaultlibs"
[INFO] [stdout]   = note: some arguments are omitted. use `--verbose` to show all linker arguments
[INFO] [stdout]   = note: rust-lld: error: undefined symbol: create_data
[INFO] [stdout]           >>> referenced by process.rs:514 (src/function/process.rs:514)
[INFO] [stdout]           >>>               /opt/rustwide/target/debug/deps/supervisor-7b0b47d9cad947af.supervisor.fadf197415f88138-cgu.02.rcgu.o:(<lunatic::function::process::Process<lunatic::ap::messages::RequestMessage<supervisor::Count, u32, lunatic::serializer::MessagePack>, lunatic::serializer::MessagePack>>::tag_send_receive::<u32>)
[INFO] [stdout]           >>> referenced by process.rs:514 (src/function/process.rs:514)
[INFO] [stdout]           >>>               /opt/rustwide/target/debug/deps/supervisor-7b0b47d9cad947af.supervisor.fadf197415f88138-cgu.02.rcgu.o:(<lunatic::function::process::Process<lunatic::ap::messages::RequestMessage<supervisor::LogEvent, (), lunatic::serializer::Json>, lunatic::serializer::Json>>::tag_send_receive::<()>)
[INFO] [stdout]           >>> referenced by process.rs:514 (src/function/process.rs:514)
[INFO] [stdout]           >>>               /opt/rustwide/target/debug/deps/supervisor-7b0b47d9cad947af.supervisor.fadf197415f88138-cgu.02.rcgu.o:(<lunatic::function::process::Process<lunatic::ap::messages::RequestMessage<supervisor::TakeLogs, alloc::vec::Vec<supervisor::LogEvent>, lunatic::serializer::Json>, lunatic::serializer::Json>>::tag_send_receive::<alloc::vec::Vec<supervisor::LogEvent>>)
[INFO] [stdout]           >>> referenced 45 more times
[INFO] [stdout]           
[INFO] [stdout]           rust-lld: error: undefined symbol: receive
[INFO] [stdout]           >>> referenced by lifecycles.rs:67 (src/ap/lifecycles.rs:67)
[INFO] [stdout]           >>>               /opt/rustwide/target/debug/deps/supervisor-7b0b47d9cad947af.supervisor.fadf197415f88138-cgu.06.rcgu.o:(lunatic::ap::lifecycles::loop_and_handle::<supervisor::A>)
[INFO] [stdout]           >>> referenced by lifecycles.rs:67 (src/ap/lifecycles.rs:67)
[INFO] [stdout]           >>>               /opt/rustwide/target/debug/deps/supervisor-7b0b47d9cad947af.supervisor.fadf197415f88138-cgu.06.rcgu.o:(lunatic::ap::lifecycles::loop_and_handle::<supervisor::Logger>)
[INFO] [stdout]           >>> referenced by lifecycles.rs:67 (src/ap/lifecycles.rs:67)
[INFO] [stdout]           >>>               /opt/rustwide/target/debug/deps/supervisor-7b0b47d9cad947af.supervisor.fadf197415f88138-cgu.06.rcgu.o:(lunatic::ap::lifecycles::loop_and_handle::<supervisor::env_var_config::Sup>)
[INFO] [stdout]           >>> referenced 34 more times
[INFO] [stdout]           
[INFO] [stdout]           rust-lld: error: undefined symbol: get_tag
[INFO] [stdout]           >>> referenced by lifecycles.rs:75 (src/ap/lifecycles.rs:75)
[INFO] [stdout]           >>>               /opt/rustwide/target/debug/deps/supervisor-7b0b47d9cad947af.supervisor.fadf197415f88138-cgu.06.rcgu.o:(lunatic::ap::lifecycles::loop_and_handle::<supervisor::A>)
[INFO] [stdout]           >>> referenced by lifecycles.rs:68 (src/ap/lifecycles.rs:68)
[INFO] [stdout]           >>>               /opt/rustwide/target/debug/deps/supervisor-7b0b47d9cad947af.supervisor.fadf197415f88138-cgu.06.rcgu.o:(lunatic::ap::lifecycles::loop_and_handle::<supervisor::A>)
[INFO] [stdout]           >>> referenced by lifecycles.rs:75 (src/ap/lifecycles.rs:75)
[INFO] [stdout]           >>>               /opt/rustwide/target/debug/deps/supervisor-7b0b47d9cad947af.supervisor.fadf197415f88138-cgu.06.rcgu.o:(lunatic::ap::lifecycles::loop_and_handle::<supervisor::Logger>)
[INFO] [stdout]           >>> referenced 46 more times
[INFO] [stdout]           
[INFO] [stdout]           rust-lld: error: undefined symbol: get
[INFO] [stdout]           >>> referenced by mod.rs:400 (src/ap/mod.rs:400)
[INFO] [stdout]           >>>               /opt/rustwide/target/debug/deps/supervisor-7b0b47d9cad947af.supervisor.fadf197415f88138-cgu.05.rcgu.o:(<lunatic::ap::ProcessRef<supervisor::A>>::lookup::<&str>)
[INFO] [stdout]           >>> referenced by mod.rs:400 (src/ap/mod.rs:400)
[INFO] [stdout]           >>>               /opt/rustwide/target/debug/deps/supervisor-7b0b47d9cad947af.supervisor.fadf197415f88138-cgu.05.rcgu.o:(<lunatic::ap::ProcessRef<supervisor::Logger>>::lookup::<&str>)
[INFO] [stdout]           
[INFO] [stdout]           rust-lld: error: undefined symbol: die_when_link_dies
[INFO] [stdout]           >>> referenced by mod.rs:270 (src/ap/mod.rs:270)
[INFO] [stdout]           >>>               /opt/rustwide/target/debug/deps/supervisor-7b0b47d9cad947af.supervisor.fadf197415f88138-cgu.05.rcgu.o:(<lunatic::ap::Config<supervisor::env_var_config::Sup>>::die_if_link_dies)
[INFO] [stdout]           >>> referenced by mod.rs:270 (src/ap/mod.rs:270)
[INFO] [stdout]           >>>               /opt/rustwide/target/debug/deps/supervisor-7b0b47d9cad947af.supervisor.fadf197415f88138-cgu.05.rcgu.o:(<lunatic::ap::Config<supervisor::lookup_children::Sup>>::die_if_link_dies)
[INFO] [stdout]           >>> referenced by mod.rs:270 (src/ap/mod.rs:270)
[INFO] [stdout]           >>>               /opt/rustwide/target/debug/deps/supervisor-7b0b47d9cad947af.supervisor.fadf197415f88138-cgu.05.rcgu.o:(<lunatic::ap::Config<supervisor::ten_children_sup::Sup>>::die_if_link_dies)
[INFO] [stdout]           >>> referenced 7 more times
[INFO] [stdout]           
[INFO] [stdout]           rust-lld: error: undefined symbol: catch
[INFO] [stdout]           >>> referenced by panic.rs:23 (src/panic.rs:23)
[INFO] [stdout]           >>>               /opt/rustwide/target/debug/deps/supervisor-7b0b47d9cad947af.supervisor.fadf197415f88138-cgu.10.rcgu.o:(lunatic::panic::catch_panic::<core::result::Result<lunatic::supervisor::SupervisorConfig<supervisor::env_var_config::Sup>, ()>, lunatic::ap::lifecycles::startup<supervisor::env_var_config::Sup>::{closure#0}>)
[INFO] [stdout]           >>> referenced by panic.rs:23 (src/panic.rs:23)
[INFO] [stdout]           >>>               /opt/rustwide/target/debug/deps/supervisor-7b0b47d9cad947af.supervisor.fadf197415f88138-cgu.10.rcgu.o:(lunatic::panic::catch_panic::<core::result::Result<lunatic::supervisor::SupervisorConfig<supervisor::lookup_children::Sup>, ()>, lunatic::ap::lifecycles::startup<supervisor::lookup_children::Sup>::{closure#0}>)
[INFO] [stdout]           >>> referenced by panic.rs:23 (src/panic.rs:23)
[INFO] [stdout]           >>>               /opt/rustwide/target/debug/deps/supervisor-7b0b47d9cad947af.supervisor.fadf197415f88138-cgu.10.rcgu.o:(lunatic::panic::catch_panic::<core::result::Result<lunatic::supervisor::SupervisorConfig<supervisor::ten_children_sup::Sup>, ()>, lunatic::ap::lifecycles::startup<supervisor::ten_children_sup::Sup>::{closure#0}>)
[INFO] [stdout]           >>> referenced 9 more times
[INFO] [stdout]           
[INFO] [stdout]           rust-lld: error: undefined symbol: sleep_ms
[INFO] [stdout]           >>> referenced by lib.rs:159 (src/lib.rs:159)
[INFO] [stdout]           >>>               lunatic-42ce80e7dd7972db.lunatic.d2f504f5231997d0-cgu.0.rcgu.o:(lunatic::sleep) in archive /opt/rustwide/target/debug/deps/liblunatic-42ce80e7dd7972db.rlib
[INFO] [stdout]           
[INFO] [stdout]           rust-lld: error: undefined symbol: config_add_environment_variable
[INFO] [stdout]           >>> referenced by config.rs:131 (src/config.rs:131)
[INFO] [stdout]           >>>               lunatic-42ce80e7dd7972db.lunatic.d2f504f5231997d0-cgu.0.rcgu.o:(<lunatic::config::ProcessConfig>::add_environment_variable) in archive /opt/rustwide/target/debug/deps/liblunatic-42ce80e7dd7972db.rlib
[INFO] [stdout]           
[INFO] [stdout]           rust-lld: error: undefined symbol: create_config
[INFO] [stdout]           >>> referenced by config.rs:48 (src/config.rs:48)
[INFO] [stdout]           >>>               lunatic-42ce80e7dd7972db.lunatic.d2f504f5231997d0-cgu.0.rcgu.o:(<lunatic::config::ProcessConfig>::new) in archive /opt/rustwide/target/debug/deps/liblunatic-42ce80e7dd7972db.rlib
[INFO] [stdout]           
[INFO] [stdout]           rust-lld: error: undefined symbol: process_id
[INFO] [stdout]           >>> referenced by mod.rs:98 (src/host/mod.rs:98)
[INFO] [stdout]           >>>               lunatic-42ce80e7dd7972db.lunatic.d2f504f5231997d0-cgu.0.rcgu.o:(lunatic::host::process_id) in archive /opt/rustwide/target/debug/deps/liblunatic-42ce80e7dd7972db.rlib
[INFO] [stdout]           
[INFO] [stdout]           rust-lld: error: undefined symbol: send_receive_skip_search
[INFO] [stdout]           >>> referenced by mod.rs:118 (src/host/mod.rs:118)
[INFO] [stdout]           >>>               lunatic-42ce80e7dd7972db.lunatic.d2f504f5231997d0-cgu.0.rcgu.o:(lunatic::host::send_receive_skip_search) in archive /opt/rustwide/target/debug/deps/liblunatic-42ce80e7dd7972db.rlib
[INFO] [stdout]           >>> referenced by mod.rs:115 (src/host/mod.rs:115)
[INFO] [stdout]           >>>               lunatic-42ce80e7dd7972db.lunatic.d2f504f5231997d0-cgu.0.rcgu.o:(lunatic::host::send_receive_skip_search) in archive /opt/rustwide/target/debug/deps/liblunatic-42ce80e7dd7972db.rlib
[INFO] [stdout]           
[INFO] [stdout]           rust-lld: error: undefined symbol: module_id
[INFO] [stdout]           >>> referenced by mod.rs:44 (src/host/mod.rs:44)
[INFO] [stdout]           >>>               lunatic-42ce80e7dd7972db.lunatic.d2f504f5231997d0-cgu.0.rcgu.o:(lunatic::host::spawn) in archive /opt/rustwide/target/debug/deps/liblunatic-42ce80e7dd7972db.rlib
[INFO] [stdout]           
[INFO] [stdout]           rust-lld: error: undefined symbol: spawn
[INFO] [stdout]           >>> referenced by mod.rs:41 (src/host/mod.rs:41)
[INFO] [stdout]           >>>               lunatic-42ce80e7dd7972db.lunatic.d2f504f5231997d0-cgu.0.rcgu.o:(lunatic::host::spawn) in archive /opt/rustwide/target/debug/deps/liblunatic-42ce80e7dd7972db.rlib
[INFO] [stdout]           >>> referenced by mod.rs:66 (src/host/mod.rs:66)
[INFO] [stdout]           >>>               lunatic-42ce80e7dd7972db.lunatic.d2f504f5231997d0-cgu.0.rcgu.o:(lunatic::host::spawn) in archive /opt/rustwide/target/debug/deps/liblunatic-42ce80e7dd7972db.rlib
[INFO] [stdout]           
[INFO] [stdout]           rust-lld: error: undefined symbol: get_or_spawn
[INFO] [stdout]           >>> referenced by mod.rs:52 (src/host/mod.rs:52)
[INFO] [stdout]           >>>               lunatic-42ce80e7dd7972db.lunatic.d2f504f5231997d0-cgu.0.rcgu.o:(lunatic::host::spawn) in archive /opt/rustwide/target/debug/deps/liblunatic-42ce80e7dd7972db.rlib
[INFO] [stdout]           
[INFO] [stdout]           rust-lld: error: undefined symbol: node_id
[INFO] [stdout]           >>> referenced by mod.rs:102 (src/host/mod.rs:102)
[INFO] [stdout]           >>>               lunatic-42ce80e7dd7972db.lunatic.d2f504f5231997d0-cgu.0.rcgu.o:(lunatic::host::node_id) in archive /opt/rustwide/target/debug/deps/liblunatic-42ce80e7dd7972db.rlib
[INFO] [stdout]           
[INFO] [stdout]           rust-lld: error: undefined symbol: drop
[INFO] [stdout]           >>> referenced by error.rs:25 (src/error.rs:25)
[INFO] [stdout]           >>>               lunatic-42ce80e7dd7972db.lunatic.d2f504f5231997d0-cgu.0.rcgu.o:(<lunatic::error::LunaticError as core::ops::drop::Drop>::drop) in archive /opt/rustwide/target/debug/deps/liblunatic-42ce80e7dd7972db.rlib
[INFO] [stdout]           
[INFO] [stdout]           rust-lld: error: undefined symbol: drop_config
[INFO] [stdout]           >>> referenced by config.rs:20 (src/config.rs:20)
[INFO] [stdout]           >>>               lunatic-42ce80e7dd7972db.lunatic.d2f504f5231997d0-cgu.0.rcgu.o:(<lunatic::config::ProcessConfigType as core::ops::drop::Drop>::drop) in archive /opt/rustwide/target/debug/deps/liblunatic-42ce80e7dd7972db.rlib
[INFO] [stdout]           
[INFO] [stdout]           rust-lld: error: undefined symbol: drop_module
[INFO] [stdout]           >>> referenced by module.rs:24 (src/module.rs:24)
[INFO] [stdout]           >>>               lunatic-42ce80e7dd7972db.lunatic.d2f504f5231997d0-cgu.0.rcgu.o:(<lunatic::module::WasmModule as core::ops::drop::Drop>::drop) in archive /opt/rustwide/target/debug/deps/liblunatic-42ce80e7dd7972db.rlib
[INFO] [stdout]           
[INFO] [stdout]           rust-lld: error: undefined symbol: read_data
[INFO] [stdout]           >>> referenced by serializer.rs:208 (src/serializer.rs:208)
[INFO] [stdout]           >>>               lunatic-42ce80e7dd7972db.lunatic.d2f504f5231997d0-cgu.0.rcgu.o:(<lunatic::serializer::MessageRw as std::io::Read>::read) in archive /opt/rustwide/target/debug/deps/liblunatic-42ce80e7dd7972db.rlib
[INFO] [stdout]           
[INFO] [stdout]           rust-lld: error: undefined symbol: write_data
[INFO] [stdout]           >>> referenced by serializer.rs:214 (src/serializer.rs:214)
[INFO] [stdout]           >>>               lunatic-42ce80e7dd7972db.lunatic.d2f504f5231997d0-cgu.0.rcgu.o:(<lunatic::serializer::MessageRw as std::io::Write>::write) in archive /opt/rustwide/target/debug/deps/liblunatic-42ce80e7dd7972db.rlib
[INFO] [stdout]           
[INFO] [stdout]           rust-lld: error: too many errors emitted, stopping now (use --error-limit=0 to see all errors)
[INFO] [stdout]           collect2: error: ld returned 1 exit status
[INFO] [stdout]           
[INFO] [stdout] 
[INFO] [stdout] 
[INFO] [stderr] error: could not compile `lunatic` (test "supervisor") due to 1 previous error
[INFO] [stdout] error: linking with `cc` failed: exit status: 1
[INFO] [stdout]   |
[INFO] [stdout]   = note:  "cc" "-m64" "/opt/rustwide/target/debug/deps/rustczTAY0W/symbols.o" "<17 object files omitted>" "-Wl,--as-needed" "-Wl,-Bstatic" "<sysroot>/lib/rustlib/x86_64-unknown-linux-gnu/lib/{libtest-*,libgetopts-*,librustc_std_workspace_std-*}.rlib" "/opt/rustwide/target/debug/deps/{liblunatic-42ce80e7dd7972db,libserde_json-6f2196f45f9549b6,libmemchr-efcaf924912fba01,libitoa-5de11b3b23bfe572,libzmij-2ca2f302097868c6,librmp_serde-335621f2173c7a35,librmp-e77b4750347ee157,libnum_traits-7eec24f0481d7d85,libbincode-836e5dc579e4b160,liblunatic_sys-355af3d13919e370,libserde-689a433e58d6b6c9,libserde_core-21f22ac7b803fb0e,libthiserror-f5add19863c9c235}.rlib" "<sysroot>/lib/rustlib/x86_64-unknown-linux-gnu/lib/{libstd-*,libpanic_unwind-*,libobject-*,libmemchr-*,libaddr2line-*,libgimli-*,libcfg_if-*,librustc_demangle-*,libstd_detect-*,libhashbrown-*,librustc_std_workspace_alloc-*,libminiz_oxide-*,libadler2-*,libunwind-*,liblibc-*,librustc_std_workspace_core-*,liballoc-*,libcore-*,libcompiler_builtins-*}.rlib" "-Wl,-Bdynamic" "-lgcc_s" "-lutil" "-lrt" "-lpthread" "-lm" "-ldl" "-lc" "-L" "/opt/rustwide/target/debug/deps/rustczTAY0W/raw-dylibs" "-B<sysroot>/lib/rustlib/x86_64-unknown-linux-gnu/bin/gcc-ld" "-fuse-ld=lld" "-Wl,--eh-frame-hdr" "-Wl,-z,noexecstack" "-L" "<sysroot>/lib/rustlib/x86_64-unknown-linux-gnu/lib" "-o" "/opt/rustwide/target/debug/deps/abstract_process_macro-d8b79fdaa2a56210" "-Wl,--gc-sections" "-pie" "-Wl,-z,relro,-z,now" "-nodefaultlibs"
[INFO] [stdout]   = note: some arguments are omitted. use `--verbose` to show all linker arguments
[INFO] [stdout]   = note: rust-lld: error: undefined symbol: create_data
[INFO] [stdout]           >>> referenced by process.rs:514 (src/function/process.rs:514)
[INFO] [stdout]           >>>               /opt/rustwide/target/debug/deps/abstract_process_macro-d8b79fdaa2a56210.abstract_process_macro.180b33b92c8787fc-cgu.00.rcgu.o:(<lunatic::function::process::Process<lunatic::ap::messages::RequestMessage<abstract_process_macro::generics::__MsgWrapSum<f32>, f32, lunatic::serializer::Bincode>>>::tag_send_receive::<f32>)
[INFO] [stdout]           >>> referenced by process.rs:514 (src/function/process.rs:514)
[INFO] [stdout]           >>>               /opt/rustwide/target/debug/deps/abstract_process_macro-d8b79fdaa2a56210.abstract_process_macro.180b33b92c8787fc-cgu.00.rcgu.o:(<lunatic::function::process::Process<lunatic::ap::messages::RequestMessage<abstract_process_macro::visibility::m::__MsgWrapCount, u32, lunatic::serializer::Bincode>>>::tag_send_receive::<u32>)
[INFO] [stdout]           >>> referenced by process.rs:514 (src/function/process.rs:514)
[INFO] [stdout]           >>>               /opt/rustwide/target/debug/deps/abstract_process_macro-d8b79fdaa2a56210.abstract_process_macro.180b33b92c8787fc-cgu.00.rcgu.o:(<lunatic::function::process::Process<lunatic::ap::messages::RequestMessage<abstract_process_macro::reply_types::__MsgWrapCustomType, abstract_process_macro::reply_types::CustomReply, lunatic::serializer::Bincode>>>::tag_send_receive::<abstract_process_macro::reply_types::CustomReply>)
[INFO] [stdout]           >>> referenced 70 more times
[INFO] [stdout]           
[INFO] [stdout]           rust-lld: error: undefined symbol: send_after
[INFO] [stdout]           >>> referenced by process.rs:486 (src/function/process.rs:486)
[INFO] [stdout]           >>>               /opt/rustwide/target/debug/deps/abstract_process_macro-d8b79fdaa2a56210.abstract_process_macro.180b33b92c8787fc-cgu.00.rcgu.o:(<lunatic::function::process::Process<abstract_process_macro::generics::__MsgWrapAdd<f32>>>::tag_send_after)
[INFO] [stdout]           >>> referenced by process.rs:486 (src/function/process.rs:486)
[INFO] [stdout]           >>>               /opt/rustwide/target/debug/deps/abstract_process_macro-d8b79fdaa2a56210.abstract_process_macro.180b33b92c8787fc-cgu.00.rcgu.o:(<lunatic::function::process::Process<abstract_process_macro::visibility::m::__MsgWrapIncrement>>::tag_send_after)
[INFO] [stdout]           >>> referenced by process.rs:486 (src/function/process.rs:486)
[INFO] [stdout]           >>>               /opt/rustwide/target/debug/deps/abstract_process_macro-d8b79fdaa2a56210.abstract_process_macro.180b33b92c8787fc-cgu.00.rcgu.o:(<lunatic::function::process::Process<abstract_process_macro::wrapper_rename::__MsgWrapIncrement>>::tag_send_after)
[INFO] [stdout]           >>> referenced 1 more times
[INFO] [stdout]           
[INFO] [stdout]           rust-lld: error: undefined symbol: catch
[INFO] [stdout]           >>> referenced by panic.rs:23 (src/panic.rs:23)
[INFO] [stdout]           >>>               /opt/rustwide/target/debug/deps/abstract_process_macro-d8b79fdaa2a56210.abstract_process_macro.180b33b92c8787fc-cgu.09.rcgu.o:(lunatic::panic::catch_panic::<core::result::Result<abstract_process_macro::generics::GenAdder<f32>, ()>, lunatic::ap::lifecycles::startup<abstract_process_macro::generics::GenAdder<f32>>::{closure#0}>)
[INFO] [stdout]           >>> referenced by panic.rs:23 (src/panic.rs:23)
[INFO] [stdout]           >>>               /opt/rustwide/target/debug/deps/abstract_process_macro-d8b79fdaa2a56210.abstract_process_macro.180b33b92c8787fc-cgu.09.rcgu.o:(lunatic::panic::catch_panic::<core::result::Result<abstract_process_macro::visibility::m::Counter, ()>, lunatic::ap::lifecycles::startup<abstract_process_macro::visibility::m::Counter>::{closure#0}>)
[INFO] [stdout]           >>> referenced by panic.rs:23 (src/panic.rs:23)
[INFO] [stdout]           >>>               /opt/rustwide/target/debug/deps/abstract_process_macro-d8b79fdaa2a56210.abstract_process_macro.180b33b92c8787fc-cgu.09.rcgu.o:(lunatic::panic::catch_panic::<core::result::Result<abstract_process_macro::reply_types::A, ()>, lunatic::ap::lifecycles::startup<abstract_process_macro::reply_types::A>::{closure#0}>)
[INFO] [stdout]           >>> referenced 13 more times
[INFO] [stdout]           
[INFO] [stdout]           rust-lld: error: undefined symbol: die_when_link_dies
[INFO] [stdout]           >>> referenced by abstract_process_macro.rs:58 (tests/abstract_process_macro.rs:58)
[INFO] [stdout]           >>>               /opt/rustwide/target/debug/deps/abstract_process_macro-d8b79fdaa2a56210.abstract_process_macro.180b33b92c8787fc-cgu.07.rcgu.o:(<abstract_process_macro::handle_link_trapped::A>::init)
[INFO] [stdout]           
[INFO] [stdout]           rust-lld: error: undefined symbol: receive
[INFO] [stdout]           >>> referenced by mailbox.rs:275 (src/mailbox.rs:275)
[INFO] [stdout]           >>>               /opt/rustwide/target/debug/deps/abstract_process_macro-d8b79fdaa2a56210.abstract_process_macro.180b33b92c8787fc-cgu.05.rcgu.o:(<lunatic::mailbox::Mailbox<core::result::Result<(), lunatic::ap::StartupError<abstract_process_macro::generics::GenAdder<f32>>>>>::receive_)
[INFO] [stdout]           >>> referenced by mailbox.rs:275 (src/mailbox.rs:275)
[INFO] [stdout]           >>>               /opt/rustwide/target/debug/deps/abstract_process_macro-d8b79fdaa2a56210.abstract_process_macro.180b33b92c8787fc-cgu.05.rcgu.o:(<lunatic::mailbox::Mailbox<core::result::Result<(), lunatic::ap::StartupError<abstract_process_macro::visibility::m::Counter>>>>::receive_)
[INFO] [stdout]           >>> referenced by mailbox.rs:275 (src/mailbox.rs:275)
[INFO] [stdout]           >>>               /opt/rustwide/target/debug/deps/abstract_process_macro-d8b79fdaa2a56210.abstract_process_macro.180b33b92c8787fc-cgu.05.rcgu.o:(<lunatic::mailbox::Mailbox<core::result::Result<(), lunatic::ap::StartupError<abstract_process_macro::reply_types::A>>>>::receive_)
[INFO] [stdout]           >>> referenced 46 more times
[INFO] [stdout]           
[INFO] [stdout]           rust-lld: error: undefined symbol: get_tag
[INFO] [stdout]           >>> referenced by mailbox.rs:282 (src/mailbox.rs:282)
[INFO] [stdout]           >>>               /opt/rustwide/target/debug/deps/abstract_process_macro-d8b79fdaa2a56210.abstract_process_macro.180b33b92c8787fc-cgu.05.rcgu.o:(<lunatic::mailbox::Mailbox<core::result::Result<(), lunatic::ap::StartupError<abstract_process_macro::generics::GenAdder<f32>>>>>::receive_)
[INFO] [stdout]           >>> referenced by mailbox.rs:282 (src/mailbox.rs:282)
[INFO] [stdout]           >>>               /opt/rustwide/target/debug/deps/abstract_process_macro-d8b79fdaa2a56210.abstract_process_macro.180b33b92c8787fc-cgu.05.rcgu.o:(<lunatic::mailbox::Mailbox<core::result::Result<(), lunatic::ap::StartupError<abstract_process_macro::visibility::m::Counter>>>>::receive_)
[INFO] [stdout]           >>> referenced by mailbox.rs:282 (src/mailbox.rs:282)
[INFO] [stdout]           >>>               /opt/rustwide/target/debug/deps/abstract_process_macro-d8b79fdaa2a56210.abstract_process_macro.180b33b92c8787fc-cgu.05.rcgu.o:(<lunatic::mailbox::Mailbox<core::result::Result<(), lunatic::ap::StartupError<abstract_process_macro::reply_types::A>>>>::receive_)
[INFO] [stdout]           >>> referenced 62 more times
[INFO] [stdout]           
[INFO] [stdout]           rust-lld: error: undefined symbol: get_process_id
[INFO] [stdout]           >>> referenced by mailbox.rs:285 (src/mailbox.rs:285)
[INFO] [stdout]           >>>               /opt/rustwide/target/debug/deps/abstract_process_macro-d8b79fdaa2a56210.abstract_process_macro.180b33b92c8787fc-cgu.05.rcgu.o:(<lunatic::mailbox::Mailbox<core::result::Result<(), lunatic::ap::StartupError<abstract_process_macro::generics::GenAdder<f32>>>>>::receive_)
[INFO] [stdout]           >>> referenced by mailbox.rs:285 (src/mailbox.rs:285)
[INFO] [stdout]           >>>               /opt/rustwide/target/debug/deps/abstract_process_macro-d8b79fdaa2a56210.abstract_process_macro.180b33b92c8787fc-cgu.05.rcgu.o:(<lunatic::mailbox::Mailbox<core::result::Result<(), lunatic::ap::StartupError<abstract_process_macro::visibility::m::Counter>>>>::receive_)
[INFO] [stdout]           >>> referenced by mailbox.rs:285 (src/mailbox.rs:285)
[INFO] [stdout]           >>>               /opt/rustwide/target/debug/deps/abstract_process_macro-d8b79fdaa2a56210.abstract_process_macro.180b33b92c8787fc-cgu.05.rcgu.o:(<lunatic::mailbox::Mailbox<core::result::Result<(), lunatic::ap::StartupError<abstract_process_macro::reply_types::A>>>>::receive_)
[INFO] [stdout]           >>> referenced 30 more times
[INFO] [stdout]           
[INFO] [stdout]           rust-lld: error: undefined symbol: sleep_ms
[INFO] [stdout]           >>> referenced by lib.rs:159 (src/lib.rs:159)
[INFO] [stdout]           >>>               lunatic-42ce80e7dd7972db.lunatic.d2f504f5231997d0-cgu.0.rcgu.o:(lunatic::sleep) in archive /opt/rustwide/target/debug/deps/liblunatic-42ce80e7dd7972db.rlib
[INFO] [stdout]           
[INFO] [stdout]           rust-lld: error: undefined symbol: process_id
[INFO] [stdout]           >>> referenced by mod.rs:98 (src/host/mod.rs:98)
[INFO] [stdout]           >>>               lunatic-42ce80e7dd7972db.lunatic.d2f504f5231997d0-cgu.0.rcgu.o:(lunatic::host::process_id) in archive /opt/rustwide/target/debug/deps/liblunatic-42ce80e7dd7972db.rlib
[INFO] [stdout]           
[INFO] [stdout]           rust-lld: error: undefined symbol: send_receive_skip_search
[INFO] [stdout]           >>> referenced by mod.rs:118 (src/host/mod.rs:118)
[INFO] [stdout]           >>>               lunatic-42ce80e7dd7972db.lunatic.d2f504f5231997d0-cgu.0.rcgu.o:(lunatic::host::send_receive_skip_search) in archive /opt/rustwide/target/debug/deps/liblunatic-42ce80e7dd7972db.rlib
[INFO] [stdout]           >>> referenced by mod.rs:115 (src/host/mod.rs:115)
[INFO] [stdout]           >>>               lunatic-42ce80e7dd7972db.lunatic.d2f504f5231997d0-cgu.0.rcgu.o:(lunatic::host::send_receive_skip_search) in archive /opt/rustwide/target/debug/deps/liblunatic-42ce80e7dd7972db.rlib
[INFO] [stdout]           
[INFO] [stdout]           rust-lld: error: undefined symbol: module_id
[INFO] [stdout]           >>> referenced by mod.rs:44 (src/host/mod.rs:44)
[INFO] [stdout]           >>>               lunatic-42ce80e7dd7972db.lunatic.d2f504f5231997d0-cgu.0.rcgu.o:(lunatic::host::spawn) in archive /opt/rustwide/target/debug/deps/liblunatic-42ce80e7dd7972db.rlib
[INFO] [stdout]           
[INFO] [stdout]           rust-lld: error: undefined symbol: spawn
[INFO] [stdout]           >>> referenced by mod.rs:41 (src/host/mod.rs:41)
[INFO] [stdout]           >>>               lunatic-42ce80e7dd7972db.lunatic.d2f504f5231997d0-cgu.0.rcgu.o:(lunatic::host::spawn) in archive /opt/rustwide/target/debug/deps/liblunatic-42ce80e7dd7972db.rlib
[INFO] [stdout]           >>> referenced by mod.rs:66 (src/host/mod.rs:66)
[INFO] [stdout]           >>>               lunatic-42ce80e7dd7972db.lunatic.d2f504f5231997d0-cgu.0.rcgu.o:(lunatic::host::spawn) in archive /opt/rustwide/target/debug/deps/liblunatic-42ce80e7dd7972db.rlib
[INFO] [stdout]           
[INFO] [stdout]           rust-lld: error: undefined symbol: get_or_spawn
[INFO] [stdout]           >>> referenced by mod.rs:52 (src/host/mod.rs:52)
[INFO] [stdout]           >>>               lunatic-42ce80e7dd7972db.lunatic.d2f504f5231997d0-cgu.0.rcgu.o:(lunatic::host::spawn) in archive /opt/rustwide/target/debug/deps/liblunatic-42ce80e7dd7972db.rlib
[INFO] [stdout]           
[INFO] [stdout]           rust-lld: error: undefined symbol: node_id
[INFO] [stdout]           >>> referenced by mod.rs:102 (src/host/mod.rs:102)
[INFO] [stdout]           >>>               lunatic-42ce80e7dd7972db.lunatic.d2f504f5231997d0-cgu.0.rcgu.o:(lunatic::host::node_id) in archive /opt/rustwide/target/debug/deps/liblunatic-42ce80e7dd7972db.rlib
[INFO] [stdout]           
[INFO] [stdout]           rust-lld: error: undefined symbol: drop
[INFO] [stdout]           >>> referenced by error.rs:25 (src/error.rs:25)
[INFO] [stdout]           >>>               lunatic-42ce80e7dd7972db.lunatic.d2f504f5231997d0-cgu.0.rcgu.o:(<lunatic::error::LunaticError as core::ops::drop::Drop>::drop) in archive /opt/rustwide/target/debug/deps/liblunatic-42ce80e7dd7972db.rlib
[INFO] [stdout]           
[INFO] [stdout]           rust-lld: error: undefined symbol: drop_config
[INFO] [stdout]           >>> referenced by config.rs:20 (src/config.rs:20)
[INFO] [stdout]           >>>               lunatic-42ce80e7dd7972db.lunatic.d2f504f5231997d0-cgu.0.rcgu.o:(<lunatic::config::ProcessConfigType as core::ops::drop::Drop>::drop) in archive /opt/rustwide/target/debug/deps/liblunatic-42ce80e7dd7972db.rlib
[INFO] [stdout]           
[INFO] [stdout]           rust-lld: error: undefined symbol: drop_module
[INFO] [stdout]           >>> referenced by module.rs:24 (src/module.rs:24)
[INFO] [stdout]           >>>               lunatic-42ce80e7dd7972db.lunatic.d2f504f5231997d0-cgu.0.rcgu.o:(<lunatic::module::WasmModule as core::ops::drop::Drop>::drop) in archive /opt/rustwide/target/debug/deps/liblunatic-42ce80e7dd7972db.rlib
[INFO] [stdout]           
[INFO] [stdout]           rust-lld: error: undefined symbol: read_data
[INFO] [stdout]           >>> referenced by serializer.rs:208 (src/serializer.rs:208)
[INFO] [stdout]           >>>               lunatic-42ce80e7dd7972db.lunatic.d2f504f5231997d0-cgu.0.rcgu.o:(<lunatic::serializer::MessageRw as std::io::Read>::read) in archive /opt/rustwide/target/debug/deps/liblunatic-42ce80e7dd7972db.rlib
[INFO] [stdout]           
[INFO] [stdout]           rust-lld: error: undefined symbol: write_data
[INFO] [stdout]           >>> referenced by serializer.rs:214 (src/serializer.rs:214)
[INFO] [stdout]           >>>               lunatic-42ce80e7dd7972db.lunatic.d2f504f5231997d0-cgu.0.rcgu.o:(<lunatic::serializer::MessageRw as std::io::Write>::write) in archive /opt/rustwide/target/debug/deps/liblunatic-42ce80e7dd7972db.rlib
[INFO] [stdout]           
[INFO] [stdout]           rust-lld: error: undefined symbol: string_size
[INFO] [stdout]           >>> referenced by error.rs:37 (src/error.rs:37)
[INFO] [stdout]           >>>               lunatic-42ce80e7dd7972db.lunatic.d2f504f5231997d0-cgu.0.rcgu.o:(<lunatic::error::LunaticError as core::fmt::Debug>::fmt) in archive /opt/rustwide/target/debug/deps/liblunatic-42ce80e7dd7972db.rlib
[INFO] [stdout]           
[INFO] [stdout]           rust-lld: error: too many errors emitted, stopping now (use --error-limit=0 to see all errors)
[INFO] [stdout]           collect2: error: ld returned 1 exit status
[INFO] [stdout]           
[INFO] [stdout] 
[INFO] [stdout] 
[INFO] [stderr] error: could not compile `lunatic` (test "abstract_process_macro") due to 1 previous error
[INFO] running `Command { std: "docker" "inspect" "d29fdf5c7c1bbaa37ff18ee14b00c14c2d19cb2488e91f5bc09337e2f9da1a52", kill_on_drop: false }`
[INFO] running `Command { std: "docker" "rm" "-f" "d29fdf5c7c1bbaa37ff18ee14b00c14c2d19cb2488e91f5bc09337e2f9da1a52", kill_on_drop: false }`
[INFO] [stdout] d29fdf5c7c1bbaa37ff18ee14b00c14c2d19cb2488e91f5bc09337e2f9da1a52
