[INFO] cloning repository https://github.com/lukeasrodgers/rust-echo
[INFO] running `Command { std: "git" "-c" "credential.helper=" "-c" "credential.helper=/workspace/cargo-home/bin/git-credential-null" "clone" "--bare" "https://github.com/lukeasrodgers/rust-echo" "/workspace/cache/git-repos/https%3A%2F%2Fgithub.com%2Flukeasrodgers%2Frust-echo", kill_on_drop: false }`
[INFO] [stderr] Cloning into bare repository '/workspace/cache/git-repos/https%3A%2F%2Fgithub.com%2Flukeasrodgers%2Frust-echo'...
[INFO] running `Command { std: "git" "rev-parse" "HEAD", kill_on_drop: false }`
[INFO] [stdout] 6c6776efe03ae03c2088e706026546325903bbee
[INFO] testing lukeasrodgers/rust-echo against 1.98.0-beta.1 for beta-1.98-2
[INFO] running `Command { std: "git" "clone" "/workspace/cache/git-repos/https%3A%2F%2Fgithub.com%2Flukeasrodgers%2Frust-echo" "/workspace/builds/worker-5-tc2/source", kill_on_drop: false }`
[INFO] [stderr] Cloning into '/workspace/builds/worker-5-tc2/source'...
[INFO] [stderr] done.
[INFO] started tweaking git repo https://github.com/lukeasrodgers/rust-echo
[INFO] finished tweaking git repo https://github.com/lukeasrodgers/rust-echo
[INFO] tweaked toml for git repo https://github.com/lukeasrodgers/rust-echo written to /workspace/builds/worker-5-tc2/source/Cargo.toml
[INFO] validating manifest of git repo https://github.com/lukeasrodgers/rust-echo on toolchain 1.98.0-beta.1
[INFO] running `Command { std: CARGO_HOME="/workspace/cargo-home" RUSTUP_HOME="/workspace/rustup-home" "/workspace/cargo-home/bin/cargo" "+1.98.0-beta.1" "metadata" "--manifest-path" "Cargo.toml" "--no-deps", kill_on_drop: false }`
[INFO] crate git repo https://github.com/lukeasrodgers/rust-echo already has a lockfile, it will not be regenerated
[INFO] running `Command { std: CARGO_HOME="/workspace/cargo-home" RUSTUP_HOME="/workspace/rustup-home" "/workspace/cargo-home/bin/cargo" "+1.98.0-beta.1" "fetch" "--manifest-path" "Cargo.toml", kill_on_drop: false }`
[INFO] [stderr] warning: Cargo.toml: `package.edition` is unspecified, defaulting to `2015` while the latest is `2024`
[INFO] [stderr] warning: `echo` (manifest) generated 1 warning
[INFO] running `Command { std: "docker" "create" "-v" "/var/lib/crater-agent-workspace/builds/worker-5-tc2/source:/opt/rustwide/workdir:ro,Z" "-v" "/var/lib/crater-agent-workspace/builds/worker-5-tc2/target:/opt/rustwide/target:rw,Z" "-v" "/var/lib/crater-agent-workspace/cargo-home:/opt/rustwide/cargo-home:ro,Z" "-v" "/var/lib/crater-agent-workspace/rustup-home:/opt/rustwide/rustup-home:ro,Z" "-m" "1610612736" "--network" "none" "ghcr.io/rust-lang/crates-build-env/linux@sha256:3d5ced03c013a94a2f102a4510f48a6e9184255caf5fd8244f58017bde7f5210" "sleep" "infinity", kill_on_drop: false }`
[INFO] [stdout] d56c2a619350038cc457de4eee80860180f40dd3e4fd5d33fb6137d1ae3c564a
[INFO] running `Command { std: "docker" "start" "d56c2a619350038cc457de4eee80860180f40dd3e4fd5d33fb6137d1ae3c564a", kill_on_drop: false }`
[INFO] running `Command { std: "docker" "inspect" "d56c2a619350038cc457de4eee80860180f40dd3e4fd5d33fb6137d1ae3c564a", kill_on_drop: false }`
[INFO] running `Command { std: "docker" "exec" "-e" "SOURCE_DIR=/opt/rustwide/workdir" "-e" "CARGO_HOME=/opt/rustwide/cargo-home" "-e" "RUSTUP_HOME=/opt/rustwide/rustup-home" "-e" "CARGO_TARGET_DIR=/opt/rustwide/target" "-w" "/opt/rustwide/workdir" "--user" "0:0" "d56c2a619350038cc457de4eee80860180f40dd3e4fd5d33fb6137d1ae3c564a" "/opt/rustwide/cargo-home/bin/cargo" "+1.98.0-beta.1" "metadata" "--no-deps" "--format-version=1", kill_on_drop: false }`
[INFO] running `Command { std: "docker" "inspect" "d56c2a619350038cc457de4eee80860180f40dd3e4fd5d33fb6137d1ae3c564a", kill_on_drop: false }`
[INFO] running `Command { std: "docker" "exec" "-e" "SOURCE_DIR=/opt/rustwide/workdir" "-e" "CARGO_HOME=/opt/rustwide/cargo-home" "-e" "RUSTUP_HOME=/opt/rustwide/rustup-home" "-e" "CARGO_TARGET_DIR=/opt/rustwide/target" "-e" "CARGO_INCREMENTAL=0" "-e" "RUST_BACKTRACE=full" "-e" "RUSTFLAGS=--cap-lints=warn" "-e" "RUSTDOCFLAGS=--cap-lints=warn" "-w" "/opt/rustwide/workdir" "--user" "0:0" "d56c2a619350038cc457de4eee80860180f40dd3e4fd5d33fb6137d1ae3c564a" "/opt/rustwide/cargo-home/bin/cargo" "+1.98.0-beta.1" "build" "--frozen" "--message-format=json", kill_on_drop: false }`
[INFO] [stderr] warning: Cargo.toml: `package.edition` is unspecified, defaulting to `2015` while the latest is `2024`
[INFO] [stderr] warning: `echo` (manifest) generated 1 warning
[INFO] [stderr]    Compiling regex v0.1.10
[INFO] [stderr]    Compiling getopts v0.1.4
[INFO] [stdout] error: expected parameter name, found `:`
[INFO] [stdout]    --> /opt/rustwide/cargo-home/registry/src/index.crates.io-1949cf8c6b5b557f/regex-0.1.10/src/re.rs:782:46
[INFO] [stdout]     |
[INFO] [stdout] 782 |         let text = re.replace_all(text, |&mut: refs: &Captures| -> String {
[INFO] [stdout]     |                                              ^ expected parameter name
[INFO] [stdout] 
[INFO] [stdout] 
[INFO] [stdout] error[E0463]: can't find crate for `unicode`
[INFO] [stdout]    --> /opt/rustwide/cargo-home/registry/src/index.crates.io-1949cf8c6b5b557f/regex-0.1.10/src/lib.rs:378:1
[INFO] [stdout]     |
[INFO] [stdout] 378 | extern crate unicode;
[INFO] [stdout]     | ^^^^^^^^^^^^^^^^^^^^^ can't find crate
[INFO] [stdout] 
[INFO] [stdout] 
[INFO] [stdout] error[E0432]: unresolved import `std::borrow::IntoCow`
[INFO] [stdout]   --> /opt/rustwide/cargo-home/registry/src/index.crates.io-1949cf8c6b5b557f/regex-0.1.10/src/re.rs:14:5
[INFO] [stdout]    |
[INFO] [stdout] 14 | use std::borrow::IntoCow;
[INFO] [stdout]    |     ^^^^^^^^^^^^^-------
[INFO] [stdout]    |                  |
[INFO] [stdout]    |                  no `IntoCow` in `borrow`
[INFO] [stdout] 
[INFO] [stdout] 
[INFO] [stdout] error[E0432]: unresolved import `std::string::CowString`
[INFO] [stdout]   --> /opt/rustwide/cargo-home/registry/src/index.crates.io-1949cf8c6b5b557f/regex-0.1.10/src/re.rs:17:5
[INFO] [stdout]    |
[INFO] [stdout] 17 | use std::string::CowString;
[INFO] [stdout]    |     ^^^^^^^^^^^^^---------
[INFO] [stdout]    |                  |
[INFO] [stdout]    |                  no `CowString` in `string`
[INFO] [stdout]    |
[INFO] [stdout] help: a similar name exists in the module
[INFO] [stdout]    |
[INFO] [stdout] 17 - use std::string::CowString;
[INFO] [stdout] 17 + use std::string::ToString;
[INFO] [stdout]    |
[INFO] [stdout] 
[INFO] [stdout] 
[INFO] [stdout] error[E0432]: unresolved import `std::slice::SliceExt`
[INFO] [stdout]   --> /opt/rustwide/cargo-home/registry/src/index.crates.io-1949cf8c6b5b557f/regex-0.1.10/src/vm.rs:42:5
[INFO] [stdout]    |
[INFO] [stdout] 42 | use std::slice::SliceExt;
[INFO] [stdout]    |     ^^^^^^^^^^^^--------
[INFO] [stdout]    |                 |
[INFO] [stdout]    |                 no `SliceExt` in `slice`
[INFO] [stdout] 
[INFO] [stdout] 
[INFO] [stdout] error: cannot find derive macro `Show` in this scope
[INFO] [stdout]   --> /opt/rustwide/cargo-home/registry/src/index.crates.io-1949cf8c6b5b557f/regex-0.1.10/src/compile.rs:27:10
[INFO] [stdout]    |
[INFO] [stdout] 27 | #[derive(Show, Clone)]
[INFO] [stdout]    |          ^^^^
[INFO] [stdout] 
[INFO] [stdout] 
[INFO] [stdout] error: cannot find derive macro `Show` in this scope
[INFO] [stdout]   --> /opt/rustwide/cargo-home/registry/src/index.crates.io-1949cf8c6b5b557f/regex-0.1.10/src/parse.rs:33:10
[INFO] [stdout]    |
[INFO] [stdout] 33 | #[derive(Show)]
[INFO] [stdout]    |          ^^^^
[INFO] [stdout] 
[INFO] [stdout] 
[INFO] [stdout] error: cannot find derive macro `Show` in this scope
[INFO] [stdout]   --> /opt/rustwide/cargo-home/registry/src/index.crates.io-1949cf8c6b5b557f/regex-0.1.10/src/parse.rs:56:10
[INFO] [stdout]    |
[INFO] [stdout] 56 | #[derive(Show, Clone)]
[INFO] [stdout]    |          ^^^^
[INFO] [stdout] 
[INFO] [stdout] 
[INFO] [stdout] error: cannot find derive macro `Show` in this scope
[INFO] [stdout]   --> /opt/rustwide/cargo-home/registry/src/index.crates.io-1949cf8c6b5b557f/regex-0.1.10/src/parse.rs:73:10
[INFO] [stdout]    |
[INFO] [stdout] 73 | #[derive(Show, PartialEq, Clone)]
[INFO] [stdout]    |          ^^^^
[INFO] [stdout] 
[INFO] [stdout] 
[INFO] [stdout] error: cannot find derive macro `Show` in this scope
[INFO] [stdout]   --> /opt/rustwide/cargo-home/registry/src/index.crates.io-1949cf8c6b5b557f/regex-0.1.10/src/parse.rs:80:10
[INFO] [stdout]    |
[INFO] [stdout] 80 | #[derive(Show, Clone)]
[INFO] [stdout]    |          ^^^^
[INFO] [stdout] 
[INFO] [stdout] 
[INFO] [stdout] error: expected parameter name, found `:`
[INFO] [stdout]    --> /opt/rustwide/cargo-home/registry/src/index.crates.io-1949cf8c6b5b557f/getopts-0.1.4/src/lib.rs:864:28
[INFO] [stdout]     |
[INFO] [stdout] 864 |     let mut machine = |&mut: cont: &mut bool, (i, c): (usize, char)| {
[INFO] [stdout]     |                            ^ expected parameter name
[INFO] [stdout] 
[INFO] [stdout] 
[INFO] [stdout] error: cannot find derive macro `Show` in this scope
[INFO] [stdout]    --> /opt/rustwide/cargo-home/registry/src/index.crates.io-1949cf8c6b5b557f/regex-0.1.10/src/parse.rs:109:10
[INFO] [stdout]     |
[INFO] [stdout] 109 | #[derive(Show)]
[INFO] [stdout]     |          ^^^^
[INFO] [stdout] 
[INFO] [stdout] 
[INFO] [stdout] error[E0405]: cannot find trait `String` in module `fmt`
[INFO] [stdout]   --> /opt/rustwide/cargo-home/registry/src/index.crates.io-1949cf8c6b5b557f/regex-0.1.10/src/parse.rs:41:11
[INFO] [stdout]    |
[INFO] [stdout] 41 | impl fmt::String for Error {
[INFO] [stdout]    |           ^^^^^^ not found in `fmt`
[INFO] [stdout] 
[INFO] [stdout] 
[INFO] [stdout] error[E0423]: expected function, found module `iter::range`
[INFO] [stdout]    --> /opt/rustwide/cargo-home/registry/src/index.crates.io-1949cf8c6b5b557f/regex-0.1.10/src/parse.rs:570:22
[INFO] [stdout]     |
[INFO] [stdout] 570 |             for _ in iter::range(0, min) {
[INFO] [stdout]     |                      ^^^^^^^^^^^ not a function
[INFO] [stdout] 
[INFO] [stdout] 
[INFO] [stdout] error[E0423]: expected function, found module `iter::range`
[INFO] [stdout]    --> /opt/rustwide/cargo-home/registry/src/index.crates.io-1949cf8c6b5b557f/regex-0.1.10/src/parse.rs:578:22
[INFO] [stdout]     |
[INFO] [stdout] 578 |             for _ in iter::range(0, min) {
[INFO] [stdout]     |                      ^^^^^^^^^^^ not a function
[INFO] [stdout] 
[INFO] [stdout] 
[INFO] [stdout] error[E0423]: expected function, found module `iter::range`
[INFO] [stdout]    --> /opt/rustwide/cargo-home/registry/src/index.crates.io-1949cf8c6b5b557f/regex-0.1.10/src/parse.rs:582:26
[INFO] [stdout]     |
[INFO] [stdout] 582 |                 for _ in iter::range(min, max.unwrap()) {
[INFO] [stdout]     |                          ^^^^^^^^^^^ not a function
[INFO] [stdout] 
[INFO] [stdout] 
[INFO] [stdout] error[E0425]: cannot find function `from_str_radix` in module `num`
[INFO] [stdout]    --> /opt/rustwide/cargo-home/registry/src/index.crates.io-1949cf8c6b5b557f/regex-0.1.10/src/parse.rs:687:20
[INFO] [stdout]     |
[INFO] [stdout] 687 |         match num::from_str_radix::<u32>(s.as_slice(), 8) {
[INFO] [stdout]     |                    ^^^^^^^^^^^^^^ not found in `num`
[INFO] [stdout] 
[INFO] [stdout] 
[INFO] [stdout] error[E0425]: cannot find function `from_str_radix` in module `num`
[INFO] [stdout]    --> /opt/rustwide/cargo-home/registry/src/index.crates.io-1949cf8c6b5b557f/regex-0.1.10/src/parse.rs:731:20
[INFO] [stdout]     |
[INFO] [stdout] 731 |         match num::from_str_radix::<u32>(s, 16) {
[INFO] [stdout]     |                    ^^^^^^^^^^^^^^ not found in `num`
[INFO] [stdout] 
[INFO] [stdout] 
[INFO] [stdout] error[E0405]: cannot find trait `String` in module `fmt`
[INFO] [stdout]    --> /opt/rustwide/cargo-home/registry/src/index.crates.io-1949cf8c6b5b557f/regex-0.1.10/src/re.rs:148:11
[INFO] [stdout]     |
[INFO] [stdout] 148 | impl fmt::String for Regex {
[INFO] [stdout]     |           ^^^^^^ not found in `fmt`
[INFO] [stdout] 
[INFO] [stdout] 
[INFO] [stdout] error[E0405]: cannot find trait `Show` in module `fmt`
[INFO] [stdout]    --> /opt/rustwide/cargo-home/registry/src/index.crates.io-1949cf8c6b5b557f/regex-0.1.10/src/re.rs:155:11
[INFO] [stdout]     |
[INFO] [stdout] 155 | impl fmt::Show for Regex {
[INFO] [stdout]     |           ^^^^ not found in `fmt`
[INFO] [stdout] 
[INFO] [stdout] 
[INFO] [stdout] error: cannot find derive macro `Show` in this scope
[INFO] [stdout]    --> /opt/rustwide/cargo-home/registry/src/index.crates.io-1949cf8c6b5b557f/getopts-0.1.4/src/lib.rs:192:32
[INFO] [stdout]     |
[INFO] [stdout] 192 | #[derive(Clone, PartialEq, Eq, Show)]
[INFO] [stdout]     |                                ^^^^
[INFO] [stdout] 
[INFO] [stdout] 
[INFO] [stdout] error[E0433]: cannot find `String` in `fmt`
[INFO] [stdout]    --> /opt/rustwide/cargo-home/registry/src/index.crates.io-1949cf8c6b5b557f/regex-0.1.10/src/re.rs:158:14
[INFO] [stdout]     |
[INFO] [stdout] 158 |         fmt::String::fmt(self, f)
[INFO] [stdout]     |              ^^^^^^ could not find `String` in `fmt`
[INFO] [stdout]     |
[INFO] [stdout] help: consider importing this struct
[INFO] [stdout]     |
[INFO] [stdout]  11 + use std::string::String;
[INFO] [stdout]     |
[INFO] [stdout] help: if you import `String`, refer to it directly
[INFO] [stdout]     |
[INFO] [stdout] 158 -         fmt::String::fmt(self, f)
[INFO] [stdout] 158 +         String::fmt(self, f)
[INFO] [stdout]     |
[INFO] [stdout] 
[INFO] [stdout] 
[INFO] [stdout] error[E0603]: module `range` is private
[INFO] [stdout]    --> /opt/rustwide/cargo-home/registry/src/index.crates.io-1949cf8c6b5b557f/regex-0.1.10/src/parse.rs:570:28
[INFO] [stdout]     |
[INFO] [stdout] 570 |             for _ in iter::range(0, min) {
[INFO] [stdout]     |                            ^^^^^ private module
[INFO] [stdout]     |
[INFO] [stdout] note: the module `range` is defined here
[INFO] [stdout]    --> /rustc/6b3fa26749ab40e159b2dd5cf577acaaf5902772/library/core/src/iter/mod.rs:467:0
[INFO] [stdout] 
[INFO] [stdout] 
[INFO] [stdout] error[E0603]: module `range` is private
[INFO] [stdout]    --> /opt/rustwide/cargo-home/registry/src/index.crates.io-1949cf8c6b5b557f/regex-0.1.10/src/parse.rs:578:28
[INFO] [stdout]     |
[INFO] [stdout] 578 |             for _ in iter::range(0, min) {
[INFO] [stdout]     |                            ^^^^^ private module
[INFO] [stdout]     |
[INFO] [stdout] note: the module `range` is defined here
[INFO] [stdout]    --> /rustc/6b3fa26749ab40e159b2dd5cf577acaaf5902772/library/core/src/iter/mod.rs:467:0
[INFO] [stdout] 
[INFO] [stdout] 
[INFO] [stdout] error[E0603]: module `range` is private
[INFO] [stdout]    --> /opt/rustwide/cargo-home/registry/src/index.crates.io-1949cf8c6b5b557f/regex-0.1.10/src/parse.rs:582:32
[INFO] [stdout]     |
[INFO] [stdout] 582 |                 for _ in iter::range(min, max.unwrap()) {
[INFO] [stdout]     |                                ^^^^^ private module
[INFO] [stdout]     |
[INFO] [stdout] note: the module `range` is defined here
[INFO] [stdout]    --> /rustc/6b3fa26749ab40e159b2dd5cf577acaaf5902772/library/core/src/iter/mod.rs:467:0
[INFO] [stdout] 
[INFO] [stdout] 
[INFO] [stdout] error[E0405]: cannot find trait `String` in module `fmt`
[INFO] [stdout]    --> /opt/rustwide/cargo-home/registry/src/index.crates.io-1949cf8c6b5b557f/getopts-0.1.4/src/lib.rs:529:11
[INFO] [stdout]     |
[INFO] [stdout] 529 | impl fmt::String for Fail {
[INFO] [stdout]     |           ^^^^^^ not found in `fmt`
[INFO] [stdout] 
[INFO] [stdout] 
[INFO] [stdout] error[E0277]: the trait bound `FailType: Clone` is not satisfied
[INFO] [stdout]    --> /opt/rustwide/cargo-home/registry/src/index.crates.io-1949cf8c6b5b557f/getopts-0.1.4/src/lib.rs:217:15
[INFO] [stdout]     |
[INFO] [stdout] 217 | impl Copy for FailType {}
[INFO] [stdout]     |               ^^^^^^^^ the trait `Clone` is not implemented for `FailType`
[INFO] [stdout]     |
[INFO] [stdout] note: required by a bound in `Copy`
[INFO] [stdout]    --> /rustc/6b3fa26749ab40e159b2dd5cf577acaaf5902772/library/core/src/marker.rs:454:0
[INFO] [stdout] help: consider annotating `FailType` with `#[derive(Clone)]`
[INFO] [stdout]     |
[INFO] [stdout] 209 + #[derive(Clone)]
[INFO] [stdout] 210 | pub enum FailType {
[INFO] [stdout]     |
[INFO] [stdout] 
[INFO] [stdout] 
[INFO] [stdout] error[E0392]: lifetime parameter `'r` is never used
[INFO] [stdout]    --> /opt/rustwide/cargo-home/registry/src/index.crates.io-1949cf8c6b5b557f/regex-0.1.10/src/compile.rs:137:17
[INFO] [stdout]     |
[INFO] [stdout] 137 | struct Compiler<'r> {
[INFO] [stdout]     |                 ^^ unused lifetime parameter
[INFO] [stdout]     |
[INFO] [stdout]     = help: consider removing `'r`, referring to it in a field, or using a marker such as `PhantomData`
[INFO] [stdout] 
[INFO] [stdout] 
[INFO] [stdout] error[E0277]: the trait bound `SplitWithinState: Clone` is not satisfied
[INFO] [stdout]    --> /opt/rustwide/cargo-home/registry/src/index.crates.io-1949cf8c6b5b557f/getopts-0.1.4/src/lib.rs:822:15
[INFO] [stdout]     |
[INFO] [stdout] 822 | impl Copy for SplitWithinState {}
[INFO] [stdout]     |               ^^^^^^^^^^^^^^^^ the trait `Clone` is not implemented for `SplitWithinState`
[INFO] [stdout]     |
[INFO] [stdout] note: required by a bound in `Copy`
[INFO] [stdout]    --> /rustc/6b3fa26749ab40e159b2dd5cf577acaaf5902772/library/core/src/marker.rs:454:0
[INFO] [stdout] help: consider annotating `SplitWithinState` with `#[derive(Clone)]`
[INFO] [stdout]     |
[INFO] [stdout] 817 + #[derive(Clone)]
[INFO] [stdout] 818 | enum SplitWithinState {
[INFO] [stdout]     |
[INFO] [stdout] 
[INFO] [stdout] 
[INFO] [stdout] error[E0277]: the trait bound `Whitespace: Clone` is not satisfied
[INFO] [stdout]    --> /opt/rustwide/cargo-home/registry/src/index.crates.io-1949cf8c6b5b557f/getopts-0.1.4/src/lib.rs:827:15
[INFO] [stdout]     |
[INFO] [stdout] 827 | impl Copy for Whitespace {}
[INFO] [stdout]     |               ^^^^^^^^^^ the trait `Clone` is not implemented for `Whitespace`
[INFO] [stdout]     |
[INFO] [stdout] note: required by a bound in `Copy`
[INFO] [stdout]    --> /rustc/6b3fa26749ab40e159b2dd5cf577acaaf5902772/library/core/src/marker.rs:454:0
[INFO] [stdout] help: consider annotating `Whitespace` with `#[derive(Clone)]`
[INFO] [stdout]     |
[INFO] [stdout] 823 + #[derive(Clone)]
[INFO] [stdout] 824 | enum Whitespace {
[INFO] [stdout]     |
[INFO] [stdout] 
[INFO] [stdout] 
[INFO] [stdout] error[E0277]: the trait bound `LengthLimit: Clone` is not satisfied
[INFO] [stdout]    --> /opt/rustwide/cargo-home/registry/src/index.crates.io-1949cf8c6b5b557f/getopts-0.1.4/src/lib.rs:832:15
[INFO] [stdout]     |
[INFO] [stdout] 832 | impl Copy for LengthLimit {}
[INFO] [stdout]     |               ^^^^^^^^^^^ the trait `Clone` is not implemented for `LengthLimit`
[INFO] [stdout]     |
[INFO] [stdout] note: required by a bound in `Copy`
[INFO] [stdout]    --> /rustc/6b3fa26749ab40e159b2dd5cf577acaaf5902772/library/core/src/marker.rs:454:0
[INFO] [stdout] help: consider annotating `LengthLimit` with `#[derive(Clone)]`
[INFO] [stdout]     |
[INFO] [stdout] 828 + #[derive(Clone)]
[INFO] [stdout] 829 | enum LengthLimit {
[INFO] [stdout]     |
[INFO] [stdout] 
[INFO] [stdout] 
[INFO] [stdout] error[E0425]: cannot find function `range` in this scope
[INFO] [stdout]    --> /opt/rustwide/cargo-home/registry/src/index.crates.io-1949cf8c6b5b557f/getopts-0.1.4/src/lib.rs:565:20
[INFO] [stdout]     |
[INFO] [stdout] 565 |     let mut vals = range(0, n_opts).map(f).collect::<Vec<_>>();
[INFO] [stdout]     |                    ^^^^^ not found in this scope
[INFO] [stdout] 
[INFO] [stdout] 
[INFO] [stdout] error[E0425]: cannot find function `range` in this scope
[INFO] [stdout]    --> /opt/rustwide/cargo-home/registry/src/index.crates.io-1949cf8c6b5b557f/getopts-0.1.4/src/lib.rs:667:14
[INFO] [stdout]     |
[INFO] [stdout] 667 |     for i in range(0, n_opts) {
[INFO] [stdout]     |              ^^^^^ not found in this scope
[INFO] [stdout] 
[INFO] [stdout] 
[INFO] [stdout] error[E0425]: cannot find function `range` in this scope
[INFO] [stdout]    --> /opt/rustwide/cargo-home/registry/src/index.crates.io-1949cf8c6b5b557f/getopts-0.1.4/src/lib.rs:735:22
[INFO] [stdout]     |
[INFO] [stdout] 735 |             for _ in range(0, 24 - rowlen) {
[INFO] [stdout]     |                      ^^^^^ not found in this scope
[INFO] [stdout] 
[INFO] [stdout] 
[INFO] [stdout] Some errors have detailed explanations: E0277, E0405, E0425.
[INFO] [stdout] 
[INFO] [stdout] For more information about an error, try `rustc --explain E0277`.
[INFO] [stdout] 
[INFO] [stdout] error[E0392]: lifetime parameter `'a` is never used
[INFO] [stdout]    --> /opt/rustwide/cargo-home/registry/src/index.crates.io-1949cf8c6b5b557f/regex-0.1.10/src/parse.rs:179:15
[INFO] [stdout]     |
[INFO] [stdout] 179 | struct Parser<'a> {
[INFO] [stdout]     |               ^^ unused lifetime parameter
[INFO] [stdout]     |
[INFO] [stdout]     = help: consider removing `'a`, referring to it in a field, or using a marker such as `PhantomData`
[INFO] [stdout] 
[INFO] [stdout] 
[INFO] [stderr] error: could not compile `getopts` (lib) due to 10 previous errors
[INFO] [stderr] warning: build failed, waiting for other jobs to finish...
[INFO] [stdout] error[E0277]: the trait bound `MatchKind: Clone` is not satisfied
[INFO] [stdout]   --> /opt/rustwide/cargo-home/registry/src/index.crates.io-1949cf8c6b5b557f/regex-0.1.10/src/vm.rs:62:15
[INFO] [stdout]    |
[INFO] [stdout] 62 | impl Copy for MatchKind {}
[INFO] [stdout]    |               ^^^^^^^^^ the trait `Clone` is not implemented for `MatchKind`
[INFO] [stdout]    |
[INFO] [stdout] note: required by a bound in `Copy`
[INFO] [stdout]   --> /rustc/6b3fa26749ab40e159b2dd5cf577acaaf5902772/library/core/src/marker.rs:454:0
[INFO] [stdout] help: consider annotating `MatchKind` with `#[derive(Clone)]`
[INFO] [stdout]    |
[INFO] [stdout] 52 + #[derive(Clone)]
[INFO] [stdout] 53 | pub enum MatchKind {
[INFO] [stdout]    |
[INFO] [stdout] 
[INFO] [stdout] 
[INFO] [stdout] error[E0277]: the trait bound `StepState: Clone` is not satisfied
[INFO] [stdout]    --> /opt/rustwide/cargo-home/registry/src/index.crates.io-1949cf8c6b5b557f/regex-0.1.10/src/vm.rs:111:15
[INFO] [stdout]     |
[INFO] [stdout] 111 | impl Copy for StepState {}
[INFO] [stdout]     |               ^^^^^^^^^ the trait `Clone` is not implemented for `StepState`
[INFO] [stdout]     |
[INFO] [stdout] note: required by a bound in `Copy`
[INFO] [stdout]    --> /rustc/6b3fa26749ab40e159b2dd5cf577acaaf5902772/library/core/src/marker.rs:454:0
[INFO] [stdout] help: consider annotating `StepState` with `#[derive(Clone)]`
[INFO] [stdout]     |
[INFO] [stdout]  98 + #[derive(Clone)]
[INFO] [stdout]  99 | pub enum StepState {
[INFO] [stdout]     |
[INFO] [stdout] 
[INFO] [stdout] 
[INFO] [stdout] error[E0425]: cannot find function `range` in this scope
[INFO] [stdout]    --> /opt/rustwide/cargo-home/registry/src/index.crates.io-1949cf8c6b5b557f/regex-0.1.10/src/vm.rs:178:22
[INFO] [stdout]     |
[INFO] [stdout] 178 |             for i in range(0, clist.size) {
[INFO] [stdout]     |                      ^^^^^ not found in this scope
[INFO] [stdout] 
[INFO] [stdout] 
[INFO] [stdout] error[E0425]: cannot find function `range` in this scope
[INFO] [stdout]    --> /opt/rustwide/cargo-home/registry/src/index.crates.io-1949cf8c6b5b557f/regex-0.1.10/src/vm.rs:461:20
[INFO] [stdout]     |
[INFO] [stdout] 461 |             queue: range(0, num_insts).map(|_| {
[INFO] [stdout]     |                    ^^^^^ not found in this scope
[INFO] [stdout] 
[INFO] [stdout] 
[INFO] [stdout] Some errors have detailed explanations: E0277, E0392, E0405, E0423, E0425, E0432, E0433, E0463, E0603.
[INFO] [stdout] 
[INFO] [stdout] For more information about an error, try `rustc --explain E0277`.
[INFO] [stdout] 
[INFO] [stderr] error: could not compile `regex` (lib) due to 29 previous errors
[INFO] running `Command { std: "docker" "inspect" "d56c2a619350038cc457de4eee80860180f40dd3e4fd5d33fb6137d1ae3c564a", kill_on_drop: false }`
[INFO] running `Command { std: "docker" "rm" "-f" "d56c2a619350038cc457de4eee80860180f40dd3e4fd5d33fb6137d1ae3c564a", kill_on_drop: false }`
[INFO] [stdout] d56c2a619350038cc457de4eee80860180f40dd3e4fd5d33fb6137d1ae3c564a
