[INFO] cloning repository https://github.com/lucasroitman/Solana-Escrow-Rust
[INFO] running `Command { std: "git" "-c" "credential.helper=" "-c" "credential.helper=/workspace/cargo-home/bin/git-credential-null" "clone" "--bare" "https://github.com/lucasroitman/Solana-Escrow-Rust" "/workspace/cache/git-repos/https%3A%2F%2Fgithub.com%2Flucasroitman%2FSolana-Escrow-Rust", kill_on_drop: false }`
[INFO] [stderr] Cloning into bare repository '/workspace/cache/git-repos/https%3A%2F%2Fgithub.com%2Flucasroitman%2FSolana-Escrow-Rust'...
[INFO] running `Command { std: "git" "rev-parse" "HEAD", kill_on_drop: false }`
[INFO] [stdout] 9db60abadcdda84c382ed5941a3a91f5c9560c0b
[INFO] testing lucasroitman/Solana-Escrow-Rust against 1.98.0-beta.1 for beta-1.98-2
[INFO] running `Command { std: "git" "clone" "/workspace/cache/git-repos/https%3A%2F%2Fgithub.com%2Flucasroitman%2FSolana-Escrow-Rust" "/workspace/builds/worker-3-tc2/source", kill_on_drop: false }`
[INFO] [stderr] Cloning into '/workspace/builds/worker-3-tc2/source'...
[INFO] [stderr] done.
[INFO] started tweaking git repo https://github.com/lucasroitman/Solana-Escrow-Rust
[INFO] finished tweaking git repo https://github.com/lucasroitman/Solana-Escrow-Rust
[INFO] tweaked toml for git repo https://github.com/lucasroitman/Solana-Escrow-Rust written to /workspace/builds/worker-3-tc2/source/Cargo.toml
[INFO] validating manifest of git repo https://github.com/lucasroitman/Solana-Escrow-Rust on toolchain 1.98.0-beta.1
[INFO] running `Command { std: CARGO_HOME="/workspace/cargo-home" RUSTUP_HOME="/workspace/rustup-home" "/workspace/cargo-home/bin/cargo" "+1.98.0-beta.1" "metadata" "--manifest-path" "Cargo.toml" "--no-deps", kill_on_drop: false }`
[INFO] crate git repo https://github.com/lucasroitman/Solana-Escrow-Rust already has a lockfile, it will not be regenerated
[INFO] running `Command { std: CARGO_HOME="/workspace/cargo-home" RUSTUP_HOME="/workspace/rustup-home" "/workspace/cargo-home/bin/cargo" "+1.98.0-beta.1" "fetch" "--manifest-path" "Cargo.toml", kill_on_drop: false }`
[INFO] running `Command { std: "docker" "create" "-v" "/var/lib/crater-agent-workspace/builds/worker-3-tc2/source:/opt/rustwide/workdir:ro,Z" "-v" "/var/lib/crater-agent-workspace/builds/worker-3-tc2/target:/opt/rustwide/target:rw,Z" "-v" "/var/lib/crater-agent-workspace/cargo-home:/opt/rustwide/cargo-home:ro,Z" "-v" "/var/lib/crater-agent-workspace/rustup-home:/opt/rustwide/rustup-home:ro,Z" "-m" "1610612736" "--network" "none" "ghcr.io/rust-lang/crates-build-env/linux@sha256:3d5ced03c013a94a2f102a4510f48a6e9184255caf5fd8244f58017bde7f5210" "sleep" "infinity", kill_on_drop: false }`
[INFO] [stdout] db3d0f9046dc70e28f8c35e04c571a6d595fa9ef2e0d8af577c526b188dcd7bf
[INFO] running `Command { std: "docker" "start" "db3d0f9046dc70e28f8c35e04c571a6d595fa9ef2e0d8af577c526b188dcd7bf", kill_on_drop: false }`
[INFO] running `Command { std: "docker" "inspect" "db3d0f9046dc70e28f8c35e04c571a6d595fa9ef2e0d8af577c526b188dcd7bf", kill_on_drop: false }`
[INFO] running `Command { std: "docker" "exec" "-e" "SOURCE_DIR=/opt/rustwide/workdir" "-e" "CARGO_HOME=/opt/rustwide/cargo-home" "-e" "RUSTUP_HOME=/opt/rustwide/rustup-home" "-e" "CARGO_TARGET_DIR=/opt/rustwide/target" "-w" "/opt/rustwide/workdir" "--user" "0:0" "db3d0f9046dc70e28f8c35e04c571a6d595fa9ef2e0d8af577c526b188dcd7bf" "/opt/rustwide/cargo-home/bin/cargo" "+1.98.0-beta.1" "metadata" "--no-deps" "--format-version=1", kill_on_drop: false }`
[INFO] running `Command { std: "docker" "inspect" "db3d0f9046dc70e28f8c35e04c571a6d595fa9ef2e0d8af577c526b188dcd7bf", kill_on_drop: false }`
[INFO] running `Command { std: "docker" "exec" "-e" "SOURCE_DIR=/opt/rustwide/workdir" "-e" "CARGO_HOME=/opt/rustwide/cargo-home" "-e" "RUSTUP_HOME=/opt/rustwide/rustup-home" "-e" "CARGO_TARGET_DIR=/opt/rustwide/target" "-e" "CARGO_INCREMENTAL=0" "-e" "RUST_BACKTRACE=full" "-e" "RUSTFLAGS=--cap-lints=warn" "-e" "RUSTDOCFLAGS=--cap-lints=warn" "-w" "/opt/rustwide/workdir" "--user" "0:0" "db3d0f9046dc70e28f8c35e04c571a6d595fa9ef2e0d8af577c526b188dcd7bf" "/opt/rustwide/cargo-home/bin/cargo" "+1.98.0-beta.1" "build" "--frozen" "--message-format=json", kill_on_drop: false }`
[INFO] [stderr]    Compiling proc-macro2 v1.0.27
[INFO] [stderr]    Compiling syn v1.0.73
[INFO] [stderr]    Compiling serde_derive v1.0.126
[INFO] [stderr]    Compiling serde v1.0.126
[INFO] [stderr]    Compiling libc v0.2.98
[INFO] [stderr]    Compiling typenum v1.13.0
[INFO] [stderr]    Compiling semver-parser v0.7.0
[INFO] [stderr]    Compiling memchr v2.4.0
[INFO] [stderr]    Compiling log v0.4.14
[INFO] [stderr]    Compiling block-padding v0.2.1
[INFO] [stderr]    Compiling feature-probe v0.1.1
[INFO] [stderr]    Compiling generic-array v0.14.4
[INFO] [stderr]    Compiling subtle v2.4.0
[INFO] [stderr]    Compiling rustversion v1.0.5
[INFO] [stderr]    Compiling termcolor v1.1.2
[INFO] [stderr]    Compiling humantime v2.1.0
[INFO] [stderr]    Compiling lazy_static v1.4.0
[INFO] [stderr]    Compiling num-traits v0.2.14
[INFO] [stderr]    Compiling semver v0.9.0
[INFO] [stderr]    Compiling ahash v0.4.7
[INFO] [stderr]    Compiling ppv-lite86 v0.2.10
[INFO] [stderr]    Compiling cpufeatures v0.1.5
[INFO] [stderr]    Compiling bs58 v0.3.1
[INFO] [stderr]    Compiling constant_time_eq v0.1.5
[INFO] [stderr]    Compiling arrayvec v0.5.2
[INFO] [stderr]    Compiling keccak v0.1.0
[INFO] [stderr]    Compiling arrayref v0.3.6
[INFO] [stderr]    Compiling cfg-if v0.1.10
[INFO] [stderr]    Compiling byteorder v1.4.3
[INFO] [stderr]    Compiling hashbrown v0.9.1
[INFO] [stderr]    Compiling rustc_version v0.2.3
[INFO] [stderr]    Compiling bv v0.11.1
[INFO] [stderr]    Compiling itertools v0.9.0
[INFO] [stderr]    Compiling solana-frozen-abi-macro v1.7.4
[INFO] [stderr]    Compiling solana-frozen-abi v1.7.4
[INFO] [stderr]    Compiling solana-program v1.7.4
[INFO] [stderr]    Compiling aho-corasick v0.7.18
[INFO] [stderr]    Compiling quote v1.0.9
[INFO] [stderr]    Compiling getrandom v0.1.16
[INFO] [stderr]    Compiling jobserver v0.1.22
[INFO] [stderr]    Compiling atty v0.2.14
[INFO] [stderr]    Compiling memmap2 v0.1.0
[INFO] [stderr]    Compiling generic-array v0.12.4
[INFO] [stderr]    Compiling cc v1.0.68
[INFO] [stderr]    Compiling rand_core v0.5.1
[INFO] [stderr]    Compiling digest v0.8.1
[INFO] [stderr]    Compiling rand_pcg v0.2.1
[INFO] [stderr]    Compiling rand_chacha v0.2.2
[INFO] [stderr]    Compiling regex v1.5.4
[INFO] [stderr]    Compiling rand v0.7.3
[INFO] [stderr]    Compiling blake3 v0.3.8
[INFO] [stderr]    Compiling env_logger v0.8.4
[INFO] [stderr]    Compiling solana-logger v1.7.4
[INFO] [stderr]    Compiling synstructure v0.12.4
[INFO] [stderr]    Compiling borsh-derive-internal v0.9.0
[INFO] [stderr]    Compiling borsh-schema-derive-internal v0.9.0
[INFO] [stderr]    Compiling thiserror-impl v1.0.26
[INFO] [stderr]    Compiling zeroize_derive v1.1.0
[INFO] [stderr]    Compiling derivative v2.2.0
[INFO] [stderr]    Compiling solana-sdk-macro v1.7.4
[INFO] [stderr]    Compiling num-derive v0.3.3
[INFO] [stderr]    Compiling zeroize v1.3.0
[INFO] [stderr]    Compiling curve25519-dalek v2.1.2
[INFO] [stderr]    Compiling thiserror v1.0.26
[INFO] [stderr]    Compiling toml v0.5.8
[INFO] [stderr]    Compiling serde_bytes v0.11.5
[INFO] [stderr]    Compiling bincode v1.3.3
[INFO] [stderr]    Compiling digest v0.9.0
[INFO] [stderr]    Compiling block-buffer v0.9.0
[INFO] [stderr]    Compiling crypto-mac v0.8.0
[INFO] [stderr]    Compiling sha2 v0.9.5
[INFO] [stderr]    Compiling sha3 v0.9.1
[INFO] [stderr]    Compiling proc-macro-crate v0.1.5
[INFO] [stderr]    Compiling borsh-derive v0.9.0
[INFO] [stderr]    Compiling num_enum_derive v0.5.1
[INFO] [stderr]    Compiling borsh v0.9.0
[INFO] [stderr]    Compiling num_enum v0.5.1
[INFO] [stderr]    Compiling spl-token v3.1.1
[INFO] [stderr]    Compiling bpf-program-template v0.1.0 (/opt/rustwide/workdir)
[INFO] [stdout] error[E0255]: the name `EscrowError` is defined multiple times
[INFO] [stdout]  --> src/error.rs:8:1
[INFO] [stdout]   |
[INFO] [stdout] 5 | use crate::{instruction::EscrowInstruction, error::EscrowError};
[INFO] [stdout]   |                                             ------------------ previous import of the type `EscrowError` here
[INFO] [stdout] ...
[INFO] [stdout] 8 | pub enum EscrowError {
[INFO] [stdout]   | ^^^^^^^^^^^^^^^^^^^^ `EscrowError` redefined here
[INFO] [stdout]   |
[INFO] [stdout]   = note: `EscrowError` must be defined only once in the type namespace of this module
[INFO] [stdout] help: you can use `as` to change the binding name of the import
[INFO] [stdout]   |
[INFO] [stdout] 5 | use crate::{instruction::EscrowInstruction, error::EscrowError as OtherEscrowError};
[INFO] [stdout]   |                                                                +++++++++++++++++++
[INFO] [stdout] 
[INFO] [stdout] 
[INFO] [stdout] error[E0433]: cannot find type `EscrowError` in this scope
[INFO] [stdout]   --> src/processor.rs:58:24
[INFO] [stdout]    |
[INFO] [stdout] 58 |             return Err(EscrowError::NotRentExempt.into());
[INFO] [stdout]    |                        ^^^^^^^^^^^ use of undeclared type `EscrowError`
[INFO] [stdout]    |
[INFO] [stdout] help: consider importing this enum
[INFO] [stdout]    |
[INFO] [stdout]  1 + use crate::error::EscrowError;
[INFO] [stdout]    |
[INFO] [stdout] 
[INFO] [stdout] 
[INFO] [stdout] warning: unused imports: `error::EscrowError` and `instruction::EscrowInstruction`
[INFO] [stdout]  --> src/error.rs:5:13
[INFO] [stdout]   |
[INFO] [stdout] 5 | use crate::{instruction::EscrowInstruction, error::EscrowError};
[INFO] [stdout]   |             ^^^^^^^^^^^^^^^^^^^^^^^^^^^^^^  ^^^^^^^^^^^^^^^^^^
[INFO] [stdout]   |
[INFO] [stdout]   = note: `#[warn(unused_imports)]` (part of `#[warn(unused)]`) on by default
[INFO] [stdout] 
[INFO] [stdout] 
[INFO] [stdout] warning: unexpected `cfg` condition value: `custom-heap`
[INFO] [stdout]  --> src/entrypoint.rs:5:1
[INFO] [stdout]   |
[INFO] [stdout] 5 | entrypoint!(process_instruction);
[INFO] [stdout]   | ^^^^^^^^^^^^^^^^^^^^^^^^^^^^^^^^
[INFO] [stdout]   |
[INFO] [stdout]   = note: expected values for `feature` are: `no-entrypoint`
[INFO] [stdout]   = note: using a cfg inside a macro will use the cfgs from the destination crate and not the ones from the defining crate
[INFO] [stdout]   = help: try referring to `$crate::custom_heap_default` crate for guidance on how handle this unexpected cfg
[INFO] [stdout]   = note: see <https://doc.rust-lang.org/nightly/rustc/check-cfg/cargo-specifics.html> for more information about checking conditional configuration
[INFO] [stdout]   = note: `#[warn(unexpected_cfgs)]` on by default
[INFO] [stdout]   = note: this warning originates in the macro `$crate::custom_heap_default` which comes from the expansion of the macro `entrypoint` (in Nightly builds, run with -Z macro-backtrace for more info)
[INFO] [stdout] 
[INFO] [stdout] 
[INFO] [stdout] warning: unexpected `cfg` condition value: `custom-panic`
[INFO] [stdout]  --> src/entrypoint.rs:5:1
[INFO] [stdout]   |
[INFO] [stdout] 5 | entrypoint!(process_instruction);
[INFO] [stdout]   | ^^^^^^^^^^^^^^^^^^^^^^^^^^^^^^^^
[INFO] [stdout]   |
[INFO] [stdout]   = note: expected values for `feature` are: `no-entrypoint`
[INFO] [stdout]   = note: using a cfg inside a macro will use the cfgs from the destination crate and not the ones from the defining crate
[INFO] [stdout]   = help: try referring to `$crate::custom_panic_default` crate for guidance on how handle this unexpected cfg
[INFO] [stdout]   = note: see <https://doc.rust-lang.org/nightly/rustc/check-cfg/cargo-specifics.html> for more information about checking conditional configuration
[INFO] [stdout]   = note: this warning originates in the macro `$crate::custom_panic_default` which comes from the expansion of the macro `entrypoint` (in Nightly builds, run with -Z macro-backtrace for more info)
[INFO] [stdout] 
[INFO] [stdout] 
[INFO] [stdout] error[E0433]: cannot find type `Rent` in this scope
[INFO] [stdout]   --> src/processor.rs:54:21
[INFO] [stdout]    |
[INFO] [stdout] 54 |         let rent = &Rent::from_account_info(next_account_info(account_info_iter)?)?;
[INFO] [stdout]    |                     ^^^^ use of undeclared type `Rent`
[INFO] [stdout] 
[INFO] [stdout] 
[INFO] [stdout] error[E0433]: cannot find type `Escrow` in this scope
[INFO] [stdout]   --> src/processor.rs:62:31
[INFO] [stdout]    |
[INFO] [stdout] 62 |         let mut escrow_info = Escrow::unpack_unchecked(&escrow_account.data.borrow())?;
[INFO] [stdout]    |                               ^^^^^^ use of undeclared type `Escrow`
[INFO] [stdout] 
[INFO] [stdout] 
[INFO] [stdout] Some errors have detailed explanations: E0255, E0433.
[INFO] [stdout] 
[INFO] [stdout] For more information about an error, try `rustc --explain E0255`.
[INFO] [stdout] 
[INFO] [stderr] error: could not compile `bpf-program-template` (lib) due to 4 previous errors; 3 warnings emitted
[INFO] running `Command { std: "docker" "inspect" "db3d0f9046dc70e28f8c35e04c571a6d595fa9ef2e0d8af577c526b188dcd7bf", kill_on_drop: false }`
[INFO] running `Command { std: "docker" "rm" "-f" "db3d0f9046dc70e28f8c35e04c571a6d595fa9ef2e0d8af577c526b188dcd7bf", kill_on_drop: false }`
[INFO] [stdout] db3d0f9046dc70e28f8c35e04c571a6d595fa9ef2e0d8af577c526b188dcd7bf
