[INFO] cloning repository https://github.com/lpmwfx/gui-mcp
[INFO] running `Command { std: "git" "-c" "credential.helper=" "-c" "credential.helper=/workspace/cargo-home/bin/git-credential-null" "clone" "--bare" "https://github.com/lpmwfx/gui-mcp" "/workspace/cache/git-repos/https%3A%2F%2Fgithub.com%2Flpmwfx%2Fgui-mcp", kill_on_drop: false }`
[INFO] [stderr] Cloning into bare repository '/workspace/cache/git-repos/https%3A%2F%2Fgithub.com%2Flpmwfx%2Fgui-mcp'...
[INFO] running `Command { std: "git" "rev-parse" "HEAD", kill_on_drop: false }`
[INFO] [stdout] 4d44cda065c3da5d34e027f0dcf1915471873004
[INFO] testing lpmwfx/gui-mcp against 1.97.0-beta.6 for beta-1.98-2
[INFO] running `Command { std: "git" "clone" "/workspace/cache/git-repos/https%3A%2F%2Fgithub.com%2Flpmwfx%2Fgui-mcp" "/workspace/builds/worker-5-tc1/source", kill_on_drop: false }`
[INFO] [stderr] Cloning into '/workspace/builds/worker-5-tc1/source'...
[INFO] [stderr] done.
[INFO] started tweaking git repo https://github.com/lpmwfx/gui-mcp
[INFO] finished tweaking git repo https://github.com/lpmwfx/gui-mcp
[INFO] tweaked toml for git repo https://github.com/lpmwfx/gui-mcp written to /workspace/builds/worker-5-tc1/source/Cargo.toml
[INFO] validating manifest of git repo https://github.com/lpmwfx/gui-mcp on toolchain 1.97.0-beta.6
[INFO] running `Command { std: CARGO_HOME="/workspace/cargo-home" RUSTUP_HOME="/workspace/rustup-home" "/workspace/cargo-home/bin/cargo" "+1.97.0-beta.6" "metadata" "--manifest-path" "Cargo.toml" "--no-deps", kill_on_drop: false }`
[INFO] crate git repo https://github.com/lpmwfx/gui-mcp already has a lockfile, it will not be regenerated
[INFO] running `Command { std: CARGO_HOME="/workspace/cargo-home" RUSTUP_HOME="/workspace/rustup-home" "/workspace/cargo-home/bin/cargo" "+1.97.0-beta.6" "fetch" "--manifest-path" "Cargo.toml", kill_on_drop: false }`
[INFO] [stderr]     Updating crates.io index
[INFO] [stderr]     Updating git repository `https://github.com/lpmwfx/RulesTools`
[INFO] [stderr]  Downloading crates ...
[INFO] [stderr]   Downloaded windows-interface v0.58.0
[INFO] [stderr]   Downloaded windows-core v0.58.0
[INFO] [stderr]   Downloaded windows-implement v0.58.0
[INFO] [stderr]   Downloaded rmcp-macros v0.1.5
[INFO] [stderr]   Downloaded owned_ttf_parser v0.25.1
[INFO] [stderr]   Downloaded ab_glyph_rasterizer v0.1.10
[INFO] [stderr]   Downloaded ab_glyph v0.2.32
[INFO] [stderr]   Downloaded schemars_derive v0.8.22
[INFO] [stderr]   Downloaded rmcp v0.1.5
[INFO] [stderr]   Downloaded simba v0.8.1
[INFO] [stderr]   Downloaded zune-jpeg v0.5.13
[INFO] [stderr]   Downloaded imageproc v0.25.0
[INFO] [stderr]   Downloaded nalgebra v0.32.6
[INFO] [stderr]   Downloaded windows v0.58.0
[INFO] running `Command { std: "docker" "create" "-v" "/var/lib/crater-agent-workspace/builds/worker-5-tc1/source:/opt/rustwide/workdir:ro,Z" "-v" "/var/lib/crater-agent-workspace/builds/worker-5-tc1/target:/opt/rustwide/target:rw,Z" "-v" "/var/lib/crater-agent-workspace/cargo-home:/opt/rustwide/cargo-home:ro,Z" "-v" "/var/lib/crater-agent-workspace/rustup-home:/opt/rustwide/rustup-home:ro,Z" "-m" "1610612736" "--network" "none" "ghcr.io/rust-lang/crates-build-env/linux@sha256:3d5ced03c013a94a2f102a4510f48a6e9184255caf5fd8244f58017bde7f5210" "sleep" "infinity", kill_on_drop: false }`
[INFO] [stdout] 07e88aa9ce5c91e1e945ba62aaad88faaaf037d5859177309af12a15b4e1f1fc
[INFO] running `Command { std: "docker" "start" "07e88aa9ce5c91e1e945ba62aaad88faaaf037d5859177309af12a15b4e1f1fc", kill_on_drop: false }`
[INFO] running `Command { std: "docker" "inspect" "07e88aa9ce5c91e1e945ba62aaad88faaaf037d5859177309af12a15b4e1f1fc", kill_on_drop: false }`
[INFO] running `Command { std: "docker" "exec" "-e" "SOURCE_DIR=/opt/rustwide/workdir" "-e" "CARGO_HOME=/opt/rustwide/cargo-home" "-e" "RUSTUP_HOME=/opt/rustwide/rustup-home" "-e" "CARGO_TARGET_DIR=/opt/rustwide/target" "-w" "/opt/rustwide/workdir" "--user" "0:0" "07e88aa9ce5c91e1e945ba62aaad88faaaf037d5859177309af12a15b4e1f1fc" "/opt/rustwide/cargo-home/bin/cargo" "+1.97.0-beta.6" "metadata" "--no-deps" "--format-version=1", kill_on_drop: false }`
[INFO] running `Command { std: "docker" "inspect" "07e88aa9ce5c91e1e945ba62aaad88faaaf037d5859177309af12a15b4e1f1fc", kill_on_drop: false }`
[INFO] running `Command { std: "docker" "exec" "-e" "SOURCE_DIR=/opt/rustwide/workdir" "-e" "CARGO_HOME=/opt/rustwide/cargo-home" "-e" "RUSTUP_HOME=/opt/rustwide/rustup-home" "-e" "CARGO_TARGET_DIR=/opt/rustwide/target" "-e" "CARGO_INCREMENTAL=0" "-e" "RUST_BACKTRACE=full" "-e" "RUSTFLAGS=--cap-lints=warn" "-e" "RUSTDOCFLAGS=--cap-lints=warn" "-w" "/opt/rustwide/workdir" "--user" "0:0" "07e88aa9ce5c91e1e945ba62aaad88faaaf037d5859177309af12a15b4e1f1fc" "/opt/rustwide/cargo-home/bin/cargo" "+1.97.0-beta.6" "build" "--frozen" "--message-format=json", kill_on_drop: false }`
[INFO] [stderr]    Compiling unicode-ident v1.0.24
[INFO] [stderr]    Compiling libc v0.2.183
[INFO] [stderr]    Compiling memchr v2.8.0
[INFO] [stderr]    Compiling zerocopy v0.8.42
[INFO] [stderr]    Compiling simd-adler32 v0.3.8
[INFO] [stderr]    Compiling either v1.15.0
[INFO] [stderr]    Compiling num-traits v0.2.19
[INFO] [stderr]    Compiling anyhow v1.0.102
[INFO] [stderr]    Compiling smallvec v1.15.1
[INFO] [stderr]    Compiling arrayvec v0.7.6
[INFO] [stderr]    Compiling adler2 v2.0.1
[INFO] [stderr]    Compiling bytemuck v1.25.0
[INFO] [stderr]    Compiling crc32fast v1.5.0
[INFO] [stderr]    Compiling serde_core v1.0.228
[INFO] [stderr]    Compiling rayon-core v1.13.0
[INFO] [stderr]    Compiling as-slice v0.2.1
[INFO] [stderr]    Compiling log v0.4.29
[INFO] [stderr]    Compiling proc-macro2 v1.0.106
[INFO] [stderr]    Compiling equivalent v1.0.2
[INFO] [stderr]    Compiling av-scenechange v0.14.1
[INFO] [stderr]    Compiling built v0.8.0
[INFO] [stderr]    Compiling miniz_oxide v0.8.9
[INFO] [stderr]    Compiling hashbrown v0.16.1
[INFO] [stderr]    Compiling aligned v0.4.3
[INFO] [stderr]    Compiling serde v1.0.228
[INFO] [stderr]    Compiling winnow v0.7.15
[INFO] [stderr]    Compiling toml_write v0.1.2
[INFO] [stderr]    Compiling quick-error v2.0.1
[INFO] [stderr]    Compiling pastey v0.1.1
[INFO] [stderr]    Compiling y4m v0.8.0
[INFO] [stderr]    Compiling regex-syntax v0.8.10
[INFO] [stderr]    Compiling itertools v0.14.0
[INFO] [stderr]    Compiling rav1e v0.8.1
[INFO] [stderr]    Compiling flate2 v1.1.9
[INFO] [stderr]    Compiling futures-channel v0.3.32
[INFO] [stderr]    Compiling quote v1.0.45
[INFO] [stderr]    Compiling rayon v1.11.0
[INFO] [stderr]    Compiling nom v8.0.0
[INFO] [stderr]    Compiling core2 v0.4.0
[INFO] [stderr]    Compiling syn v2.0.117
[INFO] [stderr]    Compiling num-integer v0.1.46
[INFO] [stderr]    Compiling aho-corasick v1.1.4
[INFO] [stderr]    Compiling indexmap v2.13.0
[INFO] [stderr]    Compiling simd_helpers v0.1.0
[INFO] [stderr]    Compiling num-complex v0.4.6
[INFO] [stderr]    Compiling bitstream-io v4.9.0
[INFO] [stderr]    Compiling safe_arch v0.7.4
[INFO] [stderr]    Compiling matrixmultiply v0.3.10
[INFO] [stderr]    Compiling num-bigint v0.4.6
[INFO] [stderr]    Compiling getrandom v0.2.17
[INFO] [stderr]    Compiling parking_lot_core v0.9.12
[INFO] [stderr]    Compiling errno v0.3.14
[INFO] [stderr]    Compiling weezl v0.1.12
[INFO] [stderr]    Compiling new_debug_unreachable v1.0.6
[INFO] [stderr]    Compiling rand_core v0.6.4
[INFO] [stderr]    Compiling typenum v1.19.0
[INFO] [stderr]    Compiling serde_json v1.0.149
[INFO] [stderr]    Compiling zune-core v0.5.1
[INFO] [stderr]    Compiling imgref v1.12.0
[INFO] [stderr]    Compiling noop_proc_macro v0.3.0
[INFO] [stderr]    Compiling loop9 v0.1.5
[INFO] [stderr]    Compiling zune-jpeg v0.5.13
[INFO] [stderr]    Compiling parking_lot v0.12.5
[INFO] [stderr]    Compiling walkdir v2.5.0
[INFO] [stderr]    Compiling signal-hook-registry v1.4.8
[INFO] [stderr]    Compiling wide v0.7.33
[INFO] [stderr]    Compiling mio v1.1.1
[INFO] [stderr]    Compiling socket2 v0.6.3
[INFO] [stderr]    Compiling approx v0.5.1
[INFO] [stderr]    Compiling avif-serialize v0.8.8
[INFO] [stderr]    Compiling zune-inflate v0.2.54
[INFO] [stderr]    Compiling fdeflate v0.3.7
[INFO] [stderr]    Compiling glob v0.3.3
[INFO] [stderr]    Compiling schemars v0.8.22
[INFO] [stderr]    Compiling pxfm v0.1.28
[INFO] [stderr]    Compiling ttf-parser v0.25.1
[INFO] [stderr]    Compiling bit_field v0.10.3
[INFO] [stderr]    Compiling byteorder-lite v0.1.0
[INFO] [stderr]    Compiling lebe v0.5.3
[INFO] [stderr]    Compiling num-rational v0.4.2
[INFO] [stderr]    Compiling bytes v1.11.1
[INFO] [stderr]    Compiling bitflags v2.11.0
[INFO] [stderr]    Compiling regex-automata v0.4.14
[INFO] [stderr]    Compiling rgb v0.8.53
[INFO] [stderr]    Compiling once_cell v1.21.4
[INFO] [stderr]    Compiling image-webp v0.2.4
[INFO] [stderr]    Compiling tracing-core v0.1.36
[INFO] [stderr]    Compiling png v0.18.1
[INFO] [stderr]    Compiling maybe-rayon v0.1.1
[INFO] [stderr]    Compiling gif v0.14.1
[INFO] [stderr]    Compiling num-iter v0.1.45
[INFO] [stderr]    Compiling qoi v0.4.1
[INFO] [stderr]    Compiling dyn-clone v1.0.20
[INFO] [stderr]    Compiling ab_glyph_rasterizer v0.1.10
[INFO] [stderr]    Compiling num v0.4.3
[INFO] [stderr]    Compiling itertools v0.12.1
[INFO] [stderr]    Compiling simba v0.8.1
[INFO] [stderr]    Compiling base64 v0.21.7
[INFO] [stderr]    Compiling owned_ttf_parser v0.25.1
[INFO] [stderr]    Compiling moxcms v0.8.1
[INFO] [stderr]    Compiling ab_glyph v0.2.32
[INFO] [stderr]    Compiling serde_derive_internals v0.29.1
[INFO] [stderr]    Compiling regex v1.12.3
[INFO] [stderr]    Compiling serde_derive v1.0.228
[INFO] [stderr]    Compiling zerocopy-derive v0.8.42
[INFO] [stderr]    Compiling equator-macro v0.4.2
[INFO] [stderr]    Compiling thiserror-impl v2.0.18
[INFO] [stderr]    Compiling arg_enum_proc_macro v0.3.4
[INFO] [stderr]    Compiling profiling-procmacros v1.0.17
[INFO] [stderr]    Compiling num-derive v0.4.2
[INFO] [stderr]    Compiling fax_derive v0.2.0
[INFO] [stderr]    Compiling futures-macro v0.3.32
[INFO] [stderr]    Compiling tokio-macros v2.6.1
[INFO] [stderr]    Compiling tracing-attributes v0.1.31
[INFO] [stderr]    Compiling rmcp-macros v0.1.5
[INFO] [stderr]    Compiling profiling v1.0.17
[INFO] [stderr]    Compiling tokio v1.50.0
[INFO] [stderr]    Compiling equator v0.4.2
[INFO] [stderr]    Compiling schemars_derive v0.8.22
[INFO] [stderr]    Compiling futures-util v0.3.32
[INFO] [stderr]    Compiling fax v0.2.6
[INFO] [stderr]    Compiling aligned-vec v0.6.4
[INFO] [stderr]    Compiling v_frame v0.3.9
[INFO] [stderr]    Compiling av1-grain v0.2.5
[INFO] [stderr]    Compiling tracing v0.1.44
[INFO] [stderr]    Compiling thiserror v2.0.18
[INFO] [stderr]    Compiling serde_spanned v0.6.9
[INFO] [stderr]    Compiling toml_datetime v0.6.11
[INFO] [stderr]    Compiling nalgebra v0.32.6
[INFO] [stderr]    Compiling toml_edit v0.22.27
[INFO] [stderr]    Compiling chrono v0.4.44
[INFO] [stderr]    Compiling futures-executor v0.3.32
[INFO] [stderr]    Compiling futures v0.3.32
[INFO] [stderr]    Compiling toml v0.8.23
[INFO] [stderr]    Compiling rulestools-scanner v0.3.0 (https://github.com/lpmwfx/RulesTools#87e4afc8)
[INFO] [stderr]    Compiling slint-gui-mcp v0.1.0 (/opt/rustwide/workdir)
[INFO] [stderr]    Compiling tokio-util v0.7.18
[INFO] [stderr]    Compiling ppv-lite86 v0.2.21
[INFO] [stderr]    Compiling half v2.7.1
[INFO] [stderr] warning: slint-gui-mcp@0.1.0: src/ui/server_ui.rs:240:1: warning global/file-limits: file has 206 code lines (soft limit 200) — plan the split now
[INFO] [stderr] warning: slint-gui-mcp@0.1.0: src/state/help_text.rs:7:1: error rust/constants/no-magic-number: magic number 15 — use named const or _cfg field
[INFO] [stderr] warning: slint-gui-mcp@0.1.0: src/state/help_text.rs:13:1: error rust/constants/no-magic-number: magic number 10 — use named const or _cfg field
[INFO] [stderr] warning: slint-gui-mcp@0.1.0: src/state/help_text.rs:58:1: error rust/constants/no-magic-number: magic number 9 — use named const or _cfg field
[INFO] [stderr] warning: slint-gui-mcp@0.1.0: src/state/help_text.rs:104:1: error rust/constants/no-magic-number: magic number 150 — use named const or _cfg field
[INFO] [stderr] warning: slint-gui-mcp@0.1.0: src/state/help_text.rs:104:1: error rust/constants/no-magic-number: magic number 200 — use named const or _cfg field
[INFO] [stderr] warning: slint-gui-mcp@0.1.0: src/state/help_text.rs:118:1: error rust/constants/no-magic-number: magic number 2 — use named const or _cfg field
[INFO] [stderr] warning: slint-gui-mcp@0.1.0: src/state/help_text.rs:122:1: error rust/constants/no-magic-number: magic number 3 — use named const or _cfg field
[INFO] [stderr] warning: slint-gui-mcp@0.1.0: src/state/help_text.rs:126:1: error rust/constants/no-magic-number: magic number 4 — use named const or _cfg field
[INFO] [stderr] warning: slint-gui-mcp@0.1.0: src/core/crop_core.rs:15:1: warning rust/modules/no-inline-mod: inline mod `tests` (24 lines) — extract to tests.rs
[INFO] [stderr] warning: slint-gui-mcp@0.1.0: src/core/vision_core.rs:104:1: warning rust/modules/no-inline-mod: inline mod `tests` (62 lines) — extract to tests.rs
[INFO] [stderr]    Compiling rand_chacha v0.3.1
[INFO] [stderr]    Compiling tiff v0.11.3
[INFO] [stderr]    Compiling exr v1.74.0
[INFO] [stderr]    Compiling rmcp v0.1.5
[INFO] [stderr]    Compiling ravif v0.13.0
[INFO] [stderr]    Compiling rand v0.8.5
[INFO] [stderr]    Compiling rand_distr v0.4.3
[INFO] [stderr]    Compiling image v0.25.10
[INFO] [stderr]    Compiling imageproc v0.25.0
[INFO] [stdout] warning: unused import: `crate::state::sizes::CLASS_NAME_BUF`
[INFO] [stdout]  --> src/pal/input_pal/child_pal.rs:2:5
[INFO] [stdout]   |
[INFO] [stdout] 2 | use crate::state::sizes::CLASS_NAME_BUF;
[INFO] [stdout]   |     ^^^^^^^^^^^^^^^^^^^^^^^^^^^^^^^^^^^
[INFO] [stdout]   |
[INFO] [stdout]   = note: `#[warn(unused_imports)]` (part of `#[warn(unused)]`) on by default
[INFO] [stdout] 
[INFO] [stdout] 
[INFO] [stdout] warning: unused imports: `KEY_EVENT_DELAY_MS` and `SENDINPUT_COORD_RANGE`
[INFO] [stdout]  --> src/pal/input_pal/click_pal.rs:5:27
[INFO] [stdout]   |
[INFO] [stdout] 5 | use crate::state::sizes::{KEY_EVENT_DELAY_MS, SENDINPUT_COORD_RANGE};
[INFO] [stdout]   |                           ^^^^^^^^^^^^^^^^^^  ^^^^^^^^^^^^^^^^^^^^^
[INFO] [stdout] 
[INFO] [stdout] 
[INFO] [stdout] warning: unused imports: `EM_SETSEL_ID`, `WM_COPY_ID`, `WM_CUT_ID`, and `WM_PASTE_ID`
[INFO] [stdout]  --> src/pal/input_pal/clipboard_pal.rs:3:27
[INFO] [stdout]   |
[INFO] [stdout] 3 | use crate::state::sizes::{EM_SETSEL_ID, WM_COPY_ID, WM_CUT_ID, WM_PASTE_ID};
[INFO] [stdout]   |                           ^^^^^^^^^^^^  ^^^^^^^^^^  ^^^^^^^^^  ^^^^^^^^^^^
[INFO] [stdout] 
[INFO] [stdout] 
[INFO] [stdout] warning: unused import: `crate::state::sizes::KEY_EVENT_DELAY_MS`
[INFO] [stdout]  --> src/pal/input_pal/mod.rs:9:5
[INFO] [stdout]   |
[INFO] [stdout] 9 | use crate::state::sizes::KEY_EVENT_DELAY_MS;
[INFO] [stdout]   |     ^^^^^^^^^^^^^^^^^^^^^^^^^^^^^^^^^^^^^^^
[INFO] [stdout] 
[INFO] [stdout] 
[INFO] [stdout] warning: unused imports: `CAPTURE_BPP`, `CAPTURE_BYTES_PER_PIXEL`, and `PW_FULL_CONTENT`
[INFO] [stdout]  --> src/pal/window_pal/gdi_pal.rs:4:27
[INFO] [stdout]   |
[INFO] [stdout] 4 | use crate::state::sizes::{CAPTURE_BPP, CAPTURE_BYTES_PER_PIXEL, PW_FULL_CONTENT};
[INFO] [stdout]   |                           ^^^^^^^^^^^  ^^^^^^^^^^^^^^^^^^^^^^^  ^^^^^^^^^^^^^^^
[INFO] [stdout] 
[INFO] [stdout] 
[INFO] [stdout] warning: unused imports: `TITLE_BUF_PADDING` and `WINDOW_TITLE_BUF`
[INFO] [stdout]  --> src/pal/window_pal/list_pal.rs:3:27
[INFO] [stdout]   |
[INFO] [stdout] 3 | use crate::state::sizes::{TITLE_BUF_PADDING, WINDOW_TITLE_BUF};
[INFO] [stdout]   |                           ^^^^^^^^^^^^^^^^^  ^^^^^^^^^^^^^^^^
[INFO] [stdout] 
[INFO] [stdout] 
[INFO] [stdout] warning: unused imports: `TITLE_BUF_PADDING` and `WINDOW_TITLE_BUF`
[INFO] [stdout]   --> src/pal/window_pal/mod.rs:14:27
[INFO] [stdout]    |
[INFO] [stdout] 14 | use crate::state::sizes::{TITLE_BUF_PADDING, WINDOW_TITLE_BUF};
[INFO] [stdout]    |                           ^^^^^^^^^^^^^^^^^  ^^^^^^^^^^^^^^^^
[INFO] [stdout] 
[INFO] [stdout] 
[INFO] [stdout] warning: static `VK_MAP_PAL` is never used
[INFO] [stdout]   --> src/pal/input_pal/vk_pal.rs:12:19
[INFO] [stdout]    |
[INFO] [stdout] 12 | pub(crate) static VK_MAP_PAL: &[(&str, u16)] = &[
[INFO] [stdout]    |                   ^^^^^^^^^^
[INFO] [stdout]    |
[INFO] [stdout]    = note: `#[warn(dead_code)]` (part of `#[warn(unused)]`) on by default
[INFO] [stdout] 
[INFO] [stdout] 
[INFO] [stdout] warning: function `parse_vk_pal` is never used
[INFO] [stdout]   --> src/pal/input_pal/vk_pal.rs:52:15
[INFO] [stdout]    |
[INFO] [stdout] 52 | pub(crate) fn parse_vk_pal(name: &str) -> Option<u16> {
[INFO] [stdout]    |               ^^^^^^^^^^^^
[INFO] [stdout] 
[INFO] [stdout] 
[INFO] [stdout] warning: function `parse_combo_vk_pal` is never used
[INFO] [stdout]   --> src/pal/input_pal/vk_pal.rs:75:15
[INFO] [stdout]    |
[INFO] [stdout] 75 | pub(crate) fn parse_combo_vk_pal(keys: &str) -> Result<(Vec<u16>, u16), AppError> {
[INFO] [stdout]    |               ^^^^^^^^^^^^^^^^^^
[INFO] [stdout] 
[INFO] [stdout] 
[INFO] [stderr]     Finished `dev` profile [unoptimized + debuginfo] target(s) in 1m 52s
[INFO] running `Command { std: "docker" "inspect" "07e88aa9ce5c91e1e945ba62aaad88faaaf037d5859177309af12a15b4e1f1fc", kill_on_drop: false }`
[INFO] running `Command { std: "docker" "exec" "-e" "SOURCE_DIR=/opt/rustwide/workdir" "-e" "CARGO_HOME=/opt/rustwide/cargo-home" "-e" "RUSTUP_HOME=/opt/rustwide/rustup-home" "-e" "CARGO_TARGET_DIR=/opt/rustwide/target" "-e" "CARGO_INCREMENTAL=0" "-e" "RUST_BACKTRACE=full" "-e" "RUSTFLAGS=--cap-lints=warn" "-e" "RUSTDOCFLAGS=--cap-lints=warn" "-w" "/opt/rustwide/workdir" "--user" "0:0" "07e88aa9ce5c91e1e945ba62aaad88faaaf037d5859177309af12a15b4e1f1fc" "/opt/rustwide/cargo-home/bin/cargo" "+1.97.0-beta.6" "test" "--frozen" "--no-run" "--message-format=json", kill_on_drop: false }`
[INFO] [stderr] warning: slint-gui-mcp@0.1.0: src/ui/server_ui.rs:240:1: warning global/file-limits: file has 206 code lines (soft limit 200) — plan the split now
[INFO] [stderr] warning: slint-gui-mcp@0.1.0: src/state/help_text.rs:7:1: error rust/constants/no-magic-number: magic number 15 — use named const or _cfg field
[INFO] [stderr] warning: slint-gui-mcp@0.1.0: src/state/help_text.rs:13:1: error rust/constants/no-magic-number: magic number 10 — use named const or _cfg field
[INFO] [stderr] warning: slint-gui-mcp@0.1.0: src/state/help_text.rs:58:1: error rust/constants/no-magic-number: magic number 9 — use named const or _cfg field
[INFO] [stderr] warning: slint-gui-mcp@0.1.0: src/state/help_text.rs:104:1: error rust/constants/no-magic-number: magic number 150 — use named const or _cfg field
[INFO] [stderr] warning: slint-gui-mcp@0.1.0: src/state/help_text.rs:104:1: error rust/constants/no-magic-number: magic number 200 — use named const or _cfg field
[INFO] [stderr] warning: slint-gui-mcp@0.1.0: src/state/help_text.rs:118:1: error rust/constants/no-magic-number: magic number 2 — use named const or _cfg field
[INFO] [stderr] warning: slint-gui-mcp@0.1.0: src/state/help_text.rs:122:1: error rust/constants/no-magic-number: magic number 3 — use named const or _cfg field
[INFO] [stderr] warning: slint-gui-mcp@0.1.0: src/state/help_text.rs:126:1: error rust/constants/no-magic-number: magic number 4 — use named const or _cfg field
[INFO] [stderr] warning: slint-gui-mcp@0.1.0: src/core/crop_core.rs:15:1: warning rust/modules/no-inline-mod: inline mod `tests` (24 lines) — extract to tests.rs
[INFO] [stderr] warning: slint-gui-mcp@0.1.0: src/core/vision_core.rs:104:1: warning rust/modules/no-inline-mod: inline mod `tests` (62 lines) — extract to tests.rs
[INFO] [stderr]    Compiling rmcp v0.1.5
[INFO] [stderr]    Compiling slint-gui-mcp v0.1.0 (/opt/rustwide/workdir)
[INFO] [stdout] warning: unused import: `crate::state::sizes::CLASS_NAME_BUF`
[INFO] [stdout]  --> src/pal/input_pal/child_pal.rs:2:5
[INFO] [stdout]   |
[INFO] [stdout] 2 | use crate::state::sizes::CLASS_NAME_BUF;
[INFO] [stdout]   |     ^^^^^^^^^^^^^^^^^^^^^^^^^^^^^^^^^^^
[INFO] [stdout]   |
[INFO] [stdout]   = note: `#[warn(unused_imports)]` (part of `#[warn(unused)]`) on by default
[INFO] [stdout] 
[INFO] [stdout] 
[INFO] [stdout] warning: unused imports: `KEY_EVENT_DELAY_MS` and `SENDINPUT_COORD_RANGE`
[INFO] [stdout]  --> src/pal/input_pal/click_pal.rs:5:27
[INFO] [stdout]   |
[INFO] [stdout] 5 | use crate::state::sizes::{KEY_EVENT_DELAY_MS, SENDINPUT_COORD_RANGE};
[INFO] [stdout]   |                           ^^^^^^^^^^^^^^^^^^  ^^^^^^^^^^^^^^^^^^^^^
[INFO] [stdout] 
[INFO] [stdout] 
[INFO] [stdout] warning: unused imports: `EM_SETSEL_ID`, `WM_COPY_ID`, `WM_CUT_ID`, and `WM_PASTE_ID`
[INFO] [stdout]  --> src/pal/input_pal/clipboard_pal.rs:3:27
[INFO] [stdout]   |
[INFO] [stdout] 3 | use crate::state::sizes::{EM_SETSEL_ID, WM_COPY_ID, WM_CUT_ID, WM_PASTE_ID};
[INFO] [stdout]   |                           ^^^^^^^^^^^^  ^^^^^^^^^^  ^^^^^^^^^  ^^^^^^^^^^^
[INFO] [stdout] 
[INFO] [stdout] 
[INFO] [stdout] warning: unused import: `crate::state::sizes::KEY_EVENT_DELAY_MS`
[INFO] [stdout]  --> src/pal/input_pal/mod.rs:9:5
[INFO] [stdout]   |
[INFO] [stdout] 9 | use crate::state::sizes::KEY_EVENT_DELAY_MS;
[INFO] [stdout]   |     ^^^^^^^^^^^^^^^^^^^^^^^^^^^^^^^^^^^^^^^
[INFO] [stdout] 
[INFO] [stdout] 
[INFO] [stdout] warning: unused imports: `CAPTURE_BPP`, `CAPTURE_BYTES_PER_PIXEL`, and `PW_FULL_CONTENT`
[INFO] [stdout]  --> src/pal/window_pal/gdi_pal.rs:4:27
[INFO] [stdout]   |
[INFO] [stdout] 4 | use crate::state::sizes::{CAPTURE_BPP, CAPTURE_BYTES_PER_PIXEL, PW_FULL_CONTENT};
[INFO] [stdout]   |                           ^^^^^^^^^^^  ^^^^^^^^^^^^^^^^^^^^^^^  ^^^^^^^^^^^^^^^
[INFO] [stdout] 
[INFO] [stdout] 
[INFO] [stdout] warning: unused imports: `TITLE_BUF_PADDING` and `WINDOW_TITLE_BUF`
[INFO] [stdout]  --> src/pal/window_pal/list_pal.rs:3:27
[INFO] [stdout]   |
[INFO] [stdout] 3 | use crate::state::sizes::{TITLE_BUF_PADDING, WINDOW_TITLE_BUF};
[INFO] [stdout]   |                           ^^^^^^^^^^^^^^^^^  ^^^^^^^^^^^^^^^^
[INFO] [stdout] 
[INFO] [stdout] 
[INFO] [stdout] warning: unused imports: `TITLE_BUF_PADDING` and `WINDOW_TITLE_BUF`
[INFO] [stdout]   --> src/pal/window_pal/mod.rs:14:27
[INFO] [stdout]    |
[INFO] [stdout] 14 | use crate::state::sizes::{TITLE_BUF_PADDING, WINDOW_TITLE_BUF};
[INFO] [stdout]    |                           ^^^^^^^^^^^^^^^^^  ^^^^^^^^^^^^^^^^
[INFO] [stdout] 
[INFO] [stdout] 
[INFO] [stdout] warning: unused import: `crate::state::sizes::CLASS_NAME_BUF`
[INFO] [stdout]  --> src/pal/input_pal/child_pal.rs:2:5
[INFO] [stdout]   |
[INFO] [stdout] 2 | use crate::state::sizes::CLASS_NAME_BUF;
[INFO] [stdout]   |     ^^^^^^^^^^^^^^^^^^^^^^^^^^^^^^^^^^^
[INFO] [stdout]   |
[INFO] [stdout]   = note: `#[warn(unused_imports)]` (part of `#[warn(unused)]`) on by default
[INFO] [stdout] 
[INFO] [stdout] 
[INFO] [stdout] warning: unused imports: `KEY_EVENT_DELAY_MS` and `SENDINPUT_COORD_RANGE`
[INFO] [stdout]  --> src/pal/input_pal/click_pal.rs:5:27
[INFO] [stdout]   |
[INFO] [stdout] 5 | use crate::state::sizes::{KEY_EVENT_DELAY_MS, SENDINPUT_COORD_RANGE};
[INFO] [stdout]   |                           ^^^^^^^^^^^^^^^^^^  ^^^^^^^^^^^^^^^^^^^^^
[INFO] [stdout] 
[INFO] [stdout] 
[INFO] [stdout] warning: unused imports: `EM_SETSEL_ID`, `WM_COPY_ID`, `WM_CUT_ID`, and `WM_PASTE_ID`
[INFO] [stdout]  --> src/pal/input_pal/clipboard_pal.rs:3:27
[INFO] [stdout]   |
[INFO] [stdout] 3 | use crate::state::sizes::{EM_SETSEL_ID, WM_COPY_ID, WM_CUT_ID, WM_PASTE_ID};
[INFO] [stdout]   |                           ^^^^^^^^^^^^  ^^^^^^^^^^  ^^^^^^^^^  ^^^^^^^^^^^
[INFO] [stdout] 
[INFO] [stdout] 
[INFO] [stdout] warning: unused import: `crate::state::sizes::KEY_EVENT_DELAY_MS`
[INFO] [stdout]  --> src/pal/input_pal/mod.rs:9:5
[INFO] [stdout]   |
[INFO] [stdout] 9 | use crate::state::sizes::KEY_EVENT_DELAY_MS;
[INFO] [stdout]   |     ^^^^^^^^^^^^^^^^^^^^^^^^^^^^^^^^^^^^^^^
[INFO] [stdout] 
[INFO] [stdout] 
[INFO] [stdout] warning: unused imports: `CAPTURE_BPP`, `CAPTURE_BYTES_PER_PIXEL`, and `PW_FULL_CONTENT`
[INFO] [stdout]  --> src/pal/window_pal/gdi_pal.rs:4:27
[INFO] [stdout]   |
[INFO] [stdout] 4 | use crate::state::sizes::{CAPTURE_BPP, CAPTURE_BYTES_PER_PIXEL, PW_FULL_CONTENT};
[INFO] [stdout]   |                           ^^^^^^^^^^^  ^^^^^^^^^^^^^^^^^^^^^^^  ^^^^^^^^^^^^^^^
[INFO] [stdout] 
[INFO] [stdout] 
[INFO] [stdout] warning: unused imports: `TITLE_BUF_PADDING` and `WINDOW_TITLE_BUF`
[INFO] [stdout]  --> src/pal/window_pal/list_pal.rs:3:27
[INFO] [stdout]   |
[INFO] [stdout] 3 | use crate::state::sizes::{TITLE_BUF_PADDING, WINDOW_TITLE_BUF};
[INFO] [stdout]   |                           ^^^^^^^^^^^^^^^^^  ^^^^^^^^^^^^^^^^
[INFO] [stdout] 
[INFO] [stdout] 
[INFO] [stdout] warning: unused imports: `TITLE_BUF_PADDING` and `WINDOW_TITLE_BUF`
[INFO] [stdout]   --> src/pal/window_pal/mod.rs:14:27
[INFO] [stdout]    |
[INFO] [stdout] 14 | use crate::state::sizes::{TITLE_BUF_PADDING, WINDOW_TITLE_BUF};
[INFO] [stdout]    |                           ^^^^^^^^^^^^^^^^^  ^^^^^^^^^^^^^^^^
[INFO] [stdout] 
[INFO] [stdout] 
[INFO] [stdout] warning: static `VK_MAP_PAL` is never used
[INFO] [stdout]   --> src/pal/input_pal/vk_pal.rs:12:19
[INFO] [stdout]    |
[INFO] [stdout] 12 | pub(crate) static VK_MAP_PAL: &[(&str, u16)] = &[
[INFO] [stdout]    |                   ^^^^^^^^^^
[INFO] [stdout]    |
[INFO] [stdout]    = note: `#[warn(dead_code)]` (part of `#[warn(unused)]`) on by default
[INFO] [stdout] 
[INFO] [stdout] 
[INFO] [stdout] warning: function `parse_vk_pal` is never used
[INFO] [stdout]   --> src/pal/input_pal/vk_pal.rs:52:15
[INFO] [stdout]    |
[INFO] [stdout] 52 | pub(crate) fn parse_vk_pal(name: &str) -> Option<u16> {
[INFO] [stdout]    |               ^^^^^^^^^^^^
[INFO] [stdout] 
[INFO] [stdout] 
[INFO] [stdout] warning: function `parse_combo_vk_pal` is never used
[INFO] [stdout]   --> src/pal/input_pal/vk_pal.rs:75:15
[INFO] [stdout]    |
[INFO] [stdout] 75 | pub(crate) fn parse_combo_vk_pal(keys: &str) -> Result<(Vec<u16>, u16), AppError> {
[INFO] [stdout]    |               ^^^^^^^^^^^^^^^^^^
[INFO] [stdout] 
[INFO] [stdout] 
[INFO] [stdout] warning: static `VK_MAP_PAL` is never used
[INFO] [stdout]   --> src/pal/input_pal/vk_pal.rs:12:19
[INFO] [stdout]    |
[INFO] [stdout] 12 | pub(crate) static VK_MAP_PAL: &[(&str, u16)] = &[
[INFO] [stdout]    |                   ^^^^^^^^^^
[INFO] [stdout]    |
[INFO] [stdout]    = note: `#[warn(dead_code)]` (part of `#[warn(unused)]`) on by default
[INFO] [stdout] 
[INFO] [stdout] 
[INFO] [stdout] warning: function `parse_vk_pal` is never used
[INFO] [stdout]   --> src/pal/input_pal/vk_pal.rs:52:15
[INFO] [stdout]    |
[INFO] [stdout] 52 | pub(crate) fn parse_vk_pal(name: &str) -> Option<u16> {
[INFO] [stdout]    |               ^^^^^^^^^^^^
[INFO] [stdout] 
[INFO] [stdout] 
[INFO] [stdout] warning: function `parse_combo_vk_pal` is never used
[INFO] [stdout]   --> src/pal/input_pal/vk_pal.rs:75:15
[INFO] [stdout]    |
[INFO] [stdout] 75 | pub(crate) fn parse_combo_vk_pal(keys: &str) -> Result<(Vec<u16>, u16), AppError> {
[INFO] [stdout]    |               ^^^^^^^^^^^^^^^^^^
[INFO] [stdout] 
[INFO] [stdout] 
[INFO] [stdout] error: an inner attribute is not permitted following an outer doc comment
[INFO] [stdout]  --> tests/gui_notepad.rs:2:1
[INFO] [stdout]   |
[INFO] [stdout] 1 | /// GUI interaction tests using Notepad -- requires a live Windows desktop.
[INFO] [stdout]   | --------------------------------------------------------------------------- previous doc comment
[INFO] [stdout] 2 | #![cfg(windows)]
[INFO] [stdout]   | ^^^^^^^^^^^^^^^^ not permitted following an outer doc comment
[INFO] [stdout] 3 |
[INFO] [stdout] 4 | use base64::{engine::general_purpose::STANDARD, Engine as _};
[INFO] [stdout]   | ------------------------------------------------------------- the inner attribute doesn't annotate this `use` import
[INFO] [stdout]   |
[INFO] [stdout]   = note: inner attributes, like `#![no_std]`, annotate the item enclosing them, and are usually found at the beginning of source files
[INFO] [stdout] help: to annotate the `use` import, change the attribute from inner to outer style
[INFO] [stdout]   |
[INFO] [stdout] 2 - #![cfg(windows)]
[INFO] [stdout] 2 + #[cfg(windows)]
[INFO] [stdout]   |
[INFO] [stdout] 
[INFO] [stdout] 
[INFO] [stdout] error[E0308]: mismatched types
[INFO] [stdout]    --> tests/gui_notepad.rs:142:17
[INFO] [stdout]     |
[INFO] [stdout] 142 |     Ok((client, server_handle))
[INFO] [stdout]     |                 ^^^^^^^^^^^^^ expected `ErrorData`, found `std::io::Error`
[INFO] [stdout]     |
[INFO] [stdout]     = note: expected struct `tokio::task::JoinHandle<Result<_, ErrorData>>`
[INFO] [stdout]                found struct `tokio::task::JoinHandle<Result<_, std::io::Error>>`
[INFO] [stdout] 
[INFO] [stdout] 
[INFO] [stderr] warning: slint-gui-mcp@0.1.0: src/ui/server_ui.rs:240:1: warning global/file-limits: file has 206 code lines (soft limit 200) — plan the split now
[INFO] [stdout] For more information about this error, try `rustc --explain E0308`.
[INFO] [stdout] 
[INFO] [stderr] warning: slint-gui-mcp@0.1.0: src/state/help_text.rs:7:1: error rust/constants/no-magic-number: magic number 15 — use named const or _cfg field
[INFO] [stderr] warning: slint-gui-mcp@0.1.0: src/state/help_text.rs:13:1: error rust/constants/no-magic-number: magic number 10 — use named const or _cfg field
[INFO] [stderr] warning: slint-gui-mcp@0.1.0: src/state/help_text.rs:58:1: error rust/constants/no-magic-number: magic number 9 — use named const or _cfg field
[INFO] [stderr] warning: slint-gui-mcp@0.1.0: src/state/help_text.rs:104:1: error rust/constants/no-magic-number: magic number 150 — use named const or _cfg field
[INFO] [stderr] warning: slint-gui-mcp@0.1.0: src/state/help_text.rs:104:1: error rust/constants/no-magic-number: magic number 200 — use named const or _cfg field
[INFO] [stderr] warning: slint-gui-mcp@0.1.0: src/state/help_text.rs:118:1: error rust/constants/no-magic-number: magic number 2 — use named const or _cfg field
[INFO] [stderr] warning: slint-gui-mcp@0.1.0: src/state/help_text.rs:122:1: error rust/constants/no-magic-number: magic number 3 — use named const or _cfg field
[INFO] [stderr] warning: slint-gui-mcp@0.1.0: src/state/help_text.rs:126:1: error rust/constants/no-magic-number: magic number 4 — use named const or _cfg field
[INFO] [stderr] warning: slint-gui-mcp@0.1.0: src/core/crop_core.rs:15:1: warning rust/modules/no-inline-mod: inline mod `tests` (24 lines) — extract to tests.rs
[INFO] [stderr] warning: slint-gui-mcp@0.1.0: src/core/vision_core.rs:104:1: warning rust/modules/no-inline-mod: inline mod `tests` (62 lines) — extract to tests.rs
[INFO] [stderr] error: could not compile `slint-gui-mcp` (test "gui_notepad") due to 2 previous errors
[INFO] [stderr] warning: build failed, waiting for other jobs to finish...
[INFO] running `Command { std: "docker" "inspect" "07e88aa9ce5c91e1e945ba62aaad88faaaf037d5859177309af12a15b4e1f1fc", kill_on_drop: false }`
[INFO] running `Command { std: "docker" "rm" "-f" "07e88aa9ce5c91e1e945ba62aaad88faaaf037d5859177309af12a15b4e1f1fc", kill_on_drop: false }`
[INFO] [stdout] 07e88aa9ce5c91e1e945ba62aaad88faaaf037d5859177309af12a15b4e1f1fc
